57.141.2.80 - - [15/Nov/2025:21:58:27 -0700] "GET /product638302139?kg=0637240674 HTTP/1.1" 200 96782 "-" "meta-externalagent/1.1 (+https://developers.facebook.com/docs/sharing/webmasters/crawler)"
216.73.216.222 - - [15/Nov/2025:21:58:29 -0700] "GET /demo?fileloc=%2Fhome%2Fbt667%2Fwww%2Fwp-includes%2Fclass-wp-session-tokens.php&path=%2Fhome%2Fbt667%2Fwww%2Fwp-includes HTTP/1.1" 200 19974 "-" "Mozilla/5.0 AppleWebKit/537.36 (KHTML, like Gecko; compatible; ClaudeBot/1.0; +claudebot@anthropic.com)"
216.73.216.222 - - [15/Nov/2025:21:58:29 -0700] "GET /demo?fileloc=%2Fhome%2Fbt667%2Fwww%2Fwp-includes%2Fclass-wp-token-map.php&path=%2Fhome%2Fbt667%2Fwww%2Fwp-includes HTTP/1.1" 200 43540 "-" "Mozilla/5.0 AppleWebKit/537.36 (KHTML, like Gecko; compatible; ClaudeBot/1.0; +claudebot@anthropic.com)"
216.73.216.222 - - [15/Nov/2025:21:58:29 -0700] "GET /demo?fileloc=%2Fhome%2Fbt667%2Fwww%2Fwp-includes%2Fclass-wp-theme-json-resolver.php&path=%2Fhome%2Fbt667%2Fwww%2Fwp-includes HTTP/1.1" 200 51166 "-" "Mozilla/5.0 AppleWebKit/537.36 (KHTML, like Gecko; compatible; ClaudeBot/1.0; +claudebot@anthropic.com)"
216.73.216.222 - - [15/Nov/2025:21:58:29 -0700] "GET /demo?fileloc=%2Fhome%2Fbt667%2Fwww%2Fwp-includes%2Fembed.php&path=%2Fhome%2Fbt667%2Fwww%2Fwp-includes HTTP/1.1" 200 55221 "-" "Mozilla/5.0 AppleWebKit/537.36 (KHTML, like Gecko; compatible; ClaudeBot/1.0; +claudebot@anthropic.com)"
98.82.38.120 - - [15/Nov/2025:21:58:27 -0700] "GET /checkout/transaction-failed/?fileloc=//tmp/.1072kffeUB&path=//tmp HTTP/1.1" 200 12221 "-" "Mozilla/5.0 AppleWebKit/537.36 (KHTML, like Gecko; compatible; Amazonbot/0.1; +https://developer.amazon.com/support/amazonbot) Chrome/119.0.6045.214 Safari/537.36"
216.73.216.222 - - [15/Nov/2025:21:58:30 -0700] "GET /demo?fileloc=%2Fhome%2Fbt667%2Fwww%2Fwp-includes%2Fms-network.php&path=%2Fhome%2Fbt667%2Fwww%2Fwp-includes HTTP/1.1" 200 16323 "-" "Mozilla/5.0 AppleWebKit/537.36 (KHTML, like Gecko; compatible; ClaudeBot/1.0; +claudebot@anthropic.com)"
216.73.216.222 - - [15/Nov/2025:21:58:30 -0700] "GET /demo?fileloc=%2Fhome%2Fbt667%2Fwww%2Fwp-includes%2Fclass-wp-oembed.php&path=%2Fhome%2Fbt667%2Fwww%2Fwp-includes HTTP/1.1" 200 46861 "-" "Mozilla/5.0 AppleWebKit/537.36 (KHTML, like Gecko; compatible; ClaudeBot/1.0; +claudebot@anthropic.com)"
57.141.2.5 - - [15/Nov/2025:21:58:30 -0700] "GET /product1219441783?kg=1217413362 HTTP/1.1" 200 96782 "-" "meta-externalagent/1.1 (+https://developers.facebook.com/docs/sharing/webmasters/crawler)"
47.128.26.9 - - [15/Nov/2025:21:58:30 -0700] "GET /mvp-jv/?path=%2F%2Fvar%2Fsoftaculous%2Fmoodle41%2Fphp71 HTTP/1.1" 200 21785 "-" "Mozilla/5.0 (Linux; Android 5.0) AppleWebKit/537.36 (KHTML, like Gecko) Mobile Safari/537.36 (compatible; Bytespider; spider-feedback@bytedance.com)"
47.128.57.38 - - [15/Nov/2025:21:58:30 -0700] "GET /mvp-jv/?fileloc=%2F%2Fvar%2Fsoftaculous%2Fmoodle41%2Fclone.php&path=%2F%2Fvar%2Fsoftaculous%2Fmoodle41 HTTP/1.1" 200 18252 "-" "Mozilla/5.0 (Linux; Android 5.0) AppleWebKit/537.36 (KHTML, like Gecko) Mobile Safari/537.36 (compatible; Bytespider; spider-feedback@bytedance.com)"
216.73.216.222 - - [15/Nov/2025:21:58:30 -0700] "GET /demo?fileloc=%2Fhome%2Fbt667%2Fwww%2Fwp-includes%2Fclass-wp-hook.php&path=%2Fhome%2Fbt667%2Fwww%2Fwp-includes HTTP/1.1" 200 28915 "-" "Mozilla/5.0 AppleWebKit/537.36 (KHTML, like Gecko; compatible; ClaudeBot/1.0; +claudebot@anthropic.com)"
54.198.33.233 - - [15/Nov/2025:21:58:31 -0700] "GET /video-list/?fileloc=//sbin/try-from&path=//sbin HTTP/1.1" 200 44009 "-" "Mozilla/5.0 AppleWebKit/537.36 (KHTML, like Gecko; compatible; Amazonbot/0.1; +https://developer.amazon.com/support/amazonbot) Chrome/119.0.6045.214 Safari/537.36"
216.73.216.222 - - [15/Nov/2025:21:58:32 -0700] "GET /demo?fileloc=%2F%2Flib%2Fpython2.7%2Fsite-packages%2Flangtable.pyc&path=%2F%2Flib%2Fpython2.7%2Fsite-packages HTTP/1.1" 200 75034 "-" "Mozilla/5.0 AppleWebKit/537.36 (KHTML, like Gecko; compatible; ClaudeBot/1.0; +claudebot@anthropic.com)"
216.73.216.222 - - [15/Nov/2025:21:58:32 -0700] "GET /demo?fileloc=%2Fhome%2Fbt667%2Fwww%2Fwp-includes%2Fclass-wp-customize-manager.php&path=%2Fhome%2Fbt667%2Fwww%2Fwp-includes HTTP/1.1" 200 242191 "-" "Mozilla/5.0 AppleWebKit/537.36 (KHTML, like Gecko; compatible; ClaudeBot/1.0; +claudebot@anthropic.com)"
216.73.216.222 - - [15/Nov/2025:21:58:32 -0700] "GET /demo?fileloc=%2Fhome%2Fbt667%2Fpublic_html%2Fwp-includes%2Fblocks%2Fbuttons%2Fstyle.css&path=%2Fhome%2Fbt667%2Fpublic_html%2Fwp-includes%2Fblocks%2Fbuttons HTTP/1.1" 200 14088 "-" "Mozilla/5.0 AppleWebKit/537.36 (KHTML, like Gecko; compatible; ClaudeBot/1.0; +claudebot@anthropic.com)"
216.73.216.222 - - [15/Nov/2025:21:58:32 -0700] "GET /demo?path=%2F%2Flib%2Fpython2.7%2Fsite-packages%2Fprogressbar HTTP/1.1" 200 26651 "-" "Mozilla/5.0 AppleWebKit/537.36 (KHTML, like Gecko; compatible; ClaudeBot/1.0; +claudebot@anthropic.com)"
216.73.216.222 - - [15/Nov/2025:21:58:33 -0700] "GET /demo?path=%2F%2Flib%2Fpython2.7%2Fsite-packages%2Fcloudinit HTTP/1.1" 200 169246 "-" "Mozilla/5.0 AppleWebKit/537.36 (KHTML, like Gecko; compatible; ClaudeBot/1.0; +claudebot@anthropic.com)"
196.190.61.218 - - [15/Nov/2025:21:58:00 -0700] "GET /product42549742?kg=0042479544 HTTP/1.1" 200 96782 "-" "Mozilla/5.0 (Windows NT 10.0; Win64; x64) AppleWebKit/537.36 (KHTML, like Gecko) Chrome/90.0.0.0 Safari/537.36"
216.73.216.222 - - [15/Nov/2025:21:58:33 -0700] "GET /demo?fileloc=%2Fhome%2Fbt667%2Fwww%2Fwp-includes%2Fclass-oembed.php&path=%2Fhome%2Fbt667%2Fwww%2Fwp-includes HTTP/1.1" 200 12831 "-" "Mozilla/5.0 AppleWebKit/537.36 (KHTML, like Gecko; compatible; ClaudeBot/1.0; +claudebot@anthropic.com)"
216.73.216.222 - - [15/Nov/2025:21:58:33 -0700] "GET /demo?path=%2Fhome%2Fbt667%2Fpublic_html%2Fstagging%2Fwp-content%2Fplugins%2Fwp_mvplayer%2Fimage%2Fnewskin17 HTTP/1.1" 200 30644 "-" "Mozilla/5.0 AppleWebKit/537.36 (KHTML, like Gecko; compatible; ClaudeBot/1.0; +claudebot@anthropic.com)"
216.73.216.222 - - [15/Nov/2025:21:58:35 -0700] "GET /demo?fileloc=%2Fhome%2Fbt667%2Fwww%2Fwp-includes%2Fclass-wp-block-templates-registry.php&path=%2Fhome%2Fbt667%2Fwww%2Fwp-includes HTTP/1.1" 200 20204 "-" "Mozilla/5.0 AppleWebKit/537.36 (KHTML, like Gecko; compatible; ClaudeBot/1.0; +claudebot@anthropic.com)"
216.73.216.222 - - [15/Nov/2025:21:58:35 -0700] "GET /demo?path=%2Fhome%2Fbt667%2Fpublic_html%2Fstagging%2Fwp-content%2Fplugins%2Fhealth-check%2Fpages HTTP/1.1" 200 26369 "-" "Mozilla/5.0 AppleWebKit/537.36 (KHTML, like Gecko; compatible; ClaudeBot/1.0; +claudebot@anthropic.com)"
216.73.216.222 - - [15/Nov/2025:21:58:35 -0700] "GET /demo?fileloc=%2Fhome%2Fbt667%2Fwww%2Fwp-includes%2Fclass-wp.php&path=%2Fhome%2Fbt667%2Fwww%2Fwp-includes HTTP/1.1" 200 41864 "-" "Mozilla/5.0 AppleWebKit/537.36 (KHTML, like Gecko; compatible; ClaudeBot/1.0; +claudebot@anthropic.com)"
216.73.216.222 - - [15/Nov/2025:21:58:35 -0700] "GET /demo?fileloc=%2Fhome%2Fbt667%2Fwww%2Fwp-includes%2Fuser.php&path=%2Fhome%2Fbt667%2Fwww%2Fwp-includes HTTP/1.1" 200 204878 "-" "Mozilla/5.0 AppleWebKit/537.36 (KHTML, like Gecko; compatible; ClaudeBot/1.0; +claudebot@anthropic.com)"
216.73.216.222 - - [15/Nov/2025:21:58:36 -0700] "GET /demo?path=%2Fhome%2Fbt667%2Fpublic_html%2Fstagging%2Fwp-content%2Fplugins%2Fwp_mvplayer%2Fimage%2Fnewskin13 HTTP/1.1" 200 30639 "-" "Mozilla/5.0 AppleWebKit/537.36 (KHTML, like Gecko; compatible; ClaudeBot/1.0; +claudebot@anthropic.com)"
216.73.216.222 - - [15/Nov/2025:21:58:36 -0700] "GET /demo?fileloc=%2Fhome%2Fbt667%2Fpublic_html%2Fwp-includes%2Fblocks%2Fpreformatted%2Fstyle-rtl.css&path=%2Fhome%2Fbt667%2Fpublic_html%2Fwp-includes%2Fblocks%2Fpreformatted HTTP/1.1" 200 12745 "-" "Mozilla/5.0 AppleWebKit/537.36 (KHTML, like Gecko; compatible; ClaudeBot/1.0; +claudebot@anthropic.com)"
216.73.216.222 - - [15/Nov/2025:21:58:36 -0700] "GET /demo?path=%2Fhome%2Fbt667%2Fpublic_html%2Fstagging%2Fwp-content%2Fplugins%2Fwp_mvplayer%2Fimage%2Fnewskin14 HTTP/1.1" 200 32174 "-" "Mozilla/5.0 AppleWebKit/537.36 (KHTML, like Gecko; compatible; ClaudeBot/1.0; +claudebot@anthropic.com)"
52.71.203.206 - - [15/Nov/2025:21:58:36 -0700] "GET /video-list/?fileloc=//bin/abrt-dump-oops&path=//bin HTTP/1.1" 200 36730 "-" "Mozilla/5.0 AppleWebKit/537.36 (KHTML, like Gecko; compatible; Amazonbot/0.1; +https://developer.amazon.com/support/amazonbot) Chrome/119.0.6045.214 Safari/537.36"
47.128.39.77 - - [15/Nov/2025:21:58:37 -0700] "GET /mvp-jv/?fileloc=%2F%2Fvar%2Fsoftaculous%2Fmoodle41%2Fextend.php&path=%2F%2Fvar%2Fsoftaculous%2Fmoodle41 HTTP/1.1" 200 25406 "-" "Mozilla/5.0 (Linux; Android 5.0) AppleWebKit/537.36 (KHTML, like Gecko) Mobile Safari/537.36 (compatible; Bytespider; spider-feedback@bytedance.com)"
47.128.32.160 - - [15/Nov/2025:21:58:37 -0700] "GET /mvp-jv/?fileloc=%2F%2Fvar%2Fsoftaculous%2Fmoodle41%2Finfo.xml&path=%2F%2Fvar%2Fsoftaculous%2Fmoodle41 HTTP/1.1" 200 17340 "-" "Mozilla/5.0 (Linux; Android 5.0) AppleWebKit/537.36 (KHTML, like Gecko) Mobile Safari/537.36 (compatible; Bytespider; spider-feedback@bytedance.com)"
216.73.216.222 - - [15/Nov/2025:21:58:37 -0700] "GET /demo?path=%2Fhome%2Fbt667%2Fpublic_html%2Fstagging%2Fwp-content%2Fplugins%2Fwp_mvplayer%2Fimage%2Fnewskin16 HTTP/1.1" 200 30639 "-" "Mozilla/5.0 AppleWebKit/537.36 (KHTML, like Gecko; compatible; ClaudeBot/1.0; +claudebot@anthropic.com)"
216.73.216.222 - - [15/Nov/2025:21:58:37 -0700] "GET /demo?fileloc=%2Fhome%2Fbt667%2Fwww%2Fwp-includes%2Fclass-simplepie.php&path=%2Fhome%2Fbt667%2Fwww%2Fwp-includes HTTP/1.1" 200 12886 "-" "Mozilla/5.0 AppleWebKit/537.36 (KHTML, like Gecko; compatible; ClaudeBot/1.0; +claudebot@anthropic.com)"
216.73.216.222 - - [15/Nov/2025:21:58:38 -0700] "GET /demo?path=%2Fhome%2Fbt667%2Fpublic_html%2Fstagging%2Fwp-content%2Fplugins%2Fwp_mvplayer%2Fimage%2Fnewskin19 HTTP/1.1" 200 30640 "-" "Mozilla/5.0 AppleWebKit/537.36 (KHTML, like Gecko; compatible; ClaudeBot/1.0; +claudebot@anthropic.com)"
216.73.216.222 - - [15/Nov/2025:21:58:38 -0700] "GET /demo?path=%2Fhome%2Fbt667%2Fpublic_html%2Fstagging%2Fwp-content%2Fplugins%2Fwp_mvplayer%2Fimage%2Fnewskin15 HTTP/1.1" 200 30640 "-" "Mozilla/5.0 AppleWebKit/537.36 (KHTML, like Gecko; compatible; ClaudeBot/1.0; +claudebot@anthropic.com)"
216.73.216.222 - - [15/Nov/2025:21:58:38 -0700] "GET /demo?fileloc=%2Fhome%2Fbt667%2Fwww%2Fwp-includes%2Fstyle-engine.php&path=%2Fhome%2Fbt667%2Fwww%2Fwp-includes HTTP/1.1" 200 20627 "-" "Mozilla/5.0 AppleWebKit/537.36 (KHTML, like Gecko; compatible; ClaudeBot/1.0; +claudebot@anthropic.com)"
57.141.2.6 - - [15/Nov/2025:21:58:38 -0700] "GET /product986931695?kg=0985290146 HTTP/1.1" 200 96782 "-" "meta-externalagent/1.1 (+https://developers.facebook.com/docs/sharing/webmasters/crawler)"
54.147.80.137 - - [15/Nov/2025:21:58:39 -0700] "GET /help-desk/?path=//etc/init.d HTTP/1.1" 200 18314 "-" "Mozilla/5.0 AppleWebKit/537.36 (KHTML, like Gecko; compatible; Amazonbot/0.1; +https://developer.amazon.com/support/amazonbot) Chrome/119.0.6045.214 Safari/537.36"
216.73.216.222 - - [15/Nov/2025:21:58:39 -0700] "GET /demo?fileloc=%2Fhome%2Fbt667%2Fpublic_html%2Fwp-includes%2Fblocks%2Fpost-featured-image%2Fstyle-rtl.css&path=%2Fhome%2Fbt667%2Fpublic_html%2Fwp-includes%2Fblocks%2Fpost-featured-image HTTP/1.1" 200 14587 "-" "Mozilla/5.0 AppleWebKit/537.36 (KHTML, like Gecko; compatible; ClaudeBot/1.0; +claudebot@anthropic.com)"
216.73.216.222 - - [15/Nov/2025:21:58:39 -0700] "GET /demo?fileloc=%2Fhome%2Fbt667%2Fpublic_html%2Fwp-content%2Fthemes%2Ftwentytwentythree%2Freadme.txt&path=%2Fhome%2Fbt667%2Fpublic_html%2Fwp-content%2Fthemes%2Ftwentytwentythree HTTP/1.1" 200 15677 "-" "Mozilla/5.0 AppleWebKit/537.36 (KHTML, like Gecko; compatible; ClaudeBot/1.0; +claudebot@anthropic.com)"
216.73.216.222 - - [15/Nov/2025:21:58:40 -0700] "GET /demo?path=%2F%2Flib%2Fpython2.7%2Fsite-packages%2FrpmUtils HTTP/1.1" 200 31141 "-" "Mozilla/5.0 AppleWebKit/537.36 (KHTML, like Gecko; compatible; ClaudeBot/1.0; +claudebot@anthropic.com)"
216.73.216.222 - - [15/Nov/2025:21:58:40 -0700] "GET /demo?fileloc=%2F%2Flib%2Fpython2.7%2Fsite-packages%2Fjsonpatch.pyc&path=%2F%2Flib%2Fpython2.7%2Fsite-packages HTTP/1.1" 200 31517 "-" "Mozilla/5.0 AppleWebKit/537.36 (KHTML, like Gecko; compatible; ClaudeBot/1.0; +claudebot@anthropic.com)"
216.73.216.222 - - [15/Nov/2025:21:58:40 -0700] "GET /demo?fileloc=%2Fhome%2Fbt667%2Fpublic_html%2Fwp-includes%2Fblocks%2Fbuttons%2Feditor-rtl.min.css&path=%2Fhome%2Fbt667%2Fpublic_html%2Fwp-includes%2Fblocks%2Fbuttons HTTP/1.1" 200 13612 "-" "Mozilla/5.0 AppleWebKit/537.36 (KHTML, like Gecko; compatible; ClaudeBot/1.0; +claudebot@anthropic.com)"
216.73.216.222 - - [15/Nov/2025:21:58:41 -0700] "GET /demo?fileloc=%2Fhome%2Fbt667%2Fwww%2Fwp-includes%2Fclass-wp-customize-panel.php&path=%2Fhome%2Fbt667%2Fwww%2Fwp-includes HTTP/1.1" 200 24072 "-" "Mozilla/5.0 AppleWebKit/537.36 (KHTML, like Gecko; compatible; ClaudeBot/1.0; +claudebot@anthropic.com)"
216.73.216.222 - - [15/Nov/2025:21:58:41 -0700] "GET /demo?fileloc=%2Fhome%2Fbt667%2Fwww%2Fwp-includes%2Fpost-formats.php&path=%2Fhome%2Fbt667%2Fwww%2Fwp-includes HTTP/1.1" 200 20385 "-" "Mozilla/5.0 AppleWebKit/537.36 (KHTML, like Gecko; compatible; ClaudeBot/1.0; +claudebot@anthropic.com)"
216.73.216.222 - - [15/Nov/2025:21:58:41 -0700] "GET /demo?fileloc=%2Fhome%2Fbt667%2Fwww%2Fwp-includes%2Fregistration-functions.php&path=%2Fhome%2Fbt667%2Fwww%2Fwp-includes HTTP/1.1" 200 12630 "-" "Mozilla/5.0 AppleWebKit/537.36 (KHTML, like Gecko; compatible; ClaudeBot/1.0; +claudebot@anthropic.com)"
216.73.216.222 - - [15/Nov/2025:21:58:41 -0700] "GET /demo?fileloc=%2Fhome%2Fbt667%2Fwww%2Fwp-includes%2Fms-deprecated.php&path=%2Fhome%2Fbt667%2Fwww%2Fwp-includes HTTP/1.1" 200 36540 "-" "Mozilla/5.0 AppleWebKit/537.36 (KHTML, like Gecko; compatible; ClaudeBot/1.0; +claudebot@anthropic.com)"
57.141.2.93 - - [15/Nov/2025:21:58:42 -0700] "GET /product265503786?kg=0265062616 HTTP/1.1" 200 96782 "-" "meta-externalagent/1.1 (+https://developers.facebook.com/docs/sharing/webmasters/crawler)"
216.73.216.222 - - [15/Nov/2025:21:58:42 -0700] "GET /demo?path=%2Fhome%2Fbt667%2Fpublic_html%2Fstagging%2Fwp-content%2Fplugins%2Fwp_mvplayer%2Fimage%2Fnewskin18 HTTP/1.1" 200 30646 "-" "Mozilla/5.0 AppleWebKit/537.36 (KHTML, like Gecko; compatible; ClaudeBot/1.0; +claudebot@anthropic.com)"
216.73.216.222 - - [15/Nov/2025:21:58:43 -0700] "GET /demo?fileloc=%2Fhome%2Fbt667%2Fwww%2Fwp-includes%2Ftemplate-canvas.php&path=%2Fhome%2Fbt667%2Fwww%2Fwp-includes HTTP/1.1" 200 13066 "-" "Mozilla/5.0 AppleWebKit/537.36 (KHTML, like Gecko; compatible; ClaudeBot/1.0; +claudebot@anthropic.com)"
216.73.216.222 - - [15/Nov/2025:21:58:42 -0700] "GET /demo?fileloc=%2Fhome%2Fbt667%2Fpublic_html%2Fwp-content%2Fuploads%2Fredux%2F.htaccess&path=%2Fhome%2Fbt667%2Fpublic_html%2Fwp-content%2Fuploads%2Fredux HTTP/1.1" 200 12718 "-" "Mozilla/5.0 AppleWebKit/537.36 (KHTML, like Gecko; compatible; ClaudeBot/1.0; +claudebot@anthropic.com)"
216.73.216.222 - - [15/Nov/2025:21:58:43 -0700] "GET /demo?fileloc=%2Fhome%2Fbt667%2Fwww%2Fwp-includes%2Fwp-db.php&path=%2Fhome%2Fbt667%2Fwww%2Fwp-includes HTTP/1.1" 200 12888 "-" "Mozilla/5.0 AppleWebKit/537.36 (KHTML, like Gecko; compatible; ClaudeBot/1.0; +claudebot@anthropic.com)"
216.73.216.222 - - [15/Nov/2025:21:58:43 -0700] "GET /demo?fileloc=%2F%2Flib%2Fpython2.7%2Fsite-packages%2Fpkg_resources.py&path=%2F%2Flib%2Fpython2.7%2Fsite-packages HTTP/1.1" 200 122547 "-" "Mozilla/5.0 AppleWebKit/537.36 (KHTML, like Gecko; compatible; ClaudeBot/1.0; +claudebot@anthropic.com)"
216.73.216.222 - - [15/Nov/2025:21:58:43 -0700] "GET /demo?path=%2Fhome%2Fbt667%2Fpublic_html%2Fstagging%2Fwp-content%2Fplugins%2Felementskit%2Fwidgets%2Ffacebook-review HTTP/1.1" 200 25130 "-" "Mozilla/5.0 AppleWebKit/537.36 (KHTML, like Gecko; compatible; ClaudeBot/1.0; +claudebot@anthropic.com)"
216.73.216.222 - - [15/Nov/2025:21:58:43 -0700] "GET /demo?fileloc=%2Fhome%2Fbt667%2Fpublic_html%2Fwp-includes%2Fblocks%2Fcomment-template%2Fstyle.css&path=%2Fhome%2Fbt667%2Fpublic_html%2Fwp-includes%2Fblocks%2Fcomment-template HTTP/1.1" 200 13097 "-" "Mozilla/5.0 AppleWebKit/537.36 (KHTML, like Gecko; compatible; ClaudeBot/1.0; +claudebot@anthropic.com)"
216.73.216.222 - - [15/Nov/2025:21:58:44 -0700] "GET /demo?fileloc=%2Fhome%2Fbt667%2Fwww%2Fwp-includes%2Fclass-wp-dependencies.php&path=%2Fhome%2Fbt667%2Fwww%2Fwp-includes HTTP/1.1" 200 28049 "-" "Mozilla/5.0 AppleWebKit/537.36 (KHTML, like Gecko; compatible; ClaudeBot/1.0; +claudebot@anthropic.com)"
57.141.2.95 - - [15/Nov/2025:21:58:44 -0700] "GET /product237397957?kg=0237003554 HTTP/1.1" 200 96782 "-" "meta-externalagent/1.1 (+https://developers.facebook.com/docs/sharing/webmasters/crawler)"
35.174.253.85 - - [15/Nov/2025:21:58:44 -0700] "GET /checkout/?fileloc=//bin/euca-cancel-conversion-task&path=//bin HTTP/1.1" 200 12425 "-" "Mozilla/5.0 AppleWebKit/537.36 (KHTML, like Gecko; compatible; Amazonbot/0.1; +https://developer.amazon.com/support/amazonbot) Chrome/119.0.6045.214 Safari/537.36"
216.73.216.222 - - [15/Nov/2025:21:58:45 -0700] "GET /demo?fileloc=%2F%2Flib%2Fpython2.7%2Fsite-packages%2Flangtable.py&path=%2F%2Flib%2Fpython2.7%2Fsite-packages HTTP/1.1" 200 97449 "-" "Mozilla/5.0 AppleWebKit/537.36 (KHTML, like Gecko; compatible; ClaudeBot/1.0; +claudebot@anthropic.com)"
47.128.124.198 - - [15/Nov/2025:21:58:44 -0700] "GET /mvp-jv/?path=%2F%2Fvar%2Fsoftaculous%2Fmoodle41%2Flanguages HTTP/1.1" 200 12806 "-" "Mozilla/5.0 (Linux; Android 5.0) AppleWebKit/537.36 (KHTML, like Gecko) Mobile Safari/537.36 (compatible; Bytespider; spider-feedback@bytedance.com)"
47.128.99.225 - - [15/Nov/2025:21:58:44 -0700] "GET /mvp-jv/?path=%2F%2Fvar%2Fsoftaculous%2Fmoodle41%2Fimages HTTP/1.1" 200 15804 "-" "Mozilla/5.0 (Linux; Android 5.0) AppleWebKit/537.36 (KHTML, like Gecko) Mobile Safari/537.36 (compatible; Bytespider; spider-feedback@bytedance.com)"
216.73.216.222 - - [15/Nov/2025:21:58:45 -0700] "GET /demo?fileloc=%2Fhome%2Fbt667%2Fpublic_html%2Fwp-includes%2Fblocks%2Fpost-featured-image%2Feditor.min.css&path=%2Fhome%2Fbt667%2Fpublic_html%2Fwp-includes%2Fblocks%2Fpost-featured-image HTTP/1.1" 200 17474 "-" "Mozilla/5.0 AppleWebKit/537.36 (KHTML, like Gecko; compatible; ClaudeBot/1.0; +claudebot@anthropic.com)"
216.73.216.222 - - [15/Nov/2025:21:58:45 -0700] "GET /demo?path=%2Fhome%2Fbt667%2Fpublic_html%2Fstagging%2Fwp-content%2Fplugins%2Fwp_mvplayer%2Fimage%2Fnewskin1 HTTP/1.1" 200 32091 "-" "Mozilla/5.0 AppleWebKit/537.36 (KHTML, like Gecko; compatible; ClaudeBot/1.0; +claudebot@anthropic.com)"
216.73.216.222 - - [15/Nov/2025:21:58:45 -0700] "GET /demo?fileloc=%2Fhome%2Fbt667%2Fwww%2Fwp-includes%2Fclass-wp-feed-cache.php&path=%2Fhome%2Fbt667%2Fwww%2Fwp-includes HTTP/1.1" 200 13416 "-" "Mozilla/5.0 AppleWebKit/537.36 (KHTML, like Gecko; compatible; ClaudeBot/1.0; +claudebot@anthropic.com)"
216.73.216.222 - - [15/Nov/2025:21:58:46 -0700] "GET /demo?fileloc=%2Fhome%2Fbt667%2Fpublic_html%2Fwp-includes%2FOLD%2Fcss%2Fdist%2Fblock-library%2Fclassic-rtl.min.css&path=%2Fhome%2Fbt667%2Fpublic_html%2Fwp-includes%2FOLD%2Fcss%2Fdist%2Fblock-library HTTP/1.1" 200 12987 "-" "Mozilla/5.0 AppleWebKit/537.36 (KHTML, like Gecko; compatible; ClaudeBot/1.0; +claudebot@anthropic.com)"
216.73.216.222 - - [15/Nov/2025:21:58:47 -0700] "GET /demo?path=%2Fhome%2Fbt667%2Fpublic_html%2Fwp-content%2Fuploads%2Fwc-logs%2Fwc-logs HTTP/1.1" 200 19451 "-" "Mozilla/5.0 AppleWebKit/537.36 (KHTML, like Gecko; compatible; ClaudeBot/1.0; +claudebot@anthropic.com)"
216.73.216.222 - - [15/Nov/2025:21:58:47 -0700] "GET /demo?fileloc=%2Fhome%2Fbt667%2Fpublic_html%2Fwp-includes%2Fblocks%2Fpullquote%2Fstyle-rtl.min.css&path=%2Fhome%2Fbt667%2Fpublic_html%2Fwp-includes%2Fblocks%2Fpullquote HTTP/1.1" 200 13725 "-" "Mozilla/5.0 AppleWebKit/537.36 (KHTML, like Gecko; compatible; ClaudeBot/1.0; +claudebot@anthropic.com)"
52.6.232.201 - - [15/Nov/2025:21:58:47 -0700] "GET /checkout/transaction-failed/?fileloc=//lib64/libva-egl.so.1&path=//lib64 HTTP/1.1" 200 20355 "-" "Mozilla/5.0 AppleWebKit/537.36 (KHTML, like Gecko; compatible; Amazonbot/0.1; +https://developer.amazon.com/support/amazonbot) Chrome/119.0.6045.214 Safari/537.36"
216.73.216.222 - - [15/Nov/2025:21:58:47 -0700] "GET /demo?path=%2Fhome%2Fbt667%2Fpublic_html%2Fstagging%2Fwp-content%2Fplugins%2Fwp_mvplayer%2Fimage%2Fnewskin9 HTTP/1.1" 200 32092 "-" "Mozilla/5.0 AppleWebKit/537.36 (KHTML, like Gecko; compatible; ClaudeBot/1.0; +claudebot@anthropic.com)"
57.141.2.14 - - [15/Nov/2025:21:58:48 -0700] "GET /product1236845235?kg=1234787858 HTTP/1.1" 200 96782 "-" "meta-externalagent/1.1 (+https://developers.facebook.com/docs/sharing/webmasters/crawler)"
216.73.216.222 - - [15/Nov/2025:21:58:48 -0700] "GET /demo?fileloc=%2F%2Flib%2Fpython2.7%2Fsite-packages%2Fvalidate.pyc&path=%2F%2Flib%2Fpython2.7%2Fsite-packages HTTP/1.1" 200 67769 "-" "Mozilla/5.0 AppleWebKit/537.36 (KHTML, like Gecko; compatible; ClaudeBot/1.0; +claudebot@anthropic.com)"
216.73.216.222 - - [15/Nov/2025:21:58:48 -0700] "GET /demo?fileloc=%2Fhome%2Fbt667%2Fpublic_html%2Fwp-includes%2FOLD%2Fcss%2Fdist%2Fblock-library%2Fstyle.min.css&path=%2Fhome%2Fbt667%2Fpublic_html%2Fwp-includes%2FOLD%2Fcss%2Fdist%2Fblock-library HTTP/1.1" 200 129792 "-" "Mozilla/5.0 AppleWebKit/537.36 (KHTML, like Gecko; compatible; ClaudeBot/1.0; +claudebot@anthropic.com)"
216.73.216.222 - - [15/Nov/2025:21:58:48 -0700] "GET /demo?path=%2Fhome%2Fbt667%2Fpublic_html%2Fstagging%2Fwp-content%2Fplugins%2Felementskit-lite%2Flibs%2Fpro-label HTTP/1.1" 200 18230 "-" "Mozilla/5.0 AppleWebKit/537.36 (KHTML, like Gecko; compatible; ClaudeBot/1.0; +claudebot@anthropic.com)"
216.73.216.222 - - [15/Nov/2025:21:58:49 -0700] "GET /demo?path=%2Fhome%2Fbt667%2Fpublic_html%2Fstagging%2Fwp-content%2Fplugins%2Fwp_mvplayer%2Fimage%2Fnewskin11 HTTP/1.1" 200 30637 "-" "Mozilla/5.0 AppleWebKit/537.36 (KHTML, like Gecko; compatible; ClaudeBot/1.0; +claudebot@anthropic.com)"
216.73.216.222 - - [15/Nov/2025:21:58:49 -0700] "GET /demo?fileloc=%2Fhome%2Fbt667%2Fwww%2Fwp-includes%2Fclass-wp-comment-query.php&path=%2Fhome%2Fbt667%2Fwww%2Fwp-includes HTTP/1.1" 200 67597 "-" "Mozilla/5.0 AppleWebKit/537.36 (KHTML, like Gecko; compatible; ClaudeBot/1.0; +claudebot@anthropic.com)"
216.73.216.222 - - [15/Nov/2025:21:58:49 -0700] "GET /demo?fileloc=%2Fhome%2Fbt667%2Fwww%2Fwp-includes%2Fclass-wp-query.php&path=%2Fhome%2Fbt667%2Fwww%2Fwp-includes HTTP/1.1" 200 191768 "-" "Mozilla/5.0 AppleWebKit/537.36 (KHTML, like Gecko; compatible; ClaudeBot/1.0; +claudebot@anthropic.com)"
47.128.52.56 - - [15/Nov/2025:21:58:50 -0700] "GET /mvp-jv/?fileloc=%2F%2Fvar%2Fsoftaculous%2Fmoodle41%2Fconfig.php&path=%2F%2Fvar%2Fsoftaculous%2Fmoodle41 HTTP/1.1" 200 13323 "-" "Mozilla/5.0 (Linux; Android 5.0) AppleWebKit/537.36 (KHTML, like Gecko) Mobile Safari/537.36 (compatible; Bytespider; spider-feedback@bytedance.com)"
216.73.216.222 - - [15/Nov/2025:21:58:50 -0700] "GET /demo?path=%2Fhome%2Fbt667%2Fpublic_html%2Fstagging%2Fwp-content%2Fplugins%2Felementskit%2Fmodules%2Ffacebook-messenger HTTP/1.1" 200 16726 "-" "Mozilla/5.0 AppleWebKit/537.36 (KHTML, like Gecko; compatible; ClaudeBot/1.0; +claudebot@anthropic.com)"
47.128.52.128 - - [15/Nov/2025:21:58:50 -0700] "GET /mvp-jv/?fileloc=%2F%2Fvar%2Fsoftaculous%2Fmoodle41%2Fmd5&path=%2F%2Fvar%2Fsoftaculous%2Fmoodle41 HTTP/1.1" 200 17534 "-" "Mozilla/5.0 (Linux; Android 5.0) AppleWebKit/537.36 (KHTML, like Gecko) Mobile Safari/537.36 (compatible; Bytespider; spider-feedback@bytedance.com)"
23.21.250.48 - - [15/Nov/2025:21:58:50 -0700] "GET /video-list-2/?fileloc=//scripts/updatessldomains&path=//scripts HTTP/1.1" 200 14226 "-" "Mozilla/5.0 AppleWebKit/537.36 (KHTML, like Gecko; compatible; Amazonbot/0.1; +https://developer.amazon.com/support/amazonbot) Chrome/119.0.6045.214 Safari/537.36"
57.141.2.72 - - [15/Nov/2025:21:58:51 -0700] "GET /product569031430?kg=0568085224 HTTP/1.1" 200 96782 "-" "meta-externalagent/1.1 (+https://developers.facebook.com/docs/sharing/webmasters/crawler)"
216.73.216.222 - - [15/Nov/2025:21:58:51 -0700] "GET /demo?fileloc=%2Fhome%2Fbt667%2Fpublic_html%2Fwp-includes%2Fblocks%2Fimage%2Ftheme.min.css&path=%2Fhome%2Fbt667%2Fpublic_html%2Fwp-includes%2Fblocks%2Fimage HTTP/1.1" 200 12762 "-" "Mozilla/5.0 AppleWebKit/537.36 (KHTML, like Gecko; compatible; ClaudeBot/1.0; +claudebot@anthropic.com)"
216.73.216.222 - - [15/Nov/2025:21:58:51 -0700] "GET /demo?fileloc=%2Fhome%2Fbt667%2Fpublic_html%2Fwp-includes%2Fblocks%2Fsearch%2Feditor.css&path=%2Fhome%2Fbt667%2Fpublic_html%2Fwp-includes%2Fblocks%2Fsearch HTTP/1.1" 200 12934 "-" "Mozilla/5.0 AppleWebKit/537.36 (KHTML, like Gecko; compatible; ClaudeBot/1.0; +claudebot@anthropic.com)"
216.73.216.222 - - [15/Nov/2025:21:58:51 -0700] "GET /demo?fileloc=%2Fhome%2Fbt667%2Fwww%2Fwp-includes%2Fclass-wp-widget.php&path=%2Fhome%2Fbt667%2Fwww%2Fwp-includes HTTP/1.1" 200 32050 "-" "Mozilla/5.0 AppleWebKit/537.36 (KHTML, like Gecko; compatible; ClaudeBot/1.0; +claudebot@anthropic.com)"
216.73.216.222 - - [15/Nov/2025:21:58:51 -0700] "GET /demo?fileloc=%2Fhome%2Fbt667%2Fwww%2Fwp-admin%2Fnetwork%2Fplugin-editor.php&path=%2Fhome%2Fbt667%2Fwww%2Fwp-admin%2Fnetwork HTTP/1.1" 200 12737 "-" "Mozilla/5.0 AppleWebKit/537.36 (KHTML, like Gecko; compatible; ClaudeBot/1.0; +claudebot@anthropic.com)"
216.73.216.222 - - [15/Nov/2025:21:58:52 -0700] "GET /demo?fileloc=%2Fhome%2Fbt667%2Fwww%2Fwp-includes%2Fclass-wp-block-bindings-registry.php&path=%2Fhome%2Fbt667%2Fwww%2Fwp-includes HTTP/1.1" 200 21350 "-" "Mozilla/5.0 AppleWebKit/537.36 (KHTML, like Gecko; compatible; ClaudeBot/1.0; +claudebot@anthropic.com)"
216.73.216.222 - - [15/Nov/2025:21:58:53 -0700] "GET /demo?path=%2Fhome%2Fbt667%2Fpublic_html%2Fstagging%2Fwp-content%2Fplugins%2Fwp_mvplayer%2Fimage%2Fnewskin12 HTTP/1.1" 200 32174 "-" "Mozilla/5.0 AppleWebKit/537.36 (KHTML, like Gecko; compatible; ClaudeBot/1.0; +claudebot@anthropic.com)"
216.73.216.222 - - [15/Nov/2025:21:58:53 -0700] "GET /demo?fileloc=%2Fhome%2Fbt667%2Fwww%2Fwp-admin%2Fnetwork%2Fplugins.php&path=%2Fhome%2Fbt667%2Fwww%2Fwp-admin%2Fnetwork HTTP/1.1" 200 12714 "-" "Mozilla/5.0 AppleWebKit/537.36 (KHTML, like Gecko; compatible; ClaudeBot/1.0; +claudebot@anthropic.com)"
57.141.2.35 - - [15/Nov/2025:21:58:53 -0700] "GET /product874032531?kg=0872578834 HTTP/1.1" 200 96782 "-" "meta-externalagent/1.1 (+https://developers.facebook.com/docs/sharing/webmasters/crawler)"
216.73.216.222 - - [15/Nov/2025:21:58:54 -0700] "GET /demo?fileloc=%2F%2Flib%2Fpython2.7%2Fsite-packages%2Fjsonpatch.py&path=%2F%2Flib%2Fpython2.7%2Fsite-packages HTTP/1.1" 200 30817 "-" "Mozilla/5.0 AppleWebKit/537.36 (KHTML, like Gecko; compatible; ClaudeBot/1.0; +claudebot@anthropic.com)"
216.73.216.222 - - [15/Nov/2025:21:58:54 -0700] "GET /demo?fileloc=%2Fhome%2Fbt667%2Fpublic_html%2Fwp-includes%2Fblocks%2Fterm-description%2Fstyle-rtl.css&path=%2Fhome%2Fbt667%2Fpublic_html%2Fwp-includes%2Fblocks%2Fterm-description HTTP/1.1" 200 12824 "-" "Mozilla/5.0 AppleWebKit/537.36 (KHTML, like Gecko; compatible; ClaudeBot/1.0; +claudebot@anthropic.com)"
216.73.216.222 - - [15/Nov/2025:21:58:54 -0700] "GET /demo?fileloc=%2Fhome%2Fbt667%2Fwww%2Fwp-includes%2Fclass-wp-user-meta-session-tokens.php&path=%2Fhome%2Fbt667%2Fwww%2Fwp-includes HTTP/1.1" 200 15519 "-" "Mozilla/5.0 AppleWebKit/537.36 (KHTML, like Gecko; compatible; ClaudeBot/1.0; +claudebot@anthropic.com)"
216.73.216.222 - - [15/Nov/2025:21:58:54 -0700] "GET /demo?path=%2Fhome%2Fbt667%2Fpublic_html%2Fstagging%2Fwp-content%2Fplugins%2Fwp_mvplayer%2Fimage%2Fnewskin10 HTTP/1.1" 200 30639 "-" "Mozilla/5.0 AppleWebKit/537.36 (KHTML, like Gecko; compatible; ClaudeBot/1.0; +claudebot@anthropic.com)"
216.73.216.222 - - [15/Nov/2025:21:58:55 -0700] "GET /demo?fileloc=%2Fhome%2Fbt667%2Fwww%2Fwp-includes%2Fplugin.php&path=%2Fhome%2Fbt667%2Fwww%2Fwp-includes HTTP/1.1" 200 48741 "-" "Mozilla/5.0 AppleWebKit/537.36 (KHTML, like Gecko; compatible; ClaudeBot/1.0; +claudebot@anthropic.com)"
216.73.216.222 - - [15/Nov/2025:21:58:55 -0700] "GET /demo?path=%2Fhome%2Fbt667%2Fpublic_html%2Fwp-content%2Fuploads%2Fwpforms%2Fthemes HTTP/1.1" 200 16261 "-" "Mozilla/5.0 AppleWebKit/537.36 (KHTML, like Gecko; compatible; ClaudeBot/1.0; +claudebot@anthropic.com)"
216.73.216.222 - - [15/Nov/2025:21:58:56 -0700] "GET /demo?fileloc=%2Fhome%2Fbt667%2Fwww%2Fwp-includes%2Frobots-template.php&path=%2Fhome%2Fbt667%2Fwww%2Fwp-includes HTTP/1.1" 200 17977 "-" "Mozilla/5.0 AppleWebKit/537.36 (KHTML, like Gecko; compatible; ClaudeBot/1.0; +claudebot@anthropic.com)"
216.73.216.222 - - [15/Nov/2025:21:58:56 -0700] "GET /demo?fileloc=%2Fhome%2Fbt667%2Fwww%2Fwp-content%2Fmaintenance.php&path=%2Fhome%2Fbt667%2Fwww%2Fwp-content HTTP/1.1" 200 15638 "-" "Mozilla/5.0 AppleWebKit/537.36 (KHTML, like Gecko; compatible; ClaudeBot/1.0; +claudebot@anthropic.com)"
57.141.2.6 - - [15/Nov/2025:21:58:57 -0700] "GET /product399271994?kg=0398608248 HTTP/1.1" 200 96782 "-" "meta-externalagent/1.1 (+https://developers.facebook.com/docs/sharing/webmasters/crawler)"
216.73.216.222 - - [15/Nov/2025:21:58:57 -0700] "GET /demo?path=%2Fhome%2Fbt667%2Fpublic_html%2Fstagging%2Fwp-content%2Fplugins%2Felementskit-lite%2Flibs%2Fstories HTTP/1.1" 200 16490 "-" "Mozilla/5.0 AppleWebKit/537.36 (KHTML, like Gecko; compatible; ClaudeBot/1.0; +claudebot@anthropic.com)"
216.73.216.222 - - [15/Nov/2025:21:58:57 -0700] "GET /demo?fileloc=%2Fhome%2Fbt667%2Fpublic_html%2Fwp-includes%2Fblocks%2Fbuttons%2Fstyle-rtl.css&path=%2Fhome%2Fbt667%2Fpublic_html%2Fwp-includes%2Fblocks%2Fbuttons HTTP/1.1" 200 14092 "-" "Mozilla/5.0 AppleWebKit/537.36 (KHTML, like Gecko; compatible; ClaudeBot/1.0; +claudebot@anthropic.com)"
47.128.23.165 - - [15/Nov/2025:21:58:57 -0700] "GET /mvp-jv/?fileloc=%2F%2Fvar%2Fsoftaculous%2Fmoodle41%2Finstall.js&path=%2F%2Fvar%2Fsoftaculous%2Fmoodle41 HTTP/1.1" 200 13301 "-" "Mozilla/5.0 (Linux; Android 5.0) AppleWebKit/537.36 (KHTML, like Gecko) Mobile Safari/537.36 (compatible; Bytespider; spider-feedback@bytedance.com)"
47.128.28.55 - - [15/Nov/2025:21:58:57 -0700] "GET /mvp-jv/?fileloc=%2F%2Fvar%2Fsoftaculous%2Fmoodle41%2Fedit.php&path=%2F%2Fvar%2Fsoftaculous%2Fmoodle41 HTTP/1.1" 200 17392 "-" "Mozilla/5.0 (Linux; Android 5.0) AppleWebKit/537.36 (KHTML, like Gecko) Mobile Safari/537.36 (compatible; Bytespider; spider-feedback@bytedance.com)"
216.73.216.222 - - [15/Nov/2025:21:58:57 -0700] "GET /demo?path=%2Fhome%2Fbt667%2Fpublic_html%2Fstagging%2Fwp-content%2Fplugins%2Felementskit-lite%2Fwidgets%2Fsocial-share HTTP/1.1" 200 16828 "-" "Mozilla/5.0 AppleWebKit/537.36 (KHTML, like Gecko; compatible; ClaudeBot/1.0; +claudebot@anthropic.com)"
216.73.216.222 - - [15/Nov/2025:21:58:57 -0700] "GET /demo?path=%2Fhome%2Fbt667%2Fpublic_html%2Fstagging%2Fwp-content%2Fplugins%2Felementor%2Fvendor HTTP/1.1" 200 16287 "-" "Mozilla/5.0 AppleWebKit/537.36 (KHTML, like Gecko; compatible; ClaudeBot/1.0; +claudebot@anthropic.com)"
216.73.216.222 - - [15/Nov/2025:21:58:58 -0700] "GET /demo?fileloc=%2Fhome%2Fbt667%2Fwww%2Fwp-includes%2Fwidgets.php&path=%2Fhome%2Fbt667%2Fwww%2Fwp-includes HTTP/1.1" 200 89909 "-" "Mozilla/5.0 AppleWebKit/537.36 (KHTML, like Gecko; compatible; ClaudeBot/1.0; +claudebot@anthropic.com)"
216.73.216.222 - - [15/Nov/2025:21:58:58 -0700] "GET /demo?path=%2Fhome%2Fbt667%2Fpublic_html%2Fstagging%2Fwp-content%2Fplugins%2Flitespeed-cache%2Ftpl%2Fimg_optm HTTP/1.1" 200 21926 "-" "Mozilla/5.0 AppleWebKit/537.36 (KHTML, like Gecko; compatible; ClaudeBot/1.0; +claudebot@anthropic.com)"
216.73.216.222 - - [15/Nov/2025:21:58:59 -0700] "GET /demo?fileloc=%2Fhome%2Fbt667%2Fwww%2Fwp-includes%2Fhttps-migration.php&path=%2Fhome%2Fbt667%2Fwww%2Fwp-includes HTTP/1.1" 200 17475 "-" "Mozilla/5.0 AppleWebKit/537.36 (KHTML, like Gecko; compatible; ClaudeBot/1.0; +claudebot@anthropic.com)"
52.205.141.124 - - [15/Nov/2025:21:58:59 -0700] "GET /shop/?fileloc=//bin/openal-info&path=//bin HTTP/1.1" 200 31334 "-" "Mozilla/5.0 AppleWebKit/537.36 (KHTML, like Gecko; compatible; Amazonbot/0.1; +https://developer.amazon.com/support/amazonbot) Chrome/119.0.6045.214 Safari/537.36"
216.73.216.222 - - [15/Nov/2025:21:58:59 -0700] "GET /demo?path=%2Fhome%2Fbt667%2Fpublic_html%2Fstagging%2Fwp-content%2Fplugins%2Fwp_mvplayer%2Fimage%2Fnewskin8 HTTP/1.1" 200 30564 "-" "Mozilla/5.0 AppleWebKit/537.36 (KHTML, like Gecko; compatible; ClaudeBot/1.0; +claudebot@anthropic.com)"
216.73.216.222 - - [15/Nov/2025:21:58:59 -0700] "GET /demo?fileloc=%2Fhome%2Fbt667%2Fpublic_html%2Fwp-includes%2Fblocks%2Fimage%2Ftheme-rtl.min.css&path=%2Fhome%2Fbt667%2Fpublic_html%2Fwp-includes%2Fblocks%2Fimage HTTP/1.1" 200 12766 "-" "Mozilla/5.0 AppleWebKit/537.36 (KHTML, like Gecko; compatible; ClaudeBot/1.0; +claudebot@anthropic.com)"
216.73.216.222 - - [15/Nov/2025:21:58:59 -0700] "GET /demo?path=%2Fhome%2Fbt667%2Fpublic_html%2Fstagging%2Fwp-content%2Fplugins%2Felementskit-lite%2Flibs%2Fbanner HTTP/1.1" 200 14954 "-" "Mozilla/5.0 AppleWebKit/537.36 (KHTML, like Gecko; compatible; ClaudeBot/1.0; +claudebot@anthropic.com)"
216.73.216.222 - - [15/Nov/2025:21:59:00 -0700] "GET /demo?fileloc=%2F%2Flib%2Fpython2.7%2Fsite-packages%2Fvalidate.py&path=%2F%2Flib%2Fpython2.7%2Fsite-packages HTTP/1.1" 200 68900 "-" "Mozilla/5.0 AppleWebKit/537.36 (KHTML, like Gecko; compatible; ClaudeBot/1.0; +claudebot@anthropic.com)"
216.73.216.222 - - [15/Nov/2025:21:59:00 -0700] "GET /demo?fileloc=%2Fhome%2Fbt667%2Fpublic_html%2Fwp-includes%2Fblocks%2Fimage%2Fstyle.css&path=%2Fhome%2Fbt667%2Fpublic_html%2Fwp-includes%2Fblocks%2Fimage HTTP/1.1" 200 20503 "-" "Mozilla/5.0 AppleWebKit/537.36 (KHTML, like Gecko; compatible; ClaudeBot/1.0; +claudebot@anthropic.com)"
54.147.80.137 - - [15/Nov/2025:21:58:59 -0700] "GET /checkout/transaction-failed/?fileloc=//tmp/.102dL9PIxw&path=//tmp HTTP/1.1" 200 12221 "-" "Mozilla/5.0 AppleWebKit/537.36 (KHTML, like Gecko; compatible; Amazonbot/0.1; +https://developer.amazon.com/support/amazonbot) Chrome/119.0.6045.214 Safari/537.36"
216.73.216.222 - - [15/Nov/2025:21:59:01 -0700] "GET /demo?fileloc=%2Fhome%2Fbt667%2Fwww%2Fwp-includes%2Fspeculative-loading.php&path=%2Fhome%2Fbt667%2Fwww%2Fwp-includes HTTP/1.1" 200 22100 "-" "Mozilla/5.0 AppleWebKit/537.36 (KHTML, like Gecko; compatible; ClaudeBot/1.0; +claudebot@anthropic.com)"
216.73.216.222 - - [15/Nov/2025:21:59:02 -0700] "GET /demo?fileloc=%2Fhome%2Fbt667%2Fwww%2Fwp-includes%2Frss.php&path=%2Fhome%2Fbt667%2Fwww%2Fwp-includes HTTP/1.1" 200 38165 "-" "Mozilla/5.0 AppleWebKit/537.36 (KHTML, like Gecko; compatible; ClaudeBot/1.0; +claudebot@anthropic.com)"
3.211.105.134 - - [15/Nov/2025:21:59:02 -0700] "GET /checkout/transaction-failed/?fileloc=//lib64/libacl.so.1.1.0&path=//lib64 HTTP/1.1" 200 65293 "-" "Mozilla/5.0 AppleWebKit/537.36 (KHTML, like Gecko; compatible; Amazonbot/0.1; +https://developer.amazon.com/support/amazonbot) Chrome/119.0.6045.214 Safari/537.36"
216.73.216.222 - - [15/Nov/2025:21:59:03 -0700] "GET /demo?fileloc=%2Fhome%2Fbt667%2Fpublic_html%2Fwp-content%2Fuploads%2Fwc-logs%2Findex.html&path=%2Fhome%2Fbt667%2Fpublic_html%2Fwp-content%2Fuploads%2Fwc-logs HTTP/1.1" 200 12576 "-" "Mozilla/5.0 AppleWebKit/537.36 (KHTML, like Gecko; compatible; ClaudeBot/1.0; +claudebot@anthropic.com)"
216.73.216.222 - - [15/Nov/2025:21:59:03 -0700] "GET /demo?path=%2Fhome%2Fbt667%2Fpublic_html%2Fstagging%2Fwp-content%2Fplugins%2Fquestionable-complication%2Fassets HTTP/1.1" 200 16227 "-" "Mozilla/5.0 AppleWebKit/537.36 (KHTML, like Gecko; compatible; ClaudeBot/1.0; +claudebot@anthropic.com)"
216.73.216.222 - - [15/Nov/2025:21:59:03 -0700] "GET /demo?fileloc=%2Fhome%2Fbt667%2Fwww%2Fwp-includes%2Fclass-wp-date-query.php&path=%2Fhome%2Fbt667%2Fwww%2Fwp-includes HTTP/1.1" 200 53061 "-" "Mozilla/5.0 AppleWebKit/537.36 (KHTML, like Gecko; compatible; ClaudeBot/1.0; +claudebot@anthropic.com)"
216.73.216.222 - - [15/Nov/2025:21:59:03 -0700] "GET /demo?path=%2Fhome%2Fbt667%2Fpublic_html%2Fstagging%2Fwp-content%2Fplugins%2Fwp_mvplayer%2Fimage%2Fnewskin4 HTTP/1.1" 200 32093 "-" "Mozilla/5.0 AppleWebKit/537.36 (KHTML, like Gecko; compatible; ClaudeBot/1.0; +claudebot@anthropic.com)"
47.128.30.27 - - [15/Nov/2025:21:59:04 -0700] "GET /mvp-jv/?path=%2F%2Fvar%2Fsoftaculous%2Fmoodle41%2Fphp82 HTTP/1.1" 200 21784 "-" "Mozilla/5.0 (Linux; Android 5.0) AppleWebKit/537.36 (KHTML, like Gecko) Mobile Safari/537.36 (compatible; Bytespider; spider-feedback@bytedance.com)"
47.128.42.255 - - [15/Nov/2025:21:59:04 -0700] "GET /mvp-jv/?path=%2F%2Fvar%2Fsoftaculous%2Fmoodle41%2Fphp81 HTTP/1.1" 200 21782 "-" "Mozilla/5.0 (Linux; Android 5.0) AppleWebKit/537.36 (KHTML, like Gecko) Mobile Safari/537.36 (compatible; Bytespider; spider-feedback@bytedance.com)"
216.73.216.222 - - [15/Nov/2025:21:59:04 -0700] "GET /demo?path=%2Fhome%2Fbt667%2Fpublic_html%2Fstagging%2Fwp-content%2Fplugins%2Fwp-rocket%2Finc%2Fvendors HTTP/1.1" 200 16395 "-" "Mozilla/5.0 AppleWebKit/537.36 (KHTML, like Gecko; compatible; ClaudeBot/1.0; +claudebot@anthropic.com)"
216.73.216.222 - - [15/Nov/2025:21:59:03 -0700] "GET /demo?fileloc=%2Fhome%2Fbt667%2Fwww%2Fwp-includes%2Fclass-wp-metadata-lazyloader.php&path=%2Fhome%2Fbt667%2Fwww%2Fwp-includes HTTP/1.1" 200 19749 "-" "Mozilla/5.0 AppleWebKit/537.36 (KHTML, like Gecko; compatible; ClaudeBot/1.0; +claudebot@anthropic.com)"
57.141.2.87 - - [15/Nov/2025:21:59:05 -0700] "GET /product578700937?kg=0577738642 HTTP/1.1" 200 96782 "-" "meta-externalagent/1.1 (+https://developers.facebook.com/docs/sharing/webmasters/crawler)"
216.73.216.222 - - [15/Nov/2025:21:59:05 -0700] "GET /demo?fileloc=%2Fhome%2Fbt667%2Fwww%2Fwp-includes%2Ftemplate-loader.php&path=%2Fhome%2Fbt667%2Fwww%2Fwp-includes HTTP/1.1" 200 15968 "-" "Mozilla/5.0 AppleWebKit/537.36 (KHTML, like Gecko; compatible; ClaudeBot/1.0; +claudebot@anthropic.com)"
216.73.216.222 - - [15/Nov/2025:21:59:05 -0700] "GET /demo?fileloc=%2Fhome%2Fbt667%2Fwww%2Fwp-includes%2Fcache-compat.php&path=%2Fhome%2Fbt667%2Fwww%2Fwp-includes HTTP/1.1" 200 18613 "-" "Mozilla/5.0 AppleWebKit/537.36 (KHTML, like Gecko; compatible; ClaudeBot/1.0; +claudebot@anthropic.com)"
66.249.64.224 - - [15/Nov/2025:21:59:08 -0700] "GET /siwju40NAVPD/32540/heqs.php?product606009353?kg=0605001618 HTTP/1.1" 200 136514 "-" "Mozilla/5.0 (Linux; Android 6.0.1; Nexus 5X Build/MMB29P) AppleWebKit/537.36 (KHTML, like Gecko) Chrome/141.0.7390.122 Mobile Safari/537.36 (compatible; GoogleOther)"
216.73.216.222 - - [15/Nov/2025:21:59:06 -0700] "GET /demo?fileloc=%2Fhome%2Fbt667%2Fwww%2Fwp-includes%2Fclass-wp-block-supports.php&path=%2Fhome%2Fbt667%2Fwww%2Fwp-includes HTTP/1.1" 200 18303 "-" "Mozilla/5.0 AppleWebKit/537.36 (KHTML, like Gecko; compatible; ClaudeBot/1.0; +claudebot@anthropic.com)"
216.73.216.222 - - [15/Nov/2025:21:59:06 -0700] "GET /demo?fileloc=%2Fhome%2Fbt667%2Fwww%2Fwp-includes%2Ffeed-rss.php&path=%2Fhome%2Fbt667%2Fwww%2Fwp-includes HTTP/1.1" 200 13976 "-" "Mozilla/5.0 AppleWebKit/537.36 (KHTML, like Gecko; compatible; ClaudeBot/1.0; +claudebot@anthropic.com)"
216.73.216.222 - - [15/Nov/2025:21:59:06 -0700] "GET /demo?path=%2Fhome%2Fbt667%2Fpublic_html%2Fstagging%2Fwp-content%2Fplugins%2Felementskit-lite%2Fmodules%2Felementskit-icon-pack HTTP/1.1" 200 20187 "-" "Mozilla/5.0 AppleWebKit/537.36 (KHTML, like Gecko; compatible; ClaudeBot/1.0; +claudebot@anthropic.com)"
216.73.216.222 - - [15/Nov/2025:21:59:07 -0700] "GET /demo?path=%2Fhome%2Fbt667%2Fpublic_html%2Fstagging%2Fwp-content%2Fplugins%2Fwpforms-lite%2Fvendor_prefixed%2Fapimatic HTTP/1.1" 200 19551 "-" "Mozilla/5.0 AppleWebKit/537.36 (KHTML, like Gecko; compatible; ClaudeBot/1.0; +claudebot@anthropic.com)"
216.73.216.222 - - [15/Nov/2025:21:59:07 -0700] "GET /demo?fileloc=%2Fhome%2Fbt667%2Fpublic_html%2Fwp-includes%2FOLD%2Fcss%2Fdist%2Fformat-library%2Fstyle.min.css&path=%2Fhome%2Fbt667%2Fpublic_html%2Fwp-includes%2FOLD%2Fcss%2Fdist%2Fformat-library HTTP/1.1" 200 13938 "-" "Mozilla/5.0 AppleWebKit/537.36 (KHTML, like Gecko; compatible; ClaudeBot/1.0; +claudebot@anthropic.com)"
98.83.226.125 - - [15/Nov/2025:21:59:07 -0700] "GET /shop/?fileloc=//bin/nmon&path=//bin HTTP/1.1" 200 248592 "-" "Mozilla/5.0 AppleWebKit/537.36 (KHTML, like Gecko; compatible; Amazonbot/0.1; +https://developer.amazon.com/support/amazonbot) Chrome/119.0.6045.214 Safari/537.36"
216.73.216.222 - - [15/Nov/2025:21:59:08 -0700] "GET /demo?fileloc=%2Fhome%2Fbt667%2Fpublic_html%2Fwp-includes%2Fblocks%2Fimage%2Feditor-rtl.min.css&path=%2Fhome%2Fbt667%2Fpublic_html%2Fwp-includes%2Fblocks%2Fimage HTTP/1.1" 200 15124 "-" "Mozilla/5.0 AppleWebKit/537.36 (KHTML, like Gecko; compatible; ClaudeBot/1.0; +claudebot@anthropic.com)"
216.73.216.222 - - [15/Nov/2025:21:59:09 -0700] "GET /demo?path=%2Fhome%2Fbt667%2Fpublic_html%2Fstagging%2Fwp-content%2Fplugins%2Fwp_mvplayer%2Fimage%2Fnewskin5 HTTP/1.1" 200 32093 "-" "Mozilla/5.0 AppleWebKit/537.36 (KHTML, like Gecko; compatible; ClaudeBot/1.0; +claudebot@anthropic.com)"
216.73.216.222 - - [15/Nov/2025:21:59:09 -0700] "GET /demo?fileloc=%2Fhome%2Fbt667%2Fwww%2Fwp-includes%2Fclass-wp-theme-json.php&path=%2Fhome%2Fbt667%2Fwww%2Fwp-includes HTTP/1.1" 200 197036 "-" "Mozilla/5.0 AppleWebKit/537.36 (KHTML, like Gecko; compatible; ClaudeBot/1.0; +claudebot@anthropic.com)"
216.73.216.222 - - [15/Nov/2025:21:59:09 -0700] "GET /demo?path=%2Fhome%2Fbt667%2Fpublic_html%2Fstagging%2Fwp-content%2Fplugins%2Felementskit%2Fwidgets%2Finstagram-feed HTTP/1.1" 200 21826 "-" "Mozilla/5.0 AppleWebKit/537.36 (KHTML, like Gecko; compatible; ClaudeBot/1.0; +claudebot@anthropic.com)"
216.73.216.222 - - [15/Nov/2025:21:59:10 -0700] "GET /demo?fileloc=%2Fhome%2Fbt667%2Fwww%2Fwp-includes%2Fclass-wp-block-styles-registry.php&path=%2Fhome%2Fbt667%2Fwww%2Fwp-includes HTTP/1.1" 200 19028 "-" "Mozilla/5.0 AppleWebKit/537.36 (KHTML, like Gecko; compatible; ClaudeBot/1.0; +claudebot@anthropic.com)"
47.128.24.29 - - [15/Nov/2025:21:59:10 -0700] "GET /mvp-jv/?path=%2F%2Fvar%2Fsoftaculous%2Fmoodle41%2Fphp56 HTTP/1.1" 200 21783 "-" "Mozilla/5.0 (Linux; Android 5.0) AppleWebKit/537.36 (KHTML, like Gecko) Mobile Safari/537.36 (compatible; Bytespider; spider-feedback@bytedance.com)"
216.73.216.222 - - [15/Nov/2025:21:59:10 -0700] "GET /demo?fileloc=%2Fhome%2Fbt667%2Fwww%2Fwp-includes%2Fclass-wp-customize-section.php&path=%2Fhome%2Fbt667%2Fwww%2Fwp-includes HTTP/1.1" 200 24606 "-" "Mozilla/5.0 AppleWebKit/537.36 (KHTML, like Gecko; compatible; ClaudeBot/1.0; +claudebot@anthropic.com)"
47.128.119.72 - - [15/Nov/2025:21:59:10 -0700] "GET /mvp-jv/?path=%2F%2Fvar%2Fsoftaculous%2Fmoodle41%2Fphp53 HTTP/1.1" 200 21784 "-" "Mozilla/5.0 (Linux; Android 5.0) AppleWebKit/537.36 (KHTML, like Gecko) Mobile Safari/537.36 (compatible; Bytespider; spider-feedback@bytedance.com)"
216.73.216.222 - - [15/Nov/2025:21:59:11 -0700] "GET /demo?path=%2Fhome%2Fbt667%2Fpublic_html%2Fstagging%2Fwp-content%2Fplugins%2Felementor%2Fvendor_prefixed HTTP/1.1" 200 14659 "-" "Mozilla/5.0 AppleWebKit/537.36 (KHTML, like Gecko; compatible; ClaudeBot/1.0; +claudebot@anthropic.com)"
57.141.2.5 - - [15/Nov/2025:21:59:11 -0700] "GET /product203901711?kg=0203563042 HTTP/1.1" 200 96782 "-" "meta-externalagent/1.1 (+https://developers.facebook.com/docs/sharing/webmasters/crawler)"
216.73.216.222 - - [15/Nov/2025:21:59:12 -0700] "GET /demo?fileloc=%2Fhome%2Fbt667%2Fpublic_html%2Fwp-content%2Fuploads%2Fwc-logs%2F.htaccess&path=%2Fhome%2Fbt667%2Fpublic_html%2Fwp-content%2Fuploads%2Fwc-logs HTTP/1.1" 200 12724 "-" "Mozilla/5.0 AppleWebKit/537.36 (KHTML, like Gecko; compatible; ClaudeBot/1.0; +claudebot@anthropic.com)"
216.73.216.222 - - [15/Nov/2025:21:59:12 -0700] "GET /demo?fileloc=%2Fhome%2Fbt667%2Fpublic_html%2Fwp-includes%2Fblocks%2Fbuttons%2Feditor.min.css&path=%2Fhome%2Fbt667%2Fpublic_html%2Fwp-includes%2Fblocks%2Fbuttons HTTP/1.1" 200 13608 "-" "Mozilla/5.0 AppleWebKit/537.36 (KHTML, like Gecko; compatible; ClaudeBot/1.0; +claudebot@anthropic.com)"
52.2.83.227 - - [15/Nov/2025:21:59:13 -0700] "GET /video-list-2/?fileloc=//bin/nl-link-release&path=//bin HTTP/1.1" 200 21073 "-" "Mozilla/5.0 AppleWebKit/537.36 (KHTML, like Gecko; compatible; Amazonbot/0.1; +https://developer.amazon.com/support/amazonbot) Chrome/119.0.6045.214 Safari/537.36"
216.73.216.222 - - [15/Nov/2025:21:59:13 -0700] "GET /demo?fileloc=%2Fhome%2Fbt667%2Fwww%2Fwp-includes%2Fclass-wp-simplepie-file.php&path=%2Fhome%2Fbt667%2Fwww%2Fwp-includes HTTP/1.1" 200 15982 "-" "Mozilla/5.0 AppleWebKit/537.36 (KHTML, like Gecko; compatible; ClaudeBot/1.0; +claudebot@anthropic.com)"
216.73.216.222 - - [15/Nov/2025:21:59:13 -0700] "GET /demo?fileloc=%2Fhome%2Fbt667%2Fwww%2Fwp-includes%2Fclass-wp-http.php&path=%2Fhome%2Fbt667%2Fwww%2Fwp-includes HTTP/1.1" 200 57716 "-" "Mozilla/5.0 AppleWebKit/537.36 (KHTML, like Gecko; compatible; ClaudeBot/1.0; +claudebot@anthropic.com)"
216.73.216.222 - - [15/Nov/2025:21:59:13 -0700] "GET /demo?fileloc=%2Fhome%2Fbt667%2Fpublic_html%2Fwp-includes%2Fblocks%2Fsearch%2Fview.asset.php&path=%2Fhome%2Fbt667%2Fpublic_html%2Fwp-includes%2Fblocks%2Fsearch HTTP/1.1" 200 12701 "-" "Mozilla/5.0 AppleWebKit/537.36 (KHTML, like Gecko; compatible; ClaudeBot/1.0; +claudebot@anthropic.com)"
216.73.216.222 - - [15/Nov/2025:21:59:13 -0700] "GET /demo?fileloc=%2Fhome%2Fbt667%2Fwww%2Fwp-includes%2Fclass-http.php&path=%2Fhome%2Fbt667%2Fwww%2Fwp-includes HTTP/1.1" 200 12795 "-" "Mozilla/5.0 AppleWebKit/537.36 (KHTML, like Gecko; compatible; ClaudeBot/1.0; +claudebot@anthropic.com)"
57.141.2.5 - - [15/Nov/2025:21:59:13 -0700] "GET /product937951203?kg=0936391154 HTTP/1.1" 200 96782 "-" "meta-externalagent/1.1 (+https://developers.facebook.com/docs/sharing/webmasters/crawler)"
216.73.216.222 - - [15/Nov/2025:21:59:14 -0700] "GET /demo?path=%2Fhome%2Fbt667%2Fpublic_html%2Fstagging%2Fwp-content%2Fplugins%2Fwp_mvplayer%2Fimage%2Fnewskin7 HTTP/1.1" 200 30565 "-" "Mozilla/5.0 AppleWebKit/537.36 (KHTML, like Gecko; compatible; ClaudeBot/1.0; +claudebot@anthropic.com)"
216.73.216.222 - - [15/Nov/2025:21:59:15 -0700] "GET /demo?fileloc=%2Fhome%2Fbt667%2Fpublic_html%2Fwp-includes%2Fblocks%2Fcomment-template%2Fstyle-rtl.css&path=%2Fhome%2Fbt667%2Fpublic_html%2Fwp-includes%2Fblocks%2Fcomment-template HTTP/1.1" 200 13102 "-" "Mozilla/5.0 AppleWebKit/537.36 (KHTML, like Gecko; compatible; ClaudeBot/1.0; +claudebot@anthropic.com)"
216.73.216.222 - - [15/Nov/2025:21:59:15 -0700] "GET /demo?path=%2Fhome%2Fbt667%2Fpublic_html%2Fstagging%2Fwp-content%2Fplugins%2Fwp_mvplayer%2Fimage%2Fnewskin3 HTTP/1.1" 200 32091 "-" "Mozilla/5.0 AppleWebKit/537.36 (KHTML, like Gecko; compatible; ClaudeBot/1.0; +claudebot@anthropic.com)"
216.73.216.222 - - [15/Nov/2025:21:59:15 -0700] "GET /demo?fileloc=%2Fhome%2Fbt667%2Fwww%2Fwp-includes%2Fdefault-constants.php&path=%2Fhome%2Fbt667%2Fwww%2Fwp-includes HTTP/1.1" 200 25380 "-" "Mozilla/5.0 AppleWebKit/537.36 (KHTML, like Gecko; compatible; ClaudeBot/1.0; +claudebot@anthropic.com)"
216.73.216.222 - - [15/Nov/2025:21:59:16 -0700] "GET /demo?fileloc=%2Fhome%2Fbt667%2Fwww%2Fwp-includes%2Fclass-wp-customize-control.php&path=%2Fhome%2Fbt667%2Fwww%2Fwp-includes HTTP/1.1" 200 41764 "-" "Mozilla/5.0 AppleWebKit/537.36 (KHTML, like Gecko; compatible; ClaudeBot/1.0; +claudebot@anthropic.com)"
216.73.216.222 - - [15/Nov/2025:21:59:16 -0700] "GET /demo?fileloc=%2Fhome%2Fbt667%2Fpublic_html%2Fwp-includes%2FOLD%2Fcss%2Fdist%2Fblock-library%2Fstyle-rtl.min.css&path=%2Fhome%2Fbt667%2Fpublic_html%2Fwp-includes%2FOLD%2Fcss%2Fdist%2Fblock-library HTTP/1.1" 200 129576 "-" "Mozilla/5.0 AppleWebKit/537.36 (KHTML, like Gecko; compatible; ClaudeBot/1.0; +claudebot@anthropic.com)"
216.73.216.222 - - [15/Nov/2025:21:59:17 -0700] "GET /demo?fileloc=%2Fhome%2Fbt667%2Fpublic_html%2Fwp-includes%2Fblocks%2Fpullquote%2Ftheme.min.css&path=%2Fhome%2Fbt667%2Fpublic_html%2Fwp-includes%2Fblocks%2Fpullquote HTTP/1.1" 200 12853 "-" "Mozilla/5.0 AppleWebKit/537.36 (KHTML, like Gecko; compatible; ClaudeBot/1.0; +claudebot@anthropic.com)"
216.73.216.222 - - [15/Nov/2025:21:59:16 -0700] "GET /demo?fileloc=%2Fhome%2Fbt667%2Fpublic_html%2Fwp-content%2Fuploads%2Fwoocommerce_uploads%2Findex.html&path=%2Fhome%2Fbt667%2Fpublic_html%2Fwp-content%2Fuploads%2Fwoocommerce_uploads HTTP/1.1" 200 12612 "-" "Mozilla/5.0 AppleWebKit/537.36 (KHTML, like Gecko; compatible; ClaudeBot/1.0; +claudebot@anthropic.com)"
57.141.2.30 - - [15/Nov/2025:21:59:17 -0700] "GET /product752015818?kg=0750765144 HTTP/1.1" 200 96782 "-" "meta-externalagent/1.1 (+https://developers.facebook.com/docs/sharing/webmasters/crawler)"
47.128.58.204 - - [15/Nov/2025:21:59:17 -0700] "GET /mvp-jv/?fileloc=%2F%2Fvar%2Fsoftaculous%2Fmoodle41%2FNOTES.txt&path=%2F%2Fvar%2Fsoftaculous%2Fmoodle41 HTTP/1.1" 200 14656 "-" "Mozilla/5.0 (Linux; Android 5.0) AppleWebKit/537.36 (KHTML, like Gecko) Mobile Safari/537.36 (compatible; Bytespider; spider-feedback@bytedance.com)"
47.128.63.202 - - [15/Nov/2025:21:59:17 -0700] "GET /mvp-jv/?fileloc=%2F%2Fvar%2Fsoftaculous%2Fmoodle41%2Finstall.xml&path=%2F%2Fvar%2Fsoftaculous%2Fmoodle41 HTTP/1.1" 200 17371 "-" "Mozilla/5.0 (Linux; Android 5.0) AppleWebKit/537.36 (KHTML, like Gecko) Mobile Safari/537.36 (compatible; Bytespider; spider-feedback@bytedance.com)"
216.73.216.222 - - [15/Nov/2025:21:59:18 -0700] "GET /demo?fileloc=%2Fhome%2Fbt667%2Fpublic_html%2Fwp-includes%2Fblocks%2Fshortcode%2Fblock.json&path=%2Fhome%2Fbt667%2Fpublic_html%2Fwp-includes%2Fblocks%2Fshortcode HTTP/1.1" 200 13297 "-" "Mozilla/5.0 AppleWebKit/537.36 (KHTML, like Gecko; compatible; ClaudeBot/1.0; +claudebot@anthropic.com)"
216.73.216.222 - - [15/Nov/2025:21:59:18 -0700] "GET /demo?fileloc=%2Fhome%2Fbt667%2Fwww%2Fwp-includes%2Fclass-wp-oembed-controller.php&path=%2Fhome%2Fbt667%2Fwww%2Fwp-includes HTTP/1.1" 200 20497 "-" "Mozilla/5.0 AppleWebKit/537.36 (KHTML, like Gecko; compatible; ClaudeBot/1.0; +claudebot@anthropic.com)"
216.73.216.222 - - [15/Nov/2025:21:59:18 -0700] "GET /demo?fileloc=%2Fhome%2Fbt667%2Fwww%2Fwp-includes%2Fclass-wp-xmlrpc-server.php&path=%2Fhome%2Fbt667%2Fwww%2Fwp-includes HTTP/1.1" 200 256358 "-" "Mozilla/5.0 AppleWebKit/537.36 (KHTML, like Gecko; compatible; ClaudeBot/1.0; +claudebot@anthropic.com)"
