74.7.227.188 - - [20/Nov/2025:01:31:58 -0700] "GET /?path=//sys/class/net/lo/subsystem/lo/subsystem/eth0/device/net/eth0/subsystem/eth0/subsystem/eth0/device/subsystem/drivers/virtio_net/virtio0/driver/module/notes HTTP/1.1" 200 17000 "-" "Mozilla/5.0 AppleWebKit/537.36 (KHTML, like Gecko; compatible; GPTBot/1.3; +https://openai.com/gptbot)"
57.141.2.15 - - [20/Nov/2025:01:32:01 -0700] "GET /sitemap-subkey-2343.xml HTTP/1.1" 200 13 "-" "meta-externalagent/1.1 (+https://developers.facebook.com/docs/sharing/webmasters/crawler)"
74.7.227.188 - - [20/Nov/2025:01:32:00 -0700] "GET /?path=//sys/class/net/lo/subsystem/lo/subsystem/eth0/device/net/eth0/subsystem/eth0/subsystem/eth0/device/subsystem/drivers/virtio_net/virtio0/driver/module/holders HTTP/1.1" 200 14978 "-" "Mozilla/5.0 AppleWebKit/537.36 (KHTML, like Gecko; compatible; GPTBot/1.3; +https://openai.com/gptbot)"
114.119.137.103 - - [20/Nov/2025:01:32:01 -0700] "GET /products/99nz27894 HTTP/1.1" 200 101173 "http://marketersvideoplayer.com/sitemap875.xml" "Mozilla/5.0 (Linux; Android 7.0;) AppleWebKit/537.36 (KHTML, like Gecko) Mobile Safari/537.36 (compatible; PetalBot;+https://webmaster.petalsearch.com/site/petalbot)"
74.7.227.188 - - [20/Nov/2025:01:32:02 -0700] "GET /?path=//sys/class/net/lo/subsystem/lo/subsystem/eth0/device/net/eth0/subsystem/eth0/subsystem/eth0/device/subsystem/drivers/virtio_net/virtio0/driver/virtio0/subsystem HTTP/1.1" 200 24583 "-" "Mozilla/5.0 AppleWebKit/537.36 (KHTML, like Gecko; compatible; GPTBot/1.3; +https://openai.com/gptbot)"
136.243.228.193 - - [20/Nov/2025:01:32:03 -0700] "GET /products/132wi16341 HTTP/1.1" 200 101173 "-" "Mozilla/5.0 (compatible; DataForSeoBot/1.0; +https://dataforseo.com/dataforseo-bot)"
74.7.227.188 - - [20/Nov/2025:01:32:05 -0700] "GET /?path=//sys/class/net/lo/subsystem/lo/subsystem/eth0/device/net/eth0/subsystem/eth0/subsystem/eth0/device/subsystem/drivers/virtio_net/virtio0/subsystem HTTP/1.1" 200 23947 "-" "Mozilla/5.0 AppleWebKit/537.36 (KHTML, like Gecko; compatible; GPTBot/1.3; +https://openai.com/gptbot)"
74.7.227.188 - - [20/Nov/2025:01:32:07 -0700] "GET /?fileloc=//sys/class/net/lo/subsystem/lo/subsystem/eth0/device/net/eth0/device/driver/virtio0/subsystem/devices/virtio0/net/eth0/subsystem/lo/subsystem/eth0/power/runtime_active_kids&path=//sys/class/net/lo/subsystem/lo/subsystem/eth0/device/net/eth0/device/driver/virtio0/subsystem/devices/virtio0/net/eth0/subsystem/lo/subsystem/eth0/power HTTP/1.1" 200 14843 "-" "Mozilla/5.0 AppleWebKit/537.36 (KHTML, like Gecko; compatible; GPTBot/1.3; +https://openai.com/gptbot)"
74.7.227.188 - - [20/Nov/2025:01:32:09 -0700] "GET /?path=//sys/class/net/lo/subsystem/lo/subsystem/eth0/device/net/eth0/subsystem/eth0/subsystem/eth0/device/subsystem/drivers/virtio_net/virtio0/driver/module/drivers HTTP/1.1" 200 16773 "-" "Mozilla/5.0 AppleWebKit/537.36 (KHTML, like Gecko; compatible; GPTBot/1.3; +https://openai.com/gptbot)"
74.7.227.188 - - [20/Nov/2025:01:32:10 -0700] "GET /?path=//sys/class/net/lo/subsystem/lo/subsystem/eth0/device/net/eth0/subsystem/eth0/subsystem/eth0/device/subsystem/drivers/virtio_net/virtio0/driver/virtio0/driver HTTP/1.1" 200 24447 "-" "Mozilla/5.0 AppleWebKit/537.36 (KHTML, like Gecko; compatible; GPTBot/1.3; +https://openai.com/gptbot)"
74.7.227.188 - - [20/Nov/2025:01:32:12 -0700] "GET /?path=//sys/class/net/lo/subsystem/lo/subsystem/eth0/device/net/eth0/subsystem/eth0/subsystem/eth0/device/subsystem/drivers/virtio_net/virtio0/driver/virtio0/net HTTP/1.1" 200 16707 "-" "Mozilla/5.0 AppleWebKit/537.36 (KHTML, like Gecko; compatible; GPTBot/1.3; +https://openai.com/gptbot)"
74.7.227.188 - - [20/Nov/2025:01:32:13 -0700] "GET /?path=//sys/class/net/lo/subsystem/lo/subsystem/eth0/device/net/eth0/subsystem/eth0/subsystem/eth0/device/subsystem/drivers/virtio_net/virtio0/driver/module/sections HTTP/1.1" 200 51088 "-" "Mozilla/5.0 AppleWebKit/537.36 (KHTML, like Gecko; compatible; GPTBot/1.3; +https://openai.com/gptbot)"
57.141.2.13 - - [20/Nov/2025:01:32:14 -0700] "GET /sitemap-subkey-2522.xml HTTP/1.1" 200 13 "-" "meta-externalagent/1.1 (+https://developers.facebook.com/docs/sharing/webmasters/crawler)"
136.243.228.193 - - [20/Nov/2025:01:32:14 -0700] "GET /products/75fi25143 HTTP/1.1" 200 101173 "-" "Mozilla/5.0 (compatible; DataForSeoBot/1.0; +https://dataforseo.com/dataforseo-bot)"
74.7.227.188 - - [20/Nov/2025:01:32:14 -0700] "GET /?path=//sys/class/net/lo/subsystem/lo/subsystem/eth0/device/net/eth0/subsystem/eth0/subsystem/eth0/device/subsystem/drivers/virtio_net/virtio0/subsystem/drivers HTTP/1.1" 200 23649 "-" "Mozilla/5.0 AppleWebKit/537.36 (KHTML, like Gecko; compatible; GPTBot/1.3; +https://openai.com/gptbot)"
57.141.2.31 - - [20/Nov/2025:01:32:16 -0700] "GET /sitemap-subkey-1436.xml HTTP/1.1" 200 13 "-" "meta-externalagent/1.1 (+https://developers.facebook.com/docs/sharing/webmasters/crawler)"
74.7.227.188 - - [20/Nov/2025:01:32:16 -0700] "GET /?path=//sys/class/net/lo/subsystem/lo/subsystem/eth0/device/net/eth0/subsystem/eth0/subsystem/eth0/device/subsystem/drivers/virtio_net/virtio0/subsystem/devices HTTP/1.1" 200 21774 "-" "Mozilla/5.0 AppleWebKit/537.36 (KHTML, like Gecko; compatible; GPTBot/1.3; +https://openai.com/gptbot)"
74.7.227.188 - - [20/Nov/2025:01:32:17 -0700] "GET /?path=//sys/class/net/lo/subsystem/lo/subsystem/eth0/device/net/eth0/subsystem/eth0/subsystem/eth0/device/subsystem/drivers/virtio_net/virtio0/driver/virtio0/power HTTP/1.1" 200 33099 "-" "Mozilla/5.0 AppleWebKit/537.36 (KHTML, like Gecko; compatible; GPTBot/1.3; +https://openai.com/gptbot)"
74.7.227.188 - - [20/Nov/2025:01:32:18 -0700] "GET /?path=//sys/class/net/lo/subsystem/lo/subsystem/eth0/device/net/eth0/subsystem/eth0/subsystem/eth0/device/subsystem/drivers/virtio_net/virtio0/driver/virtio0/driver/module HTTP/1.1" 200 40208 "-" "Mozilla/5.0 AppleWebKit/537.36 (KHTML, like Gecko; compatible; GPTBot/1.3; +https://openai.com/gptbot)"
57.141.2.90 - - [20/Nov/2025:01:32:19 -0700] "GET /?sitemapindex.xml HTTP/1.1" 200 13 "-" "meta-externalagent/1.1 (+https://developers.facebook.com/docs/sharing/webmasters/crawler)"
74.7.227.188 - - [20/Nov/2025:01:32:20 -0700] "GET /?path=//sys/class/net/lo/subsystem/lo/subsystem/eth0/device/net/eth0/device/subsystem/drivers/virtio_net/virtio0/driver/virtio0/driver/virtio0/net/eth0/queues/tx-0 HTTP/1.1" 200 24933 "-" "Mozilla/5.0 AppleWebKit/537.36 (KHTML, like Gecko; compatible; GPTBot/1.3; +https://openai.com/gptbot)"
74.7.227.188 - - [20/Nov/2025:01:32:21 -0700] "GET /?path=//sys/class/net/lo/subsystem/lo/subsystem/eth0/device/net/eth0/subsystem/eth0/subsystem/eth0/device/subsystem/drivers/virtio_net HTTP/1.1" 200 23205 "-" "Mozilla/5.0 AppleWebKit/537.36 (KHTML, like Gecko; compatible; GPTBot/1.3; +https://openai.com/gptbot)"
74.7.227.188 - - [20/Nov/2025:01:32:22 -0700] "GET /?path=//sys/class/net/lo/subsystem/lo/subsystem/eth0/device/net/eth0/device/driver/virtio0/subsystem/devices/virtio0/net/eth0/subsystem/lo/subsystem/eth0/device/driver HTTP/1.1" 200 24810 "-" "Mozilla/5.0 AppleWebKit/537.36 (KHTML, like Gecko; compatible; GPTBot/1.3; +https://openai.com/gptbot)"
74.7.227.188 - - [20/Nov/2025:01:32:24 -0700] "GET /?fileloc=//sys/class/net/lo/subsystem/lo/subsystem/eth0/device/net/eth0/subsystem/eth0/subsystem/eth0/device/subsystem/drivers/virtio_net/virtio0/driver/module/sections/__mcount_loc&path=//sys/class/net/lo/subsystem/lo/subsystem/eth0/device/net/eth0/subsystem/eth0/subsystem/eth0/device/subsystem/drivers/virtio_net/virtio0/driver/module/sections HTTP/1.1" 200 14742 "-" "Mozilla/5.0 AppleWebKit/537.36 (KHTML, like Gecko; compatible; GPTBot/1.3; +https://openai.com/gptbot)"
136.243.228.193 - - [20/Nov/2025:01:32:25 -0700] "GET /products/208fn47452 HTTP/1.1" 200 101173 "-" "Mozilla/5.0 (compatible; DataForSeoBot/1.0; +https://dataforseo.com/dataforseo-bot)"
74.7.227.188 - - [20/Nov/2025:01:32:26 -0700] "GET /?path=//sys/class/net/lo/subsystem/lo/subsystem/eth0/device/net/eth0/subsystem/eth0/subsystem/eth0/device/subsystem/drivers/virtio_net/virtio0/subsystem/drivers/virtio_net HTTP/1.1" 200 24593 "-" "Mozilla/5.0 AppleWebKit/537.36 (KHTML, like Gecko; compatible; GPTBot/1.3; +https://openai.com/gptbot)"
74.7.227.188 - - [20/Nov/2025:01:32:28 -0700] "GET /?path=//sys/class/net/lo/subsystem/lo/subsystem/eth0/device/net/eth0/subsystem/eth0/subsystem/eth0/device/subsystem/drivers/virtio_net/virtio0/subsystem/devices/virtio2 HTTP/1.1" 200 34081 "-" "Mozilla/5.0 AppleWebKit/537.36 (KHTML, like Gecko; compatible; GPTBot/1.3; +https://openai.com/gptbot)"
74.7.227.188 - - [20/Nov/2025:01:32:30 -0700] "GET /?path=//sys/class/net/lo/subsystem/lo/subsystem/eth0/device/net/eth0/device/subsystem/drivers/virtio_scsi/virtio1/driver/virtio1/driver/virtio1/driver HTTP/1.1" 200 23857 "-" "Mozilla/5.0 AppleWebKit/537.36 (KHTML, like Gecko; compatible; GPTBot/1.3; +https://openai.com/gptbot)"
74.7.227.188 - - [20/Nov/2025:01:32:32 -0700] "GET /?fileloc=//sys/class/net/lo/subsystem/lo/subsystem/eth0/device/net/eth0/subsystem/eth0/subsystem/eth0/device/subsystem/drivers/virtio_net/virtio0/driver/virtio0/driver/module/uevent&path=//sys/class/net/lo/subsystem/lo/subsystem/eth0/device/net/eth0/subsystem/eth0/subsystem/eth0/device/subsystem/drivers/virtio_net/virtio0/driver/virtio0/driver/module HTTP/1.1" 200 14915 "-" "Mozilla/5.0 AppleWebKit/537.36 (KHTML, like Gecko; compatible; GPTBot/1.3; +https://openai.com/gptbot)"
74.7.227.188 - - [20/Nov/2025:01:32:35 -0700] "GET /?path=//sys/class/net/lo/subsystem/lo/subsystem/eth0/device/net/eth0/subsystem/eth0/subsystem/eth0/device/subsystem/drivers/virtio_net/virtio0/subsystem/devices/virtio0 HTTP/1.1" 200 34045 "-" "Mozilla/5.0 AppleWebKit/537.36 (KHTML, like Gecko; compatible; GPTBot/1.3; +https://openai.com/gptbot)"
74.7.227.188 - - [20/Nov/2025:01:32:37 -0700] "GET /?path=//sys/class/net/lo/subsystem/lo/subsystem/eth0/device/net/eth0/subsystem/eth0/subsystem/eth0/device/subsystem/drivers/virtio_net/virtio0/subsystem/devices/virtio1 HTTP/1.1" 200 34053 "-" "Mozilla/5.0 AppleWebKit/537.36 (KHTML, like Gecko; compatible; GPTBot/1.3; +https://openai.com/gptbot)"
136.243.228.193 - - [20/Nov/2025:01:32:38 -0700] "GET /products/105hx26066 HTTP/1.1" 200 101173 "-" "Mozilla/5.0 (compatible; DataForSeoBot/1.0; +https://dataforseo.com/dataforseo-bot)"
74.7.227.188 - - [20/Nov/2025:01:32:40 -0700] "GET /?path=//sys/class/net/lo/subsystem/lo/subsystem/eth0/device/net/eth0/subsystem/eth0/subsystem/eth0/device/subsystem/drivers/virtio_net/module HTTP/1.1" 200 38066 "-" "Mozilla/5.0 AppleWebKit/537.36 (KHTML, like Gecko; compatible; GPTBot/1.3; +https://openai.com/gptbot)"
74.7.227.188 - - [20/Nov/2025:01:32:43 -0700] "GET /?path=//sys/class/net/lo/subsystem/lo/subsystem/eth0/device/net/eth0/device/driver/virtio0/subsystem/devices/virtio0/net/eth0/subsystem/lo/subsystem/eth0/device/power HTTP/1.1" 200 33516 "-" "Mozilla/5.0 AppleWebKit/537.36 (KHTML, like Gecko; compatible; GPTBot/1.3; +https://openai.com/gptbot)"
57.141.2.30 - - [20/Nov/2025:01:32:48 -0700] "GET /sitemap-subkey-435.xml HTTP/1.1" 200 13 "-" "meta-externalagent/1.1 (+https://developers.facebook.com/docs/sharing/webmasters/crawler)"
74.7.227.188 - - [20/Nov/2025:01:32:46 -0700] "GET /?path=//sys/class/net/lo/subsystem/lo/subsystem/eth0/device/net/eth0/subsystem/eth0/device/subsystem/drivers/virtio_net/virtio0/driver/virtio0/net/eth0/queues/tx-1 HTTP/1.1" 200 24923 "-" "Mozilla/5.0 AppleWebKit/537.36 (KHTML, like Gecko; compatible; GPTBot/1.3; +https://openai.com/gptbot)"
57.141.2.86 - - [20/Nov/2025:01:32:49 -0700] "GET /sitemap-subkey-1318.xml HTTP/1.1" 200 13 "-" "meta-externalagent/1.1 (+https://developers.facebook.com/docs/sharing/webmasters/crawler)"
136.243.228.193 - - [20/Nov/2025:01:32:49 -0700] "GET /products/295rb17315 HTTP/1.1" 200 101173 "-" "Mozilla/5.0 (compatible; DataForSeoBot/1.0; +https://dataforseo.com/dataforseo-bot)"
74.7.227.188 - - [20/Nov/2025:01:32:50 -0700] "GET /?path=//sys/class/net/lo/subsystem/lo/subsystem/eth0/device/net/eth0/device/subsystem/drivers/virtio_scsi/virtio1/driver/virtio1/driver/virtio1/driver/virtio1 HTTP/1.1" 200 33522 "-" "Mozilla/5.0 AppleWebKit/537.36 (KHTML, like Gecko; compatible; GPTBot/1.3; +https://openai.com/gptbot)"
74.7.227.188 - - [20/Nov/2025:01:32:54 -0700] "GET /?path=//sys/class/net/lo/subsystem/lo/subsystem/eth0/device/net/eth0/subsystem/eth0/subsystem/eth0/device/subsystem/drivers/virtio_net/virtio0/net/eth0/queues/rx-0 HTTP/1.1" 200 19129 "-" "Mozilla/5.0 AppleWebKit/537.36 (KHTML, like Gecko; compatible; GPTBot/1.3; +https://openai.com/gptbot)"
74.7.227.188 - - [20/Nov/2025:01:32:57 -0700] "GET /?path=//sys/class/net/lo/subsystem/lo/subsystem/eth0/device/net/eth0/device/subsystem/drivers/virtio_net/virtio0/net/eth0/subsystem/eth0/subsystem/eth0/queues/tx-1 HTTP/1.1" 200 24915 "-" "Mozilla/5.0 AppleWebKit/537.36 (KHTML, like Gecko; compatible; GPTBot/1.3; +https://openai.com/gptbot)"
74.7.227.188 - - [20/Nov/2025:01:33:00 -0700] "GET /?path=//sys/class/net/lo/subsystem/lo/subsystem/eth0/device/net/eth0/subsystem/eth0/subsystem/eth0/device/subsystem/drivers/virtio_net/module/sections HTTP/1.1" 200 49642 "-" "Mozilla/5.0 AppleWebKit/537.36 (KHTML, like Gecko; compatible; GPTBot/1.3; +https://openai.com/gptbot)"
57.141.2.69 - - [20/Nov/2025:01:33:04 -0700] "GET /sitemap-subkey-2891.xml HTTP/1.1" 200 13 "-" "meta-externalagent/1.1 (+https://developers.facebook.com/docs/sharing/webmasters/crawler)"
136.243.228.193 - - [20/Nov/2025:01:33:02 -0700] "GET /products/24zb18069 HTTP/1.1" 200 101173 "-" "Mozilla/5.0 (compatible; DataForSeoBot/1.0; +https://dataforseo.com/dataforseo-bot)"
74.7.227.188 - - [20/Nov/2025:01:33:03 -0700] "GET /?path=//sys/class/net/lo/subsystem/lo/subsystem/eth0/device/net/eth0/subsystem/eth0/subsystem/eth0/device/subsystem/drivers/virtio_net/module/holders HTTP/1.1" 200 14612 "-" "Mozilla/5.0 AppleWebKit/537.36 (KHTML, like Gecko; compatible; GPTBot/1.3; +https://openai.com/gptbot)"
74.7.227.188 - - [20/Nov/2025:01:33:06 -0700] "GET /?path=//sys/class/net/lo/subsystem/lo/subsystem/eth0/device/net/eth0/subsystem/eth0/subsystem/eth0/device/subsystem/drivers/virtio_net/module/drivers HTTP/1.1" 200 16362 "-" "Mozilla/5.0 AppleWebKit/537.36 (KHTML, like Gecko; compatible; GPTBot/1.3; +https://openai.com/gptbot)"
57.141.2.81 - - [20/Nov/2025:01:33:08 -0700] "GET /sitemap-subkey-2292.xml HTTP/1.1" 200 13 "-" "meta-externalagent/1.1 (+https://developers.facebook.com/docs/sharing/webmasters/crawler)"
74.7.227.188 - - [20/Nov/2025:01:33:09 -0700] "GET /?path=//sys/class/net/lo/subsystem/lo/subsystem/eth0/device/net/eth0/subsystem/eth0/subsystem/eth0/device/subsystem/drivers/virtio_net/module/parameters HTTP/1.1" 200 20420 "-" "Mozilla/5.0 AppleWebKit/537.36 (KHTML, like Gecko; compatible; GPTBot/1.3; +https://openai.com/gptbot)"
74.7.227.188 - - [20/Nov/2025:01:33:12 -0700] "GET /?fileloc=//sys/class/net/lo/subsystem/lo/subsystem/eth0/device/net/eth0/device/subsystem/drivers/virtio_net/virtio0/net/eth0/subsystem/eth0/subsystem/eth0/queues/tx-1/tx_timeout&path=//sys/class/net/lo/subsystem/lo/subsystem/eth0/device/net/eth0/device/subsystem/drivers/virtio_net/virtio0/net/eth0/subsystem/eth0/subsystem/eth0/queues/tx-1 HTTP/1.1" 200 14883 "-" "Mozilla/5.0 AppleWebKit/537.36 (KHTML, like Gecko; compatible; GPTBot/1.3; +https://openai.com/gptbot)"
136.243.228.193 - - [20/Nov/2025:01:33:14 -0700] "GET /products/247ft34921 HTTP/1.1" 200 101173 "-" "Mozilla/5.0 (compatible; DataForSeoBot/1.0; +https://dataforseo.com/dataforseo-bot)"
74.7.227.188 - - [20/Nov/2025:01:33:15 -0700] "GET /?path=//sys/class/net/lo/subsystem/lo/subsystem/eth0/device/net/eth0/device/subsystem/devices/virtio0/driver/virtio0/net/eth0/device/net/eth0/queues/rx-1 HTTP/1.1" 200 18983 "-" "Mozilla/5.0 AppleWebKit/537.36 (KHTML, like Gecko; compatible; GPTBot/1.3; +https://openai.com/gptbot)"
57.141.2.86 - - [20/Nov/2025:01:33:18 -0700] "GET /sitemap-subkey-1677.xml HTTP/1.1" 200 13 "-" "meta-externalagent/1.1 (+https://developers.facebook.com/docs/sharing/webmasters/crawler)"
74.7.227.188 - - [20/Nov/2025:01:33:18 -0700] "GET /?path=//sys/class/net/lo/subsystem/lo/subsystem/eth0/device/net/eth0/subsystem/eth0/subsystem/eth0/device/subsystem/drivers/virtio_net/module/drivers/virtio:virtio_net HTTP/1.1" 200 24334 "-" "Mozilla/5.0 AppleWebKit/537.36 (KHTML, like Gecko; compatible; GPTBot/1.3; +https://openai.com/gptbot)"
57.141.2.23 - - [20/Nov/2025:01:33:20 -0700] "GET /sitemap-subkey-1450.xml HTTP/1.1" 200 13 "-" "meta-externalagent/1.1 (+https://developers.facebook.com/docs/sharing/webmasters/crawler)"
74.7.227.188 - - [20/Nov/2025:01:33:20 -0700] "GET /?path=//sys/class/net/lo/subsystem/lo/subsystem/eth0/device/net/eth0/subsystem/eth0/subsystem/eth0/device/subsystem/drivers/virtio_net/virtio0/subsystem/drivers/virtio_scsi HTTP/1.1" 200 24613 "-" "Mozilla/5.0 AppleWebKit/537.36 (KHTML, like Gecko; compatible; GPTBot/1.3; +https://openai.com/gptbot)"
57.141.2.21 - - [20/Nov/2025:01:33:23 -0700] "GET /sitemap-subkey-1425.xml HTTP/1.1" 200 13 "-" "meta-externalagent/1.1 (+https://developers.facebook.com/docs/sharing/webmasters/crawler)"
114.119.150.5 - - [20/Nov/2025:01:33:21 -0700] "GET /products/99ny48634 HTTP/1.1" 200 101173 "http://marketersvideoplayer.com/sitemap857.xml" "Mozilla/5.0 (Linux; Android 7.0;) AppleWebKit/537.36 (KHTML, like Gecko) Mobile Safari/537.36 (compatible; PetalBot;+https://webmaster.petalsearch.com/site/petalbot)"
74.7.227.188 - - [20/Nov/2025:01:33:23 -0700] "GET /?path=//sys/class/net/lo/subsystem/lo/subsystem/eth0/device/net/eth0/subsystem/eth0/device/subsystem/drivers/virtio_net/virtio0/driver/virtio0/net/eth0/queues/rx-0 HTTP/1.1" 200 19139 "-" "Mozilla/5.0 AppleWebKit/537.36 (KHTML, like Gecko; compatible; GPTBot/1.3; +https://openai.com/gptbot)"
136.243.228.193 - - [20/Nov/2025:01:33:26 -0700] "GET /products/190uw12766 HTTP/1.1" 200 101173 "-" "Mozilla/5.0 (compatible; DataForSeoBot/1.0; +https://dataforseo.com/dataforseo-bot)"
74.7.227.188 - - [20/Nov/2025:01:33:26 -0700] "GET /?path=//sys/class/net/lo/subsystem/lo/subsystem/eth0/device/net/eth0/subsystem/eth0/device/subsystem/drivers/virtio_net/virtio0/net/eth0/subsystem/eth0/queues/tx-1 HTTP/1.1" 200 24914 "-" "Mozilla/5.0 AppleWebKit/537.36 (KHTML, like Gecko; compatible; GPTBot/1.3; +https://openai.com/gptbot)"
74.7.227.188 - - [20/Nov/2025:01:33:29 -0700] "GET /?path=//sys/class/net/lo/subsystem/lo/subsystem/eth0/device/net/eth0/subsystem/eth0/device/subsystem/devices/virtio0/driver/virtio0/net/eth0/queues/rx-0 HTTP/1.1" 200 18829 "-" "Mozilla/5.0 AppleWebKit/537.36 (KHTML, like Gecko; compatible; GPTBot/1.3; +https://openai.com/gptbot)"
74.7.227.188 - - [20/Nov/2025:01:33:32 -0700] "GET /?path=//sys/class/net/lo/subsystem/lo/subsystem/eth0/device/net/eth0/subsystem/eth0/device/subsystem/devices/virtio0/driver/virtio0/net/eth0/queues/rx-1 HTTP/1.1" 200 18829 "-" "Mozilla/5.0 AppleWebKit/537.36 (KHTML, like Gecko; compatible; GPTBot/1.3; +https://openai.com/gptbot)"
74.7.227.188 - - [20/Nov/2025:01:33:34 -0700] "GET /?path=//sys/class/net/lo/subsystem/lo/subsystem/eth0/device/net/eth0/subsystem/eth0/device/driver/virtio0/driver/virtio0/net/eth0/subsystem/lo/queues/rx-0 HTTP/1.1" 200 18981 "-" "Mozilla/5.0 AppleWebKit/537.36 (KHTML, like Gecko; compatible; GPTBot/1.3; +https://openai.com/gptbot)"
57.141.2.60 - - [20/Nov/2025:01:33:36 -0700] "GET /?sitemap672.xml HTTP/1.1" 200 13 "-" "meta-externalagent/1.1 (+https://developers.facebook.com/docs/sharing/webmasters/crawler)"
57.141.2.3 - - [20/Nov/2025:01:33:38 -0700] "GET /sitemap-subkey-1740.xml HTTP/1.1" 200 13 "-" "meta-externalagent/1.1 (+https://developers.facebook.com/docs/sharing/webmasters/crawler)"
74.7.227.188 - - [20/Nov/2025:01:33:37 -0700] "GET /?path=//sys/class/net/lo/subsystem/lo/subsystem/eth0/device/net/eth0/device/driver/virtio0/subsystem/devices/virtio0/net/eth0/device/net/eth0/queues/tx-1 HTTP/1.1" 200 24650 "-" "Mozilla/5.0 AppleWebKit/537.36 (KHTML, like Gecko; compatible; GPTBot/1.3; +https://openai.com/gptbot)"
136.243.228.193 - - [20/Nov/2025:01:33:39 -0700] "GET /products/66rz25477 HTTP/1.1" 200 101173 "-" "Mozilla/5.0 (compatible; DataForSeoBot/1.0; +https://dataforseo.com/dataforseo-bot)"
74.7.227.188 - - [20/Nov/2025:01:33:40 -0700] "GET /?path=//sys/class/net/lo/subsystem/lo/subsystem/eth0/device/net/eth0/device/driver/virtio0/subsystem/devices/virtio3/subsystem/devices/virtio0/net/eth0/queues/tx-1 HTTP/1.1" 200 24915 "-" "Mozilla/5.0 AppleWebKit/537.36 (KHTML, like Gecko; compatible; GPTBot/1.3; +https://openai.com/gptbot)"
57.141.2.30 - - [20/Nov/2025:01:33:42 -0700] "GET /sitemap-subkey-2479.xml HTTP/1.1" 200 13 "-" "meta-externalagent/1.1 (+https://developers.facebook.com/docs/sharing/webmasters/crawler)"
74.7.227.188 - - [20/Nov/2025:01:33:42 -0700] "GET /?path=//sys/class/net/lo/subsystem/lo/subsystem/eth0/device/net/eth0/device/driver/virtio0/subsystem/devices/virtio0/net/eth0/device/net/eth0/queues/rx-0 HTTP/1.1" 200 18976 "-" "Mozilla/5.0 AppleWebKit/537.36 (KHTML, like Gecko; compatible; GPTBot/1.3; +https://openai.com/gptbot)"
74.7.227.188 - - [20/Nov/2025:01:33:45 -0700] "GET /?path=//sys/class/net/lo/subsystem/lo/subsystem/eth0/device/net/eth0/subsystem/eth0/device/driver/virtio0/subsystem/devices/virtio0/net/eth0/queues/tx-0 HTTP/1.1" 200 24485 "-" "Mozilla/5.0 AppleWebKit/537.36 (KHTML, like Gecko; compatible; GPTBot/1.3; +https://openai.com/gptbot)"
74.7.227.188 - - [20/Nov/2025:01:33:48 -0700] "GET /?path=//sys/class/net/lo/subsystem/lo/subsystem/eth0/device/net/eth0/subsystem/eth0/subsystem/eth0/device/subsystem/drivers/virtio_net/virtio0/net/eth0/queues/rx-1 HTTP/1.1" 200 19129 "-" "Mozilla/5.0 AppleWebKit/537.36 (KHTML, like Gecko; compatible; GPTBot/1.3; +https://openai.com/gptbot)"
57.141.2.66 - - [20/Nov/2025:01:33:53 -0700] "GET /sitemap-subkey-1130.xml HTTP/1.1" 200 13 "-" "meta-externalagent/1.1 (+https://developers.facebook.com/docs/sharing/webmasters/crawler)"
136.243.228.193 - - [20/Nov/2025:01:33:51 -0700] "GET /products/251ep13011 HTTP/1.1" 200 101173 "-" "Mozilla/5.0 (compatible; DataForSeoBot/1.0; +https://dataforseo.com/dataforseo-bot)"
74.7.227.188 - - [20/Nov/2025:01:33:52 -0700] "GET /?path=//sys/class/net/lo/subsystem/lo/subsystem/eth0/device/net/eth0/subsystem/eth0/device/subsystem/devices/virtio0/driver/virtio0/net/eth0/queues/tx-1 HTTP/1.1" 200 24492 "-" "Mozilla/5.0 AppleWebKit/537.36 (KHTML, like Gecko; compatible; GPTBot/1.3; +https://openai.com/gptbot)"
74.7.227.188 - - [20/Nov/2025:01:33:56 -0700] "GET /?path=//sys/class/net/lo/subsystem/lo/subsystem/eth0/device/net/eth0/device/driver/virtio0/subsystem/devices/virtio0/net/eth0/device/net/eth0/queues/tx-1/byte_queue_limits HTTP/1.1" 200 25362 "-" "Mozilla/5.0 AppleWebKit/537.36 (KHTML, like Gecko; compatible; GPTBot/1.3; +https://openai.com/gptbot)"
57.141.2.16 - - [20/Nov/2025:01:34:00 -0700] "GET /sitemap-subkey-332.xml HTTP/1.1" 200 13 "-" "meta-externalagent/1.1 (+https://developers.facebook.com/docs/sharing/webmasters/crawler)"
74.7.227.188 - - [20/Nov/2025:01:33:59 -0700] "GET /?path=//sys/class/net/lo/subsystem/lo/subsystem/eth0/device/net/eth0/device/driver/virtio0/subsystem/devices/virtio1/subsystem/devices/virtio0/net/eth0/queues/rx-1 HTTP/1.1" 200 19131 "-" "Mozilla/5.0 AppleWebKit/537.36 (KHTML, like Gecko; compatible; GPTBot/1.3; +https://openai.com/gptbot)"
57.141.2.27 - - [20/Nov/2025:01:34:03 -0700] "GET /sitemap-subkey-2786.xml HTTP/1.1" 200 13 "-" "meta-externalagent/1.1 (+https://developers.facebook.com/docs/sharing/webmasters/crawler)"
74.7.227.188 - - [20/Nov/2025:01:34:02 -0700] "GET /?path=//sys/class/net/lo/subsystem/lo/subsystem/eth0/device/net/eth0/subsystem/eth0/device/driver/virtio0/subsystem/drivers/virtio_net/virtio0/net/eth0/queues/rx-0 HTTP/1.1" 200 19125 "-" "Mozilla/5.0 AppleWebKit/537.36 (KHTML, like Gecko; compatible; GPTBot/1.3; +https://openai.com/gptbot)"
136.243.228.193 - - [20/Nov/2025:01:34:04 -0700] "GET /products/114hn30217 HTTP/1.1" 200 101173 "-" "Mozilla/5.0 (compatible; DataForSeoBot/1.0; +https://dataforseo.com/dataforseo-bot)"
74.7.227.188 - - [20/Nov/2025:01:34:05 -0700] "GET /?path=//sys/class/net/lo/subsystem/lo/subsystem/eth0/device/net/eth0/subsystem/eth0/device/subsystem/devices/virtio0/driver/virtio0/net/eth0/queues/tx-1/byte_queue_limits HTTP/1.1" 200 25202 "-" "Mozilla/5.0 AppleWebKit/537.36 (KHTML, like Gecko; compatible; GPTBot/1.3; +https://openai.com/gptbot)"
74.7.227.188 - - [20/Nov/2025:01:34:09 -0700] "GET /?path=//sys/class/net/lo/subsystem/lo/subsystem/eth0/device/net/eth0/subsystem/eth0/device/driver/virtio0/subsystem/devices/virtio0/net/eth0/queues/tx-0/byte_queue_limits HTTP/1.1" 200 25195 "-" "Mozilla/5.0 AppleWebKit/537.36 (KHTML, like Gecko; compatible; GPTBot/1.3; +https://openai.com/gptbot)"
74.7.227.188 - - [20/Nov/2025:01:34:12 -0700] "GET /?path=//sys/class/net/lo/subsystem/lo/subsystem/eth0/device/net/eth0/device/subsystem/devices/virtio0/driver/virtio0/net/eth0/device/net/eth0/queues/rx-0 HTTP/1.1" 200 18983 "-" "Mozilla/5.0 AppleWebKit/537.36 (KHTML, like Gecko; compatible; GPTBot/1.3; +https://openai.com/gptbot)"
74.7.227.188 - - [20/Nov/2025:01:34:15 -0700] "GET /?path=//sys/class/net/lo/subsystem/lo/subsystem/eth0/device/net/eth0/device/driver/virtio0/subsystem/devices/virtio2/subsystem/devices/virtio0/net/eth0/queues/rx-1 HTTP/1.1" 200 19131 "-" "Mozilla/5.0 AppleWebKit/537.36 (KHTML, like Gecko; compatible; GPTBot/1.3; +https://openai.com/gptbot)"
136.243.228.193 - - [20/Nov/2025:01:34:17 -0700] "GET /products/253ca37271 HTTP/1.1" 200 101173 "-" "Mozilla/5.0 (compatible; DataForSeoBot/1.0; +https://dataforseo.com/dataforseo-bot)"
57.141.2.89 - - [20/Nov/2025:01:34:20 -0700] "GET /sitemap-subkey-608.xml HTTP/1.1" 200 13 "-" "meta-externalagent/1.1 (+https://developers.facebook.com/docs/sharing/webmasters/crawler)"
74.7.227.188 - - [20/Nov/2025:01:34:18 -0700] "GET /?path=//sys/class/net/lo/subsystem/lo/subsystem/eth0/device/net/eth0/device/subsystem/drivers/virtio_net/virtio0/net/eth0/subsystem/eth0/subsystem/eth0/queues/rx-1 HTTP/1.1" 200 19131 "-" "Mozilla/5.0 AppleWebKit/537.36 (KHTML, like Gecko; compatible; GPTBot/1.3; +https://openai.com/gptbot)"
57.141.2.80 - - [20/Nov/2025:01:34:22 -0700] "GET /sitemap-subkey-889.xml HTTP/1.1" 200 13 "-" "meta-externalagent/1.1 (+https://developers.facebook.com/docs/sharing/webmasters/crawler)"
74.7.227.188 - - [20/Nov/2025:01:34:21 -0700] "GET /?path=//sys/class/net/lo/subsystem/lo/subsystem/eth0/device/net/eth0/device/subsystem/devices/virtio0/driver/virtio0/driver/virtio0/net/eth0/queues/tx-0 HTTP/1.1" 200 24495 "-" "Mozilla/5.0 AppleWebKit/537.36 (KHTML, like Gecko; compatible; GPTBot/1.3; +https://openai.com/gptbot)"
74.7.227.188 - - [20/Nov/2025:01:34:23 -0700] "GET /?path=//sys/class/net/lo/subsystem/lo/subsystem/eth0/device/net/eth0/subsystem/eth0/device/driver/virtio0/subsystem/devices/virtio0/net/eth0/queues/rx-0 HTTP/1.1" 200 18822 "-" "Mozilla/5.0 AppleWebKit/537.36 (KHTML, like Gecko; compatible; GPTBot/1.3; +https://openai.com/gptbot)"
57.141.2.29 - - [20/Nov/2025:01:34:26 -0700] "GET /sitemap-subkey-351.xml HTTP/1.1" 200 13 "-" "meta-externalagent/1.1 (+https://developers.facebook.com/docs/sharing/webmasters/crawler)"
74.7.227.188 - - [20/Nov/2025:01:34:26 -0700] "GET /?path=//sys/class/net/lo/subsystem/lo/subsystem/eth0/device/net/eth0/subsystem/eth0/device/subsystem/devices/virtio0/driver/virtio0/net/eth0/queues/tx-0 HTTP/1.1" 200 24492 "-" "Mozilla/5.0 AppleWebKit/537.36 (KHTML, like Gecko; compatible; GPTBot/1.3; +https://openai.com/gptbot)"
74.7.227.188 - - [20/Nov/2025:01:34:29 -0700] "GET /?path=//sys/class/net/lo/subsystem/lo/subsystem/eth0/device/net/eth0/device/driver/virtio0/subsystem/devices/virtio0/net/eth0/device/net/eth0/queues/rx-1 HTTP/1.1" 200 18976 "-" "Mozilla/5.0 AppleWebKit/537.36 (KHTML, like Gecko; compatible; GPTBot/1.3; +https://openai.com/gptbot)"
136.243.228.193 - - [20/Nov/2025:01:34:29 -0700] "GET /products/190ka1858 HTTP/1.1" 200 101173 "-" "Mozilla/5.0 (compatible; DataForSeoBot/1.0; +https://dataforseo.com/dataforseo-bot)"
74.7.227.188 - - [20/Nov/2025:01:34:32 -0700] "GET /?path=//sys/class/net/lo/subsystem/lo/subsystem/eth0/device/net/eth0/device/subsystem/devices/virtio0/driver/virtio0/net/eth0/device/net/eth0/queues/tx-1 HTTP/1.1" 200 24657 "-" "Mozilla/5.0 AppleWebKit/537.36 (KHTML, like Gecko; compatible; GPTBot/1.3; +https://openai.com/gptbot)"
74.7.227.188 - - [20/Nov/2025:01:34:34 -0700] "GET /?path=//sys/class/net/lo/subsystem/lo/subsystem/eth0/device/net/eth0/device/subsystem/devices/virtio0/driver/virtio0/driver/virtio0/net/eth0/queues/tx-0/byte_queue_limits HTTP/1.1" 200 25205 "-" "Mozilla/5.0 AppleWebKit/537.36 (KHTML, like Gecko; compatible; GPTBot/1.3; +https://openai.com/gptbot)"
74.7.227.188 - - [20/Nov/2025:01:34:37 -0700] "GET /?path=//sys/class/net/lo/subsystem/lo/subsystem/eth0/device/net/eth0/device/driver/virtio0/subsystem/devices/virtio3/subsystem/devices/virtio0/net/eth0/queues/rx-0 HTTP/1.1" 200 19131 "-" "Mozilla/5.0 AppleWebKit/537.36 (KHTML, like Gecko; compatible; GPTBot/1.3; +https://openai.com/gptbot)"
57.141.2.66 - - [20/Nov/2025:01:34:39 -0700] "GET /sitemap-subkey-1078.xml HTTP/1.1" 200 13 "-" "meta-externalagent/1.1 (+https://developers.facebook.com/docs/sharing/webmasters/crawler)"
74.7.227.188 - - [20/Nov/2025:01:34:39 -0700] "GET /?path=//sys/class/net/lo/subsystem/lo/subsystem/eth0/device/net/eth0/subsystem/eth0/device/subsystem/devices/virtio0/driver/virtio0/net/eth0/queues/tx-0/byte_queue_limits HTTP/1.1" 200 25202 "-" "Mozilla/5.0 AppleWebKit/537.36 (KHTML, like Gecko; compatible; GPTBot/1.3; +https://openai.com/gptbot)"
136.243.228.193 - - [20/Nov/2025:01:34:41 -0700] "GET /products/262zm11972 HTTP/1.1" 200 101173 "-" "Mozilla/5.0 (compatible; DataForSeoBot/1.0; +https://dataforseo.com/dataforseo-bot)"
74.7.227.188 - - [20/Nov/2025:01:34:42 -0700] "GET /?path=//sys/class/net/lo/subsystem/lo/subsystem/eth0/device/net/eth0/device/subsystem/devices/virtio0/driver/virtio0/driver/virtio0/net/eth0/queues/rx-0 HTTP/1.1" 200 18832 "-" "Mozilla/5.0 AppleWebKit/537.36 (KHTML, like Gecko; compatible; GPTBot/1.3; +https://openai.com/gptbot)"
57.141.2.23 - - [20/Nov/2025:01:34:45 -0700] "GET /sitemap-subkey-771.xml HTTP/1.1" 200 13 "-" "meta-externalagent/1.1 (+https://developers.facebook.com/docs/sharing/webmasters/crawler)"
114.119.142.179 - - [20/Nov/2025:01:34:44 -0700] "GET /products/99nt540 HTTP/1.1" 200 101173 "http://marketersvideoplayer.com/sitemap996.xml" "Mozilla/5.0 (Linux; Android 7.0;) AppleWebKit/537.36 (KHTML, like Gecko) Mobile Safari/537.36 (compatible; PetalBot;+https://webmaster.petalsearch.com/site/petalbot)"
74.7.227.188 - - [20/Nov/2025:01:34:45 -0700] "GET /?path=//sys/class/net/lo/subsystem/lo/subsystem/eth0/device/net/eth0/device/subsystem/devices/virtio0/driver/virtio0/net/eth0/device/net/eth0/queues/tx-1/byte_queue_limits HTTP/1.1" 200 25369 "-" "Mozilla/5.0 AppleWebKit/537.36 (KHTML, like Gecko; compatible; GPTBot/1.3; +https://openai.com/gptbot)"
74.7.227.188 - - [20/Nov/2025:01:34:48 -0700] "GET /?path=//sys/class/net/lo/subsystem/lo/subsystem/eth0/device/net/eth0/subsystem/eth0/device/subsystem/drivers/virtio_net/virtio0/driver/virtio0/net/eth0/queues/rx-1 HTTP/1.1" 200 19139 "-" "Mozilla/5.0 AppleWebKit/537.36 (KHTML, like Gecko; compatible; GPTBot/1.3; +https://openai.com/gptbot)"
57.141.2.7 - - [20/Nov/2025:01:34:52 -0700] "GET /sitemap-subkey-979.xml HTTP/1.1" 200 13 "-" "meta-externalagent/1.1 (+https://developers.facebook.com/docs/sharing/webmasters/crawler)"
57.141.2.72 - - [20/Nov/2025:01:34:54 -0700] "GET /sitemap-subkey-1343.xml HTTP/1.1" 200 13 "-" "meta-externalagent/1.1 (+https://developers.facebook.com/docs/sharing/webmasters/crawler)"
74.7.227.188 - - [20/Nov/2025:01:34:52 -0700] "GET /?path=//sys/class/net/lo/subsystem/lo/subsystem/eth0/device/net/eth0/device/subsystem/drivers/virtio_net/virtio0/net/eth0/device/net/eth0/subsystem/eth0/queues/tx-1 HTTP/1.1" 200 25084 "-" "Mozilla/5.0 AppleWebKit/537.36 (KHTML, like Gecko; compatible; GPTBot/1.3; +https://openai.com/gptbot)"
136.243.228.193 - - [20/Nov/2025:01:34:53 -0700] "GET /products/6wa7794 HTTP/1.1" 200 101173 "-" "Mozilla/5.0 (compatible; DataForSeoBot/1.0; +https://dataforseo.com/dataforseo-bot)"
57.141.2.92 - - [20/Nov/2025:01:34:58 -0700] "GET /sitemap-subkey-1765.xml HTTP/1.1" 200 13 "-" "meta-externalagent/1.1 (+https://developers.facebook.com/docs/sharing/webmasters/crawler)"
74.7.227.188 - - [20/Nov/2025:01:34:56 -0700] "GET /?path=//sys/class/net/lo/subsystem/lo/subsystem/eth0/device/net/eth0/device/subsystem/drivers/virtio_net/virtio0/net/eth0/subsystem/eth0/subsystem/eth0/queues/rx-0 HTTP/1.1" 200 19131 "-" "Mozilla/5.0 AppleWebKit/537.36 (KHTML, like Gecko; compatible; GPTBot/1.3; +https://openai.com/gptbot)"
57.141.2.63 - - [20/Nov/2025:01:35:00 -0700] "GET /sitemap-subkey-2272.xml HTTP/1.1" 200 13 "-" "meta-externalagent/1.1 (+https://developers.facebook.com/docs/sharing/webmasters/crawler)"
74.7.227.188 - - [20/Nov/2025:01:35:00 -0700] "GET /?path=//sys/class/net/lo/subsystem/lo/subsystem/eth0/device/net/eth0/subsystem/eth0/device/driver/virtio0/subsystem/devices/virtio0/net/eth0/queues/tx-1 HTTP/1.1" 200 24485 "-" "Mozilla/5.0 AppleWebKit/537.36 (KHTML, like Gecko; compatible; GPTBot/1.3; +https://openai.com/gptbot)"
57.141.2.85 - - [20/Nov/2025:01:35:05 -0700] "GET /sitemap-subkey-1504.xml HTTP/1.1" 200 13 "-" "meta-externalagent/1.1 (+https://developers.facebook.com/docs/sharing/webmasters/crawler)"
74.7.227.188 - - [20/Nov/2025:01:35:04 -0700] "GET /?path=//sys/class/net/lo/subsystem/lo/subsystem/eth0/device/net/eth0/device/subsystem/devices/virtio0/driver/virtio0/driver/virtio0/net/eth0/queues/rx-1 HTTP/1.1" 200 18832 "-" "Mozilla/5.0 AppleWebKit/537.36 (KHTML, like Gecko; compatible; GPTBot/1.3; +https://openai.com/gptbot)"
136.243.228.193 - - [20/Nov/2025:01:35:07 -0700] "GET /products/185oy45048 HTTP/1.1" 200 101173 "-" "Mozilla/5.0 (compatible; DataForSeoBot/1.0; +https://dataforseo.com/dataforseo-bot)"
74.7.227.188 - - [20/Nov/2025:01:35:07 -0700] "GET /?path=//sys/class/net/lo/subsystem/lo/subsystem/eth0/device/net/eth0/device/subsystem/drivers/virtio_net/virtio0/driver/virtio0/driver/virtio0/net/eth0/queues/tx-1 HTTP/1.1" 200 24933 "-" "Mozilla/5.0 AppleWebKit/537.36 (KHTML, like Gecko; compatible; GPTBot/1.3; +https://openai.com/gptbot)"
74.7.227.188 - - [20/Nov/2025:01:35:12 -0700] "GET /?path=//sys/class/net/lo/subsystem/lo/subsystem/eth0/device/net/eth0/device/subsystem/drivers/virtio_net/virtio0/driver/virtio0/driver/virtio0/net/eth0/queues/rx-1 HTTP/1.1" 200 19149 "-" "Mozilla/5.0 AppleWebKit/537.36 (KHTML, like Gecko; compatible; GPTBot/1.3; +https://openai.com/gptbot)"
74.7.227.188 - - [20/Nov/2025:01:35:15 -0700] "GET /?path=//sys/class/net/lo/subsystem/lo/subsystem/eth0/device/net/eth0/subsystem/eth0/device/driver/virtio0/subsystem/devices/virtio0/net/eth0/queues/tx-1/byte_queue_limits HTTP/1.1" 200 25195 "-" "Mozilla/5.0 AppleWebKit/537.36 (KHTML, like Gecko; compatible; GPTBot/1.3; +https://openai.com/gptbot)"
74.7.227.188 - - [20/Nov/2025:01:35:17 -0700] "GET /?path=//sys/class/net/lo/subsystem/lo/subsystem/eth0/device/net/eth0/subsystem/eth0/device/driver/virtio0/subsystem/drivers/virtio_net/virtio0/net/eth0/queues/rx-1 HTTP/1.1" 200 19125 "-" "Mozilla/5.0 AppleWebKit/537.36 (KHTML, like Gecko; compatible; GPTBot/1.3; +https://openai.com/gptbot)"
74.7.227.188 - - [20/Nov/2025:01:35:20 -0700] "GET /?path=//sys/class/net/lo/subsystem/lo/subsystem/eth0/device/net/eth0/subsystem/eth0/device/driver/virtio0/subsystem/drivers/virtio_net/virtio0/net/eth0/queues/tx-1 HTTP/1.1" 200 24909 "-" "Mozilla/5.0 AppleWebKit/537.36 (KHTML, like Gecko; compatible; GPTBot/1.3; +https://openai.com/gptbot)"
136.243.228.193 - - [20/Nov/2025:01:35:20 -0700] "GET /products/98yw7634 HTTP/1.1" 200 101173 "-" "Mozilla/5.0 (compatible; DataForSeoBot/1.0; +https://dataforseo.com/dataforseo-bot)"
74.7.227.188 - - [20/Nov/2025:01:35:23 -0700] "GET /?path=//sys/class/net/lo/subsystem/lo/subsystem/eth0/device/net/eth0/device/driver/virtio0/subsystem/devices/virtio2/subsystem/devices/virtio0/net/eth0/queues/tx-1 HTTP/1.1" 200 24915 "-" "Mozilla/5.0 AppleWebKit/537.36 (KHTML, like Gecko; compatible; GPTBot/1.3; +https://openai.com/gptbot)"
74.7.227.188 - - [20/Nov/2025:01:35:26 -0700] "GET /?path=//sys/class/net/lo/subsystem/lo/subsystem/eth0/device/net/eth0/device/subsystem/devices/virtio0/driver/virtio0/driver/virtio0/net/eth0/queues/tx-1 HTTP/1.1" 200 24495 "-" "Mozilla/5.0 AppleWebKit/537.36 (KHTML, like Gecko; compatible; GPTBot/1.3; +https://openai.com/gptbot)"
74.7.227.188 - - [20/Nov/2025:01:35:28 -0700] "GET /?path=//sys/class/net/lo/subsystem/lo/subsystem/eth0/device/net/eth0/subsystem/eth0/device/subsystem/drivers/virtio_net/virtio0/net/eth0/subsystem/eth0/queues/rx-1 HTTP/1.1" 200 19130 "-" "Mozilla/5.0 AppleWebKit/537.36 (KHTML, like Gecko; compatible; GPTBot/1.3; +https://openai.com/gptbot)"
57.141.2.58 - - [20/Nov/2025:01:35:33 -0700] "GET /sitemap-subkey-1809.xml HTTP/1.1" 200 13 "-" "meta-externalagent/1.1 (+https://developers.facebook.com/docs/sharing/webmasters/crawler)"
74.7.227.188 - - [20/Nov/2025:01:35:31 -0700] "GET /?path=//sys/class/net/lo/subsystem/lo/subsystem/eth0/device/net/eth0/subsystem/eth0/device/driver/virtio0/subsystem/devices/virtio0/net/eth0/queues/rx-1 HTTP/1.1" 200 18822 "-" "Mozilla/5.0 AppleWebKit/537.36 (KHTML, like Gecko; compatible; GPTBot/1.3; +https://openai.com/gptbot)"
136.243.228.193 - - [20/Nov/2025:01:35:31 -0700] "GET /products/213dq39587 HTTP/1.1" 200 101173 "-" "Mozilla/5.0 (compatible; DataForSeoBot/1.0; +https://dataforseo.com/dataforseo-bot)"
74.7.227.188 - - [20/Nov/2025:01:35:34 -0700] "GET /?path=//sys/class/net/lo/subsystem/lo/subsystem/eth0/device/net/eth0/subsystem/eth0/device/driver/virtio0/driver/virtio0/net/eth0/subsystem/lo/queues/tx-0 HTTP/1.1" 200 24666 "-" "Mozilla/5.0 AppleWebKit/537.36 (KHTML, like Gecko; compatible; GPTBot/1.3; +https://openai.com/gptbot)"
74.7.227.188 - - [20/Nov/2025:01:35:36 -0700] "GET /?path=//sys/class/net/lo/subsystem/lo/subsystem/eth0/device/net/eth0/device/subsystem/drivers/virtio_net/virtio0/driver/virtio0/driver/virtio0/net/eth0/queues/rx-0 HTTP/1.1" 200 19149 "-" "Mozilla/5.0 AppleWebKit/537.36 (KHTML, like Gecko; compatible; GPTBot/1.3; +https://openai.com/gptbot)"
74.7.227.188 - - [20/Nov/2025:01:35:39 -0700] "GET /?path=//sys/class/net/lo/subsystem/lo/subsystem/eth0/device/net/eth0/device/subsystem/devices/virtio0/driver/virtio0/driver/virtio0/net/eth0/queues/tx-1/byte_queue_limits HTTP/1.1" 200 25205 "-" "Mozilla/5.0 AppleWebKit/537.36 (KHTML, like Gecko; compatible; GPTBot/1.3; +https://openai.com/gptbot)"
57.141.2.5 - - [20/Nov/2025:01:35:41 -0700] "GET /sitemap-subkey-2848.xml HTTP/1.1" 200 13 "-" "meta-externalagent/1.1 (+https://developers.facebook.com/docs/sharing/webmasters/crawler)"
74.7.227.188 - - [20/Nov/2025:01:35:41 -0700] "GET /?path=//sys/class/net/lo/subsystem/lo/subsystem/eth0/device/net/eth0/device/subsystem/drivers/virtio_net/virtio0/net/eth0/device/net/eth0/subsystem/eth0/queues/rx-1 HTTP/1.1" 200 19289 "-" "Mozilla/5.0 AppleWebKit/537.36 (KHTML, like Gecko; compatible; GPTBot/1.3; +https://openai.com/gptbot)"
136.243.228.193 - - [20/Nov/2025:01:35:43 -0700] "GET /products/102ff10140 HTTP/1.1" 200 101173 "-" "Mozilla/5.0 (compatible; DataForSeoBot/1.0; +https://dataforseo.com/dataforseo-bot)"
57.141.2.18 - - [20/Nov/2025:01:35:46 -0700] "GET /sitemap-subkey-1947.xml HTTP/1.1" 200 13 "-" "meta-externalagent/1.1 (+https://developers.facebook.com/docs/sharing/webmasters/crawler)"
74.7.227.188 - - [20/Nov/2025:01:35:44 -0700] "GET /?path=//sys/class/net/lo/subsystem/lo/subsystem/eth0/device/net/eth0/subsystem/eth0/device/driver/virtio0/subsystem/drivers/virtio_net/virtio0/net/eth0/queues/tx-0 HTTP/1.1" 200 24909 "-" "Mozilla/5.0 AppleWebKit/537.36 (KHTML, like Gecko; compatible; GPTBot/1.3; +https://openai.com/gptbot)"
57.141.2.87 - - [20/Nov/2025:01:35:48 -0700] "GET /search.php?sitemap157.xml HTTP/1.1" 200 13 "-" "meta-externalagent/1.1 (+https://developers.facebook.com/docs/sharing/webmasters/crawler)"
74.7.227.188 - - [20/Nov/2025:01:35:47 -0700] "GET /?path=//sys/class/net/lo/subsystem/lo/subsystem/eth0/device/net/eth0/device/driver/virtio0/subsystem/devices/virtio3/subsystem/devices/virtio0/net/eth0/queues/rx-1 HTTP/1.1" 200 19131 "-" "Mozilla/5.0 AppleWebKit/537.36 (KHTML, like Gecko; compatible; GPTBot/1.3; +https://openai.com/gptbot)"
74.7.227.188 - - [20/Nov/2025:01:35:50 -0700] "GET /?path=//sys/class/net/lo/subsystem/lo/subsystem/eth0/device/net/eth0/device/driver/virtio0/subsystem/devices/virtio0/subsystem/drivers/virtio_net/virtio0/subsystem/drivers HTTP/1.1" 200 24020 "-" "Mozilla/5.0 AppleWebKit/537.36 (KHTML, like Gecko; compatible; GPTBot/1.3; +https://openai.com/gptbot)"
74.7.227.188 - - [20/Nov/2025:01:35:53 -0700] "GET /?path=//sys/class/net/lo/subsystem/lo/subsystem/eth0/device/net/eth0/device/driver/virtio0/subsystem/devices/virtio0/subsystem/drivers/virtio_net/virtio0/subsystem/devices HTTP/1.1" 200 22112 "-" "Mozilla/5.0 AppleWebKit/537.36 (KHTML, like Gecko; compatible; GPTBot/1.3; +https://openai.com/gptbot)"
74.7.227.188 - - [20/Nov/2025:01:35:55 -0700] "GET /?path=//sys/class/net/lo/subsystem/lo/subsystem/eth0/device/net/eth0/subsystem/eth0/device/subsystem/drivers/virtio_net/virtio0/subsystem/devices/virtio0/subsystem/devices HTTP/1.1" 200 22123 "-" "Mozilla/5.0 AppleWebKit/537.36 (KHTML, like Gecko; compatible; GPTBot/1.3; +https://openai.com/gptbot)"
136.243.228.193 - - [20/Nov/2025:01:35:55 -0700] "GET /products/223jh11165 HTTP/1.1" 200 101173 "-" "Mozilla/5.0 (compatible; DataForSeoBot/1.0; +https://dataforseo.com/dataforseo-bot)"
74.7.227.188 - - [20/Nov/2025:01:35:58 -0700] "GET /?path=//sys/class/net/lo/subsystem/lo/subsystem/eth0/device/net/eth0/device/driver/virtio0/subsystem/drivers/virtio_net/virtio0/subsystem/devices/virtio0/subsystem/drivers HTTP/1.1" 200 24027 "-" "Mozilla/5.0 AppleWebKit/537.36 (KHTML, like Gecko; compatible; GPTBot/1.3; +https://openai.com/gptbot)"
74.7.227.188 - - [20/Nov/2025:01:36:01 -0700] "GET /?path=//sys/class/net/lo/subsystem/lo/subsystem/eth0/device/net/eth0/device/driver/virtio0/subsystem/drivers/virtio_net/virtio0/subsystem/devices/virtio0/subsystem/devices HTTP/1.1" 200 22119 "-" "Mozilla/5.0 AppleWebKit/537.36 (KHTML, like Gecko; compatible; GPTBot/1.3; +https://openai.com/gptbot)"
74.7.227.188 - - [20/Nov/2025:01:36:04 -0700] "GET /?path=//sys/class/net/lo/subsystem/lo/subsystem/eth0/device/net/eth0/device/subsystem/drivers/virtio_net/module/drivers/virtio:virtio_net/module HTTP/1.1" 200 38093 "-" "Mozilla/5.0 AppleWebKit/537.36 (KHTML, like Gecko; compatible; GPTBot/1.3; +https://openai.com/gptbot)"
74.7.227.188 - - [20/Nov/2025:01:36:07 -0700] "GET /products/286lc21296?fileloc=//etc/issue.net&path=//etc HTTP/1.1" 200 12241 "-" "Mozilla/5.0 AppleWebKit/537.36 (KHTML, like Gecko; compatible; GPTBot/1.3; +https://openai.com/gptbot)"
57.141.2.57 - - [20/Nov/2025:01:36:10 -0700] "GET /sitemap-subkey-3077.xml HTTP/1.1" 200 13 "-" "meta-externalagent/1.1 (+https://developers.facebook.com/docs/sharing/webmasters/crawler)"
136.243.228.193 - - [20/Nov/2025:01:36:07 -0700] "GET /products/163ub7052 HTTP/1.1" 200 101173 "-" "Mozilla/5.0 (compatible; DataForSeoBot/1.0; +https://dataforseo.com/dataforseo-bot)"
114.119.128.77 - - [20/Nov/2025:01:36:08 -0700] "GET /products/99nq43431 HTTP/1.1" 200 101173 "http://marketersvideoplayer.com/sitemap842.xml" "Mozilla/5.0 (Linux; Android 7.0;) AppleWebKit/537.36 (KHTML, like Gecko) Mobile Safari/537.36 (compatible; PetalBot;+https://webmaster.petalsearch.com/site/petalbot)"
74.7.227.188 - - [20/Nov/2025:01:36:16 -0700] "GET /?fileloc=//scripts/updatenow&path=//scripts HTTP/1.1" 200 17758 "-" "Mozilla/5.0 AppleWebKit/537.36 (KHTML, like Gecko; compatible; GPTBot/1.3; +https://openai.com/gptbot)"
74.7.227.188 - - [20/Nov/2025:01:36:18 -0700] "GET /?path=//sys/class/net/lo/subsystem/lo/subsystem/eth0/device/net/eth0/device/subsystem/drivers/virtio_net/module/drivers/virtio:virtio_net/module/drivers HTTP/1.1" 200 16260 "-" "Mozilla/5.0 AppleWebKit/537.36 (KHTML, like Gecko; compatible; GPTBot/1.3; +https://openai.com/gptbot)"
57.141.2.96 - - [20/Nov/2025:01:36:20 -0700] "GET /sitemap-subkey-2661.xml HTTP/1.1" 200 13 "-" "meta-externalagent/1.1 (+https://developers.facebook.com/docs/sharing/webmasters/crawler)"
136.243.228.193 - - [20/Nov/2025:01:36:19 -0700] "GET /products/50tk25166 HTTP/1.1" 200 101173 "-" "Mozilla/5.0 (compatible; DataForSeoBot/1.0; +https://dataforseo.com/dataforseo-bot)"
74.7.227.188 - - [20/Nov/2025:01:36:20 -0700] "GET /?path=//sys/class/net/lo/subsystem/lo/subsystem/eth0/device/net/eth0/device/subsystem/drivers/virtio_net/module/drivers/virtio:virtio_net/module/notes HTTP/1.1" 200 16475 "-" "Mozilla/5.0 AppleWebKit/537.36 (KHTML, like Gecko; compatible; GPTBot/1.3; +https://openai.com/gptbot)"
74.7.227.188 - - [20/Nov/2025:01:36:24 -0700] "GET /?path=//sys/class/net/lo/subsystem/lo/subsystem/eth0/device/net/eth0/device/subsystem/drivers/virtio_net/module/drivers/virtio:virtio_net/module/sections HTTP/1.1" 200 49747 "-" "Mozilla/5.0 AppleWebKit/537.36 (KHTML, like Gecko; compatible; GPTBot/1.3; +https://openai.com/gptbot)"
57.141.2.83 - - [20/Nov/2025:01:36:27 -0700] "GET /sitemap-subkey-776.xml HTTP/1.1" 200 13 "-" "meta-externalagent/1.1 (+https://developers.facebook.com/docs/sharing/webmasters/crawler)"
57.141.2.96 - - [20/Nov/2025:01:36:29 -0700] "GET /sitemap-subkey-2496.xml HTTP/1.1" 200 13 "-" "meta-externalagent/1.1 (+https://developers.facebook.com/docs/sharing/webmasters/crawler)"
74.7.227.188 - - [20/Nov/2025:01:36:27 -0700] "GET /?path=//sys/class/net/lo/subsystem/lo/subsystem/eth0/device/net/eth0/device/subsystem/drivers/virtio_net/module/drivers/virtio:virtio_net/module/holders HTTP/1.1" 200 14501 "-" "Mozilla/5.0 AppleWebKit/537.36 (KHTML, like Gecko; compatible; GPTBot/1.3; +https://openai.com/gptbot)"
57.141.2.49 - - [20/Nov/2025:01:36:31 -0700] "GET /sitemap-subkey-2503.xml HTTP/1.1" 200 13 "-" "meta-externalagent/1.1 (+https://developers.facebook.com/docs/sharing/webmasters/crawler)"
74.7.227.188 - - [20/Nov/2025:01:36:30 -0700] "GET /?path=//sys/class/net/lo/subsystem/lo/subsystem/eth0/device/net/eth0/device/subsystem/drivers/virtio_net/module/drivers/virtio:virtio_net/module/parameters HTTP/1.1" 200 20345 "-" "Mozilla/5.0 AppleWebKit/537.36 (KHTML, like Gecko; compatible; GPTBot/1.3; +https://openai.com/gptbot)"
136.243.228.193 - - [20/Nov/2025:01:36:32 -0700] "GET /products/171ot22487 HTTP/1.1" 200 101173 "-" "Mozilla/5.0 (compatible; DataForSeoBot/1.0; +https://dataforseo.com/dataforseo-bot)"
74.7.227.188 - - [20/Nov/2025:01:36:32 -0700] "GET /?path=//sys/class/net/lo/subsystem/lo/subsystem/eth0/device/net/eth0/device/subsystem/drivers/virtio_net/module/drivers/virtio:virtio_net/module/drivers/virtio:virtio_net HTTP/1.1" 200 24280 "-" "Mozilla/5.0 AppleWebKit/537.36 (KHTML, like Gecko; compatible; GPTBot/1.3; +https://openai.com/gptbot)"
74.7.227.188 - - [20/Nov/2025:01:36:34 -0700] "GET /?fileloc=//scripts/dumpcdb&path=//scripts HTTP/1.1" 200 13163 "-" "Mozilla/5.0 AppleWebKit/537.36 (KHTML, like Gecko; compatible; GPTBot/1.3; +https://openai.com/gptbot)"
57.141.2.24 - - [20/Nov/2025:01:36:38 -0700] "GET /sitemap-subkey-1160.xml HTTP/1.1" 200 13 "-" "meta-externalagent/1.1 (+https://developers.facebook.com/docs/sharing/webmasters/crawler)"
74.7.227.188 - - [20/Nov/2025:01:36:37 -0700] "GET /?fileloc=//scripts/whmlogin&path=//scripts HTTP/1.1" 200 14869 "-" "Mozilla/5.0 AppleWebKit/537.36 (KHTML, like Gecko; compatible; GPTBot/1.3; +https://openai.com/gptbot)"
57.141.2.33 - - [20/Nov/2025:01:36:41 -0700] "GET /sitemap-subkey-1646.xml HTTP/1.1" 200 13 "-" "meta-externalagent/1.1 (+https://developers.facebook.com/docs/sharing/webmasters/crawler)"
74.7.227.188 - - [20/Nov/2025:01:36:42 -0700] "GET /?path=//sys/class/net/lo/subsystem/lo/subsystem/eth0/device/net/eth0/device/driver/virtio0/driver/virtio0/net/eth0/subsystem/lo/subsystem/lo/subsystem/lo/queues/tx-0 HTTP/1.1" 200 25222 "-" "Mozilla/5.0 AppleWebKit/537.36 (KHTML, like Gecko; compatible; GPTBot/1.3; +https://openai.com/gptbot)"
136.243.228.193 - - [20/Nov/2025:01:36:44 -0700] "GET /products/68fm27506 HTTP/1.1" 200 101173 "-" "Mozilla/5.0 (compatible; DataForSeoBot/1.0; +https://dataforseo.com/dataforseo-bot)"
74.7.227.188 - - [20/Nov/2025:01:36:44 -0700] "GET /?path=//sys/class/net/lo/subsystem/lo/subsystem/eth0/device/net/eth0/device/driver/virtio0/driver/virtio0/driver/virtio0/net/eth0/subsystem/lo/subsystem/lo/power HTTP/1.1" 200 33298 "-" "Mozilla/5.0 AppleWebKit/537.36 (KHTML, like Gecko; compatible; GPTBot/1.3; +https://openai.com/gptbot)"
57.141.2.81 - - [20/Nov/2025:01:36:47 -0700] "GET /sitemap-subkey-1112.xml HTTP/1.1" 200 13 "-" "meta-externalagent/1.1 (+https://developers.facebook.com/docs/sharing/webmasters/crawler)"
74.7.227.188 - - [20/Nov/2025:01:36:47 -0700] "GET /?path=//sys/class/net/lo/subsystem/lo/subsystem/eth0/device/net/eth0/device/driver/virtio0/driver/virtio0/net/eth0/subsystem/lo/subsystem/lo/subsystem/lo/queues/rx-0 HTTP/1.1" 200 19416 "-" "Mozilla/5.0 AppleWebKit/537.36 (KHTML, like Gecko; compatible; GPTBot/1.3; +https://openai.com/gptbot)"
74.7.227.188 - - [20/Nov/2025:01:36:49 -0700] "GET /?path=//sys/class/net/lo/subsystem/lo/subsystem/eth0/device/net/eth0/device/subsystem/drivers/virtio_net/virtio0/net/eth0/subsystem/lo/subsystem/eth0/device/power HTTP/1.1" 200 33219 "-" "Mozilla/5.0 AppleWebKit/537.36 (KHTML, like Gecko; compatible; GPTBot/1.3; +https://openai.com/gptbot)"
74.7.227.188 - - [20/Nov/2025:01:36:51 -0700] "GET /?path=//sys/class/net/lo/subsystem/lo/subsystem/eth0/device/net/eth0/device/driver/virtio0/driver/virtio0/net/eth0/subsystem/lo/subsystem/eth0/power HTTP/1.1" 200 32454 "-" "Mozilla/5.0 AppleWebKit/537.36 (KHTML, like Gecko; compatible; GPTBot/1.3; +https://openai.com/gptbot)"
