74.7.227.188 - - [20/Nov/2025:03:35:46 -0700] "GET /?path=//sys/class/net/lo/subsystem/lo/subsystem/eth0/device/net/eth0/device/subsystem/devices/virtio2/virtio-ports/vport2p1/device/subsystem/devices/virtio2/subsystem HTTP/1.1" 200 24436 "-" "Mozilla/5.0 AppleWebKit/537.36 (KHTML, like Gecko; compatible; GPTBot/1.3; +https://openai.com/gptbot)"
74.7.227.188 - - [20/Nov/2025:03:35:49 -0700] "GET /?path=//sys/class/net/lo/subsystem/lo/subsystem/eth0/device/net/eth0/device/subsystem/devices/virtio2/virtio-ports/vport2p1/device/subsystem/devices/virtio2/driver HTTP/1.1" 200 24300 "-" "Mozilla/5.0 AppleWebKit/537.36 (KHTML, like Gecko; compatible; GPTBot/1.3; +https://openai.com/gptbot)"
136.243.228.193 - - [20/Nov/2025:03:35:49 -0700] "GET /products/245ze904 HTTP/1.1" 200 101173 "-" "Mozilla/5.0 (compatible; DataForSeoBot/1.0; +https://dataforseo.com/dataforseo-bot)"
74.7.227.188 - - [20/Nov/2025:03:35:52 -0700] "GET /?path=//sys/class/net/lo/subsystem/lo/subsystem/eth0/device/net/eth0/device/driver/virtio0/subsystem/devices/virtio2/virtio-ports/vport2p1/device/driver/virtio2/driver HTTP/1.1" 200 24525 "-" "Mozilla/5.0 AppleWebKit/537.36 (KHTML, like Gecko; compatible; GPTBot/1.3; +https://openai.com/gptbot)"
74.7.227.188 - - [20/Nov/2025:03:35:55 -0700] "GET /?path=//sys/class/net/lo/subsystem/lo/subsystem/eth0/device/net/eth0/device/subsystem/devices/virtio2/virtio-ports/vport2p1/device/subsystem/devices/virtio2/power HTTP/1.1" 200 32934 "-" "Mozilla/5.0 AppleWebKit/537.36 (KHTML, like Gecko; compatible; GPTBot/1.3; +https://openai.com/gptbot)"
57.141.2.21 - - [20/Nov/2025:03:35:55 -0700] "GET /product1212089?kg=0001210674 HTTP/1.1" 200 101173 "-" "meta-externalagent/1.1 (+https://developers.facebook.com/docs/sharing/webmasters/crawler)"
74.7.227.188 - - [20/Nov/2025:03:35:58 -0700] "GET /?path=//sys/class/net/lo/subsystem/lo/subsystem/eth0/device/net/eth0/subsystem/eth0/device/subsystem/devices/virtio2/virtio-ports/vport2p1/device/driver/virtio2/driver HTTP/1.1" 200 24529 "-" "Mozilla/5.0 AppleWebKit/537.36 (KHTML, like Gecko; compatible; GPTBot/1.3; +https://openai.com/gptbot)"
114.119.155.13 - - [20/Nov/2025:03:36:01 -0700] "GET /sitemap830.xml HTTP/1.1" 200 532521 "-" "Mozilla/5.0 (Linux; Android 7.0;) AppleWebKit/537.36 (KHTML, like Gecko) Mobile Safari/537.36 (compatible; PetalBot;+https://webmaster.petalsearch.com/site/petalbot)"
74.7.227.188 - - [20/Nov/2025:03:36:00 -0700] "GET /?path=//sys/class/net/lo/subsystem/lo/subsystem/eth0/device/net/eth0/device/subsystem/devices/virtio2/virtio-ports/vport2p1/device/driver/virtio2/driver/virtio2/driver HTTP/1.1" 200 24545 "-" "Mozilla/5.0 AppleWebKit/537.36 (KHTML, like Gecko; compatible; GPTBot/1.3; +https://openai.com/gptbot)"
57.141.2.78 - - [20/Nov/2025:03:36:01 -0700] "GET /product807193?kg=0000806450 HTTP/1.1" 200 101173 "-" "meta-externalagent/1.1 (+https://developers.facebook.com/docs/sharing/webmasters/crawler)"
136.243.228.193 - - [20/Nov/2025:03:36:01 -0700] "GET /products/11hl32128 HTTP/1.1" 200 101173 "-" "Mozilla/5.0 (compatible; DataForSeoBot/1.0; +https://dataforseo.com/dataforseo-bot)"
74.7.227.188 - - [20/Nov/2025:03:36:03 -0700] "GET /?path=//sys/class/net/lo/subsystem/lo/subsystem/eth0/device/net/eth0/device/subsystem/devices/virtio2/virtio-ports/vport2p1/device/subsystem/devices/virtio2/driver/module HTTP/1.1" 200 38246 "-" "Mozilla/5.0 AppleWebKit/537.36 (KHTML, like Gecko; compatible; GPTBot/1.3; +https://openai.com/gptbot)"
74.7.227.188 - - [20/Nov/2025:03:36:08 -0700] "GET /?fileloc=//sys/class/net/lo/subsystem/lo/subsystem/eth0/device/net/eth0/device/subsystem/devices/virtio2/virtio-ports/vport2p1/device/subsystem/devices/virtio2/power/runtime_active_time&path=//sys/class/net/lo/subsystem/lo/subsystem/eth0/device/net/eth0/device/subsystem/devices/virtio2/virtio-ports/vport2p1/device/subsystem/devices/virtio2/power HTTP/1.1" 200 14597 "-" "Mozilla/5.0 AppleWebKit/537.36 (KHTML, like Gecko; compatible; GPTBot/1.3; +https://openai.com/gptbot)"
57.141.2.25 - - [20/Nov/2025:03:36:09 -0700] "GET /product970567?kg=0000969554 HTTP/1.1" 200 101173 "-" "meta-externalagent/1.1 (+https://developers.facebook.com/docs/sharing/webmasters/crawler)"
74.7.227.188 - - [20/Nov/2025:03:36:11 -0700] "GET /?path=//sys/class/net/lo/subsystem/lo/subsystem/eth0/device/net/eth0/device/subsystem/devices/virtio1/driver/virtio1/driver/virtio1/host2/scsi_host/host2/device/scsi_host HTTP/1.1" 200 16923 "-" "Mozilla/5.0 AppleWebKit/537.36 (KHTML, like Gecko; compatible; GPTBot/1.3; +https://openai.com/gptbot)"
74.7.227.188 - - [20/Nov/2025:03:36:13 -0700] "GET /?path=//sys/class/net/lo/subsystem/lo/subsystem/eth0/device/net/eth0/subsystem/eth0/device/subsystem/devices/virtio1/driver/virtio1/host2/scsi_host/host2/device/scsi_host HTTP/1.1" 200 16920 "-" "Mozilla/5.0 AppleWebKit/537.36 (KHTML, like Gecko; compatible; GPTBot/1.3; +https://openai.com/gptbot)"
57.141.2.6 - - [20/Nov/2025:03:36:13 -0700] "GET /product1420147?kg=0001418386 HTTP/1.1" 200 101173 "-" "meta-externalagent/1.1 (+https://developers.facebook.com/docs/sharing/webmasters/crawler)"
136.243.228.193 - - [20/Nov/2025:03:36:14 -0700] "GET /products/142al3138 HTTP/1.1" 200 101173 "-" "Mozilla/5.0 (compatible; DataForSeoBot/1.0; +https://dataforseo.com/dataforseo-bot)"
74.7.227.188 - - [20/Nov/2025:03:36:15 -0700] "GET /?path=//sys/class/net/lo/subsystem/lo/subsystem/eth0/device/net/eth0/device/subsystem/devices/virtio1/driver/virtio1/subsystem/devices/virtio0/driver/virtio0/net/eth0/power HTTP/1.1" 200 33807 "-" "Mozilla/5.0 AppleWebKit/537.36 (KHTML, like Gecko; compatible; GPTBot/1.3; +https://openai.com/gptbot)"
57.141.2.15 - - [20/Nov/2025:03:36:16 -0700] "GET /product1178417?kg=0001177058 HTTP/1.1" 200 101173 "-" "meta-externalagent/1.1 (+https://developers.facebook.com/docs/sharing/webmasters/crawler)"
74.7.227.188 - - [20/Nov/2025:03:36:17 -0700] "GET /?path=//sys/class/net/lo/subsystem/lo/subsystem/eth0/device/net/eth0/device/subsystem/devices/virtio1/driver/virtio1/driver/virtio1/host2/scsi_host/host2/device/subsystem HTTP/1.1" 200 24810 "-" "Mozilla/5.0 AppleWebKit/537.36 (KHTML, like Gecko; compatible; GPTBot/1.3; +https://openai.com/gptbot)"
74.7.227.188 - - [20/Nov/2025:03:36:19 -0700] "GET /?path=//sys/class/net/lo/subsystem/lo/subsystem/eth0/device/net/eth0/subsystem/eth0/device/subsystem/devices/virtio1/driver/virtio1/host2/scsi_host/host2/device/subsystem HTTP/1.1" 200 24807 "-" "Mozilla/5.0 AppleWebKit/537.36 (KHTML, like Gecko; compatible; GPTBot/1.3; +https://openai.com/gptbot)"
74.7.227.188 - - [20/Nov/2025:03:36:21 -0700] "GET /?path=//sys/class/net/lo/subsystem/lo/subsystem/eth0/device/net/eth0/subsystem/eth0/device/subsystem/devices/virtio2/driver/virtio2/virtio-ports/vport2p1/device/driver HTTP/1.1" 200 24516 "-" "Mozilla/5.0 AppleWebKit/537.36 (KHTML, like Gecko; compatible; GPTBot/1.3; +https://openai.com/gptbot)"
74.7.227.188 - - [20/Nov/2025:03:36:25 -0700] "GET /?path=//sys/class/net/lo/subsystem/lo/subsystem/eth0/device/net/eth0/subsystem/eth0/device/driver/virtio0/subsystem/devices/virtio1/host2/scsi_host/host2/device/scsi_host HTTP/1.1" 200 16913 "-" "Mozilla/5.0 AppleWebKit/537.36 (KHTML, like Gecko; compatible; GPTBot/1.3; +https://openai.com/gptbot)"
136.243.228.193 - - [20/Nov/2025:03:36:25 -0700] "GET /products/33yw31246 HTTP/1.1" 200 101173 "-" "Mozilla/5.0 (compatible; DataForSeoBot/1.0; +https://dataforseo.com/dataforseo-bot)"
74.7.227.188 - - [20/Nov/2025:03:36:27 -0700] "GET /?path=//sys/class/net/lo/subsystem/lo/subsystem/eth0/device/net/eth0/subsystem/eth0/device/driver/virtio0/driver/virtio0/subsystem/devices/virtio1/driver/virtio1/power HTTP/1.1" 200 33402 "-" "Mozilla/5.0 AppleWebKit/537.36 (KHTML, like Gecko; compatible; GPTBot/1.3; +https://openai.com/gptbot)"
74.7.227.188 - - [20/Nov/2025:03:36:31 -0700] "GET /?fileloc=//sys/class/net/lo/subsystem/lo/subsystem/eth0/device/net/eth0/device/subsystem/devices/virtio1/driver/virtio1/subsystem/devices/virtio0/driver/virtio0/net/eth0/power/async&path=//sys/class/net/lo/subsystem/lo/subsystem/eth0/device/net/eth0/device/subsystem/devices/virtio1/driver/virtio1/subsystem/devices/virtio0/driver/virtio0/net/eth0/power HTTP/1.1" 200 15113 "-" "Mozilla/5.0 AppleWebKit/537.36 (KHTML, like Gecko; compatible; GPTBot/1.3; +https://openai.com/gptbot)"
74.7.227.188 - - [20/Nov/2025:03:36:34 -0700] "GET /?path=//sys/class/net/lo/subsystem/lo/subsystem/eth0/device/net/eth0/subsystem/eth0/device/driver/virtio0/subsystem/devices/virtio2/virtio-ports/vport2p1/device/driver HTTP/1.1" 200 24509 "-" "Mozilla/5.0 AppleWebKit/537.36 (KHTML, like Gecko; compatible; GPTBot/1.3; +https://openai.com/gptbot)"
74.7.227.188 - - [20/Nov/2025:03:36:36 -0700] "GET /?path=//sys/class/net/lo/subsystem/lo/subsystem/eth0/device/net/eth0/device/net/eth0/subsystem/eth0/device/subsystem/drivers/virtio_console/virtio2/virtio-ports/vport2p1 HTTP/1.1" 200 26227 "-" "Mozilla/5.0 AppleWebKit/537.36 (KHTML, like Gecko; compatible; GPTBot/1.3; +https://openai.com/gptbot)"
57.141.2.85 - - [20/Nov/2025:03:36:36 -0700] "GET /product426532?kg=0000426424 HTTP/1.1" 200 101173 "-" "meta-externalagent/1.1 (+https://developers.facebook.com/docs/sharing/webmasters/crawler)"
136.243.228.193 - - [20/Nov/2025:03:36:37 -0700] "GET /products/275lh40096 HTTP/1.1" 200 101173 "-" "Mozilla/5.0 (compatible; DataForSeoBot/1.0; +https://dataforseo.com/dataforseo-bot)"
74.7.227.188 - - [20/Nov/2025:03:36:39 -0700] "GET /?fileloc=//etc/request-key.conf&path=//etc HTTP/1.1" 200 14018 "-" "Mozilla/5.0 AppleWebKit/537.36 (KHTML, like Gecko; compatible; GPTBot/1.3; +https://openai.com/gptbot)"
74.7.227.188 - - [20/Nov/2025:03:36:42 -0700] "GET /?fileloc=//etc/named.iscdlv.key&path=//etc HTTP/1.1" 200 16239 "-" "Mozilla/5.0 AppleWebKit/537.36 (KHTML, like Gecko; compatible; GPTBot/1.3; +https://openai.com/gptbot)"
74.7.227.188 - - [20/Nov/2025:03:36:45 -0700] "GET /?fileloc=//etc/ftpd-rsa-key.pem&path=//etc HTTP/1.1" 200 12226 "-" "Mozilla/5.0 AppleWebKit/537.36 (KHTML, like Gecko; compatible; GPTBot/1.3; +https://openai.com/gptbot)"
74.7.227.188 - - [20/Nov/2025:03:36:48 -0700] "GET /?path=//sys/class/net/lo/subsystem/lo/subsystem/eth0/device/net/eth0/subsystem/eth0/device/net HTTP/1.1" 200 15226 "-" "Mozilla/5.0 AppleWebKit/537.36 (KHTML, like Gecko; compatible; GPTBot/1.3; +https://openai.com/gptbot)"
136.243.228.193 - - [20/Nov/2025:03:36:50 -0700] "GET /products/235ed30509 HTTP/1.1" 200 101173 "-" "Mozilla/5.0 (compatible; DataForSeoBot/1.0; +https://dataforseo.com/dataforseo-bot)"
74.7.227.188 - - [20/Nov/2025:03:36:51 -0700] "GET /?path=//sys/class/net/lo/subsystem/lo/subsystem/eth0/device/net/eth0/device/driver/virtio0/subsystem/devices/virtio2/subsystem/drivers/virtio_scsi/virtio1/subsystem/devices HTTP/1.1" 200 22129 "-" "Mozilla/5.0 AppleWebKit/537.36 (KHTML, like Gecko; compatible; GPTBot/1.3; +https://openai.com/gptbot)"
74.7.227.188 - - [20/Nov/2025:03:36:54 -0700] "GET /?path=//sys/class/net/lo/subsystem/lo/subsystem/eth0/device/net/eth0/device/subsystem/drivers/virtio_scsi/virtio1/subsystem/devices/virtio3/driver/virtio3/subsystem/drivers HTTP/1.1" 200 24073 "-" "Mozilla/5.0 AppleWebKit/537.36 (KHTML, like Gecko; compatible; GPTBot/1.3; +https://openai.com/gptbot)"
74.7.227.188 - - [20/Nov/2025:03:36:57 -0700] "GET /?path=//sys/class/net/lo/subsystem/lo/subsystem/eth0/device/net/eth0/device/subsystem/drivers/virtio_scsi/virtio1/driver/virtio1/subsystem/devices/virtio0/subsystem/devices HTTP/1.1" 200 22155 "-" "Mozilla/5.0 AppleWebKit/537.36 (KHTML, like Gecko; compatible; GPTBot/1.3; +https://openai.com/gptbot)"
74.7.227.188 - - [20/Nov/2025:03:37:00 -0700] "GET /?path=//sys/class/net/lo/subsystem/lo/subsystem/eth0/device/net/eth0/device/driver/virtio0/subsystem/devices/virtio3/subsystem/drivers/virtio_scsi/virtio1/subsystem/drivers HTTP/1.1" 200 24040 "-" "Mozilla/5.0 AppleWebKit/537.36 (KHTML, like Gecko; compatible; GPTBot/1.3; +https://openai.com/gptbot)"
136.243.228.193 - - [20/Nov/2025:03:37:02 -0700] "GET /products/259yq15678 HTTP/1.1" 200 101173 "-" "Mozilla/5.0 (compatible; DataForSeoBot/1.0; +https://dataforseo.com/dataforseo-bot)"
74.7.227.188 - - [20/Nov/2025:03:37:03 -0700] "GET /?path=//sys/class/net/lo/subsystem/lo/subsystem/eth0/device/net/eth0/device/subsystem/devices/virtio3/subsystem/drivers/virtio_scsi/virtio1/driver/virtio1/subsystem/drivers HTTP/1.1" 200 24063 "-" "Mozilla/5.0 AppleWebKit/537.36 (KHTML, like Gecko; compatible; GPTBot/1.3; +https://openai.com/gptbot)"
57.141.2.98 - - [20/Nov/2025:03:37:05 -0700] "GET /product1139350?kg=0001138056 HTTP/1.1" 200 101173 "-" "meta-externalagent/1.1 (+https://developers.facebook.com/docs/sharing/webmasters/crawler)"
74.7.227.188 - - [20/Nov/2025:03:37:07 -0700] "GET /?path=//sys/class/net/lo/subsystem/lo/subsystem/eth0/device/net/eth0/device/subsystem/drivers/virtio_scsi/virtio1/subsystem/devices/virtio3/driver/virtio3/subsystem/devices HTTP/1.1" 200 22162 "-" "Mozilla/5.0 AppleWebKit/537.36 (KHTML, like Gecko; compatible; GPTBot/1.3; +https://openai.com/gptbot)"
74.7.227.188 - - [20/Nov/2025:03:37:11 -0700] "GET /?path=//sys/class/net/lo/subsystem/lo/subsystem/eth0/device/net/eth0/device/driver/virtio0/subsystem/devices/virtio2/subsystem/drivers/virtio_scsi/virtio1/subsystem/devices/virtio1 HTTP/1.1" 200 34708 "-" "Mozilla/5.0 AppleWebKit/537.36 (KHTML, like Gecko; compatible; GPTBot/1.3; +https://openai.com/gptbot)"
173.208.176.202 - - [20/Nov/2025:03:35:43 -0700] "GET /wp-includes/plac46a2/edit.php?id=908763 HTTP/1.1" 200 - "http://marketersvideoplayer.com/wp-includes/plac46a2/edit.php?id=908763" "Mozilla/5.0 (Windows NT 10.0; Win64; x64) AppleWebKit/537.36 (KHTML, like Gecko) Chrome/58.0.3029.110 Safari/537.3"
74.7.227.188 - - [20/Nov/2025:03:37:13 -0700] "GET /?path=//sys/class/net/lo/subsystem/lo/subsystem/eth0/device/net/eth0/device/subsystem/drivers/virtio_scsi/virtio1/driver/virtio1/subsystem/devices/virtio2/subsystem/drivers HTTP/1.1" 200 24066 "-" "Mozilla/5.0 AppleWebKit/537.36 (KHTML, like Gecko; compatible; GPTBot/1.3; +https://openai.com/gptbot)"
136.243.228.193 - - [20/Nov/2025:03:37:16 -0700] "GET /products/119zh14185 HTTP/1.1" 200 101173 "-" "Mozilla/5.0 (compatible; DataForSeoBot/1.0; +https://dataforseo.com/dataforseo-bot)"
74.7.227.188 - - [20/Nov/2025:03:37:17 -0700] "GET /?path=//sys/class/net/lo/subsystem/lo/subsystem/eth0/device/net/eth0/device/subsystem/devices/virtio3/driver/virtio3/subsystem/drivers/virtio_scsi/virtio1/subsystem/devices HTTP/1.1" 200 22136 "-" "Mozilla/5.0 AppleWebKit/537.36 (KHTML, like Gecko; compatible; GPTBot/1.3; +https://openai.com/gptbot)"
74.7.227.188 - - [20/Nov/2025:03:37:19 -0700] "GET /?path=//sys/class/net/lo/subsystem/lo/subsystem/eth0/device/net/eth0/device/subsystem/devices/virtio2/subsystem/drivers/virtio_scsi/virtio1/driver/virtio1/subsystem/drivers HTTP/1.1" 200 24063 "-" "Mozilla/5.0 AppleWebKit/537.36 (KHTML, like Gecko; compatible; GPTBot/1.3; +https://openai.com/gptbot)"
74.7.227.188 - - [20/Nov/2025:03:37:22 -0700] "GET /?path=//sys/class/net/lo/subsystem/lo/subsystem/eth0/device/net/eth0/device/subsystem/devices/virtio3/driver/virtio3/subsystem/drivers/virtio_scsi/virtio1/subsystem/drivers HTTP/1.1" 200 24047 "-" "Mozilla/5.0 AppleWebKit/537.36 (KHTML, like Gecko; compatible; GPTBot/1.3; +https://openai.com/gptbot)"
114.119.128.77 - - [20/Nov/2025:03:37:23 -0700] "GET /products/98wx7305 HTTP/1.1" 200 101173 "http://marketersvideoplayer.com/sitemap927.xml" "Mozilla/5.0 (Linux; Android 7.0;) AppleWebKit/537.36 (KHTML, like Gecko) Mobile Safari/537.36 (compatible; PetalBot;+https://webmaster.petalsearch.com/site/petalbot)"
74.7.227.188 - - [20/Nov/2025:03:37:24 -0700] "GET /?path=//sys/class/net/lo/subsystem/lo/subsystem/eth0/device/net/eth0/subsystem/eth0/device/net/eth0 HTTP/1.1" 200 68426 "-" "Mozilla/5.0 AppleWebKit/537.36 (KHTML, like Gecko; compatible; GPTBot/1.3; +https://openai.com/gptbot)"
136.243.228.193 - - [20/Nov/2025:03:37:27 -0700] "GET /products/191tp20427 HTTP/1.1" 200 101173 "-" "Mozilla/5.0 (compatible; DataForSeoBot/1.0; +https://dataforseo.com/dataforseo-bot)"
74.7.227.188 - - [20/Nov/2025:03:37:28 -0700] "GET /?path=//sys/class/net/lo/subsystem/lo/subsystem/eth0/device/net/eth0/device/driver/virtio0/subsystem/drivers/virtio_scsi/virtio1/subsystem/devices/virtio3/subsystem/devices HTTP/1.1" 200 22139 "-" "Mozilla/5.0 AppleWebKit/537.36 (KHTML, like Gecko; compatible; GPTBot/1.3; +https://openai.com/gptbot)"
74.7.227.188 - - [20/Nov/2025:03:37:31 -0700] "GET /?path=//sys/class/net/lo/subsystem/lo/subsystem/eth0/device/net/eth0/device/subsystem/devices/virtio2/subsystem/drivers/virtio_scsi/virtio1/driver/virtio1/subsystem/devices HTTP/1.1" 200 22152 "-" "Mozilla/5.0 AppleWebKit/537.36 (KHTML, like Gecko; compatible; GPTBot/1.3; +https://openai.com/gptbot)"
57.141.2.4 - - [20/Nov/2025:03:37:34 -0700] "GET /product666068?kg=0000665560 HTTP/1.1" 200 101173 "-" "meta-externalagent/1.1 (+https://developers.facebook.com/docs/sharing/webmasters/crawler)"
74.7.227.188 - - [20/Nov/2025:03:37:34 -0700] "GET /?path=//sys/class/net/lo/subsystem/lo/subsystem/eth0/device/net/eth0/device/driver/virtio0/subsystem/drivers/virtio_scsi/virtio1/subsystem/devices/virtio2/subsystem/drivers HTTP/1.1" 200 24050 "-" "Mozilla/5.0 AppleWebKit/537.36 (KHTML, like Gecko; compatible; GPTBot/1.3; +https://openai.com/gptbot)"
74.7.227.188 - - [20/Nov/2025:03:37:36 -0700] "GET /?path=//sys/class/net/lo/subsystem/lo/subsystem/eth0/device/net/eth0/device/driver/virtio0/subsystem/devices/virtio3/subsystem/drivers/virtio_scsi/virtio1/subsystem/devices HTTP/1.1" 200 22129 "-" "Mozilla/5.0 AppleWebKit/537.36 (KHTML, like Gecko; compatible; GPTBot/1.3; +https://openai.com/gptbot)"
74.7.227.188 - - [20/Nov/2025:03:37:39 -0700] "GET /?fileloc=//sys/class/net/lo/subsystem/lo/subsystem/eth0/device/net/eth0/subsystem/eth0/device/net/eth0/dormant&path=//sys/class/net/lo/subsystem/lo/subsystem/eth0/device/net/eth0/subsystem/eth0/device/net/eth0 HTTP/1.1" 200 13486 "-" "Mozilla/5.0 AppleWebKit/537.36 (KHTML, like Gecko; compatible; GPTBot/1.3; +https://openai.com/gptbot)"
136.243.228.193 - - [20/Nov/2025:03:37:39 -0700] "GET /products/159xo42705 HTTP/1.1" 200 101173 "-" "Mozilla/5.0 (compatible; DataForSeoBot/1.0; +https://dataforseo.com/dataforseo-bot)"
74.7.227.188 - - [20/Nov/2025:03:37:41 -0700] "GET /?path=//sys/class/net/lo/subsystem/lo/subsystem/eth0/device/net/eth0/subsystem/eth0/device/net/eth0/subsystem HTTP/1.1" 200 17094 "-" "Mozilla/5.0 AppleWebKit/537.36 (KHTML, like Gecko; compatible; GPTBot/1.3; +https://openai.com/gptbot)"
74.7.227.188 - - [20/Nov/2025:03:37:44 -0700] "GET /?path=//sys/class/net/lo/subsystem/lo/subsystem/eth0/device/net/eth0/subsystem/eth0/device/net/eth0/device HTTP/1.1" 200 30760 "-" "Mozilla/5.0 AppleWebKit/537.36 (KHTML, like Gecko; compatible; GPTBot/1.3; +https://openai.com/gptbot)"
57.141.2.34 - - [20/Nov/2025:03:37:46 -0700] "GET /product1448835?kg=0001447026 HTTP/1.1" 200 101173 "-" "meta-externalagent/1.1 (+https://developers.facebook.com/docs/sharing/webmasters/crawler)"
74.7.227.188 - - [20/Nov/2025:03:37:46 -0700] "GET /?path=//sys/class/net/lo/subsystem/lo/subsystem/eth0/device/net/eth0/subsystem/eth0/device/net/eth0/queues HTTP/1.1" 200 20216 "-" "Mozilla/5.0 AppleWebKit/537.36 (KHTML, like Gecko; compatible; GPTBot/1.3; +https://openai.com/gptbot)"
74.7.227.188 - - [20/Nov/2025:03:37:50 -0700] "GET /?path=//sys/class/net/lo/subsystem/lo/subsystem/eth0/device/net/eth0/subsystem/eth0/device/net/eth0/power HTTP/1.1" 200 29972 "-" "Mozilla/5.0 AppleWebKit/537.36 (KHTML, like Gecko; compatible; GPTBot/1.3; +https://openai.com/gptbot)"
136.243.228.193 - - [20/Nov/2025:03:37:51 -0700] "GET /products/13xo30007 HTTP/1.1" 200 101173 "-" "Mozilla/5.0 (compatible; DataForSeoBot/1.0; +https://dataforseo.com/dataforseo-bot)"
74.7.227.188 - - [20/Nov/2025:03:37:53 -0700] "GET /?path=//sys/class/net/lo/subsystem/lo/subsystem/eth0/device/net/eth0/device/subsystem/devices/virtio2/driver/virtio2/subsystem/drivers/virtio_scsi/virtio1/subsystem/drivers HTTP/1.1" 200 24047 "-" "Mozilla/5.0 AppleWebKit/537.36 (KHTML, like Gecko; compatible; GPTBot/1.3; +https://openai.com/gptbot)"
74.7.227.188 - - [20/Nov/2025:03:37:57 -0700] "GET /?path=//sys/class/net/lo/subsystem/lo/subsystem/eth0/device/net/eth0/device/subsystem/drivers/virtio_scsi/virtio1/subsystem/devices/virtio2/driver/virtio2/subsystem/devices HTTP/1.1" 200 22162 "-" "Mozilla/5.0 AppleWebKit/537.36 (KHTML, like Gecko; compatible; GPTBot/1.3; +https://openai.com/gptbot)"
74.7.227.188 - - [20/Nov/2025:03:38:00 -0700] "GET /?path=//sys/class/net/lo/subsystem/lo/subsystem/eth0/device/net/eth0/subsystem/eth0/device/net/eth0/device/power HTTP/1.1" 200 30359 "-" "Mozilla/5.0 AppleWebKit/537.36 (KHTML, like Gecko; compatible; GPTBot/1.3; +https://openai.com/gptbot)"
136.243.228.193 - - [20/Nov/2025:03:38:03 -0700] "GET /products/74vw2709 HTTP/1.1" 200 101173 "-" "Mozilla/5.0 (compatible; DataForSeoBot/1.0; +https://dataforseo.com/dataforseo-bot)"
74.7.227.188 - - [20/Nov/2025:03:38:04 -0700] "GET /?path=//sys/class/net/lo/subsystem/lo/subsystem/eth0/device/net/eth0/subsystem/eth0/device/net/eth0/subsystem/lo HTTP/1.1" 200 68694 "-" "Mozilla/5.0 AppleWebKit/537.36 (KHTML, like Gecko; compatible; GPTBot/1.3; +https://openai.com/gptbot)"
74.7.227.188 - - [20/Nov/2025:03:38:07 -0700] "GET /?path=//sys/class/net/lo/subsystem/lo/subsystem/eth0/device/net/eth0/subsystem/eth0/device/net/eth0/device/net HTTP/1.1" 200 15650 "-" "Mozilla/5.0 AppleWebKit/537.36 (KHTML, like Gecko; compatible; GPTBot/1.3; +https://openai.com/gptbot)"
74.7.227.188 - - [20/Nov/2025:03:38:09 -0700] "GET /?path=//sys/class/net/lo/subsystem/lo/subsystem/eth0/device/net/eth0/subsystem/eth0/device/net/eth0/device/driver HTTP/1.1" 200 22625 "-" "Mozilla/5.0 AppleWebKit/537.36 (KHTML, like Gecko; compatible; GPTBot/1.3; +https://openai.com/gptbot)"
74.7.227.188 - - [20/Nov/2025:03:38:12 -0700] "GET /?path=//sys/class/net/lo/subsystem/lo/subsystem/eth0/device/net/eth0/subsystem/eth0/device/net/eth0/subsystem/eth0 HTTP/1.1" 200 70539 "-" "Mozilla/5.0 AppleWebKit/537.36 (KHTML, like Gecko; compatible; GPTBot/1.3; +https://openai.com/gptbot)"
57.141.2.10 - - [20/Nov/2025:03:38:13 -0700] "GET /product1411605?kg=0001409858 HTTP/1.1" 200 101173 "-" "meta-externalagent/1.1 (+https://developers.facebook.com/docs/sharing/webmasters/crawler)"
74.7.227.188 - - [20/Nov/2025:03:38:15 -0700] "GET /?path=//sys/class/net/lo/subsystem/lo/subsystem/eth0/device/net/eth0/device/subsystem/drivers/virtio_scsi/virtio1/driver/virtio1/subsystem/devices/virtio0/subsystem/drivers HTTP/1.1" 200 24066 "-" "Mozilla/5.0 AppleWebKit/537.36 (KHTML, like Gecko; compatible; GPTBot/1.3; +https://openai.com/gptbot)"
136.243.228.193 - - [20/Nov/2025:03:38:15 -0700] "GET /products/292vx30633 HTTP/1.1" 200 101173 "-" "Mozilla/5.0 (compatible; DataForSeoBot/1.0; +https://dataforseo.com/dataforseo-bot)"
57.141.2.61 - - [20/Nov/2025:03:38:16 -0700] "GET /product769881?kg=0000769202 HTTP/1.1" 200 101173 "-" "meta-externalagent/1.1 (+https://developers.facebook.com/docs/sharing/webmasters/crawler)"
74.7.227.188 - - [20/Nov/2025:03:38:17 -0700] "GET /?path=//sys/class/net/lo/subsystem/lo/subsystem/eth0/device/net/eth0/device/subsystem/drivers/virtio_scsi/virtio1/driver/virtio1/subsystem/devices/virtio3/subsystem/drivers HTTP/1.1" 200 24066 "-" "Mozilla/5.0 AppleWebKit/537.36 (KHTML, like Gecko; compatible; GPTBot/1.3; +https://openai.com/gptbot)"
74.7.227.188 - - [20/Nov/2025:03:38:20 -0700] "GET /?path=//sys/class/net/lo/subsystem/lo/subsystem/eth0/device/net/eth0/subsystem/eth0/device/net/eth0/subsystem/lo/power HTTP/1.1" 200 30717 "-" "Mozilla/5.0 AppleWebKit/537.36 (KHTML, like Gecko; compatible; GPTBot/1.3; +https://openai.com/gptbot)"
74.7.227.188 - - [20/Nov/2025:03:38:22 -0700] "GET /?path=//sys/class/net/lo/subsystem/lo/subsystem/eth0/device/net/eth0/subsystem/eth0/device/net/eth0/subsystem/lo/statistics HTTP/1.1" 200 58489 "-" "Mozilla/5.0 AppleWebKit/537.36 (KHTML, like Gecko; compatible; GPTBot/1.3; +https://openai.com/gptbot)"
57.141.2.96 - - [20/Nov/2025:03:38:22 -0700] "GET /product452731?kg=0000452578 HTTP/1.1" 200 101173 "-" "meta-externalagent/1.1 (+https://developers.facebook.com/docs/sharing/webmasters/crawler)"
74.7.227.188 - - [20/Nov/2025:03:38:24 -0700] "GET /?path=//sys/class/net/lo/subsystem/lo/subsystem/eth0/device/net/eth0/subsystem/eth0/device/net/eth0/device/driver/module HTTP/1.1" 200 36856 "-" "Mozilla/5.0 AppleWebKit/537.36 (KHTML, like Gecko; compatible; GPTBot/1.3; +https://openai.com/gptbot)"
74.7.227.188 - - [20/Nov/2025:03:38:26 -0700] "GET /?path=//sys/class/net/lo/subsystem/lo/subsystem/eth0/device/net/eth0/subsystem/eth0/device/net/eth0/subsystem/lo/queues HTTP/1.1" 200 17433 "-" "Mozilla/5.0 AppleWebKit/537.36 (KHTML, like Gecko; compatible; GPTBot/1.3; +https://openai.com/gptbot)"
136.243.228.193 - - [20/Nov/2025:03:38:27 -0700] "GET /products/156du33470 HTTP/1.1" 200 101173 "-" "Mozilla/5.0 (compatible; DataForSeoBot/1.0; +https://dataforseo.com/dataforseo-bot)"
74.7.227.188 - - [20/Nov/2025:03:38:28 -0700] "GET /?path=//sys/class/net/lo/subsystem/lo/subsystem/eth0/device/net/eth0/subsystem/eth0/device/net/eth0/subsystem/lo/subsystem HTTP/1.1" 200 17449 "-" "Mozilla/5.0 AppleWebKit/537.36 (KHTML, like Gecko; compatible; GPTBot/1.3; +https://openai.com/gptbot)"
74.7.227.188 - - [20/Nov/2025:03:38:31 -0700] "GET /?path=//sys/class/net/lo/subsystem/lo/subsystem/eth0/device/net/eth0/subsystem/eth0/device/net/eth0/device/driver/virtio0 HTTP/1.1" 200 31579 "-" "Mozilla/5.0 AppleWebKit/537.36 (KHTML, like Gecko; compatible; GPTBot/1.3; +https://openai.com/gptbot)"
74.7.227.188 - - [20/Nov/2025:03:38:33 -0700] "GET /?path=//sys/class/net/lo/subsystem/lo/subsystem/eth0/device/net/eth0/device/subsystem/devices/virtio3/subsystem/drivers/virtio_scsi/virtio1/driver/virtio1/subsystem/devices HTTP/1.1" 200 22152 "-" "Mozilla/5.0 AppleWebKit/537.36 (KHTML, like Gecko; compatible; GPTBot/1.3; +https://openai.com/gptbot)"
74.7.227.188 - - [20/Nov/2025:03:38:35 -0700] "GET /?path=//sys/class/net/lo/subsystem/lo/subsystem/eth0/device/net/eth0/subsystem/eth0/device/net/eth0/subsystem/eth0/subsystem HTTP/1.1" 200 17467 "-" "Mozilla/5.0 AppleWebKit/537.36 (KHTML, like Gecko; compatible; GPTBot/1.3; +https://openai.com/gptbot)"
57.141.2.80 - - [20/Nov/2025:03:38:38 -0700] "GET /product584629?kg=0000584258 HTTP/1.1" 200 101173 "-" "meta-externalagent/1.1 (+https://developers.facebook.com/docs/sharing/webmasters/crawler)"
74.7.227.188 - - [20/Nov/2025:03:38:38 -0700] "GET /?path=//sys/class/net/lo/subsystem/lo/subsystem/eth0/device/net/eth0/subsystem/eth0/device/net/eth0/device/driver/module/parameters HTTP/1.1" 200 19924 "-" "Mozilla/5.0 AppleWebKit/537.36 (KHTML, like Gecko; compatible; GPTBot/1.3; +https://openai.com/gptbot)"
136.243.228.193 - - [20/Nov/2025:03:38:39 -0700] "GET /products/15ld2538 HTTP/1.1" 200 101173 "-" "Mozilla/5.0 (compatible; DataForSeoBot/1.0; +https://dataforseo.com/dataforseo-bot)"
57.141.2.25 - - [20/Nov/2025:03:38:39 -0700] "GET /product517900?kg=0000517640 HTTP/1.1" 200 101173 "-" "meta-externalagent/1.1 (+https://developers.facebook.com/docs/sharing/webmasters/crawler)"
74.7.227.188 - - [20/Nov/2025:03:38:41 -0700] "GET /?fileloc=//sys/class/net/lo/subsystem/lo/subsystem/eth0/device/net/eth0/subsystem/eth0/device/net/eth0/device/driver/module/initstate&path=//sys/class/net/lo/subsystem/lo/subsystem/eth0/device/net/eth0/subsystem/eth0/device/net/eth0/device/driver/module HTTP/1.1" 200 13917 "-" "Mozilla/5.0 AppleWebKit/537.36 (KHTML, like Gecko; compatible; GPTBot/1.3; +https://openai.com/gptbot)"
173.208.176.202 - - [20/Nov/2025:03:37:16 -0700] "GET /wp-includes/plac46a2/edit.php?id=908763 HTTP/1.1" 200 - "http://marketersvideoplayer.com/wp-includes/plac46a2/edit.php?id=908763" "Mozilla/5.0 (Windows NT 10.0; Win64; x64) AppleWebKit/537.36 (KHTML, like Gecko) Chrome/58.0.3029.110 Safari/537.3"
74.7.227.188 - - [20/Nov/2025:03:38:44 -0700] "GET /?path=//sys/class/net/lo/subsystem/lo/subsystem/eth0/device/net/eth0/subsystem/eth0/device/net/eth0/device/driver/module/holders HTTP/1.1" 200 14368 "-" "Mozilla/5.0 AppleWebKit/537.36 (KHTML, like Gecko; compatible; GPTBot/1.3; +https://openai.com/gptbot)"
74.7.227.188 - - [20/Nov/2025:03:38:47 -0700] "GET /?path=//sys/class/net/lo/subsystem/lo/subsystem/eth0/device/net/eth0/subsystem/eth0/device/net/eth0/device/driver/module/drivers HTTP/1.1" 200 16055 "-" "Mozilla/5.0 AppleWebKit/537.36 (KHTML, like Gecko; compatible; GPTBot/1.3; +https://openai.com/gptbot)"
74.7.227.188 - - [20/Nov/2025:03:38:50 -0700] "GET /?path=//sys/class/net/lo/subsystem/lo/subsystem/eth0/device/net/eth0/device/subsystem/devices/virtio3/subsystem/drivers/virtio_scsi/virtio1/driver/virtio1/subsystem/devices/virtio0 HTTP/1.1" 200 34723 "-" "Mozilla/5.0 AppleWebKit/537.36 (KHTML, like Gecko; compatible; GPTBot/1.3; +https://openai.com/gptbot)"
136.243.228.193 - - [20/Nov/2025:03:38:51 -0700] "GET /products/286kz13093 HTTP/1.1" 200 101173 "-" "Mozilla/5.0 (compatible; DataForSeoBot/1.0; +https://dataforseo.com/dataforseo-bot)"
74.7.227.188 - - [20/Nov/2025:03:38:53 -0700] "GET /?path=//sys/class/net/lo/subsystem/lo/subsystem/eth0/device/net/eth0/subsystem/eth0/device/net/eth0/device/driver/virtio0/driver HTTP/1.1" 200 23189 "-" "Mozilla/5.0 AppleWebKit/537.36 (KHTML, like Gecko; compatible; GPTBot/1.3; +https://openai.com/gptbot)"
114.119.156.102 - - [20/Nov/2025:03:38:53 -0700] "GET /products/98wr26972 HTTP/1.1" 200 101173 "http://marketersvideoplayer.com/sitemap857.xml" "Mozilla/5.0 (Linux; Android 7.0;) AppleWebKit/537.36 (KHTML, like Gecko) Mobile Safari/537.36 (compatible; PetalBot;+https://webmaster.petalsearch.com/site/petalbot)"
74.7.227.188 - - [20/Nov/2025:03:38:57 -0700] "GET /?path=//sys/class/net/lo/subsystem/lo/subsystem/eth0/device/net/eth0/subsystem/eth0/device/net/eth0/device/driver/virtio0/subsystem HTTP/1.1" 200 23325 "-" "Mozilla/5.0 AppleWebKit/537.36 (KHTML, like Gecko; compatible; GPTBot/1.3; +https://openai.com/gptbot)"
57.141.2.30 - - [20/Nov/2025:03:38:58 -0700] "GET /product1325239?kg=0001323634 HTTP/1.1" 200 101173 "-" "meta-externalagent/1.1 (+https://developers.facebook.com/docs/sharing/webmasters/crawler)"
74.7.227.188 - - [20/Nov/2025:03:39:01 -0700] "GET /?path=//sys/class/net/lo/subsystem/lo/subsystem/eth0/device/net/eth0/subsystem/eth0/device/net/eth0/device/driver/module/sections HTTP/1.1" 200 47886 "-" "Mozilla/5.0 AppleWebKit/537.36 (KHTML, like Gecko; compatible; GPTBot/1.3; +https://openai.com/gptbot)"
136.243.228.193 - - [20/Nov/2025:03:39:04 -0700] "GET /products/265rl17299 HTTP/1.1" 200 101173 "-" "Mozilla/5.0 (compatible; DataForSeoBot/1.0; +https://dataforseo.com/dataforseo-bot)"
74.7.227.188 - - [20/Nov/2025:03:39:09 -0700] "GET /?path=//sys/class/net/lo/subsystem/lo/subsystem/eth0/device/net/eth0/subsystem/eth0/device/net/eth0/device/driver/module/drivers/virtio:virtio_net HTTP/1.1" 200 23691 "-" "Mozilla/5.0 AppleWebKit/537.36 (KHTML, like Gecko; compatible; GPTBot/1.3; +https://openai.com/gptbot)"
74.7.227.188 - - [20/Nov/2025:03:39:14 -0700] "GET /?path=//sys/class/net/lo/subsystem/lo/subsystem/eth0/device/net/eth0/subsystem/eth0/device/net/eth0/device/driver/virtio0/driver/virtio0 HTTP/1.1" 200 32428 "-" "Mozilla/5.0 AppleWebKit/537.36 (KHTML, like Gecko; compatible; GPTBot/1.3; +https://openai.com/gptbot)"
57.141.2.91 - - [20/Nov/2025:03:39:16 -0700] "GET /product751901?kg=0000751250 HTTP/1.1" 200 101173 "-" "meta-externalagent/1.1 (+https://developers.facebook.com/docs/sharing/webmasters/crawler)"
74.7.227.188 - - [20/Nov/2025:03:39:17 -0700] "GET /?path=//sys/class/net/lo/subsystem/lo/subsystem/eth0/device/net/eth0/subsystem/eth0/device/net/eth0/device/driver/virtio0/power HTTP/1.1" 200 31193 "-" "Mozilla/5.0 AppleWebKit/537.36 (KHTML, like Gecko; compatible; GPTBot/1.3; +https://openai.com/gptbot)"
74.7.227.188 - - [20/Nov/2025:03:39:22 -0700] "GET /?path=//sys/class/net/lo/subsystem/lo/subsystem/eth0/device/net/eth0/subsystem/eth0/device/net/eth0/device/driver/virtio0/subsystem/drivers HTTP/1.1" 200 23069 "-" "Mozilla/5.0 AppleWebKit/537.36 (KHTML, like Gecko; compatible; GPTBot/1.3; +https://openai.com/gptbot)"
136.243.228.193 - - [20/Nov/2025:03:39:22 -0700] "GET /products/80ka12589 HTTP/1.1" 200 101173 "-" "Mozilla/5.0 (compatible; DataForSeoBot/1.0; +https://dataforseo.com/dataforseo-bot)"
74.7.227.188 - - [20/Nov/2025:03:39:25 -0700] "GET /?path=//sys/class/net/lo/subsystem/lo/subsystem/eth0/device/net/eth0/subsystem/eth0/device/net/eth0/subsystem/lo/queues/tx-0 HTTP/1.1" 200 23392 "-" "Mozilla/5.0 AppleWebKit/537.36 (KHTML, like Gecko; compatible; GPTBot/1.3; +https://openai.com/gptbot)"
74.7.227.188 - - [20/Nov/2025:03:39:27 -0700] "GET /?path=//sys/class/net/lo/subsystem/lo/subsystem/eth0/device/net/eth0/subsystem/eth0/device/net/eth0/device/driver/virtio0/driver/virtio0/net HTTP/1.1" 200 16358 "-" "Mozilla/5.0 AppleWebKit/537.36 (KHTML, like Gecko; compatible; GPTBot/1.3; +https://openai.com/gptbot)"
74.7.227.188 - - [20/Nov/2025:03:39:29 -0700] "GET /?path=//sys/class/net/lo/subsystem/lo/subsystem/eth0/device/net/eth0/subsystem/eth0/device/net/eth0/device/driver/module/drivers/virtio:virtio_net/module HTTP/1.1" 200 38912 "-" "Mozilla/5.0 AppleWebKit/537.36 (KHTML, like Gecko; compatible; GPTBot/1.3; +https://openai.com/gptbot)"
74.7.227.188 - - [20/Nov/2025:03:39:31 -0700] "GET /?path=//sys/class/net/lo/subsystem/lo/subsystem/eth0/device/net/eth0/subsystem/eth0/device/net/eth0/device/driver/virtio0/subsystem/drivers/virtio_console HTTP/1.1" 200 24009 "-" "Mozilla/5.0 AppleWebKit/537.36 (KHTML, like Gecko; compatible; GPTBot/1.3; +https://openai.com/gptbot)"
74.7.227.188 - - [20/Nov/2025:03:39:33 -0700] "GET /?path=//sys/class/net/lo/subsystem/lo/subsystem/eth0/device/net/eth0/subsystem/eth0/device/net/eth0/device/driver/virtio0/driver/virtio0/power HTTP/1.1" 200 32057 "-" "Mozilla/5.0 AppleWebKit/537.36 (KHTML, like Gecko; compatible; GPTBot/1.3; +https://openai.com/gptbot)"
74.7.227.188 - - [20/Nov/2025:03:39:35 -0700] "GET /?path=//sys/class/net/lo/subsystem/lo/subsystem/eth0/device/net/eth0/subsystem/eth0/device/net/eth0/device/driver/module/drivers/virtio:virtio_net/virtio0 HTTP/1.1" 200 33272 "-" "Mozilla/5.0 AppleWebKit/537.36 (KHTML, like Gecko; compatible; GPTBot/1.3; +https://openai.com/gptbot)"
136.243.228.193 - - [20/Nov/2025:03:39:35 -0700] "GET /products/48cf30839 HTTP/1.1" 200 101173 "-" "Mozilla/5.0 (compatible; DataForSeoBot/1.0; +https://dataforseo.com/dataforseo-bot)"
74.7.227.188 - - [20/Nov/2025:03:39:37 -0700] "GET /?path=//sys/class/net/lo/subsystem/lo/subsystem/eth0/device/net/eth0/subsystem/eth0/device/net/eth0/device/driver/virtio0/driver/module HTTP/1.1" 200 37870 "-" "Mozilla/5.0 AppleWebKit/537.36 (KHTML, like Gecko; compatible; GPTBot/1.3; +https://openai.com/gptbot)"
74.7.227.188 - - [20/Nov/2025:03:39:38 -0700] "GET /?fileloc=//sys/class/net/lo/subsystem/lo/subsystem/eth0/device/net/eth0/subsystem/eth0/device/net/eth0/device/driver/virtio0/subsystem/drivers_probe&path=//sys/class/net/lo/subsystem/lo/subsystem/eth0/device/net/eth0/subsystem/eth0/device/net/eth0/device/driver/virtio0/subsystem HTTP/1.1" 200 14085 "-" "Mozilla/5.0 AppleWebKit/537.36 (KHTML, like Gecko; compatible; GPTBot/1.3; +https://openai.com/gptbot)"
74.7.227.188 - - [20/Nov/2025:03:39:40 -0700] "GET /?path=//sys/class/net/lo/subsystem/lo/subsystem/eth0/device/net/eth0/subsystem/eth0/device/net/eth0/device/driver/module/drivers/virtio:virtio_net/module/sections HTTP/1.1" 200 50800 "-" "Mozilla/5.0 AppleWebKit/537.36 (KHTML, like Gecko; compatible; GPTBot/1.3; +https://openai.com/gptbot)"
74.7.227.188 - - [20/Nov/2025:03:39:42 -0700] "GET /?path=//sys/class/net/lo/subsystem/lo/subsystem/eth0/device/net/eth0/subsystem/eth0/device/net/eth0/device/driver/module/drivers/virtio:virtio_net/module/holders HTTP/1.1" 200 14906 "-" "Mozilla/5.0 AppleWebKit/537.36 (KHTML, like Gecko; compatible; GPTBot/1.3; +https://openai.com/gptbot)"
74.7.227.188 - - [20/Nov/2025:03:39:44 -0700] "GET /?fileloc=//sys/class/net/lo/subsystem/lo/subsystem/eth0/device/net/eth0/subsystem/eth0/device/net/eth0/device/driver/virtio0/subsystem/drivers/virtio_console/bind&path=//sys/class/net/lo/subsystem/lo/subsystem/eth0/device/net/eth0/subsystem/eth0/device/net/eth0/device/driver/virtio0/subsystem/drivers/virtio_console HTTP/1.1" 200 14445 "-" "Mozilla/5.0 AppleWebKit/537.36 (KHTML, like Gecko; compatible; GPTBot/1.3; +https://openai.com/gptbot)"
74.7.227.188 - - [20/Nov/2025:03:39:45 -0700] "GET /?path=//sys/class/net/lo/subsystem/lo/subsystem/eth0/device/net/eth0/subsystem/eth0/device/net/eth0/device/driver/module/drivers/virtio:virtio_net/module/parameters HTTP/1.1" 200 20858 "-" "Mozilla/5.0 AppleWebKit/537.36 (KHTML, like Gecko; compatible; GPTBot/1.3; +https://openai.com/gptbot)"
74.7.227.188 - - [20/Nov/2025:03:39:46 -0700] "GET /?path=//sys/class/net/lo/subsystem/lo/subsystem/eth0/device/net/eth0/subsystem/eth0/device/net/eth0/device/driver/module/drivers/virtio:virtio_net/module/notes HTTP/1.1" 200 16916 "-" "Mozilla/5.0 AppleWebKit/537.36 (KHTML, like Gecko; compatible; GPTBot/1.3; +https://openai.com/gptbot)"
136.243.228.193 - - [20/Nov/2025:03:39:47 -0700] "GET /products/131zn14708 HTTP/1.1" 200 101173 "-" "Mozilla/5.0 (compatible; DataForSeoBot/1.0; +https://dataforseo.com/dataforseo-bot)"
74.7.227.188 - - [20/Nov/2025:03:39:48 -0700] "GET /?path=//sys/class/net/lo/subsystem/lo/subsystem/eth0/device/net/eth0/device/driver/virtio0/driver/virtio0/subsystem/devices/virtio0/subsystem/devices/virtio2/driver/module HTTP/1.1" 200 38408 "-" "Mozilla/5.0 AppleWebKit/537.36 (KHTML, like Gecko; compatible; GPTBot/1.3; +https://openai.com/gptbot)"
74.7.227.188 - - [20/Nov/2025:03:39:50 -0700] "GET /?path=//sys/class/net/lo/subsystem/lo/subsystem/eth0/device/net/eth0/subsystem/eth0/device/net/eth0/device/driver/virtio0/driver/module/parameters HTTP/1.1" 200 20428 "-" "Mozilla/5.0 AppleWebKit/537.36 (KHTML, like Gecko; compatible; GPTBot/1.3; +https://openai.com/gptbot)"
74.7.227.188 - - [20/Nov/2025:03:39:51 -0700] "GET /?path=//sys/class/net/lo/subsystem/lo/subsystem/eth0/device/net/eth0/subsystem/eth0/device/net/eth0/device/driver/virtio0/driver/module/notes HTTP/1.1" 200 16630 "-" "Mozilla/5.0 AppleWebKit/537.36 (KHTML, like Gecko; compatible; GPTBot/1.3; +https://openai.com/gptbot)"
74.7.227.188 - - [20/Nov/2025:03:39:52 -0700] "GET /?path=//sys/class/net/lo/subsystem/lo/subsystem/eth0/device/net/eth0/subsystem/eth0/device/net/eth0/device/driver/virtio0/driver/module/holders HTTP/1.1" 200 14692 "-" "Mozilla/5.0 AppleWebKit/537.36 (KHTML, like Gecko; compatible; GPTBot/1.3; +https://openai.com/gptbot)"
74.7.227.188 - - [20/Nov/2025:03:39:54 -0700] "GET /?path=//sys/class/net/lo/subsystem/lo/subsystem/eth0/device/net/eth0/subsystem/eth0/device/net/eth0/device/driver/virtio0/driver/module/sections HTTP/1.1" 200 49290 "-" "Mozilla/5.0 AppleWebKit/537.36 (KHTML, like Gecko; compatible; GPTBot/1.3; +https://openai.com/gptbot)"
216.73.216.101 - - [20/Nov/2025:03:39:54 -0700] "GET / HTTP/1.1" 200 101173 "-" "Mozilla/5.0 AppleWebKit/537.36 (KHTML, like Gecko; compatible; ClaudeBot/1.0; +claudebot@anthropic.com)"
57.141.2.5 - - [20/Nov/2025:03:39:55 -0700] "GET /product439930?kg=0000439800 HTTP/1.1" 200 101173 "-" "meta-externalagent/1.1 (+https://developers.facebook.com/docs/sharing/webmasters/crawler)"
74.7.227.188 - - [20/Nov/2025:03:39:56 -0700] "GET /?path=//sys/class/net/lo/subsystem/lo/subsystem/eth0/device/net/eth0/subsystem/eth0/device/net/eth0/device/driver/virtio0/driver/module/drivers HTTP/1.1" 200 16424 "-" "Mozilla/5.0 AppleWebKit/537.36 (KHTML, like Gecko; compatible; GPTBot/1.3; +https://openai.com/gptbot)"
136.243.228.193 - - [20/Nov/2025:03:39:57 -0700] "GET /products/196dj17420 HTTP/1.1" 200 101173 "-" "Mozilla/5.0 (compatible; DataForSeoBot/1.0; +https://dataforseo.com/dataforseo-bot)"
74.7.227.188 - - [20/Nov/2025:03:39:59 -0700] "GET /?path=//sys/class/net/lo/subsystem/lo/subsystem/eth0/device/net/eth0/subsystem/eth0/device/net/eth0/device/driver/module/drivers/virtio:virtio_net/virtio0/power HTTP/1.1" 200 32919 "-" "Mozilla/5.0 AppleWebKit/537.36 (KHTML, like Gecko; compatible; GPTBot/1.3; +https://openai.com/gptbot)"
74.7.227.188 - - [20/Nov/2025:03:40:02 -0700] "GET /?path=//sys/class/net/lo/subsystem/lo/subsystem/eth0/device/net/eth0/device/subsystem/devices/virtio2/driver/virtio2/driver/virtio2/subsystem/devices/virtio2/driver/module HTTP/1.1" 200 38422 "-" "Mozilla/5.0 AppleWebKit/537.36 (KHTML, like Gecko; compatible; GPTBot/1.3; +https://openai.com/gptbot)"
74.7.227.188 - - [20/Nov/2025:03:40:05 -0700] "GET /?path=//sys/class/net/lo/subsystem/lo/subsystem/eth0/device/net/eth0/subsystem/eth0/device/net/eth0/device/driver/module/drivers/virtio:virtio_net/virtio0/net HTTP/1.1" 200 16626 "-" "Mozilla/5.0 AppleWebKit/537.36 (KHTML, like Gecko; compatible; GPTBot/1.3; +https://openai.com/gptbot)"
57.141.2.33 - - [20/Nov/2025:03:40:06 -0700] "GET /product1365945?kg=0001364274 HTTP/1.1" 200 101173 "-" "meta-externalagent/1.1 (+https://developers.facebook.com/docs/sharing/webmasters/crawler)"
74.7.227.188 - - [20/Nov/2025:03:40:07 -0700] "GET /?path=//sys/class/net/lo/subsystem/lo/subsystem/eth0/device/net/eth0/subsystem/eth0/device/net/eth0/device/driver/virtio0/subsystem/drivers/virtio_balloon HTTP/1.1" 200 24009 "-" "Mozilla/5.0 AppleWebKit/537.36 (KHTML, like Gecko; compatible; GPTBot/1.3; +https://openai.com/gptbot)"
74.7.227.188 - - [20/Nov/2025:03:40:09 -0700] "GET /?path=//sys/class/net/lo/subsystem/lo/subsystem/eth0/device/net/eth0/subsystem/eth0/device/net/eth0/device/driver/module/drivers/virtio:virtio_net/module/drivers HTTP/1.1" 200 16692 "-" "Mozilla/5.0 AppleWebKit/537.36 (KHTML, like Gecko; compatible; GPTBot/1.3; +https://openai.com/gptbot)"
136.243.228.193 - - [20/Nov/2025:03:40:10 -0700] "GET /products/112gd6209 HTTP/1.1" 200 101173 "-" "Mozilla/5.0 (compatible; DataForSeoBot/1.0; +https://dataforseo.com/dataforseo-bot)"
74.7.227.188 - - [20/Nov/2025:03:40:11 -0700] "GET /?path=//sys/class/net/lo/subsystem/lo/subsystem/eth0/device/net/eth0/subsystem/eth0/device/net/eth0/device/driver/virtio0/subsystem/drivers/virtio_net HTTP/1.1" 200 23929 "-" "Mozilla/5.0 AppleWebKit/537.36 (KHTML, like Gecko; compatible; GPTBot/1.3; +https://openai.com/gptbot)"
114.119.142.135 - - [20/Nov/2025:03:40:11 -0700] "GET /products/9xg22323 HTTP/1.1" 200 101173 "http://marketersvideoplayer.com/sitemap830.xml" "Mozilla/5.0 (Linux; Android 7.0;) AppleWebKit/537.36 (KHTML, like Gecko) Mobile Safari/537.36 (compatible; PetalBot;+https://webmaster.petalsearch.com/site/petalbot)"
74.7.227.188 - - [20/Nov/2025:03:40:13 -0700] "GET /?path=//sys/class/net/lo/subsystem/lo/subsystem/eth0/device/net/eth0/subsystem/eth0/device/net/eth0/subsystem/lo/queues/rx-0 HTTP/1.1" 200 18037 "-" "Mozilla/5.0 AppleWebKit/537.36 (KHTML, like Gecko; compatible; GPTBot/1.3; +https://openai.com/gptbot)"
74.7.227.188 - - [20/Nov/2025:03:40:14 -0700] "GET /?fileloc=//sys/class/net/lo/subsystem/lo/subsystem/eth0/device/net/eth0/subsystem/eth0/device/net/eth0/device/driver/module/drivers/virtio:virtio_net/virtio0/power/runtime_status&path=//sys/class/net/lo/subsystem/lo/subsystem/eth0/device/net/eth0/subsystem/eth0/device/net/eth0/device/driver/module/drivers/virtio:virtio_net/virtio0/power HTTP/1.1" 200 14657 "-" "Mozilla/5.0 AppleWebKit/537.36 (KHTML, like Gecko; compatible; GPTBot/1.3; +https://openai.com/gptbot)"
74.7.227.188 - - [20/Nov/2025:03:40:16 -0700] "GET /?path=//sys/class/net/lo/subsystem/lo/subsystem/eth0/device/net/eth0/subsystem/eth0/device/net/eth0/device/driver/virtio0/driver/virtio0/subsystem HTTP/1.1" 200 23919 "-" "Mozilla/5.0 AppleWebKit/537.36 (KHTML, like Gecko; compatible; GPTBot/1.3; +https://openai.com/gptbot)"
57.141.2.16 - - [20/Nov/2025:03:40:17 -0700] "GET /product1387855?kg=0001386146 HTTP/1.1" 200 101173 "-" "meta-externalagent/1.1 (+https://developers.facebook.com/docs/sharing/webmasters/crawler)"
74.7.227.188 - - [20/Nov/2025:03:40:17 -0700] "GET /?path=//sys/class/net/lo/subsystem/lo/subsystem/eth0/device/net/eth0/subsystem/eth0/device/net/eth0/device/driver/virtio0/driver/virtio0/driver HTTP/1.1" 200 23783 "-" "Mozilla/5.0 AppleWebKit/537.36 (KHTML, like Gecko; compatible; GPTBot/1.3; +https://openai.com/gptbot)"
74.7.227.188 - - [20/Nov/2025:03:40:18 -0700] "GET /?path=//sys/class/net/lo/subsystem/lo/subsystem/eth0/device/net/eth0/subsystem/eth0/device/net/eth0/device/driver/virtio0/subsystem/drivers/virtio_scsi HTTP/1.1" 200 23949 "-" "Mozilla/5.0 AppleWebKit/537.36 (KHTML, like Gecko; compatible; GPTBot/1.3; +https://openai.com/gptbot)"
74.7.227.188 - - [20/Nov/2025:03:40:20 -0700] "GET /?path=//sys/class/net/lo/subsystem/lo/subsystem/eth0/device/net/eth0/subsystem/eth0/device/net/eth0/device/driver/virtio0/subsystem/drivers/virtio_net/module HTTP/1.1" 200 39270 "-" "Mozilla/5.0 AppleWebKit/537.36 (KHTML, like Gecko; compatible; GPTBot/1.3; +https://openai.com/gptbot)"
136.243.228.193 - - [20/Nov/2025:03:40:20 -0700] "GET /products/45ws24575 HTTP/1.1" 200 101173 "-" "Mozilla/5.0 (compatible; DataForSeoBot/1.0; +https://dataforseo.com/dataforseo-bot)"
74.7.227.188 - - [20/Nov/2025:03:40:21 -0700] "GET /?path=//sys/class/net/lo/subsystem/lo/subsystem/eth0/device/net/eth0/subsystem/eth0/device/net/eth0/device/driver/virtio0/driver/module/drivers/virtio:virtio_net HTTP/1.1" 200 24300 "-" "Mozilla/5.0 AppleWebKit/537.36 (KHTML, like Gecko; compatible; GPTBot/1.3; +https://openai.com/gptbot)"
74.7.227.188 - - [20/Nov/2025:03:40:22 -0700] "GET /?path=//sys/class/net/lo/subsystem/lo/subsystem/eth0/device/net/eth0/subsystem/eth0/device/net/eth0/device/driver/virtio0/subsystem/drivers/virtio_net/virtio0 HTTP/1.1" 200 33586 "-" "Mozilla/5.0 AppleWebKit/537.36 (KHTML, like Gecko; compatible; GPTBot/1.3; +https://openai.com/gptbot)"
74.7.227.188 - - [20/Nov/2025:03:40:24 -0700] "GET /?path=//sys/class/net/lo/subsystem/lo/subsystem/eth0/device/net/eth0/subsystem/eth0/device/net/eth0/device/driver/module/drivers/virtio:virtio_net/virtio0/driver HTTP/1.1" 200 24321 "-" "Mozilla/5.0 AppleWebKit/537.36 (KHTML, like Gecko; compatible; GPTBot/1.3; +https://openai.com/gptbot)"
74.7.227.188 - - [20/Nov/2025:03:40:24 -0700] "GET /?path=//sys/class/net/lo/subsystem/lo/subsystem/eth0/device/net/eth0/subsystem/eth0/device/net/eth0/device/driver/virtio0/driver/virtio0/subsystem/devices HTTP/1.1" 200 21776 "-" "Mozilla/5.0 AppleWebKit/537.36 (KHTML, like Gecko; compatible; GPTBot/1.3; +https://openai.com/gptbot)"
74.7.227.188 - - [20/Nov/2025:03:40:26 -0700] "GET /?path=//sys/class/net/lo/subsystem/lo/subsystem/eth0/device/net/eth0/subsystem/eth0/device/net/eth0/device/driver/module/drivers/virtio:virtio_net/virtio0/subsystem HTTP/1.1" 200 24457 "-" "Mozilla/5.0 AppleWebKit/537.36 (KHTML, like Gecko; compatible; GPTBot/1.3; +https://openai.com/gptbot)"
74.7.227.188 - - [20/Nov/2025:03:40:28 -0700] "GET /?path=//sys/class/net/lo/subsystem/lo/subsystem/eth0/device/net/eth0/subsystem/eth0/device/net/eth0/device/driver/virtio0/driver/virtio0/driver/module HTTP/1.1" 200 38914 "-" "Mozilla/5.0 AppleWebKit/537.36 (KHTML, like Gecko; compatible; GPTBot/1.3; +https://openai.com/gptbot)"
74.7.227.188 - - [20/Nov/2025:03:40:29 -0700] "GET /?path=//sys/class/net/lo/subsystem/lo/subsystem/eth0/device/net/eth0/subsystem/eth0/device/net/eth0/device/driver/virtio0/subsystem/drivers/virtio_scsi/module HTTP/1.1" 200 37571 "-" "Mozilla/5.0 AppleWebKit/537.36 (KHTML, like Gecko; compatible; GPTBot/1.3; +https://openai.com/gptbot)"
74.7.227.188 - - [20/Nov/2025:03:40:31 -0700] "GET /?path=//sys/class/net/lo/subsystem/lo/subsystem/eth0/device/net/eth0/subsystem/eth0/device/net/eth0/device/driver/virtio0/subsystem/drivers/virtio_net/module/parameters HTTP/1.1" 200 21080 "-" "Mozilla/5.0 AppleWebKit/537.36 (KHTML, like Gecko; compatible; GPTBot/1.3; +https://openai.com/gptbot)"
136.243.228.193 - - [20/Nov/2025:03:40:32 -0700] "GET /products/258fi18509 HTTP/1.1" 200 101173 "-" "Mozilla/5.0 (compatible; DataForSeoBot/1.0; +https://dataforseo.com/dataforseo-bot)"
74.7.227.188 - - [20/Nov/2025:03:40:32 -0700] "GET /?path=//sys/class/net/lo/subsystem/lo/subsystem/eth0/device/net/eth0/subsystem/eth0/device/net/eth0/device/driver/virtio0/driver/module/drivers/virtio:virtio_net/module HTTP/1.1" 200 39971 "-" "Mozilla/5.0 AppleWebKit/537.36 (KHTML, like Gecko; compatible; GPTBot/1.3; +https://openai.com/gptbot)"
57.141.2.4 - - [20/Nov/2025:03:40:33 -0700] "GET /product1331798?kg=0001330184 HTTP/1.1" 200 101173 "-" "meta-externalagent/1.1 (+https://developers.facebook.com/docs/sharing/webmasters/crawler)"
74.7.227.188 - - [20/Nov/2025:03:40:34 -0700] "GET /?path=//sys/class/net/lo/subsystem/lo/subsystem/eth0/device/net/eth0/device/subsystem/devices/virtio1/driver/virtio1/subsystem/devices/virtio1/subsystem/drivers HTTP/1.1" 200 23658 "-" "Mozilla/5.0 AppleWebKit/537.36 (KHTML, like Gecko; compatible; GPTBot/1.3; +https://openai.com/gptbot)"
173.208.176.202 - - [20/Nov/2025:03:38:52 -0700] "GET /wp-includes/plac46a2/edit.php?id=908763 HTTP/1.1" 200 - "http://marketersvideoplayer.com/wp-includes/plac46a2/edit.php?id=908763" "Mozilla/5.0 (Windows NT 10.0; Win64; x64) AppleWebKit/537.36 (KHTML, like Gecko) Chrome/58.0.3029.110 Safari/537.3"
74.7.227.188 - - [20/Nov/2025:03:40:35 -0700] "GET /?fileloc=//sys/class/net/lo/subsystem/lo/subsystem/eth0/device/net/eth0/subsystem/eth0/device/net/eth0/device/driver/virtio0/subsystem/drivers/virtio_net/virtio0/status&path=//sys/class/net/lo/subsystem/lo/subsystem/eth0/device/net/eth0/subsystem/eth0/device/net/eth0/device/driver/virtio0/subsystem/drivers/virtio_net/virtio0 HTTP/1.1" 200 14635 "-" "Mozilla/5.0 AppleWebKit/537.36 (KHTML, like Gecko; compatible; GPTBot/1.3; +https://openai.com/gptbot)"
