114.119.137.103 - - [20/Nov/2025:03:06:44 -0700] "GET /products/98zf43067 HTTP/1.1" 200 101173 "http://marketersvideoplayer.com/sitemap845.xml" "Mozilla/5.0 (Linux; Android 7.0;) AppleWebKit/537.36 (KHTML, like Gecko) Mobile Safari/537.36 (compatible; PetalBot;+https://webmaster.petalsearch.com/site/petalbot)"
74.7.227.188 - - [20/Nov/2025:03:06:47 -0700] "GET /?path=//sys/class/net/lo/subsystem/lo/subsystem/eth0/device/net/eth0/device/driver/virtio0/net/eth0/device/driver/virtio0/net/eth0/power HTTP/1.1" 200 31816 "-" "Mozilla/5.0 AppleWebKit/537.36 (KHTML, like Gecko; compatible; GPTBot/1.3; +https://openai.com/gptbot)"
136.243.228.193 - - [20/Nov/2025:03:07:06 -0700] "GET /products/109kj30874 HTTP/1.1" 200 71958 "-" "Mozilla/5.0 (compatible; DataForSeoBot/1.0; +https://dataforseo.com/dataforseo-bot)"
74.7.227.188 - - [20/Nov/2025:03:07:17 -0700] "GET /?path=//sys/class/net/lo/subsystem/lo/subsystem/eth0/device/net/eth0/subsystem/lo/subsystem/eth0/device/net/eth0/device/driver/virtio0/power HTTP/1.1" 200 31980 "-" "Mozilla/5.0 AppleWebKit/537.36 (KHTML, like Gecko; compatible; GPTBot/1.3; +https://openai.com/gptbot)"
57.141.2.4 - - [20/Nov/2025:03:07:12 -0700] "GET /product1036122?kg=0001035000 HTTP/1.1" 200 101173 "-" "meta-externalagent/1.1 (+https://developers.facebook.com/docs/sharing/webmasters/crawler)"
204.12.208.18 - - [20/Nov/2025:03:06:23 -0700] "GET /wp-includes/plac46a2/edit.php HTTP/1.1" 200 - "http://marketersvideoplayer.com/wp-includes/plac46a2/edit.php" "Mozilla/5.0 (Macintosh; Intel Mac OS X 10_6_8) AppleWebKit/534.24 (KHTML, like Gecko) Chrome/11.0.696.71 Safari/534.24"
136.243.228.193 - - [20/Nov/2025:03:07:57 -0700] "GET /products/233qt24944 HTTP/1.1" 200 63958 "-" "Mozilla/5.0 (compatible; DataForSeoBot/1.0; +https://dataforseo.com/dataforseo-bot)"
114.119.130.177 - - [20/Nov/2025:03:08:07 -0700] "GET /products/98zf41894 HTTP/1.1" 200 101173 "http://marketersvideoplayer.com/sitemap875.xml" "Mozilla/5.0 (Linux; Android 7.0;) AppleWebKit/537.36 (KHTML, like Gecko) Mobile Safari/537.36 (compatible; PetalBot;+https://webmaster.petalsearch.com/site/petalbot)"
77.237.239.226 - - [20/Nov/2025:03:08:25 -0700] "HEAD / HTTP/1.1" 200 - "-" "python-requests/2.32.5"
74.7.227.188 - - [20/Nov/2025:03:09:07 -0700] "GET /?path=//sys/class/net/lo/subsystem/lo/subsystem/eth0/device/net/eth0/device/net/eth0/subsystem/eth0/device/driver/virtio0/driver/virtio0/net/eth0 HTTP/1.1" 200 75111 "-" "Mozilla/5.0 AppleWebKit/537.36 (KHTML, like Gecko; compatible; GPTBot/1.3; +https://openai.com/gptbot)"
57.141.2.92 - - [20/Nov/2025:03:09:11 -0700] "GET /product1303603?kg=0001302034 HTTP/1.1" 200 101173 "-" "meta-externalagent/1.1 (+https://developers.facebook.com/docs/sharing/webmasters/crawler)"
173.208.176.202 - - [20/Nov/2025:03:08:22 -0700] "GET /wp-includes/plac46a2/edit.php?id=908763 HTTP/1.1" 200 - "http://marketersvideoplayer.com/wp-includes/plac46a2/edit.php?id=908763" "Mozilla/5.0 (Windows NT 10.0; Win64; x64) AppleWebKit/537.36 (KHTML, like Gecko) Chrome/58.0.3029.110 Safari/537.3"
114.119.142.179 - - [20/Nov/2025:03:09:31 -0700] "GET /products/98yo49066 HTTP/1.1" 200 101173 "http://marketersvideoplayer.com/sitemap857.xml" "Mozilla/5.0 (Linux; Android 7.0;) AppleWebKit/537.36 (KHTML, like Gecko) Mobile Safari/537.36 (compatible; PetalBot;+https://webmaster.petalsearch.com/site/petalbot)"
136.243.228.193 - - [20/Nov/2025:03:09:40 -0700] "GET /products/120lh40238 HTTP/1.1" 200 101173 "-" "Mozilla/5.0 (compatible; DataForSeoBot/1.0; +https://dataforseo.com/dataforseo-bot)"
74.7.227.188 - - [20/Nov/2025:03:10:07 -0700] "GET /?path=//sys/class/net/lo/subsystem/lo/subsystem/eth0/device/net/eth0/subsystem/lo/subsystem/eth0/device/net/eth0/device/driver/module/holders HTTP/1.1" 200 14687 "-" "Mozilla/5.0 AppleWebKit/537.36 (KHTML, like Gecko; compatible; GPTBot/1.3; +https://openai.com/gptbot)"
57.141.2.61 - - [20/Nov/2025:03:10:23 -0700] "GET /product623982?kg=0000623544 HTTP/1.1" 200 101173 "-" "meta-externalagent/1.1 (+https://developers.facebook.com/docs/sharing/webmasters/crawler)"
136.243.228.193 - - [20/Nov/2025:03:10:31 -0700] "GET /products/276ek36103 HTTP/1.1" 200 101173 "-" "Mozilla/5.0 (compatible; DataForSeoBot/1.0; +https://dataforseo.com/dataforseo-bot)"
114.119.156.102 - - [20/Nov/2025:03:10:55 -0700] "GET /products/98yn37920 HTTP/1.1" 200 101173 "http://marketersvideoplayer.com/sitemap857.xml" "Mozilla/5.0 (Linux; Android 7.0;) AppleWebKit/537.36 (KHTML, like Gecko) Mobile Safari/537.36 (compatible; PetalBot;+https://webmaster.petalsearch.com/site/petalbot)"
136.243.228.193 - - [20/Nov/2025:03:11:10 -0700] "GET /products/96oi49588 HTTP/1.1" 200 95958 "-" "Mozilla/5.0 (compatible; DataForSeoBot/1.0; +https://dataforseo.com/dataforseo-bot)"
74.7.227.188 - - [20/Nov/2025:03:11:15 -0700] "GET /?path=//sys/class/net/lo/subsystem/lo/subsystem/eth0/device/net/eth0/subsystem/lo/subsystem/eth0/device/net/eth0/device/driver/module/parameters HTTP/1.1" 200 20399 "-" "Mozilla/5.0 AppleWebKit/537.36 (KHTML, like Gecko; compatible; GPTBot/1.3; +https://openai.com/gptbot)"
173.208.176.202 - - [20/Nov/2025:03:10:31 -0700] "GET /wp-includes/plac46a2/edit.php?id=908763 HTTP/1.1" 200 - "http://marketersvideoplayer.com/wp-includes/plac46a2/edit.php?id=908763" "Mozilla/5.0 (Windows NT 10.0; Win64; x64) AppleWebKit/537.36 (KHTML, like Gecko) Chrome/58.0.3029.110 Safari/537.3"
136.243.228.193 - - [20/Nov/2025:03:12:01 -0700] "GET /products/12tt30718 HTTP/1.1" 200 101173 "-" "Mozilla/5.0 (compatible; DataForSeoBot/1.0; +https://dataforseo.com/dataforseo-bot)"
74.7.227.188 - - [20/Nov/2025:03:12:14 -0700] "GET /?path=//sys/class/net/lo/subsystem/lo/subsystem/eth0/device/net/eth0/device/driver/virtio0/net/eth0/device/driver/virtio0/net/eth0/subsystem/lo HTTP/1.1" 200 73173 "-" "Mozilla/5.0 AppleWebKit/537.36 (KHTML, like Gecko; compatible; GPTBot/1.3; +https://openai.com/gptbot)"
114.119.142.179 - - [20/Nov/2025:03:12:19 -0700] "GET /products/99jr8436 HTTP/1.1" 200 101173 "http://marketersvideoplayer.com/sitemap845.xml" "Mozilla/5.0 (Linux; Android 7.0;) AppleWebKit/537.36 (KHTML, like Gecko) Mobile Safari/537.36 (compatible; PetalBot;+https://webmaster.petalsearch.com/site/petalbot)"
136.243.228.193 - - [20/Nov/2025:03:12:50 -0700] "GET /products/195sx42621 HTTP/1.1" 200 101173 "-" "Mozilla/5.0 (compatible; DataForSeoBot/1.0; +https://dataforseo.com/dataforseo-bot)"
136.243.228.193 - - [20/Nov/2025:03:13:10 -0700] "GET /products/132eb10273 HTTP/1.1" 200 101173 "-" "Mozilla/5.0 (compatible; DataForSeoBot/1.0; +https://dataforseo.com/dataforseo-bot)"
74.7.227.188 - - [20/Nov/2025:03:13:15 -0700] "GET /?path=//sys/class/net/lo/subsystem/lo/subsystem/eth0/device/net/eth0/subsystem/eth0/device/subsystem/devices/virtio1/host2/scsi_host/host2/device/scsi_host/host2/device HTTP/1.1" 200 24243 "-" "Mozilla/5.0 AppleWebKit/537.36 (KHTML, like Gecko; compatible; GPTBot/1.3; +https://openai.com/gptbot)"
136.243.228.193 - - [20/Nov/2025:03:13:23 -0700] "GET /products/4pz30843 HTTP/1.1" 200 101173 "-" "Mozilla/5.0 (compatible; DataForSeoBot/1.0; +https://dataforseo.com/dataforseo-bot)"
57.141.2.22 - - [20/Nov/2025:03:13:27 -0700] "GET /product1053505?kg=0001052354 HTTP/1.1" 200 101173 "-" "meta-externalagent/1.1 (+https://developers.facebook.com/docs/sharing/webmasters/crawler)"
136.243.228.193 - - [20/Nov/2025:03:13:32 -0700] "GET /products/75vq21000 HTTP/1.1" 200 101173 "-" "Mozilla/5.0 (compatible; DataForSeoBot/1.0; +https://dataforseo.com/dataforseo-bot)"
136.243.228.193 - - [20/Nov/2025:03:13:42 -0700] "GET /products/296fq48752 HTTP/1.1" 200 101173 "-" "Mozilla/5.0 (compatible; DataForSeoBot/1.0; +https://dataforseo.com/dataforseo-bot)"
114.119.142.135 - - [20/Nov/2025:03:13:42 -0700] "GET /products/99jo44276 HTTP/1.1" 200 101173 "http://marketersvideoplayer.com/sitemap831.xml" "Mozilla/5.0 (Linux; Android 7.0;) AppleWebKit/537.36 (KHTML, like Gecko) Mobile Safari/537.36 (compatible; PetalBot;+https://webmaster.petalsearch.com/site/petalbot)"
136.243.228.193 - - [20/Nov/2025:03:13:53 -0700] "GET /products/90ec9486 HTTP/1.1" 200 101173 "-" "Mozilla/5.0 (compatible; DataForSeoBot/1.0; +https://dataforseo.com/dataforseo-bot)"
173.208.176.202 - - [20/Nov/2025:03:12:16 -0700] "GET /wp-includes/plac46a2/edit.php?id=908763 HTTP/1.1" 200 - "http://marketersvideoplayer.com/wp-includes/plac46a2/edit.php?id=908763" "Mozilla/5.0 (Windows NT 10.0; Win64; x64) AppleWebKit/537.36 (KHTML, like Gecko) Chrome/58.0.3029.110 Safari/537.3"
136.243.228.193 - - [20/Nov/2025:03:14:04 -0700] "GET /products/273bi11830 HTTP/1.1" 200 101173 "-" "Mozilla/5.0 (compatible; DataForSeoBot/1.0; +https://dataforseo.com/dataforseo-bot)"
136.243.228.193 - - [20/Nov/2025:03:14:14 -0700] "GET /products/113gh28296 HTTP/1.1" 200 101173 "-" "Mozilla/5.0 (compatible; DataForSeoBot/1.0; +https://dataforseo.com/dataforseo-bot)"
74.7.227.188 - - [20/Nov/2025:03:14:18 -0700] "GET /?path=//sys/class/net/lo/subsystem/lo/subsystem/eth0/device/net/eth0/subsystem/eth0/device/subsystem/devices/virtio1/host2/scsi_host/host2/device/scsi_host/host2/subsystem HTTP/1.1" 200 20463 "-" "Mozilla/5.0 AppleWebKit/537.36 (KHTML, like Gecko; compatible; GPTBot/1.3; +https://openai.com/gptbot)"
136.243.228.193 - - [20/Nov/2025:03:14:25 -0700] "GET /products/164gh32393 HTTP/1.1" 200 101173 "-" "Mozilla/5.0 (compatible; DataForSeoBot/1.0; +https://dataforseo.com/dataforseo-bot)"
136.243.228.193 - - [20/Nov/2025:03:14:37 -0700] "GET /products/67zs32547 HTTP/1.1" 200 101173 "-" "Mozilla/5.0 (compatible; DataForSeoBot/1.0; +https://dataforseo.com/dataforseo-bot)"
136.243.228.193 - - [20/Nov/2025:03:14:48 -0700] "GET /products/155su19620 HTTP/1.1" 200 101173 "-" "Mozilla/5.0 (compatible; DataForSeoBot/1.0; +https://dataforseo.com/dataforseo-bot)"
136.243.228.193 - - [20/Nov/2025:03:08:49 -0700] "GET /products/41kh26289 HTTP/1.1" 200 101173 "-" "Mozilla/5.0 (compatible; DataForSeoBot/1.0; +https://dataforseo.com/dataforseo-bot)"
136.243.228.193 - - [20/Nov/2025:03:14:58 -0700] "GET /products/130ft17139 HTTP/1.1" 200 101173 "-" "Mozilla/5.0 (compatible; DataForSeoBot/1.0; +https://dataforseo.com/dataforseo-bot)"
114.119.142.179 - - [20/Nov/2025:03:15:07 -0700] "GET /products/99jc44139 HTTP/1.1" 200 101173 "http://marketersvideoplayer.com/sitemap857.xml" "Mozilla/5.0 (Linux; Android 7.0;) AppleWebKit/537.36 (KHTML, like Gecko) Mobile Safari/537.36 (compatible; PetalBot;+https://webmaster.petalsearch.com/site/petalbot)"
136.243.228.193 - - [20/Nov/2025:03:15:09 -0700] "GET /products/192ze44940 HTTP/1.1" 200 101173 "-" "Mozilla/5.0 (compatible; DataForSeoBot/1.0; +https://dataforseo.com/dataforseo-bot)"
57.141.2.10 - - [20/Nov/2025:03:15:19 -0700] "GET /product928401?kg=0000927458 HTTP/1.1" 200 101173 "-" "meta-externalagent/1.1 (+https://developers.facebook.com/docs/sharing/webmasters/crawler)"
74.7.227.188 - - [20/Nov/2025:03:15:19 -0700] "GET /?path=//sys/class/net/lo/subsystem/lo/subsystem/eth0/device/net/eth0/subsystem/eth0/device/driver/virtio0/driver/virtio0/net/eth0/device/net/eth0 HTTP/1.1" 200 75150 "-" "Mozilla/5.0 AppleWebKit/537.36 (KHTML, like Gecko; compatible; GPTBot/1.3; +https://openai.com/gptbot)"
136.243.228.193 - - [20/Nov/2025:03:15:20 -0700] "GET /products/52ps39914 HTTP/1.1" 200 101173 "-" "Mozilla/5.0 (compatible; DataForSeoBot/1.0; +https://dataforseo.com/dataforseo-bot)"
101.99.88.90 - - [20/Nov/2025:03:15:22 -0700] "GET /wp-links-opml.php HTTP/1.1" 403 101173 "-" "Mozilla/5.0 (Windows NT 10.0; Win64; x64) AppleWebKit/537.36 (KHTML, like Gecko) Chrome/120.0.0.0 Safari/537.36"
173.208.176.202 - - [20/Nov/2025:03:13:58 -0700] "GET /wp-includes/plac46a2/edit.php?id=908763 HTTP/1.1" 200 - "http://marketersvideoplayer.com/wp-includes/plac46a2/edit.php?id=908763" "Mozilla/5.0 (Windows NT 10.0; Win64; x64) AppleWebKit/537.36 (KHTML, like Gecko) Chrome/58.0.3029.110 Safari/537.3"
101.99.88.90 - - [20/Nov/2025:03:15:25 -0700] "GET /wp-links-opml.php HTTP/1.1" 403 101173 "-" "GuzzleHttp/7"
101.99.88.90 - - [20/Nov/2025:03:15:26 -0700] "POST /wp-links-opml.php HTTP/1.1" 403 101173 "-" "GuzzleHttp/7"
101.99.88.90 - - [20/Nov/2025:03:15:29 -0700] "POST /wp-links-opml.php HTTP/1.1" 403 101173 "-" "GuzzleHttp/7"
101.99.88.90 - - [20/Nov/2025:03:15:31 -0700] "GET /wp-login.php HTTP/1.1" 200 101173 "-" "GuzzleHttp/7"
136.243.228.193 - - [20/Nov/2025:03:15:32 -0700] "GET /products/126cz26060 HTTP/1.1" 200 101173 "-" "Mozilla/5.0 (compatible; DataForSeoBot/1.0; +https://dataforseo.com/dataforseo-bot)"
136.243.228.193 - - [20/Nov/2025:03:15:42 -0700] "GET /products/230ks11815 HTTP/1.1" 200 101173 "-" "Mozilla/5.0 (compatible; DataForSeoBot/1.0; +https://dataforseo.com/dataforseo-bot)"
101.99.88.90 - - [20/Nov/2025:03:15:43 -0700] "POST /wp-links-opml.php HTTP/1.1" 403 101173 "-" "GuzzleHttp/7"
101.99.88.90 - - [20/Nov/2025:03:15:46 -0700] "GET /wp-login.php HTTP/1.1" 200 101173 "-" "GuzzleHttp/7"
136.243.228.193 - - [20/Nov/2025:03:15:54 -0700] "GET /products/148ui24013 HTTP/1.1" 200 101173 "-" "Mozilla/5.0 (compatible; DataForSeoBot/1.0; +https://dataforseo.com/dataforseo-bot)"
136.243.228.193 - - [20/Nov/2025:03:16:03 -0700] "GET /products/64vf4095 HTTP/1.1" 200 101173 "-" "Mozilla/5.0 (compatible; DataForSeoBot/1.0; +https://dataforseo.com/dataforseo-bot)"
74.7.227.188 - - [20/Nov/2025:03:16:12 -0700] "GET /?path=//sys/class/net/lo/subsystem/lo/subsystem/eth0/device/net/eth0/subsystem/lo/subsystem/eth0/device/net/eth0/device/driver/module/notes HTTP/1.1" 200 16617 "-" "Mozilla/5.0 AppleWebKit/537.36 (KHTML, like Gecko; compatible; GPTBot/1.3; +https://openai.com/gptbot)"
136.243.228.193 - - [20/Nov/2025:03:16:14 -0700] "GET /products/233tr848 HTTP/1.1" 200 101173 "-" "Mozilla/5.0 (compatible; DataForSeoBot/1.0; +https://dataforseo.com/dataforseo-bot)"
136.243.228.193 - - [20/Nov/2025:03:16:24 -0700] "GET /products/69zn15221 HTTP/1.1" 200 101173 "-" "Mozilla/5.0 (compatible; DataForSeoBot/1.0; +https://dataforseo.com/dataforseo-bot)"
114.119.142.179 - - [20/Nov/2025:03:16:32 -0700] "GET /products/98zl16793 HTTP/1.1" 200 101173 "http://marketersvideoplayer.com/sitemap996.xml" "Mozilla/5.0 (Linux; Android 7.0;) AppleWebKit/537.36 (KHTML, like Gecko) Mobile Safari/537.36 (compatible; PetalBot;+https://webmaster.petalsearch.com/site/petalbot)"
136.243.228.193 - - [20/Nov/2025:03:16:34 -0700] "GET /products/291ca26600 HTTP/1.1" 200 101173 "-" "Mozilla/5.0 (compatible; DataForSeoBot/1.0; +https://dataforseo.com/dataforseo-bot)"
136.243.228.193 - - [20/Nov/2025:03:16:45 -0700] "GET /products/52cf10744 HTTP/1.1" 200 101173 "-" "Mozilla/5.0 (compatible; DataForSeoBot/1.0; +https://dataforseo.com/dataforseo-bot)"
173.208.176.202 - - [20/Nov/2025:03:15:26 -0700] "GET /wp-includes/plac46a2/edit.php?id=908763 HTTP/1.1" 200 - "http://marketersvideoplayer.com/wp-includes/plac46a2/edit.php?id=908763" "Mozilla/5.0 (Windows NT 10.0; Win64; x64) AppleWebKit/537.36 (KHTML, like Gecko) Chrome/58.0.3029.110 Safari/537.3"
74.7.227.188 - - [20/Nov/2025:03:16:54 -0700] "GET /?path=//sys/class/net/lo/subsystem/lo/subsystem/eth0/device/net/eth0/subsystem/lo/subsystem/eth0/device/net/eth0/device/driver/module/drivers HTTP/1.1" 200 16413 "-" "Mozilla/5.0 AppleWebKit/537.36 (KHTML, like Gecko; compatible; GPTBot/1.3; +https://openai.com/gptbot)"
136.243.228.193 - - [20/Nov/2025:03:16:55 -0700] "GET /products/63mr34280 HTTP/1.1" 200 101173 "-" "Mozilla/5.0 (compatible; DataForSeoBot/1.0; +https://dataforseo.com/dataforseo-bot)"
136.243.228.193 - - [20/Nov/2025:03:17:05 -0700] "GET /products/118du17080 HTTP/1.1" 200 101173 "-" "Mozilla/5.0 (compatible; DataForSeoBot/1.0; +https://dataforseo.com/dataforseo-bot)"
57.141.2.58 - - [20/Nov/2025:03:17:13 -0700] "GET /product1293528?kg=0001291976 HTTP/1.1" 200 101173 "-" "meta-externalagent/1.1 (+https://developers.facebook.com/docs/sharing/webmasters/crawler)"
136.243.228.193 - - [20/Nov/2025:03:17:16 -0700] "GET /products/95jb459 HTTP/1.1" 200 101173 "-" "Mozilla/5.0 (compatible; DataForSeoBot/1.0; +https://dataforseo.com/dataforseo-bot)"
136.243.228.193 - - [20/Nov/2025:03:17:26 -0700] "GET /products/172bp46919 HTTP/1.1" 200 101173 "-" "Mozilla/5.0 (compatible; DataForSeoBot/1.0; +https://dataforseo.com/dataforseo-bot)"
74.7.227.188 - - [20/Nov/2025:03:17:32 -0700] "GET /?path=//sys/class/net/lo/subsystem/lo/subsystem/eth0/device/net/eth0/subsystem/eth0/device/subsystem/devices/virtio1/host2/scsi_host/host2/device/scsi_host/host2/power HTTP/1.1" 200 33417 "-" "Mozilla/5.0 AppleWebKit/537.36 (KHTML, like Gecko; compatible; GPTBot/1.3; +https://openai.com/gptbot)"
136.243.228.193 - - [20/Nov/2025:03:17:37 -0700] "GET /products/209tc6202 HTTP/1.1" 200 101173 "-" "Mozilla/5.0 (compatible; DataForSeoBot/1.0; +https://dataforseo.com/dataforseo-bot)"
136.243.228.193 - - [20/Nov/2025:03:17:48 -0700] "GET /products/155cp21370 HTTP/1.1" 200 101173 "-" "Mozilla/5.0 (compatible; DataForSeoBot/1.0; +https://dataforseo.com/dataforseo-bot)"
114.119.136.100 - - [20/Nov/2025:03:17:53 -0700] "GET /products/98zf43067 HTTP/1.1" 200 101173 "http://marketersvideoplayer.com/sitemap845.xml" "Mozilla/5.0 (Linux; Android 7.0;) AppleWebKit/537.36 (KHTML, like Gecko) Mobile Safari/537.36 (compatible; PetalBot;+https://webmaster.petalsearch.com/site/petalbot)"
57.141.2.8 - - [20/Nov/2025:03:17:56 -0700] "GET /product1021277?kg=0001020178 HTTP/1.1" 200 101173 "-" "meta-externalagent/1.1 (+https://developers.facebook.com/docs/sharing/webmasters/crawler)"
136.243.228.193 - - [20/Nov/2025:03:18:00 -0700] "GET /products/150gh823 HTTP/1.1" 200 101173 "-" "Mozilla/5.0 (compatible; DataForSeoBot/1.0; +https://dataforseo.com/dataforseo-bot)"
216.73.216.101 - - [20/Nov/2025:03:18:08 -0700] "GET /robots.txt HTTP/1.1" 200 432 "-" "Mozilla/5.0 AppleWebKit/537.36 (KHTML, like Gecko; compatible; ClaudeBot/1.0; +claudebot@anthropic.com)"
74.7.227.188 - - [20/Nov/2025:03:18:08 -0700] "GET /?path=//sys/class/net/lo/subsystem/lo/subsystem/eth0/device/net/eth0/subsystem/eth0/device/subsystem/devices/virtio0/driver/virtio0/net/eth0/subsystem/lo/queues/tx-0 HTTP/1.1" 200 25111 "-" "Mozilla/5.0 AppleWebKit/537.36 (KHTML, like Gecko; compatible; GPTBot/1.3; +https://openai.com/gptbot)"
216.73.216.101 - - [20/Nov/2025:03:18:08 -0700] "GET /pages.php HTTP/1.1" 200 555697 "-" "Mozilla/5.0 AppleWebKit/537.36 (KHTML, like Gecko; compatible; ClaudeBot/1.0; +claudebot@anthropic.com)"
136.243.228.193 - - [20/Nov/2025:03:18:11 -0700] "GET /products/288az16219 HTTP/1.1" 200 101173 "-" "Mozilla/5.0 (compatible; DataForSeoBot/1.0; +https://dataforseo.com/dataforseo-bot)"
136.243.228.193 - - [20/Nov/2025:03:18:22 -0700] "GET /products/144nu24674 HTTP/1.1" 200 101173 "-" "Mozilla/5.0 (compatible; DataForSeoBot/1.0; +https://dataforseo.com/dataforseo-bot)"
57.141.2.80 - - [20/Nov/2025:03:18:22 -0700] "GET /product1157558?kg=0001156232 HTTP/1.1" 200 101173 "-" "meta-externalagent/1.1 (+https://developers.facebook.com/docs/sharing/webmasters/crawler)"
173.208.176.202 - - [20/Nov/2025:03:16:57 -0700] "GET /wp-includes/plac46a2/edit.php?id=908763 HTTP/1.1" 200 - "http://marketersvideoplayer.com/wp-includes/plac46a2/edit.php?id=908763" "Mozilla/5.0 (Windows NT 10.0; Win64; x64) AppleWebKit/537.36 (KHTML, like Gecko) Chrome/58.0.3029.110 Safari/537.3"
136.243.228.193 - - [20/Nov/2025:03:18:33 -0700] "GET /products/205zj38176 HTTP/1.1" 200 101173 "-" "Mozilla/5.0 (compatible; DataForSeoBot/1.0; +https://dataforseo.com/dataforseo-bot)"
74.7.227.188 - - [20/Nov/2025:03:18:41 -0700] "GET /?path=//sys/class/net/lo/subsystem/lo/subsystem/eth0/device/net/eth0/device/driver/virtio0/driver/virtio0/subsystem/devices/virtio1/driver/virtio1/host2/subsystem HTTP/1.1" 200 24460 "-" "Mozilla/5.0 AppleWebKit/537.36 (KHTML, like Gecko; compatible; GPTBot/1.3; +https://openai.com/gptbot)"
136.243.228.193 - - [20/Nov/2025:03:18:44 -0700] "GET /products/249fi15291 HTTP/1.1" 200 101173 "-" "Mozilla/5.0 (compatible; DataForSeoBot/1.0; +https://dataforseo.com/dataforseo-bot)"
136.243.228.193 - - [20/Nov/2025:03:18:54 -0700] "GET /products/165pp9814 HTTP/1.1" 200 101173 "-" "Mozilla/5.0 (compatible; DataForSeoBot/1.0; +https://dataforseo.com/dataforseo-bot)"
136.243.228.193 - - [20/Nov/2025:03:19:06 -0700] "GET /products/133ot30734 HTTP/1.1" 200 101173 "-" "Mozilla/5.0 (compatible; DataForSeoBot/1.0; +https://dataforseo.com/dataforseo-bot)"
74.7.227.188 - - [20/Nov/2025:03:19:12 -0700] "GET /?path=//sys/class/net/lo/subsystem/lo/subsystem/eth0/device/net/eth0/subsystem/eth0/device/subsystem/devices/virtio2/driver/virtio2/virtio-ports/vport2p1/subsystem HTTP/1.1" 200 16567 "-" "Mozilla/5.0 AppleWebKit/537.36 (KHTML, like Gecko; compatible; GPTBot/1.3; +https://openai.com/gptbot)"
114.119.128.77 - - [20/Nov/2025:03:19:17 -0700] "GET /products/98zf41894 HTTP/1.1" 200 101173 "http://marketersvideoplayer.com/sitemap875.xml" "Mozilla/5.0 (Linux; Android 7.0;) AppleWebKit/537.36 (KHTML, like Gecko) Mobile Safari/537.36 (compatible; PetalBot;+https://webmaster.petalsearch.com/site/petalbot)"
136.243.228.193 - - [20/Nov/2025:03:19:17 -0700] "GET /products/261zk12382 HTTP/1.1" 200 101173 "-" "Mozilla/5.0 (compatible; DataForSeoBot/1.0; +https://dataforseo.com/dataforseo-bot)"
57.141.2.95 - - [20/Nov/2025:03:19:21 -0700] "GET /product1391139?kg=0001389426 HTTP/1.1" 200 101173 "-" "meta-externalagent/1.1 (+https://developers.facebook.com/docs/sharing/webmasters/crawler)"
136.243.228.193 - - [20/Nov/2025:03:19:29 -0700] "GET /products/275qb7683 HTTP/1.1" 200 101173 "-" "Mozilla/5.0 (compatible; DataForSeoBot/1.0; +https://dataforseo.com/dataforseo-bot)"
57.141.2.35 - - [20/Nov/2025:03:19:34 -0700] "GET /product1216278?kg=0001214856 HTTP/1.1" 200 101173 "-" "meta-externalagent/1.1 (+https://developers.facebook.com/docs/sharing/webmasters/crawler)"
74.7.227.188 - - [20/Nov/2025:03:19:39 -0700] "GET /?path=//sys/class/net/lo/subsystem/lo/subsystem/eth0/device/net/eth0/device/subsystem/drivers/virtio_scsi/virtio1/host2/scsi_host/host2/device/scsi_host/host2/subsystem HTTP/1.1" 200 20293 "-" "Mozilla/5.0 AppleWebKit/537.36 (KHTML, like Gecko; compatible; GPTBot/1.3; +https://openai.com/gptbot)"
136.243.228.193 - - [20/Nov/2025:03:19:40 -0700] "GET /products/35xi16703 HTTP/1.1" 200 101173 "-" "Mozilla/5.0 (compatible; DataForSeoBot/1.0; +https://dataforseo.com/dataforseo-bot)"
57.141.2.76 - - [20/Nov/2025:03:19:40 -0700] "GET /product869681?kg=0000868834 HTTP/1.1" 200 101173 "-" "meta-externalagent/1.1 (+https://developers.facebook.com/docs/sharing/webmasters/crawler)"
136.243.228.193 - - [20/Nov/2025:03:19:52 -0700] "GET /products/2gg27422 HTTP/1.1" 200 101173 "-" "Mozilla/5.0 (compatible; DataForSeoBot/1.0; +https://dataforseo.com/dataforseo-bot)"
173.208.176.202 - - [20/Nov/2025:03:18:31 -0700] "GET /wp-includes/plac46a2/edit.php?id=908763 HTTP/1.1" 200 - "http://marketersvideoplayer.com/wp-includes/plac46a2/edit.php?id=908763" "Mozilla/5.0 (Windows NT 10.0; Win64; x64) AppleWebKit/537.36 (KHTML, like Gecko) Chrome/58.0.3029.110 Safari/537.3"
136.243.228.193 - - [20/Nov/2025:03:20:03 -0700] "GET /products/205dz2856 HTTP/1.1" 200 101173 "-" "Mozilla/5.0 (compatible; DataForSeoBot/1.0; +https://dataforseo.com/dataforseo-bot)"
74.7.227.188 - - [20/Nov/2025:03:20:05 -0700] "GET /?path=//sys/class/net/lo/subsystem/lo/subsystem/eth0/device/net/eth0/subsystem/eth0/device/driver/virtio0/driver/virtio0/net/eth0/device/net/eth0/queues HTTP/1.1" 200 21880 "-" "Mozilla/5.0 AppleWebKit/537.36 (KHTML, like Gecko; compatible; GPTBot/1.3; +https://openai.com/gptbot)"
136.243.228.193 - - [20/Nov/2025:03:20:15 -0700] "GET /products/72zd7431 HTTP/1.1" 200 101173 "-" "Mozilla/5.0 (compatible; DataForSeoBot/1.0; +https://dataforseo.com/dataforseo-bot)"
57.141.2.64 - - [20/Nov/2025:03:20:17 -0700] "GET /product632805?kg=0000632354 HTTP/1.1" 200 101173 "-" "meta-externalagent/1.1 (+https://developers.facebook.com/docs/sharing/webmasters/crawler)"
136.243.228.193 - - [20/Nov/2025:03:20:26 -0700] "GET /products/136us27413 HTTP/1.1" 200 101173 "-" "Mozilla/5.0 (compatible; DataForSeoBot/1.0; +https://dataforseo.com/dataforseo-bot)"
74.7.227.188 - - [20/Nov/2025:03:20:26 -0700] "GET /?path=//lib64/tk8.5 HTTP/1.1" 200 14107 "-" "Mozilla/5.0 AppleWebKit/537.36 (KHTML, like Gecko; compatible; GPTBot/1.3; +https://openai.com/gptbot)"
136.243.228.193 - - [20/Nov/2025:03:20:38 -0700] "GET /products/26zd9512 HTTP/1.1" 200 101173 "-" "Mozilla/5.0 (compatible; DataForSeoBot/1.0; +https://dataforseo.com/dataforseo-bot)"
114.119.137.103 - - [20/Nov/2025:03:20:40 -0700] "GET /products/98yo49066 HTTP/1.1" 200 101173 "http://marketersvideoplayer.com/sitemap857.xml" "Mozilla/5.0 (Linux; Android 7.0;) AppleWebKit/537.36 (KHTML, like Gecko) Mobile Safari/537.36 (compatible; PetalBot;+https://webmaster.petalsearch.com/site/petalbot)"
74.7.227.188 - - [20/Nov/2025:03:20:46 -0700] "GET /?fileloc=//sys/class/net/lo/subsystem/lo/subsystem/eth0/device/net/eth0/subsystem/eth0/device/driver/virtio0/driver/virtio0/net/eth0/device/net/eth0/netdev_group&path=//sys/class/net/lo/subsystem/lo/subsystem/eth0/device/net/eth0/subsystem/eth0/device/driver/virtio0/driver/virtio0/net/eth0/device/net/eth0 HTTP/1.1" 200 14603 "-" "Mozilla/5.0 AppleWebKit/537.36 (KHTML, like Gecko; compatible; GPTBot/1.3; +https://openai.com/gptbot)"
57.141.2.2 - - [20/Nov/2025:03:20:47 -0700] "GET /product1312017?kg=0001310434 HTTP/1.1" 200 101173 "-" "meta-externalagent/1.1 (+https://developers.facebook.com/docs/sharing/webmasters/crawler)"
136.243.228.193 - - [20/Nov/2025:03:20:50 -0700] "GET /products/137om20546 HTTP/1.1" 200 101173 "-" "Mozilla/5.0 (compatible; DataForSeoBot/1.0; +https://dataforseo.com/dataforseo-bot)"
136.243.228.193 - - [20/Nov/2025:03:21:01 -0700] "GET /products/223xa30631 HTTP/1.1" 200 101173 "-" "Mozilla/5.0 (compatible; DataForSeoBot/1.0; +https://dataforseo.com/dataforseo-bot)"
136.243.228.193 - - [20/Nov/2025:03:21:14 -0700] "GET /products/11yp23256 HTTP/1.1" 200 101173 "-" "Mozilla/5.0 (compatible; DataForSeoBot/1.0; +https://dataforseo.com/dataforseo-bot)"
74.7.227.188 - - [20/Nov/2025:03:21:20 -0700] "GET /?path=//sys/class/net/lo/subsystem/lo/subsystem/eth0/device/net/eth0/subsystem/eth0/device/driver/virtio0/driver/virtio0/net/eth0/device/net/eth0/power HTTP/1.1" 200 32740 "-" "Mozilla/5.0 AppleWebKit/537.36 (KHTML, like Gecko; compatible; GPTBot/1.3; +https://openai.com/gptbot)"
57.141.2.15 - - [20/Nov/2025:03:21:21 -0700] "GET /product944349?kg=0000943378 HTTP/1.1" 200 101173 "-" "meta-externalagent/1.1 (+https://developers.facebook.com/docs/sharing/webmasters/crawler)"
136.243.228.193 - - [20/Nov/2025:03:21:24 -0700] "GET /products/90gh14397 HTTP/1.1" 200 101173 "-" "Mozilla/5.0 (compatible; DataForSeoBot/1.0; +https://dataforseo.com/dataforseo-bot)"
136.243.228.193 - - [20/Nov/2025:03:21:35 -0700] "GET /products/270in47957 HTTP/1.1" 200 101173 "-" "Mozilla/5.0 (compatible; DataForSeoBot/1.0; +https://dataforseo.com/dataforseo-bot)"
74.7.227.188 - - [20/Nov/2025:03:21:35 -0700] "GET /?path=//sys/class/net/lo/subsystem/lo/subsystem/eth0/device/net/eth0/device/subsystem/devices/virtio2/driver/virtio2/driver/virtio2/virtio-ports/vport2p1/subsystem HTTP/1.1" 200 16570 "-" "Mozilla/5.0 AppleWebKit/537.36 (KHTML, like Gecko; compatible; GPTBot/1.3; +https://openai.com/gptbot)"
57.141.2.27 - - [20/Nov/2025:03:21:39 -0700] "GET /product1328370?kg=0001326760 HTTP/1.1" 200 101173 "-" "meta-externalagent/1.1 (+https://developers.facebook.com/docs/sharing/webmasters/crawler)"
136.243.228.193 - - [20/Nov/2025:03:21:48 -0700] "GET /products/219wp41135 HTTP/1.1" 200 101173 "-" "Mozilla/5.0 (compatible; DataForSeoBot/1.0; +https://dataforseo.com/dataforseo-bot)"
74.7.227.188 - - [20/Nov/2025:03:21:47 -0700] "GET /?path=//sys/class/net/lo/subsystem/lo/subsystem/eth0/device/net/eth0/subsystem/eth0/device/subsystem/drivers/virtio_net/virtio0/net/eth0/subsystem/eth0/queues/tx-0 HTTP/1.1" 200 24914 "-" "Mozilla/5.0 AppleWebKit/537.36 (KHTML, like Gecko; compatible; GPTBot/1.3; +https://openai.com/gptbot)"
173.208.176.202 - - [20/Nov/2025:03:20:00 -0700] "GET /wp-includes/plac46a2/edit.php?id=908763 HTTP/1.1" 200 - "http://marketersvideoplayer.com/wp-includes/plac46a2/edit.php?id=908763" "Mozilla/5.0 (Windows NT 10.0; Win64; x64) AppleWebKit/537.36 (KHTML, like Gecko) Chrome/58.0.3029.110 Safari/537.3"
74.7.227.188 - - [20/Nov/2025:03:21:59 -0700] "GET /?path=//sys/class/net/lo/subsystem/lo/subsystem/eth0/device/net/eth0/device/driver/virtio0/driver/virtio0/driver/virtio0/subsystem/devices/virtio3/subsystem/drivers HTTP/1.1" 200 23860 "-" "Mozilla/5.0 AppleWebKit/537.36 (KHTML, like Gecko; compatible; GPTBot/1.3; +https://openai.com/gptbot)"
136.243.228.193 - - [20/Nov/2025:03:22:00 -0700] "GET /products/236dl6278 HTTP/1.1" 200 101173 "-" "Mozilla/5.0 (compatible; DataForSeoBot/1.0; +https://dataforseo.com/dataforseo-bot)"
114.119.137.103 - - [20/Nov/2025:03:22:03 -0700] "GET /products/98yf48698 HTTP/1.1" 200 101173 "http://marketersvideoplayer.com/sitemap855.xml" "Mozilla/5.0 (Linux; Android 7.0;) AppleWebKit/537.36 (KHTML, like Gecko) Mobile Safari/537.36 (compatible; PetalBot;+https://webmaster.petalsearch.com/site/petalbot)"
74.7.227.188 - - [20/Nov/2025:03:22:10 -0700] "GET /?path=//sys/class/net/lo/subsystem/lo/subsystem/eth0/device/net/eth0/device/driver/virtio0/subsystem/devices/virtio2/driver/virtio2/subsystem/devices/virtio2/driver HTTP/1.1" 200 24442 "-" "Mozilla/5.0 AppleWebKit/537.36 (KHTML, like Gecko; compatible; GPTBot/1.3; +https://openai.com/gptbot)"
57.141.2.69 - - [20/Nov/2025:03:22:10 -0700] "GET /product648481?kg=0000648002 HTTP/1.1" 200 101173 "-" "meta-externalagent/1.1 (+https://developers.facebook.com/docs/sharing/webmasters/crawler)"
136.243.228.193 - - [20/Nov/2025:03:22:13 -0700] "GET /products/53ar3873 HTTP/1.1" 200 101173 "-" "Mozilla/5.0 (compatible; DataForSeoBot/1.0; +https://dataforseo.com/dataforseo-bot)"
74.7.227.188 - - [20/Nov/2025:03:22:19 -0700] "GET /?path=//sys/class/net/lo/subsystem/lo/subsystem/eth0/device/net/eth0/device/subsystem/devices/virtio0/driver/virtio0/subsystem/devices/virtio0/driver/module/holders HTTP/1.1" 200 14987 "-" "Mozilla/5.0 AppleWebKit/537.36 (KHTML, like Gecko; compatible; GPTBot/1.3; +https://openai.com/gptbot)"
136.243.228.193 - - [20/Nov/2025:03:22:26 -0700] "GET /products/116nz1815 HTTP/1.1" 200 101173 "-" "Mozilla/5.0 (compatible; DataForSeoBot/1.0; +https://dataforseo.com/dataforseo-bot)"
74.7.227.188 - - [20/Nov/2025:03:22:28 -0700] "GET /?path=//sys/class/net/lo/subsystem/lo/subsystem/eth0/device/net/eth0/subsystem/eth0/device/subsystem/devices/virtio0/driver/virtio0/subsystem/devices/virtio0/driver HTTP/1.1" 200 24446 "-" "Mozilla/5.0 AppleWebKit/537.36 (KHTML, like Gecko; compatible; GPTBot/1.3; +https://openai.com/gptbot)"
74.7.227.188 - - [20/Nov/2025:03:22:36 -0700] "GET /?path=//sys/class/net/lo/subsystem/lo/subsystem/eth0/device/net/eth0/device/driver/virtio0/driver/virtio0/subsystem/devices/virtio0/subsystem/devices/virtio3/driver HTTP/1.1" 200 24435 "-" "Mozilla/5.0 AppleWebKit/537.36 (KHTML, like Gecko; compatible; GPTBot/1.3; +https://openai.com/gptbot)"
136.243.228.193 - - [20/Nov/2025:03:22:37 -0700] "GET /products/53yu37536 HTTP/1.1" 200 101173 "-" "Mozilla/5.0 (compatible; DataForSeoBot/1.0; +https://dataforseo.com/dataforseo-bot)"
74.7.227.188 - - [20/Nov/2025:03:22:43 -0700] "GET /?path=//sys/class/net/lo/subsystem/lo/subsystem/eth0/device/net/eth0/device/driver/virtio0/subsystem/devices/virtio3/subsystem/devices/virtio3/subsystem HTTP/1.1" 200 23949 "-" "Mozilla/5.0 AppleWebKit/537.36 (KHTML, like Gecko; compatible; GPTBot/1.3; +https://openai.com/gptbot)"
74.7.227.188 - - [20/Nov/2025:03:22:49 -0700] "GET /?path=//sys/class/net/lo/subsystem/lo/subsystem/eth0/device/net/eth0/device/driver/virtio0/driver/virtio0/subsystem/devices/virtio1/driver/virtio1/host2/subsystem/drivers HTTP/1.1" 200 16898 "-" "Mozilla/5.0 AppleWebKit/537.36 (KHTML, like Gecko; compatible; GPTBot/1.3; +https://openai.com/gptbot)"
136.243.228.193 - - [20/Nov/2025:03:22:51 -0700] "GET /products/97mp37870 HTTP/1.1" 200 101173 "-" "Mozilla/5.0 (compatible; DataForSeoBot/1.0; +https://dataforseo.com/dataforseo-bot)"
74.7.227.188 - - [20/Nov/2025:03:22:55 -0700] "GET /?path=//sys/class/net/lo/subsystem/lo/subsystem/eth0/device/net/eth0/device/subsystem/drivers/virtio_net/virtio0/subsystem/devices/virtio0/subsystem/devices/virtio1 HTTP/1.1" 200 33766 "-" "Mozilla/5.0 AppleWebKit/537.36 (KHTML, like Gecko; compatible; GPTBot/1.3; +https://openai.com/gptbot)"
74.7.227.188 - - [20/Nov/2025:03:23:00 -0700] "GET /?path=//sys/class/net/lo/subsystem/lo/subsystem/eth0/device/net/eth0/subsystem/eth0/device/driver/virtio0/subsystem/devices/virtio0/subsystem/devices/virtio2/driver HTTP/1.1" 200 24439 "-" "Mozilla/5.0 AppleWebKit/537.36 (KHTML, like Gecko; compatible; GPTBot/1.3; +https://openai.com/gptbot)"
136.243.228.193 - - [20/Nov/2025:03:23:04 -0700] "GET /products/5hk34386 HTTP/1.1" 200 101173 "-" "Mozilla/5.0 (compatible; DataForSeoBot/1.0; +https://dataforseo.com/dataforseo-bot)"
74.7.227.188 - - [20/Nov/2025:03:23:04 -0700] "GET /?path=//sys/class/net/lo/subsystem/lo/subsystem/eth0/device/net/eth0/device/driver/virtio0/driver/virtio0/driver/virtio0/subsystem/devices/virtio1/subsystem/drivers HTTP/1.1" 200 23860 "-" "Mozilla/5.0 AppleWebKit/537.36 (KHTML, like Gecko; compatible; GPTBot/1.3; +https://openai.com/gptbot)"
74.7.227.188 - - [20/Nov/2025:03:23:09 -0700] "GET /?path=//sys/class/net/lo/subsystem/lo/subsystem/eth0/device/net/eth0/device/subsystem/devices/virtio1/driver/virtio1/subsystem/devices/virtio1/subsystem HTTP/1.1" 200 23956 "-" "Mozilla/5.0 AppleWebKit/537.36 (KHTML, like Gecko; compatible; GPTBot/1.3; +https://openai.com/gptbot)"
74.7.227.188 - - [20/Nov/2025:03:23:12 -0700] "GET /?path=//sys/class/net/lo/subsystem/lo/subsystem/eth0/device/net/eth0/device/driver/virtio0/driver/virtio0/subsystem/devices/virtio0/subsystem/devices/virtio2/driver HTTP/1.1" 200 24435 "-" "Mozilla/5.0 AppleWebKit/537.36 (KHTML, like Gecko; compatible; GPTBot/1.3; +https://openai.com/gptbot)"
57.141.2.19 - - [20/Nov/2025:03:23:13 -0700] "GET /product1306750?kg=0001305176 HTTP/1.1" 200 101173 "-" "meta-externalagent/1.1 (+https://developers.facebook.com/docs/sharing/webmasters/crawler)"
74.7.227.188 - - [20/Nov/2025:03:23:15 -0700] "GET /?path=//sys/class/net/lo/subsystem/lo/subsystem/eth0/device/net/eth0/device/subsystem/drivers/virtio_net/virtio0/subsystem/devices/virtio0/subsystem/devices/virtio1/power HTTP/1.1" 200 33415 "-" "Mozilla/5.0 AppleWebKit/537.36 (KHTML, like Gecko; compatible; GPTBot/1.3; +https://openai.com/gptbot)"
136.243.228.193 - - [20/Nov/2025:03:23:16 -0700] "GET /products/141cv40234 HTTP/1.1" 200 101173 "-" "Mozilla/5.0 (compatible; DataForSeoBot/1.0; +https://dataforseo.com/dataforseo-bot)"
74.7.227.188 - - [20/Nov/2025:03:23:18 -0700] "GET /?path=//sys/class/net/lo/subsystem/lo/subsystem/eth0/device/net/eth0/subsystem/eth0/device/subsystem/devices/virtio0/driver/virtio0/subsystem/devices/virtio0/driver/module HTTP/1.1" 200 40207 "-" "Mozilla/5.0 AppleWebKit/537.36 (KHTML, like Gecko; compatible; GPTBot/1.3; +https://openai.com/gptbot)"
74.7.227.188 - - [20/Nov/2025:03:23:21 -0700] "GET /?path=//sys/class/net/lo/subsystem/lo/subsystem/eth0/device/net/eth0/device/driver/virtio0/driver/virtio0/subsystem/devices/virtio0/subsystem/devices/virtio3/driver/module HTTP/1.1" 200 40196 "-" "Mozilla/5.0 AppleWebKit/537.36 (KHTML, like Gecko; compatible; GPTBot/1.3; +https://openai.com/gptbot)"
74.7.227.188 - - [20/Nov/2025:03:23:24 -0700] "GET /?path=//sys/class/net/lo/subsystem/lo/subsystem/eth0/device/net/eth0/device/driver/virtio0/subsystem/devices/virtio2/driver/virtio2/subsystem/devices/virtio2/driver/module HTTP/1.1" 200 38415 "-" "Mozilla/5.0 AppleWebKit/537.36 (KHTML, like Gecko; compatible; GPTBot/1.3; +https://openai.com/gptbot)"
114.119.142.135 - - [20/Nov/2025:03:23:27 -0700] "GET /products/98yf21197 HTTP/1.1" 200 101173 "http://marketersvideoplayer.com/sitemap857.xml" "Mozilla/5.0 (Linux; Android 7.0;) AppleWebKit/537.36 (KHTML, like Gecko) Mobile Safari/537.36 (compatible; PetalBot;+https://webmaster.petalsearch.com/site/petalbot)"
74.7.227.188 - - [20/Nov/2025:03:23:28 -0700] "GET /?path=//sys/class/net/lo/subsystem/lo/subsystem/eth0/device/net/eth0/device/driver/virtio0/subsystem/devices/virtio3/subsystem/devices/virtio3/subsystem/drivers HTTP/1.1" 200 23651 "-" "Mozilla/5.0 AppleWebKit/537.36 (KHTML, like Gecko; compatible; GPTBot/1.3; +https://openai.com/gptbot)"
136.243.228.193 - - [20/Nov/2025:03:23:29 -0700] "GET /products/241qv22302 HTTP/1.1" 200 101173 "-" "Mozilla/5.0 (compatible; DataForSeoBot/1.0; +https://dataforseo.com/dataforseo-bot)"
74.7.227.188 - - [20/Nov/2025:03:23:31 -0700] "GET /?path=//sys/class/net/lo/subsystem/lo/subsystem/eth0/device/net/eth0/device/subsystem/drivers/virtio_net/virtio0/subsystem/devices/virtio0/subsystem/devices/virtio1/host2 HTTP/1.1" 200 24163 "-" "Mozilla/5.0 AppleWebKit/537.36 (KHTML, like Gecko; compatible; GPTBot/1.3; +https://openai.com/gptbot)"
74.7.227.188 - - [20/Nov/2025:03:23:34 -0700] "GET /?path=//sys/class/net/lo/subsystem/lo/subsystem/eth0/device/net/eth0/device/subsystem/devices/virtio1/driver/virtio1/subsystem/devices/virtio1/subsystem/devices HTTP/1.1" 200 21783 "-" "Mozilla/5.0 AppleWebKit/537.36 (KHTML, like Gecko; compatible; GPTBot/1.3; +https://openai.com/gptbot)"
74.7.227.188 - - [20/Nov/2025:03:23:36 -0700] "GET /?path=//sys/class/net/lo/subsystem/lo/subsystem/eth0/device/net/eth0/device/driver/virtio0/subsystem/devices/virtio1/subsystem/devices/virtio1/driver/virtio1/driver HTTP/1.1" 200 24449 "-" "Mozilla/5.0 AppleWebKit/537.36 (KHTML, like Gecko; compatible; GPTBot/1.3; +https://openai.com/gptbot)"
74.7.227.188 - - [20/Nov/2025:03:23:39 -0700] "GET /?path=//sys/class/net/lo/subsystem/lo/subsystem/eth0/device/net/eth0/device/driver/virtio0/subsystem/devices/virtio3/subsystem/devices/virtio3/subsystem/drivers/virtio_scsi HTTP/1.1" 200 24615 "-" "Mozilla/5.0 AppleWebKit/537.36 (KHTML, like Gecko; compatible; GPTBot/1.3; +https://openai.com/gptbot)"
74.7.227.188 - - [20/Nov/2025:03:23:41 -0700] "GET /?path=//sys/class/net/lo/subsystem/lo/subsystem/eth0/device/net/eth0/device/driver/virtio0/subsystem/devices/virtio3/subsystem/devices/virtio3/subsystem/drivers/virtio_net HTTP/1.1" 200 24595 "-" "Mozilla/5.0 AppleWebKit/537.36 (KHTML, like Gecko; compatible; GPTBot/1.3; +https://openai.com/gptbot)"
74.7.227.188 - - [20/Nov/2025:03:23:44 -0700] "GET /?path=//sys/class/net/lo/subsystem/lo/subsystem/eth0/device/net/eth0/device/driver/virtio0/subsystem/devices/virtio0/driver/virtio0/driver/virtio0/subsystem/devices HTTP/1.1" 200 21987 "-" "Mozilla/5.0 AppleWebKit/537.36 (KHTML, like Gecko; compatible; GPTBot/1.3; +https://openai.com/gptbot)"
74.7.227.188 - - [20/Nov/2025:03:23:46 -0700] "GET /?path=//sys/class/net/lo/subsystem/lo/subsystem/eth0/device/net/eth0/device/subsystem/devices/virtio2/driver/virtio2/driver/virtio2/subsystem/devices/virtio2/driver HTTP/1.1" 200 24449 "-" "Mozilla/5.0 AppleWebKit/537.36 (KHTML, like Gecko; compatible; GPTBot/1.3; +https://openai.com/gptbot)"
74.7.227.188 - - [20/Nov/2025:03:23:48 -0700] "GET /?path=//sys/class/net/lo/subsystem/lo/subsystem/eth0/device/net/eth0/device/subsystem/devices/virtio1/driver/virtio1/subsystem/devices/virtio1/subsystem/devices/virtio2 HTTP/1.1" 200 34090 "-" "Mozilla/5.0 AppleWebKit/537.36 (KHTML, like Gecko; compatible; GPTBot/1.3; +https://openai.com/gptbot)"
74.7.227.188 - - [20/Nov/2025:03:23:51 -0700] "GET /?path=//sys/class/net/lo/subsystem/lo/subsystem/eth0/device/net/eth0/device/subsystem/devices/virtio1/driver/virtio1/subsystem/devices/virtio1/subsystem/devices/virtio1 HTTP/1.1" 200 34062 "-" "Mozilla/5.0 AppleWebKit/537.36 (KHTML, like Gecko; compatible; GPTBot/1.3; +https://openai.com/gptbot)"
74.7.227.188 - - [20/Nov/2025:03:23:53 -0700] "GET /?path=//sys/class/net/lo/subsystem/lo/subsystem/eth0/device/net/eth0/device/subsystem/devices/virtio1/driver/virtio1/subsystem/devices/virtio1/subsystem/devices/virtio0 HTTP/1.1" 200 34054 "-" "Mozilla/5.0 AppleWebKit/537.36 (KHTML, like Gecko; compatible; GPTBot/1.3; +https://openai.com/gptbot)"
74.7.227.188 - - [20/Nov/2025:03:23:56 -0700] "GET /?path=//sys/class/net/lo/subsystem/lo/subsystem/eth0/device/net/eth0/device/subsystem/devices/virtio1/driver/virtio1/subsystem/devices/virtio1/subsystem/devices/virtio3 HTTP/1.1" 200 32303 "-" "Mozilla/5.0 AppleWebKit/537.36 (KHTML, like Gecko; compatible; GPTBot/1.3; +https://openai.com/gptbot)"
74.7.227.188 - - [20/Nov/2025:03:23:58 -0700] "GET /?path=//sys/class/net/lo/subsystem/lo/subsystem/eth0/device/net/eth0/device/subsystem/drivers/virtio_net/virtio0/subsystem/devices/virtio0/subsystem/devices/virtio1/driver HTTP/1.1" 200 24637 "-" "Mozilla/5.0 AppleWebKit/537.36 (KHTML, like Gecko; compatible; GPTBot/1.3; +https://openai.com/gptbot)"
74.7.227.188 - - [20/Nov/2025:03:24:01 -0700] "GET /?path=//sys/class/net/lo/subsystem/lo/subsystem/eth0/device/net/eth0/device/driver/virtio0/subsystem/devices/virtio0/driver/virtio0/driver/virtio0/subsystem/devices/virtio1 HTTP/1.1" 200 34366 "-" "Mozilla/5.0 AppleWebKit/537.36 (KHTML, like Gecko; compatible; GPTBot/1.3; +https://openai.com/gptbot)"
74.7.227.188 - - [20/Nov/2025:03:24:05 -0700] "GET /?path=//sys/class/net/lo/subsystem/lo/subsystem/eth0/device/net/eth0/device/driver/virtio0/subsystem/devices/virtio1/subsystem/devices/virtio1/driver/virtio1/driver/module HTTP/1.1" 200 38422 "-" "Mozilla/5.0 AppleWebKit/537.36 (KHTML, like Gecko; compatible; GPTBot/1.3; +https://openai.com/gptbot)"
74.7.227.188 - - [20/Nov/2025:03:24:09 -0700] "GET /?path=//sys/class/net/lo/subsystem/lo/subsystem/eth0/device/net/eth0/device/subsystem/devices/virtio1/driver/virtio1/subsystem/devices/virtio1/subsystem/devices/virtio0/net HTTP/1.1" 200 16960 "-" "Mozilla/5.0 AppleWebKit/537.36 (KHTML, like Gecko; compatible; GPTBot/1.3; +https://openai.com/gptbot)"
74.7.227.188 - - [20/Nov/2025:03:24:12 -0700] "GET /?path=//sys/class/net/lo/subsystem/lo/subsystem/eth0/device/net/eth0/subsystem/eth0/device/driver/virtio0/subsystem/devices/virtio0/driver/virtio0/subsystem/drivers HTTP/1.1" 200 23871 "-" "Mozilla/5.0 AppleWebKit/537.36 (KHTML, like Gecko; compatible; GPTBot/1.3; +https://openai.com/gptbot)"
74.7.227.188 - - [20/Nov/2025:03:24:15 -0700] "GET /?path=//sys/class/net/lo/subsystem/lo/subsystem/eth0/device/net/eth0/device/driver/virtio0/subsystem/devices/virtio0/subsystem/devices/virtio3/subsystem HTTP/1.1" 200 23949 "-" "Mozilla/5.0 AppleWebKit/537.36 (KHTML, like Gecko; compatible; GPTBot/1.3; +https://openai.com/gptbot)"
57.141.2.4 - - [20/Nov/2025:03:24:16 -0700] "GET /product680380?kg=0000679848 HTTP/1.1" 200 101173 "-" "meta-externalagent/1.1 (+https://developers.facebook.com/docs/sharing/webmasters/crawler)"
136.243.228.193 - - [20/Nov/2025:03:24:19 -0700] "GET /products/29mi38614 HTTP/1.1" 200 101173 "-" "Mozilla/5.0 (compatible; DataForSeoBot/1.0; +https://dataforseo.com/dataforseo-bot)"
74.7.227.188 - - [20/Nov/2025:03:24:20 -0700] "GET /?path=//sys/class/net/lo/subsystem/lo/subsystem/eth0/device/net/eth0/device/driver/virtio0/driver/virtio0/subsystem/devices/virtio0/subsystem/devices/virtio1/driver HTTP/1.1" 200 24435 "-" "Mozilla/5.0 AppleWebKit/537.36 (KHTML, like Gecko; compatible; GPTBot/1.3; +https://openai.com/gptbot)"
74.7.227.188 - - [20/Nov/2025:03:24:23 -0700] "GET /?path=//sys/class/net/lo/subsystem/lo/subsystem/eth0/device/net/eth0/device/subsystem/devices/virtio3/driver/virtio3/subsystem/devices/virtio3/subsystem HTTP/1.1" 200 23956 "-" "Mozilla/5.0 AppleWebKit/537.36 (KHTML, like Gecko; compatible; GPTBot/1.3; +https://openai.com/gptbot)"
74.7.227.188 - - [20/Nov/2025:03:24:25 -0700] "GET /?path=//sys/class/net/lo/subsystem/lo/subsystem/eth0/device/net/eth0/device/subsystem/devices/virtio1/driver/virtio1/subsystem/devices/virtio1/host2/subsystem HTTP/1.1" 200 24239 "-" "Mozilla/5.0 AppleWebKit/537.36 (KHTML, like Gecko; compatible; GPTBot/1.3; +https://openai.com/gptbot)"
74.7.227.188 - - [20/Nov/2025:03:24:29 -0700] "GET /?path=//sys/class/net/lo/subsystem/lo/subsystem/eth0/device/net/eth0/device/driver/virtio0/subsystem/devices/virtio0/driver/virtio0/driver/virtio0/subsystem/drivers HTTP/1.1" 200 23874 "-" "Mozilla/5.0 AppleWebKit/537.36 (KHTML, like Gecko; compatible; GPTBot/1.3; +https://openai.com/gptbot)"
74.7.227.188 - - [20/Nov/2025:03:24:31 -0700] "GET /?path=//sys/class/net/lo/subsystem/lo/subsystem/eth0/device/net/eth0/device/driver/virtio0/subsystem/devices/virtio0/subsystem/devices/virtio3/subsystem/devices HTTP/1.1" 200 21776 "-" "Mozilla/5.0 AppleWebKit/537.36 (KHTML, like Gecko; compatible; GPTBot/1.3; +https://openai.com/gptbot)"
136.243.228.193 - - [20/Nov/2025:03:24:32 -0700] "GET /products/85nh41518 HTTP/1.1" 200 101173 "-" "Mozilla/5.0 (compatible; DataForSeoBot/1.0; +https://dataforseo.com/dataforseo-bot)"
74.7.227.188 - - [20/Nov/2025:03:24:33 -0700] "GET /?path=//sys/class/net/lo/subsystem/lo/subsystem/eth0/device/net/eth0/device/subsystem/devices/virtio3/driver/virtio3/subsystem/devices/virtio3/subsystem/devices HTTP/1.1" 200 21783 "-" "Mozilla/5.0 AppleWebKit/537.36 (KHTML, like Gecko; compatible; GPTBot/1.3; +https://openai.com/gptbot)"
74.7.227.188 - - [20/Nov/2025:03:24:36 -0700] "GET /?path=//sys/class/net/lo/subsystem/lo/subsystem/eth0/device/net/eth0/device/subsystem/devices/virtio1/driver/virtio1/subsystem/devices/virtio1/host2/subsystem/devices HTTP/1.1" 200 23789 "-" "Mozilla/5.0 AppleWebKit/537.36 (KHTML, like Gecko; compatible; GPTBot/1.3; +https://openai.com/gptbot)"
74.7.227.188 - - [20/Nov/2025:03:24:39 -0700] "GET /?path=//sys/class/net/lo/subsystem/lo/subsystem/eth0/device/net/eth0/device/driver/virtio0/subsystem/devices/virtio0/subsystem/devices/virtio3/subsystem/drivers HTTP/1.1" 200 23651 "-" "Mozilla/5.0 AppleWebKit/537.36 (KHTML, like Gecko; compatible; GPTBot/1.3; +https://openai.com/gptbot)"
74.7.227.188 - - [20/Nov/2025:03:24:42 -0700] "GET /?path=//sys/class/net/lo/subsystem/lo/subsystem/eth0/device/net/eth0/device/subsystem/devices/virtio1/driver/virtio1/subsystem/devices/virtio1/host2/subsystem/drivers HTTP/1.1" 200 16733 "-" "Mozilla/5.0 AppleWebKit/537.36 (KHTML, like Gecko; compatible; GPTBot/1.3; +https://openai.com/gptbot)"
136.243.228.193 - - [20/Nov/2025:03:24:44 -0700] "GET /products/193jy31371 HTTP/1.1" 200 101173 "-" "Mozilla/5.0 (compatible; DataForSeoBot/1.0; +https://dataforseo.com/dataforseo-bot)"
74.7.227.188 - - [20/Nov/2025:03:24:45 -0700] "GET /?path=//sys/class/net/lo/subsystem/lo/subsystem/eth0/device/net/eth0/device/subsystem/devices/virtio3/driver/virtio3/subsystem/devices/virtio3/subsystem/drivers HTTP/1.1" 200 23658 "-" "Mozilla/5.0 AppleWebKit/537.36 (KHTML, like Gecko; compatible; GPTBot/1.3; +https://openai.com/gptbot)"
74.7.227.188 - - [20/Nov/2025:03:24:48 -0700] "GET /?path=//sys/class/net/lo/subsystem/lo/subsystem/eth0/device/net/eth0/device/subsystem/devices/virtio3/driver/virtio3/subsystem/devices/virtio3/subsystem/devices/virtio3 HTTP/1.1" 200 32303 "-" "Mozilla/5.0 AppleWebKit/537.36 (KHTML, like Gecko; compatible; GPTBot/1.3; +https://openai.com/gptbot)"
114.119.136.100 - - [20/Nov/2025:03:24:51 -0700] "GET /products/98yb3307 HTTP/1.1" 200 101173 "http://marketersvideoplayer.com/sitemap857.xml" "Mozilla/5.0 (Linux; Android 7.0;) AppleWebKit/537.36 (KHTML, like Gecko) Mobile Safari/537.36 (compatible; PetalBot;+https://webmaster.petalsearch.com/site/petalbot)"
74.7.227.188 - - [20/Nov/2025:03:24:52 -0700] "GET /?path=//sys/class/net/lo/subsystem/lo/subsystem/eth0/device/net/eth0/device/driver/virtio0/subsystem/devices/virtio0/subsystem/devices/virtio3/subsystem/devices/virtio1 HTTP/1.1" 200 34055 "-" "Mozilla/5.0 AppleWebKit/537.36 (KHTML, like Gecko; compatible; GPTBot/1.3; +https://openai.com/gptbot)"
74.7.227.188 - - [20/Nov/2025:03:24:55 -0700] "GET /?path=//sys/class/net/lo/subsystem/lo/subsystem/eth0/device/net/eth0/device/driver/virtio0/subsystem/devices/virtio0/subsystem/devices/virtio3/subsystem/drivers/virtio_scsi HTTP/1.1" 200 24615 "-" "Mozilla/5.0 AppleWebKit/537.36 (KHTML, like Gecko; compatible; GPTBot/1.3; +https://openai.com/gptbot)"
74.7.227.188 - - [20/Nov/2025:03:24:58 -0700] "GET /?path=//sys/class/net/lo/subsystem/lo/subsystem/eth0/device/net/eth0/device/subsystem/devices/virtio3/driver/virtio3/subsystem/devices/virtio3/subsystem/devices/virtio0 HTTP/1.1" 200 34054 "-" "Mozilla/5.0 AppleWebKit/537.36 (KHTML, like Gecko; compatible; GPTBot/1.3; +https://openai.com/gptbot)"
74.7.227.188 - - [20/Nov/2025:03:25:00 -0700] "GET /?path=//sys/class/net/lo/subsystem/lo/subsystem/eth0/device/net/eth0/device/subsystem/devices/virtio3/driver/virtio3/subsystem/devices/virtio3/subsystem/devices/virtio2 HTTP/1.1" 200 34090 "-" "Mozilla/5.0 AppleWebKit/537.36 (KHTML, like Gecko; compatible; GPTBot/1.3; +https://openai.com/gptbot)"
74.7.227.188 - - [20/Nov/2025:03:25:05 -0700] "GET /?path=//sys/class/net/lo/subsystem/lo/subsystem/eth0/device/net/eth0/device/subsystem/devices/virtio3/driver/virtio3/subsystem/devices/virtio3/subsystem/drivers/virtio_scsi HTTP/1.1" 200 24622 "-" "Mozilla/5.0 AppleWebKit/537.36 (KHTML, like Gecko; compatible; GPTBot/1.3; +https://openai.com/gptbot)"
74.7.227.188 - - [20/Nov/2025:03:25:09 -0700] "GET /?path=//sys/class/net/lo/subsystem/lo/subsystem/eth0/device/net/eth0/device/subsystem/devices/virtio3/driver/virtio3/subsystem/devices/virtio3/subsystem/devices/virtio1 HTTP/1.1" 200 34062 "-" "Mozilla/5.0 AppleWebKit/537.36 (KHTML, like Gecko; compatible; GPTBot/1.3; +https://openai.com/gptbot)"
74.7.227.188 - - [20/Nov/2025:03:25:13 -0700] "GET /?path=//sys/class/net/lo/subsystem/lo/subsystem/eth0/device/net/eth0/device/driver/virtio0/subsystem/devices/virtio0/subsystem/devices/virtio3/subsystem/devices/virtio0 HTTP/1.1" 200 34047 "-" "Mozilla/5.0 AppleWebKit/537.36 (KHTML, like Gecko; compatible; GPTBot/1.3; +https://openai.com/gptbot)"
