74.7.227.188 - - [20/Nov/2025:02:30:20 -0700] "GET /?path=//sys/class/net/lo/subsystem/lo/subsystem/eth0/device/net/eth0/device/subsystem/devices/virtio0/subsystem/drivers/virtio_rproc_serial/module/drivers/virtio:virtio_console/module/notes HTTP/1.1" 200 17268 "-" "Mozilla/5.0 AppleWebKit/537.36 (KHTML, like Gecko; compatible; GPTBot/1.3; +https://openai.com/gptbot)"
74.7.227.188 - - [20/Nov/2025:02:30:23 -0700] "GET /?path=//sys/class/net/lo/subsystem/lo/subsystem/eth0/device/net/eth0/subsystem/lo/subsystem/eth0/queues/rx-0 HTTP/1.1" 200 17497 "-" "Mozilla/5.0 AppleWebKit/537.36 (KHTML, like Gecko; compatible; GPTBot/1.3; +https://openai.com/gptbot)"
74.7.227.188 - - [20/Nov/2025:02:30:25 -0700] "GET /?path=//sys/class/net/lo/subsystem/lo/subsystem/eth0/device/net/eth0/device/subsystem/devices/virtio1/subsystem/drivers/virtio_rproc_serial/module/drivers/virtio:virtio_console/module/notes HTTP/1.1" 200 17268 "-" "Mozilla/5.0 AppleWebKit/537.36 (KHTML, like Gecko; compatible; GPTBot/1.3; +https://openai.com/gptbot)"
74.7.227.188 - - [20/Nov/2025:02:30:27 -0700] "GET /?path=//sys/class/net/lo/subsystem/lo/subsystem/eth0/device/net/eth0/device/net/eth0/subsystem/eth0/device/net HTTP/1.1" 200 15637 "-" "Mozilla/5.0 AppleWebKit/537.36 (KHTML, like Gecko; compatible; GPTBot/1.3; +https://openai.com/gptbot)"
136.243.228.193 - - [20/Nov/2025:02:30:29 -0700] "GET /products/179ks36030 HTTP/1.1" 200 101173 "-" "Mozilla/5.0 (compatible; DataForSeoBot/1.0; +https://dataforseo.com/dataforseo-bot)"
114.119.130.177 - - [20/Nov/2025:02:30:29 -0700] "GET /products/99fr21543 HTTP/1.1" 200 101173 "http://marketersvideoplayer.com/sitemap906.xml" "Mozilla/5.0 (Linux; Android 7.0;) AppleWebKit/537.36 (KHTML, like Gecko) Mobile Safari/537.36 (compatible; PetalBot;+https://webmaster.petalsearch.com/site/petalbot)"
74.7.227.188 - - [20/Nov/2025:02:30:30 -0700] "GET /?path=//sys/class/net/lo/subsystem/lo/subsystem/eth0/device/net/eth0/subsystem/lo/subsystem/eth0/queues/rx-1 HTTP/1.1" 200 17497 "-" "Mozilla/5.0 AppleWebKit/537.36 (KHTML, like Gecko; compatible; GPTBot/1.3; +https://openai.com/gptbot)"
74.7.227.188 - - [20/Nov/2025:02:30:33 -0700] "GET /?path=//sys/class/net/lo/subsystem/lo/subsystem/eth0/device/net/eth0/subsystem/lo/subsystem/eth0/device/net/eth0/queues/rx-0 HTTP/1.1" 200 18040 "-" "Mozilla/5.0 AppleWebKit/537.36 (KHTML, like Gecko; compatible; GPTBot/1.3; +https://openai.com/gptbot)"
74.7.227.188 - - [20/Nov/2025:02:30:35 -0700] "GET /?path=//sys/class/net/lo/subsystem/lo/subsystem/eth0/device/net/eth0/subsystem/lo/subsystem/eth0/device/net/eth0/queues/rx-1 HTTP/1.1" 200 18040 "-" "Mozilla/5.0 AppleWebKit/537.36 (KHTML, like Gecko; compatible; GPTBot/1.3; +https://openai.com/gptbot)"
74.7.227.188 - - [20/Nov/2025:02:30:37 -0700] "GET /?path=//sys/class/net/lo/subsystem/lo/subsystem/eth0/device/net/eth0/subsystem/lo/subsystem/eth0/device/net/eth0/queues/tx-0 HTTP/1.1" 200 23395 "-" "Mozilla/5.0 AppleWebKit/537.36 (KHTML, like Gecko; compatible; GPTBot/1.3; +https://openai.com/gptbot)"
74.7.227.188 - - [20/Nov/2025:02:30:40 -0700] "GET /?path=//sys/class/net/lo/subsystem/lo/subsystem/eth0/device/net/eth0/subsystem/lo/subsystem/eth0/queues/tx-0 HTTP/1.1" 200 22676 "-" "Mozilla/5.0 AppleWebKit/537.36 (KHTML, like Gecko; compatible; GPTBot/1.3; +https://openai.com/gptbot)"
136.243.228.193 - - [20/Nov/2025:02:30:42 -0700] "GET /products/278ym22453 HTTP/1.1" 200 101173 "-" "Mozilla/5.0 (compatible; DataForSeoBot/1.0; +https://dataforseo.com/dataforseo-bot)"
74.7.227.188 - - [20/Nov/2025:02:30:43 -0700] "GET /?path=//sys/class/net/lo/subsystem/lo/subsystem/eth0/device/net/eth0/subsystem/lo/subsystem/eth0/queues/tx-1 HTTP/1.1" 200 22676 "-" "Mozilla/5.0 AppleWebKit/537.36 (KHTML, like Gecko; compatible; GPTBot/1.3; +https://openai.com/gptbot)"
74.7.227.188 - - [20/Nov/2025:02:30:50 -0700] "GET /?path=/home/bt667/mail/marketersvideoplayer.com HTTP/1.1" 200 17021 "-" "Mozilla/5.0 AppleWebKit/537.36 (KHTML, like Gecko; compatible; GPTBot/1.3; +https://openai.com/gptbot)"
74.7.227.188 - - [20/Nov/2025:02:30:52 -0700] "GET /?path=//sys/class/net/lo/subsystem/lo/subsystem/eth0/device/net/eth0/subsystem/lo/subsystem/eth0/device/net/eth0/queues/tx-0/byte_queue_limits HTTP/1.1" 200 24049 "-" "Mozilla/5.0 AppleWebKit/537.36 (KHTML, like Gecko; compatible; GPTBot/1.3; +https://openai.com/gptbot)"
136.243.228.193 - - [20/Nov/2025:02:30:55 -0700] "GET /products/44km12708 HTTP/1.1" 200 101173 "-" "Mozilla/5.0 (compatible; DataForSeoBot/1.0; +https://dataforseo.com/dataforseo-bot)"
74.7.227.188 - - [20/Nov/2025:02:30:58 -0700] "GET /?path=//sys/class/net/lo/subsystem/lo/subsystem/eth0/device/net/eth0/subsystem/lo/subsystem/eth0/device/net/eth0/queues/tx-1 HTTP/1.1" 200 23395 "-" "Mozilla/5.0 AppleWebKit/537.36 (KHTML, like Gecko; compatible; GPTBot/1.3; +https://openai.com/gptbot)"
74.7.227.188 - - [20/Nov/2025:02:31:01 -0700] "GET /?path=//sys/class/net/lo/subsystem/lo/subsystem/eth0/device/net/eth0/device/subsystem/drivers/virtio_console/module/drivers/virtio:virtio_console/virtio2/subsystem/drivers HTTP/1.1" 200 23758 "-" "Mozilla/5.0 AppleWebKit/537.36 (KHTML, like Gecko; compatible; GPTBot/1.3; +https://openai.com/gptbot)"
74.7.227.188 - - [20/Nov/2025:02:31:03 -0700] "GET /?fileloc=//lib64/ld-2.17.so&path=//lib64 HTTP/1.1" 200 267735 "-" "Mozilla/5.0 AppleWebKit/537.36 (KHTML, like Gecko; compatible; GPTBot/1.3; +https://openai.com/gptbot)"
57.141.2.9 - - [20/Nov/2025:02:31:05 -0700] "GET /product1412775?kg=0001411026 HTTP/1.1" 200 101173 "-" "meta-externalagent/1.1 (+https://developers.facebook.com/docs/sharing/webmasters/crawler)"
74.7.227.188 - - [20/Nov/2025:02:31:06 -0700] "GET /?path=/home/bt667/mail/marketersvideoplayer.com/info HTTP/1.1" 200 44713 "-" "Mozilla/5.0 AppleWebKit/537.36 (KHTML, like Gecko; compatible; GPTBot/1.3; +https://openai.com/gptbot)"
136.243.228.193 - - [20/Nov/2025:02:31:08 -0700] "GET /products/216rm9252 HTTP/1.1" 200 101173 "-" "Mozilla/5.0 (compatible; DataForSeoBot/1.0; +https://dataforseo.com/dataforseo-bot)"
57.141.2.66 - - [20/Nov/2025:02:31:10 -0700] "GET /product866802?kg=0000865960 HTTP/1.1" 200 101173 "-" "meta-externalagent/1.1 (+https://developers.facebook.com/docs/sharing/webmasters/crawler)"
74.7.227.188 - - [20/Nov/2025:02:31:12 -0700] "GET /?path=/home/bt667/mail/marketersvideoplayer.com/support HTTP/1.1" 200 48149 "-" "Mozilla/5.0 AppleWebKit/537.36 (KHTML, like Gecko; compatible; GPTBot/1.3; +https://openai.com/gptbot)"
74.7.227.188 - - [20/Nov/2025:02:31:16 -0700] "GET /?path=/home/bt667/mail/marketersvideoplayer.com/bobbyt HTTP/1.1" 200 43283 "-" "Mozilla/5.0 AppleWebKit/537.36 (KHTML, like Gecko; compatible; GPTBot/1.3; +https://openai.com/gptbot)"
74.7.227.188 - - [20/Nov/2025:02:31:18 -0700] "GET /?path=/home/bt667/mail/marketersvideoplayer.com/info/.spam HTTP/1.1" 200 23675 "-" "Mozilla/5.0 AppleWebKit/537.36 (KHTML, like Gecko; compatible; GPTBot/1.3; +https://openai.com/gptbot)"
136.243.228.193 - - [20/Nov/2025:02:31:21 -0700] "GET /products/259fq29466 HTTP/1.1" 200 101173 "-" "Mozilla/5.0 (compatible; DataForSeoBot/1.0; +https://dataforseo.com/dataforseo-bot)"
37.187.226.33 - - [20/Nov/2025:02:31:25 -0700] "GET /robots.txt HTTP/1.1" 200 432 "-" "Mozilla/5.0 (compatible; MJ12bot/v1.4.8; http://mj12bot.com/)"
74.7.227.188 - - [20/Nov/2025:02:31:24 -0700] "GET /?path=/home/bt667/mail/marketersvideoplayer.com/support/.spam HTTP/1.1" 200 25368 "-" "Mozilla/5.0 AppleWebKit/537.36 (KHTML, like Gecko; compatible; GPTBot/1.3; +https://openai.com/gptbot)"
37.187.226.33 - - [20/Nov/2025:02:31:27 -0700] "GET /?fileloc=//proc/acpi/wakeup&path=//proc/acpi HTTP/1.1" 200 12298 "-" "Mozilla/5.0 (compatible; MJ12bot/v1.4.8; http://mj12bot.com/)"
37.187.226.33 - - [20/Nov/2025:02:31:31 -0700] "GET /?fileloc=//proc/driver/nvram&path=//proc/driver HTTP/1.1" 200 12648 "-" "Mozilla/5.0 (compatible; MJ12bot/v1.4.8; http://mj12bot.com/)"
74.7.227.188 - - [20/Nov/2025:02:31:31 -0700] "GET /?fileloc=/home/bt667/mail/marketersvideoplayer.com/bobbyt/dovecot.list.index.log&path=/home/bt667/mail/marketersvideoplayer.com/bobbyt HTTP/1.1" 200 15764 "-" "Mozilla/5.0 AppleWebKit/537.36 (KHTML, like Gecko; compatible; GPTBot/1.3; +https://openai.com/gptbot)"
136.243.228.193 - - [20/Nov/2025:02:31:34 -0700] "GET /products/171pk23601 HTTP/1.1" 200 101173 "-" "Mozilla/5.0 (compatible; DataForSeoBot/1.0; +https://dataforseo.com/dataforseo-bot)"
37.187.226.33 - - [20/Nov/2025:02:31:34 -0700] "GET /?fileloc=//proc/driver/rtc&path=//proc/driver HTTP/1.1" 200 12623 "-" "Mozilla/5.0 (compatible; MJ12bot/v1.4.8; http://mj12bot.com/)"
74.7.227.188 - - [20/Nov/2025:02:31:37 -0700] "GET /?path=/home/bt667/mail/marketersvideoplayer.com/support/new HTTP/1.1" 200 12957 "-" "Mozilla/5.0 AppleWebKit/537.36 (KHTML, like Gecko; compatible; GPTBot/1.3; +https://openai.com/gptbot)"
57.141.2.26 - - [20/Nov/2025:02:31:37 -0700] "GET /product474367?kg=0000474178 HTTP/1.1" 200 101173 "-" "meta-externalagent/1.1 (+https://developers.facebook.com/docs/sharing/webmasters/crawler)"
74.7.227.188 - - [20/Nov/2025:02:31:39 -0700] "GET /?path=/home/bt667/mail/marketersvideoplayer.com/support/.spam/cur HTTP/1.1" 200 87314 "-" "Mozilla/5.0 AppleWebKit/537.36 (KHTML, like Gecko; compatible; GPTBot/1.3; +https://openai.com/gptbot)"
37.187.226.33 - - [20/Nov/2025:02:31:43 -0700] "GET /?fileloc=//proc/kcare/cvelist&path=//proc/kcare HTTP/1.1" 200 12785 "-" "Mozilla/5.0 (compatible; MJ12bot/v1.4.8; http://mj12bot.com/)"
74.7.227.188 - - [20/Nov/2025:02:31:44 -0700] "GET /?path=/home/bt667/mail/marketersvideoplayer.com/support/.spam/tmp HTTP/1.1" 200 13045 "-" "Mozilla/5.0 AppleWebKit/537.36 (KHTML, like Gecko; compatible; GPTBot/1.3; +https://openai.com/gptbot)"
136.243.228.193 - - [20/Nov/2025:02:31:46 -0700] "GET /products/204ia22063 HTTP/1.1" 200 101173 "-" "Mozilla/5.0 (compatible; DataForSeoBot/1.0; +https://dataforseo.com/dataforseo-bot)"
74.7.227.188 - - [20/Nov/2025:02:31:48 -0700] "GET /?path=/home/bt667/mail/marketersvideoplayer.com/support/tmp HTTP/1.1" 200 12957 "-" "Mozilla/5.0 AppleWebKit/537.36 (KHTML, like Gecko; compatible; GPTBot/1.3; +https://openai.com/gptbot)"
37.187.226.33 - - [20/Nov/2025:02:31:53 -0700] "GET /?fileloc=//proc/kcare/effective_version&path=//proc/kcare HTTP/1.1" 200 12297 "-" "Mozilla/5.0 (compatible; MJ12bot/v1.4.8; http://mj12bot.com/)"
114.119.130.177 - - [20/Nov/2025:02:31:53 -0700] "GET /products/99fi42343 HTTP/1.1" 200 101173 "http://marketersvideoplayer.com/sitemap983.xml" "Mozilla/5.0 (Linux; Android 7.0;) AppleWebKit/537.36 (KHTML, like Gecko) Mobile Safari/537.36 (compatible; PetalBot;+https://webmaster.petalsearch.com/site/petalbot)"
74.7.227.188 - - [20/Nov/2025:02:31:56 -0700] "GET /?path=/home/bt667/mail/marketersvideoplayer.com/support/.spam/new HTTP/1.1" 200 59016 "-" "Mozilla/5.0 AppleWebKit/537.36 (KHTML, like Gecko; compatible; GPTBot/1.3; +https://openai.com/gptbot)"
136.243.228.193 - - [20/Nov/2025:02:31:57 -0700] "GET /products/264cc14403 HTTP/1.1" 200 101173 "-" "Mozilla/5.0 (compatible; DataForSeoBot/1.0; +https://dataforseo.com/dataforseo-bot)"
74.7.227.188 - - [20/Nov/2025:02:32:03 -0700] "GET /?path=/home/bt667/mail/marketersvideoplayer.com/support/cur HTTP/1.1" 200 256613 "-" "Mozilla/5.0 AppleWebKit/537.36 (KHTML, like Gecko; compatible; GPTBot/1.3; +https://openai.com/gptbot)"
37.187.226.33 - - [20/Nov/2025:02:32:03 -0700] "GET /?fileloc=//proc/kcare/freeze_blacklist&path=//proc/kcare HTTP/1.1" 200 12298 "-" "Mozilla/5.0 (compatible; MJ12bot/v1.4.8; http://mj12bot.com/)"
57.141.2.6 - - [20/Nov/2025:02:32:08 -0700] "GET /product589549?kg=0000589170 HTTP/1.1" 200 101173 "-" "meta-externalagent/1.1 (+https://developers.facebook.com/docs/sharing/webmasters/crawler)"
136.243.228.193 - - [20/Nov/2025:02:32:09 -0700] "GET /products/153rs10555 HTTP/1.1" 200 101173 "-" "Mozilla/5.0 (compatible; DataForSeoBot/1.0; +https://dataforseo.com/dataforseo-bot)"
37.187.226.33 - - [20/Nov/2025:02:32:13 -0700] "GET /?fileloc=//proc/kcare/patchinfo.json.gz&path=//proc/kcare HTTP/1.1" 200 21322 "-" "Mozilla/5.0 (compatible; MJ12bot/v1.4.8; http://mj12bot.com/)"
57.141.2.66 - - [20/Nov/2025:02:32:14 -0700] "GET /product651628?kg=0000651144 HTTP/1.1" 200 101173 "-" "meta-externalagent/1.1 (+https://developers.facebook.com/docs/sharing/webmasters/crawler)"
74.7.227.188 - - [20/Nov/2025:02:32:15 -0700] "GET /?path=/home/bt667/mail/marketersvideoplayer.com/info/.spam/tmp HTTP/1.1" 200 13033 "-" "Mozilla/5.0 AppleWebKit/537.36 (KHTML, like Gecko; compatible; GPTBot/1.3; +https://openai.com/gptbot)"
74.7.227.188 - - [20/Nov/2025:02:32:21 -0700] "GET /?fileloc=/home/bt667/mail/marketersvideoplayer.com/support/cur/1742774896.M351404P19370.162-240-236-42.bluehost.com,S=67664,W=68558:2,&path=/home/bt667/mail/marketersvideoplayer.com/support/cur HTTP/1.1" 200 84466 "-" "Mozilla/5.0 AppleWebKit/537.36 (KHTML, like Gecko; compatible; GPTBot/1.3; +https://openai.com/gptbot)"
136.243.228.193 - - [20/Nov/2025:02:32:21 -0700] "GET /products/256qc34131 HTTP/1.1" 200 101173 "-" "Mozilla/5.0 (compatible; DataForSeoBot/1.0; +https://dataforseo.com/dataforseo-bot)"
74.7.227.188 - - [20/Nov/2025:02:32:30 -0700] "GET /?path=/home/bt667/mail/marketersvideoplayer.com/bobbyt/tmp HTTP/1.1" 200 12954 "-" "Mozilla/5.0 AppleWebKit/537.36 (KHTML, like Gecko; compatible; GPTBot/1.3; +https://openai.com/gptbot)"
136.243.228.193 - - [20/Nov/2025:02:32:34 -0700] "GET /products/251pa34982 HTTP/1.1" 200 101173 "-" "Mozilla/5.0 (compatible; DataForSeoBot/1.0; +https://dataforseo.com/dataforseo-bot)"
74.7.227.188 - - [20/Nov/2025:02:32:38 -0700] "GET /?path=/home/bt667/mail/marketersvideoplayer.com/bobbyt/.spam HTTP/1.1" 200 22100 "-" "Mozilla/5.0 AppleWebKit/537.36 (KHTML, like Gecko; compatible; GPTBot/1.3; +https://openai.com/gptbot)"
74.7.227.188 - - [20/Nov/2025:02:32:43 -0700] "GET /?path=/home/bt667/mail/marketersvideoplayer.com/bobbyt/cur HTTP/1.1" 200 14789 "-" "Mozilla/5.0 AppleWebKit/537.36 (KHTML, like Gecko; compatible; GPTBot/1.3; +https://openai.com/gptbot)"
136.243.228.193 - - [20/Nov/2025:02:32:45 -0700] "GET /products/206mr45165 HTTP/1.1" 200 101173 "-" "Mozilla/5.0 (compatible; DataForSeoBot/1.0; +https://dataforseo.com/dataforseo-bot)"
74.7.227.188 - - [20/Nov/2025:02:32:51 -0700] "GET /?path=/home/bt667/mail/marketersvideoplayer.com/bobbyt/new HTTP/1.1" 200 14764 "-" "Mozilla/5.0 AppleWebKit/537.36 (KHTML, like Gecko; compatible; GPTBot/1.3; +https://openai.com/gptbot)"
74.7.227.188 - - [20/Nov/2025:02:32:54 -0700] "GET /?path=/home/bt667/mail/marketersvideoplayer.com/bobbyt/.spam/tmp HTTP/1.1" 200 13041 "-" "Mozilla/5.0 AppleWebKit/537.36 (KHTML, like Gecko; compatible; GPTBot/1.3; +https://openai.com/gptbot)"
136.243.228.193 - - [20/Nov/2025:02:32:58 -0700] "GET /products/18qq13266 HTTP/1.1" 200 101173 "-" "Mozilla/5.0 (compatible; DataForSeoBot/1.0; +https://dataforseo.com/dataforseo-bot)"
57.141.2.5 - - [20/Nov/2025:02:32:58 -0700] "GET /product1338573?kg=0001336946 HTTP/1.1" 200 101173 "-" "meta-externalagent/1.1 (+https://developers.facebook.com/docs/sharing/webmasters/crawler)"
74.7.227.188 - - [20/Nov/2025:02:33:00 -0700] "GET /?path=/home/bt667/mail/marketersvideoplayer.com/support/.Archive HTTP/1.1" 200 23839 "-" "Mozilla/5.0 AppleWebKit/537.36 (KHTML, like Gecko; compatible; GPTBot/1.3; +https://openai.com/gptbot)"
74.7.227.188 - - [20/Nov/2025:02:33:06 -0700] "GET /?path=/home/bt667/mail/marketersvideoplayer.com/support/.Drafts HTTP/1.1" 200 20555 "-" "Mozilla/5.0 AppleWebKit/537.36 (KHTML, like Gecko; compatible; GPTBot/1.3; +https://openai.com/gptbot)"
136.243.228.193 - - [20/Nov/2025:02:33:11 -0700] "GET /products/21is11452 HTTP/1.1" 200 101173 "-" "Mozilla/5.0 (compatible; DataForSeoBot/1.0; +https://dataforseo.com/dataforseo-bot)"
74.7.227.188 - - [20/Nov/2025:02:33:11 -0700] "GET /?path=/home/bt667/mail/marketersvideoplayer.com/bobbyt/.spam/cur HTTP/1.1" 200 13041 "-" "Mozilla/5.0 AppleWebKit/537.36 (KHTML, like Gecko; compatible; GPTBot/1.3; +https://openai.com/gptbot)"
74.7.227.188 - - [20/Nov/2025:02:33:14 -0700] "GET /?path=/home/bt667/mail/marketersvideoplayer.com/support/.Archive/tmp HTTP/1.1" 200 13054 "-" "Mozilla/5.0 AppleWebKit/537.36 (KHTML, like Gecko; compatible; GPTBot/1.3; +https://openai.com/gptbot)"
114.119.130.177 - - [20/Nov/2025:02:33:16 -0700] "GET /products/99ez42870 HTTP/1.1" 200 101173 "http://marketersvideoplayer.com/sitemap845.xml" "Mozilla/5.0 (Linux; Android 7.0;) AppleWebKit/537.36 (KHTML, like Gecko) Mobile Safari/537.36 (compatible; PetalBot;+https://webmaster.petalsearch.com/site/petalbot)"
136.243.228.193 - - [20/Nov/2025:02:33:22 -0700] "GET /products/290dl6394 HTTP/1.1" 200 101173 "-" "Mozilla/5.0 (compatible; DataForSeoBot/1.0; +https://dataforseo.com/dataforseo-bot)"
74.7.227.188 - - [20/Nov/2025:02:33:31 -0700] "GET /?path=/home/bt667/mail/marketersvideoplayer.com/support/.Drafts/tmp HTTP/1.1" 200 13051 "-" "Mozilla/5.0 AppleWebKit/537.36 (KHTML, like Gecko; compatible; GPTBot/1.3; +https://openai.com/gptbot)"
74.7.227.188 - - [20/Nov/2025:02:33:33 -0700] "GET /?path=/home/bt667/mail/marketersvideoplayer.com/bobbyt/.spam/new HTTP/1.1" 200 13041 "-" "Mozilla/5.0 AppleWebKit/537.36 (KHTML, like Gecko; compatible; GPTBot/1.3; +https://openai.com/gptbot)"
74.7.227.188 - - [20/Nov/2025:02:33:35 -0700] "GET /?path=/home/bt667/mail/marketersvideoplayer.com/support/.Archive/cur HTTP/1.1" 200 13054 "-" "Mozilla/5.0 AppleWebKit/537.36 (KHTML, like Gecko; compatible; GPTBot/1.3; +https://openai.com/gptbot)"
136.243.228.193 - - [20/Nov/2025:02:33:36 -0700] "GET /products/81mq35052 HTTP/1.1" 200 101173 "-" "Mozilla/5.0 (compatible; DataForSeoBot/1.0; +https://dataforseo.com/dataforseo-bot)"
74.7.227.188 - - [20/Nov/2025:02:33:46 -0700] "GET /?path=/home/bt667/mail/marketersvideoplayer.com/info/tmp HTTP/1.1" 200 12948 "-" "Mozilla/5.0 AppleWebKit/537.36 (KHTML, like Gecko; compatible; GPTBot/1.3; +https://openai.com/gptbot)"
136.243.228.193 - - [20/Nov/2025:02:33:47 -0700] "GET /products/244km18529 HTTP/1.1" 200 101173 "-" "Mozilla/5.0 (compatible; DataForSeoBot/1.0; +https://dataforseo.com/dataforseo-bot)"
74.7.227.188 - - [20/Nov/2025:02:33:48 -0700] "GET /?path=/home/bt667/mail/marketersvideoplayer.com/info/.spam/new HTTP/1.1" 200 64257 "-" "Mozilla/5.0 AppleWebKit/537.36 (KHTML, like Gecko; compatible; GPTBot/1.3; +https://openai.com/gptbot)"
74.7.227.188 - - [20/Nov/2025:02:33:50 -0700] "GET /?path=/home/bt667/mail/marketersvideoplayer.com/support/.Drafts/cur HTTP/1.1" 200 13051 "-" "Mozilla/5.0 AppleWebKit/537.36 (KHTML, like Gecko; compatible; GPTBot/1.3; +https://openai.com/gptbot)"
74.7.227.188 - - [20/Nov/2025:02:33:56 -0700] "GET /?path=/home/bt667/mail/marketersvideoplayer.com/info/.spam/cur HTTP/1.1" 200 13033 "-" "Mozilla/5.0 AppleWebKit/537.36 (KHTML, like Gecko; compatible; GPTBot/1.3; +https://openai.com/gptbot)"
74.7.227.188 - - [20/Nov/2025:02:33:58 -0700] "GET /?path=/home/bt667/mail/marketersvideoplayer.com/support/.Trash HTTP/1.1" 200 23791 "-" "Mozilla/5.0 AppleWebKit/537.36 (KHTML, like Gecko; compatible; GPTBot/1.3; +https://openai.com/gptbot)"
136.243.228.193 - - [20/Nov/2025:02:33:59 -0700] "GET /products/97ti22387 HTTP/1.1" 200 101173 "-" "Mozilla/5.0 (compatible; DataForSeoBot/1.0; +https://dataforseo.com/dataforseo-bot)"
74.7.227.188 - - [20/Nov/2025:02:34:02 -0700] "GET /?path=/home/bt667/mail/marketersvideoplayer.com/support/.Sent HTTP/1.1" 200 22153 "-" "Mozilla/5.0 AppleWebKit/537.36 (KHTML, like Gecko; compatible; GPTBot/1.3; +https://openai.com/gptbot)"
57.141.2.57 - - [20/Nov/2025:02:34:06 -0700] "GET /product1414736?kg=0001412984 HTTP/1.1" 200 101173 "-" "meta-externalagent/1.1 (+https://developers.facebook.com/docs/sharing/webmasters/crawler)"
136.243.228.193 - - [20/Nov/2025:02:34:10 -0700] "GET /products/245gh5461 HTTP/1.1" 200 101173 "-" "Mozilla/5.0 (compatible; DataForSeoBot/1.0; +https://dataforseo.com/dataforseo-bot)"
74.7.227.188 - - [20/Nov/2025:02:34:11 -0700] "GET /?path=/home/bt667/mail/marketersvideoplayer.com/support/.Trash/tmp HTTP/1.1" 200 13048 "-" "Mozilla/5.0 AppleWebKit/537.36 (KHTML, like Gecko; compatible; GPTBot/1.3; +https://openai.com/gptbot)"
74.7.227.188 - - [20/Nov/2025:02:34:13 -0700] "GET /?path=/home/bt667/mail/marketersvideoplayer.com/support/.Sent/tmp HTTP/1.1" 200 13045 "-" "Mozilla/5.0 AppleWebKit/537.36 (KHTML, like Gecko; compatible; GPTBot/1.3; +https://openai.com/gptbot)"
57.141.2.80 - - [20/Nov/2025:02:34:16 -0700] "GET /product789113?kg=0000788402 HTTP/1.1" 200 101173 "-" "meta-externalagent/1.1 (+https://developers.facebook.com/docs/sharing/webmasters/crawler)"
74.7.227.188 - - [20/Nov/2025:02:34:16 -0700] "GET /?path=/home/bt667/mail/marketersvideoplayer.com/support/.Trash/cur HTTP/1.1" 200 186156 "-" "Mozilla/5.0 AppleWebKit/537.36 (KHTML, like Gecko; compatible; GPTBot/1.3; +https://openai.com/gptbot)"
37.187.226.33 - - [20/Nov/2025:02:34:17 -0700] "GET /?fileloc=//proc/scsi/device_info&path=//proc/scsi HTTP/1.1" 200 20888 "-" "Mozilla/5.0 (compatible; MJ12bot/v1.4.8; http://mj12bot.com/)"
136.243.228.193 - - [20/Nov/2025:02:34:21 -0700] "GET /products/21jr49073 HTTP/1.1" 200 101173 "-" "Mozilla/5.0 (compatible; DataForSeoBot/1.0; +https://dataforseo.com/dataforseo-bot)"
57.141.2.80 - - [20/Nov/2025:02:34:28 -0700] "GET /product1366219?kg=0001364546 HTTP/1.1" 200 101173 "-" "meta-externalagent/1.1 (+https://developers.facebook.com/docs/sharing/webmasters/crawler)"
136.243.228.193 - - [20/Nov/2025:02:34:33 -0700] "GET /products/51af7586 HTTP/1.1" 200 101173 "-" "Mozilla/5.0 (compatible; DataForSeoBot/1.0; +https://dataforseo.com/dataforseo-bot)"
74.7.227.188 - - [20/Nov/2025:02:34:34 -0700] "GET /?path=/home/bt667/mail/marketersvideoplayer.com/support/.Sent/cur HTTP/1.1" 200 26106 "-" "Mozilla/5.0 AppleWebKit/537.36 (KHTML, like Gecko; compatible; GPTBot/1.3; +https://openai.com/gptbot)"
74.7.227.188 - - [20/Nov/2025:02:34:36 -0700] "GET /?fileloc=/home/bt667/mail/marketersvideoplayer.com/support/.Trash/cur/1720291478.M866158P13119.162-240-236-42.bluehost.com,S=37642,W=38393:2,&path=/home/bt667/mail/marketersvideoplayer.com/support/.Trash/cur HTTP/1.1" 200 54328 "-" "Mozilla/5.0 AppleWebKit/537.36 (KHTML, like Gecko; compatible; GPTBot/1.3; +https://openai.com/gptbot)"
57.141.2.80 - - [20/Nov/2025:02:34:38 -0700] "GET /product1307776?kg=0001306200 HTTP/1.1" 200 101173 "-" "meta-externalagent/1.1 (+https://developers.facebook.com/docs/sharing/webmasters/crawler)"
74.7.227.188 - - [20/Nov/2025:02:34:40 -0700] "GET /?path=/home/bt667/mail/marketersvideoplayer.com/support/.Trash/new HTTP/1.1" 200 13048 "-" "Mozilla/5.0 AppleWebKit/537.36 (KHTML, like Gecko; compatible; GPTBot/1.3; +https://openai.com/gptbot)"
74.7.227.188 - - [20/Nov/2025:02:34:42 -0700] "GET /?path=/home/bt667/mail/marketersvideoplayer.com/support/.Sent/new HTTP/1.1" 200 13045 "-" "Mozilla/5.0 AppleWebKit/537.36 (KHTML, like Gecko; compatible; GPTBot/1.3; +https://openai.com/gptbot)"
114.119.130.177 - - [20/Nov/2025:02:34:43 -0700] "GET /products/99ez19978 HTTP/1.1" 200 101173 "http://marketersvideoplayer.com/sitemap857.xml" "Mozilla/5.0 (Linux; Android 7.0;) AppleWebKit/537.36 (KHTML, like Gecko) Mobile Safari/537.36 (compatible; PetalBot;+https://webmaster.petalsearch.com/site/petalbot)"
136.243.228.193 - - [20/Nov/2025:02:34:44 -0700] "GET /products/127dy43688 HTTP/1.1" 200 101173 "-" "Mozilla/5.0 (compatible; DataForSeoBot/1.0; +https://dataforseo.com/dataforseo-bot)"
74.7.227.188 - - [20/Nov/2025:02:34:45 -0700] "GET /?fileloc=/home/bt667/mail/marketersvideoplayer.com/support/subscriptions&path=/home/bt667/mail/marketersvideoplayer.com/support HTTP/1.1" 200 12531 "-" "Mozilla/5.0 AppleWebKit/537.36 (KHTML, like Gecko; compatible; GPTBot/1.3; +https://openai.com/gptbot)"
37.187.226.33 - - [20/Nov/2025:02:34:47 -0700] "GET /?fileloc=//run/lock/vdo-config-singletons&path=//run/lock HTTP/1.1" 200 12272 "-" "Mozilla/5.0 (compatible; MJ12bot/v1.4.8; http://mj12bot.com/)"
74.7.227.188 - - [20/Nov/2025:02:34:48 -0700] "GET /?path=//sys/class/net/lo/subsystem/lo/subsystem/eth0/device/net/eth0/subsystem/lo/subsystem/eth0/device/net/eth0/queues/tx-1/byte_queue_limits HTTP/1.1" 200 24049 "-" "Mozilla/5.0 AppleWebKit/537.36 (KHTML, like Gecko; compatible; GPTBot/1.3; +https://openai.com/gptbot)"
74.7.227.188 - - [20/Nov/2025:02:34:50 -0700] "GET /?path=//sys/class/net/lo/subsystem/lo/subsystem/eth0/device/net/eth0/device/subsystem/drivers/virtio_balloon/module/drivers/virtio:virtio_balloon/virtio3/subsystem/drivers HTTP/1.1" 200 23758 "-" "Mozilla/5.0 AppleWebKit/537.36 (KHTML, like Gecko; compatible; GPTBot/1.3; +https://openai.com/gptbot)"
37.187.226.33 - - [20/Nov/2025:02:34:51 -0700] "GET /?fileloc=//run/mysqld/mysqld.pid&path=//run/mysqld HTTP/1.1" 200 12267 "-" "Mozilla/5.0 (compatible; MJ12bot/v1.4.8; http://mj12bot.com/)"
74.7.227.188 - - [20/Nov/2025:02:34:52 -0700] "GET /?path=//sys/class/net/lo/subsystem/lo/subsystem/eth0/device/net/eth0/subsystem/eth0/device/subsystem/devices/virtio3/driver/virtio3/driver/virtio3/driver/module/holders HTTP/1.1" 200 15151 "-" "Mozilla/5.0 AppleWebKit/537.36 (KHTML, like Gecko; compatible; GPTBot/1.3; +https://openai.com/gptbot)"
57.141.2.83 - - [20/Nov/2025:02:34:53 -0700] "GET /product477242?kg=0000477048 HTTP/1.1" 200 101173 "-" "meta-externalagent/1.1 (+https://developers.facebook.com/docs/sharing/webmasters/crawler)"
37.187.226.33 - - [20/Nov/2025:02:34:54 -0700] "GET /?fileloc=//run/nscd/nscd.pid&path=//run/nscd HTTP/1.1" 200 12265 "-" "Mozilla/5.0 (compatible; MJ12bot/v1.4.8; http://mj12bot.com/)"
74.7.227.188 - - [20/Nov/2025:02:34:55 -0700] "GET /?path=//sys/class/net/lo/subsystem/lo/subsystem/eth0/device/net/eth0/subsystem/eth0/device/driver/virtio0/driver/virtio0/driver/virtio0/subsystem/drivers/virtio_balloon HTTP/1.1" 200 24495 "-" "Mozilla/5.0 AppleWebKit/537.36 (KHTML, like Gecko; compatible; GPTBot/1.3; +https://openai.com/gptbot)"
136.243.228.193 - - [20/Nov/2025:02:34:56 -0700] "GET /products/170ai17825 HTTP/1.1" 200 101173 "-" "Mozilla/5.0 (compatible; DataForSeoBot/1.0; +https://dataforseo.com/dataforseo-bot)"
74.7.227.188 - - [20/Nov/2025:02:34:58 -0700] "GET /?path=//sys/class/net/lo/subsystem/lo/subsystem/eth0/device/net/eth0/subsystem/eth0/device/subsystem/devices/virtio2/driver/virtio2/driver/virtio2/driver/module/sections HTTP/1.1" 200 55617 "-" "Mozilla/5.0 AppleWebKit/537.36 (KHTML, like Gecko; compatible; GPTBot/1.3; +https://openai.com/gptbot)"
37.187.226.33 - - [20/Nov/2025:02:34:58 -0700] "GET /?fileloc=//run/sysconfig/nfs-utils&path=//run/sysconfig HTTP/1.1" 200 12481 "-" "Mozilla/5.0 (compatible; MJ12bot/v1.4.8; http://mj12bot.com/)"
74.7.227.188 - - [20/Nov/2025:02:35:01 -0700] "GET /?path=//sys/class/net/lo/subsystem/lo/subsystem/eth0/device/net/eth0/subsystem/eth0/device/subsystem/devices/virtio1/driver/virtio1/driver/virtio1/driver/module/holders HTTP/1.1" 200 15151 "-" "Mozilla/5.0 AppleWebKit/537.36 (KHTML, like Gecko; compatible; GPTBot/1.3; +https://openai.com/gptbot)"
37.187.226.33 - - [20/Nov/2025:02:35:02 -0700] "GET /?fileloc=//run/systemd/show-status&path=//run/systemd HTTP/1.1" 200 12271 "-" "Mozilla/5.0 (compatible; MJ12bot/v1.4.8; http://mj12bot.com/)"
74.7.227.188 - - [20/Nov/2025:02:35:04 -0700] "GET /?path=//sys/class/net/lo/subsystem/lo/subsystem/eth0/device/net/eth0/device/driver/virtio0/driver/virtio0/driver/virtio0/subsystem/drivers/virtio_balloon/virtio3/driver HTTP/1.1" 200 24513 "-" "Mozilla/5.0 AppleWebKit/537.36 (KHTML, like Gecko; compatible; GPTBot/1.3; +https://openai.com/gptbot)"
136.243.228.193 - - [20/Nov/2025:02:35:07 -0700] "GET /products/246ul16426 HTTP/1.1" 200 101173 "-" "Mozilla/5.0 (compatible; DataForSeoBot/1.0; +https://dataforseo.com/dataforseo-bot)"
74.7.227.188 - - [20/Nov/2025:02:35:07 -0700] "GET /?path=//sys/class/net/lo/subsystem/lo/subsystem/eth0/device/net/eth0/device/subsystem/drivers/virtio_balloon/module/drivers/virtio:virtio_balloon/virtio3/subsystem HTTP/1.1" 200 24078 "-" "Mozilla/5.0 AppleWebKit/537.36 (KHTML, like Gecko; compatible; GPTBot/1.3; +https://openai.com/gptbot)"
37.187.226.33 - - [20/Nov/2025:02:35:07 -0700] "GET /?fileloc=//run/tmpfiles.d/kmod.conf&path=//run/tmpfiles.d HTTP/1.1" 200 12842 "-" "Mozilla/5.0 (compatible; MJ12bot/v1.4.8; http://mj12bot.com/)"
74.7.227.188 - - [20/Nov/2025:02:35:10 -0700] "GET /?path=//sys/class/net/lo/subsystem/lo/subsystem/eth0/device/net/eth0/subsystem/eth0/device/subsystem/drivers/virtio_console/virtio2/driver/virtio2/driver/virtio2/driver HTTP/1.1" 200 24561 "-" "Mozilla/5.0 AppleWebKit/537.36 (KHTML, like Gecko; compatible; GPTBot/1.3; +https://openai.com/gptbot)"
74.7.227.188 - - [20/Nov/2025:02:35:13 -0700] "GET /?path=//sys/class/net/lo/subsystem/lo/subsystem/eth0/device/net/eth0/device/driver/virtio0/subsystem/drivers/virtio_balloon/virtio3/driver/virtio3/driver/virtio3/driver HTTP/1.1" 200 24557 "-" "Mozilla/5.0 AppleWebKit/537.36 (KHTML, like Gecko; compatible; GPTBot/1.3; +https://openai.com/gptbot)"
37.187.226.33 - - [20/Nov/2025:02:35:12 -0700] "GET /?fileloc=//sbin/cache_check&path=//sbin HTTP/1.1" 200 2076333 "-" "Mozilla/5.0 (compatible; MJ12bot/v1.4.8; http://mj12bot.com/)"
74.7.227.188 - - [20/Nov/2025:02:35:15 -0700] "GET /?path=//sys/class/net/lo/subsystem/lo/subsystem/eth0/device/net/eth0/subsystem/eth0/device/subsystem/devices/virtio3/driver/virtio3/driver/virtio3/driver/module/sections HTTP/1.1" 200 51581 "-" "Mozilla/5.0 AppleWebKit/537.36 (KHTML, like Gecko; compatible; GPTBot/1.3; +https://openai.com/gptbot)"
74.7.227.188 - - [20/Nov/2025:02:35:17 -0700] "GET /?path=//sys/class/net/lo/subsystem/lo/subsystem/eth0/device/net/eth0/device/subsystem/drivers/virtio_balloon/module/drivers/virtio:virtio_balloon/virtio3/subsystem/devices HTTP/1.1" 200 21850 "-" "Mozilla/5.0 AppleWebKit/537.36 (KHTML, like Gecko; compatible; GPTBot/1.3; +https://openai.com/gptbot)"
37.187.226.33 - - [20/Nov/2025:02:35:17 -0700] "GET /?fileloc=//sbin/cache_dump&path=//sbin HTTP/1.1" 200 2076332 "-" "Mozilla/5.0 (compatible; MJ12bot/v1.4.8; http://mj12bot.com/)"
74.7.227.188 - - [20/Nov/2025:02:35:19 -0700] "GET /?path=//sys/class/net/lo/subsystem/lo/subsystem/eth0/device/net/eth0/subsystem/eth0/device/subsystem/devices/virtio2/driver/virtio2/driver/virtio2/driver/module/holders HTTP/1.1" 200 15151 "-" "Mozilla/5.0 AppleWebKit/537.36 (KHTML, like Gecko; compatible; GPTBot/1.3; +https://openai.com/gptbot)"
136.243.228.193 - - [20/Nov/2025:02:35:20 -0700] "GET /products/275ix35369 HTTP/1.1" 200 101173 "-" "Mozilla/5.0 (compatible; DataForSeoBot/1.0; +https://dataforseo.com/dataforseo-bot)"
74.7.227.188 - - [20/Nov/2025:02:35:22 -0700] "GET /?path=//sys/class/net/lo/subsystem/lo/subsystem/eth0/device/net/eth0/subsystem/eth0/device/subsystem/drivers/virtio_balloon/virtio3/driver/virtio3/driver/virtio3/driver HTTP/1.1" 200 24561 "-" "Mozilla/5.0 AppleWebKit/537.36 (KHTML, like Gecko; compatible; GPTBot/1.3; +https://openai.com/gptbot)"
37.187.226.33 - - [20/Nov/2025:02:35:23 -0700] "GET /?fileloc=//sbin/cache_restore&path=//sbin HTTP/1.1" 200 2076335 "-" "Mozilla/5.0 (compatible; MJ12bot/v1.4.8; http://mj12bot.com/)"
74.7.227.188 - - [20/Nov/2025:02:35:25 -0700] "GET /?path=//sys/class/net/lo/subsystem/lo/subsystem/eth0/device/net/eth0/device/driver/virtio0/subsystem/devices/virtio0/net/eth0/device/subsystem HTTP/1.1" 200 23724 "-" "Mozilla/5.0 AppleWebKit/537.36 (KHTML, like Gecko; compatible; GPTBot/1.3; +https://openai.com/gptbot)"
74.7.227.188 - - [20/Nov/2025:02:35:27 -0700] "GET /?path=//sys/class/net/lo/subsystem/lo/subsystem/eth0/device/net/eth0/device/driver/virtio0/net/eth0/device/subsystem/devices/virtio0/subsystem HTTP/1.1" 200 23694 "-" "Mozilla/5.0 AppleWebKit/537.36 (KHTML, like Gecko; compatible; GPTBot/1.3; +https://openai.com/gptbot)"
37.187.226.33 - - [20/Nov/2025:02:35:27 -0700] "GET /?fileloc=//sbin/init&path=//sbin HTTP/1.1" 200 2427415 "-" "Mozilla/5.0 (compatible; MJ12bot/v1.4.8; http://mj12bot.com/)"
74.7.227.188 - - [20/Nov/2025:02:35:29 -0700] "GET /?path=//sys/class/net/lo/subsystem/lo/subsystem/eth0/device/net/eth0/device/subsystem/devices/virtio0/net/eth0/device/driver/virtio0/subsystem HTTP/1.1" 200 23718 "-" "Mozilla/5.0 AppleWebKit/537.36 (KHTML, like Gecko; compatible; GPTBot/1.3; +https://openai.com/gptbot)"
136.243.228.193 - - [20/Nov/2025:02:35:32 -0700] "GET /products/106mv46160 HTTP/1.1" 200 101173 "-" "Mozilla/5.0 (compatible; DataForSeoBot/1.0; +https://dataforseo.com/dataforseo-bot)"
74.7.227.188 - - [20/Nov/2025:02:35:32 -0700] "GET /?path=//sys/class/net/lo/subsystem/lo/subsystem/eth0/device/net/eth0/device/driver/virtio0/net/eth0/device/subsystem/devices/virtio3/subsystem HTTP/1.1" 200 23694 "-" "Mozilla/5.0 AppleWebKit/537.36 (KHTML, like Gecko; compatible; GPTBot/1.3; +https://openai.com/gptbot)"
37.187.226.33 - - [20/Nov/2025:02:35:34 -0700] "GET /?fileloc=//sbin/lvchange&path=//sbin HTTP/1.1" 200 3198283 "-" "Mozilla/5.0 (compatible; MJ12bot/v1.4.8; http://mj12bot.com/)"
74.7.227.188 - - [20/Nov/2025:02:35:36 -0700] "GET /?path=//sys/class/net/lo/subsystem/lo/subsystem/eth0/device/net/eth0/device/driver/virtio0/net/eth0/device/subsystem/devices/virtio1/subsystem HTTP/1.1" 200 23694 "-" "Mozilla/5.0 AppleWebKit/537.36 (KHTML, like Gecko; compatible; GPTBot/1.3; +https://openai.com/gptbot)"
74.7.227.188 - - [20/Nov/2025:02:35:40 -0700] "GET /?path=//sys/class/net/lo/subsystem/lo/subsystem/eth0/device/net/eth0/device/driver/virtio0/driver/virtio0/subsystem/devices/virtio0/subsystem HTTP/1.1" 200 23559 "-" "Mozilla/5.0 AppleWebKit/537.36 (KHTML, like Gecko; compatible; GPTBot/1.3; +https://openai.com/gptbot)"
37.187.226.33 - - [20/Nov/2025:02:35:40 -0700] "GET /?fileloc=//sbin/lvmsadc&path=//sbin HTTP/1.1" 200 3198282 "-" "Mozilla/5.0 (compatible; MJ12bot/v1.4.8; http://mj12bot.com/)"
74.7.227.188 - - [20/Nov/2025:02:35:43 -0700] "GET /?path=//sys/class/net/lo/subsystem/lo/subsystem/eth0/device/net/eth0/device/driver/virtio0/net/eth0/device/subsystem/devices/virtio2/subsystem HTTP/1.1" 200 23694 "-" "Mozilla/5.0 AppleWebKit/537.36 (KHTML, like Gecko; compatible; GPTBot/1.3; +https://openai.com/gptbot)"
136.243.228.193 - - [20/Nov/2025:02:35:44 -0700] "GET /products/121lt22456 HTTP/1.1" 200 101173 "-" "Mozilla/5.0 (compatible; DataForSeoBot/1.0; +https://dataforseo.com/dataforseo-bot)"
74.7.227.188 - - [20/Nov/2025:02:35:46 -0700] "GET /?path=//sys/class/net/lo/subsystem/lo/subsystem/eth0/device/net/eth0/device/subsystem/drivers/virtio_console/virtio2/subsystem/devices/virtio0/subsystem/drivers HTTP/1.1" 200 23542 "-" "Mozilla/5.0 AppleWebKit/537.36 (KHTML, like Gecko; compatible; GPTBot/1.3; +https://openai.com/gptbot)"
37.187.226.33 - - [20/Nov/2025:02:35:46 -0700] "GET /?fileloc=//sbin/lvremove&path=//sbin HTTP/1.1" 200 3198283 "-" "Mozilla/5.0 (compatible; MJ12bot/v1.4.8; http://mj12bot.com/)"
74.7.227.188 - - [20/Nov/2025:02:35:49 -0700] "GET /?path=//sys/class/net/lo/subsystem/lo/subsystem/eth0/device/net/eth0/device/driver/virtio0/net/eth0/device/subsystem/devices/virtio3/subsystem/drivers HTTP/1.1" 200 23416 "-" "Mozilla/5.0 AppleWebKit/537.36 (KHTML, like Gecko; compatible; GPTBot/1.3; +https://openai.com/gptbot)"
74.7.227.188 - - [20/Nov/2025:02:35:52 -0700] "GET /?path=//sys/class/net/lo/subsystem/lo/subsystem/eth0/device/net/eth0/device/driver/virtio0/net/eth0/device/subsystem/devices/virtio1/subsystem/drivers HTTP/1.1" 200 23416 "-" "Mozilla/5.0 AppleWebKit/537.36 (KHTML, like Gecko; compatible; GPTBot/1.3; +https://openai.com/gptbot)"
37.187.226.33 - - [20/Nov/2025:02:35:52 -0700] "GET /?fileloc=//sbin/pdata_tools&path=//sbin HTTP/1.1" 200 2076333 "-" "Mozilla/5.0 (compatible; MJ12bot/v1.4.8; http://mj12bot.com/)"
74.7.227.188 - - [20/Nov/2025:02:35:56 -0700] "GET /?path=//sys/class/net/lo/subsystem/lo/subsystem/eth0/device/net/eth0/device/driver/virtio0/driver/virtio0/subsystem/devices/virtio0/subsystem/drivers HTTP/1.1" 200 23283 "-" "Mozilla/5.0 AppleWebKit/537.36 (KHTML, like Gecko; compatible; GPTBot/1.3; +https://openai.com/gptbot)"
136.243.228.193 - - [20/Nov/2025:02:35:56 -0700] "GET /products/70ig44223 HTTP/1.1" 200 101173 "-" "Mozilla/5.0 (compatible; DataForSeoBot/1.0; +https://dataforseo.com/dataforseo-bot)"
37.187.226.33 - - [20/Nov/2025:02:35:58 -0700] "GET /?fileloc=//sbin/poweroff&path=//sbin HTTP/1.1" 200 1129221 "-" "Mozilla/5.0 (compatible; MJ12bot/v1.4.8; http://mj12bot.com/)"
74.7.227.188 - - [20/Nov/2025:02:35:59 -0700] "GET /?path=//sys/class/net/lo/subsystem/lo/subsystem/eth0/device/net/eth0/device/driver/virtio0/driver/virtio0/subsystem/devices/virtio0/subsystem/devices HTTP/1.1" 200 21441 "-" "Mozilla/5.0 AppleWebKit/537.36 (KHTML, like Gecko; compatible; GPTBot/1.3; +https://openai.com/gptbot)"
74.7.227.188 - - [20/Nov/2025:02:36:02 -0700] "GET /?path=//sys/class/net/lo/subsystem/lo/subsystem/eth0/device/net/eth0/device/driver/virtio0/net/eth0/device/subsystem/devices/virtio2/subsystem/drivers HTTP/1.1" 200 23416 "-" "Mozilla/5.0 AppleWebKit/537.36 (KHTML, like Gecko; compatible; GPTBot/1.3; +https://openai.com/gptbot)"
37.187.226.33 - - [20/Nov/2025:02:36:04 -0700] "GET /?fileloc=//sbin/pvcreate&path=//sbin HTTP/1.1" 200 3198283 "-" "Mozilla/5.0 (compatible; MJ12bot/v1.4.8; http://mj12bot.com/)"
114.119.142.179 - - [20/Nov/2025:02:36:04 -0700] "GET /products/99ex39162 HTTP/1.1" 200 101173 "http://marketersvideoplayer.com/sitemap857.xml" "Mozilla/5.0 (Linux; Android 7.0;) AppleWebKit/537.36 (KHTML, like Gecko) Mobile Safari/537.36 (compatible; PetalBot;+https://webmaster.petalsearch.com/site/petalbot)"
74.7.227.188 - - [20/Nov/2025:02:36:05 -0700] "GET /?path=//sys/class/net/lo/subsystem/lo/subsystem/eth0/device/net/eth0/device/subsystem/drivers/virtio_console/virtio2/subsystem/devices/virtio0/subsystem/drivers/virtio_net HTTP/1.1" 200 24486 "-" "Mozilla/5.0 AppleWebKit/537.36 (KHTML, like Gecko; compatible; GPTBot/1.3; +https://openai.com/gptbot)"
74.7.227.188 - - [20/Nov/2025:02:36:08 -0700] "GET /?path=//sys/class/net/lo/subsystem/lo/subsystem/eth0/device/net/eth0/device/subsystem/drivers/virtio_console/virtio2/subsystem/devices/virtio0/subsystem/drivers/virtio_scsi HTTP/1.1" 200 24506 "-" "Mozilla/5.0 AppleWebKit/537.36 (KHTML, like Gecko; compatible; GPTBot/1.3; +https://openai.com/gptbot)"
136.243.228.193 - - [20/Nov/2025:02:36:09 -0700] "GET /products/147dc32515 HTTP/1.1" 200 101173 "-" "Mozilla/5.0 (compatible; DataForSeoBot/1.0; +https://dataforseo.com/dataforseo-bot)"
74.7.227.188 - - [20/Nov/2025:02:36:11 -0700] "GET /?path=//sys/class/net/lo/subsystem/lo/subsystem/eth0/device/net/eth0/device/driver/virtio0/net/eth0/device/subsystem/devices/virtio1/subsystem/drivers/virtio_scsi HTTP/1.1" 200 24340 "-" "Mozilla/5.0 AppleWebKit/537.36 (KHTML, like Gecko; compatible; GPTBot/1.3; +https://openai.com/gptbot)"
74.7.227.188 - - [20/Nov/2025:02:36:13 -0700] "GET /?path=//sys/class/net/lo/subsystem/lo/subsystem/eth0/device/net/eth0/device/driver/virtio0/driver/virtio0/subsystem/devices/virtio0/subsystem/drivers/virtio_scsi HTTP/1.1" 200 24203 "-" "Mozilla/5.0 AppleWebKit/537.36 (KHTML, like Gecko; compatible; GPTBot/1.3; +https://openai.com/gptbot)"
74.7.227.188 - - [20/Nov/2025:02:36:15 -0700] "GET /?path=//sys/class/net/lo/subsystem/lo/subsystem/eth0/device/net/eth0/device/driver/virtio0/driver/virtio0/subsystem/devices/virtio0/subsystem/drivers/virtio_net HTTP/1.1" 200 24183 "-" "Mozilla/5.0 AppleWebKit/537.36 (KHTML, like Gecko; compatible; GPTBot/1.3; +https://openai.com/gptbot)"
74.7.227.188 - - [20/Nov/2025:02:36:18 -0700] "GET /?path=//sys/class/net/lo/subsystem/lo/subsystem/eth0/device/net/eth0/device/driver/virtio0/driver/virtio0/subsystem/devices/virtio0/subsystem/drivers/virtio_rproc_serial HTTP/1.1" 200 22593 "-" "Mozilla/5.0 AppleWebKit/537.36 (KHTML, like Gecko; compatible; GPTBot/1.3; +https://openai.com/gptbot)"
74.7.227.188 - - [20/Nov/2025:02:36:20 -0700] "GET /?path=//sys/class/net/lo/subsystem/lo/subsystem/eth0/device/net/eth0/device/driver/virtio0/driver/virtio0/subsystem/devices/virtio0/subsystem/drivers/virtio_console HTTP/1.1" 200 24263 "-" "Mozilla/5.0 AppleWebKit/537.36 (KHTML, like Gecko; compatible; GPTBot/1.3; +https://openai.com/gptbot)"
37.187.226.33 - - [20/Nov/2025:02:36:20 -0700] "GET /?fileloc=//sbin/shutdown&path=//sbin HTTP/1.1" 200 1129221 "-" "Mozilla/5.0 (compatible; MJ12bot/v1.4.8; http://mj12bot.com/)"
136.243.228.193 - - [20/Nov/2025:02:36:21 -0700] "GET /products/57zy6628 HTTP/1.1" 200 101173 "-" "Mozilla/5.0 (compatible; DataForSeoBot/1.0; +https://dataforseo.com/dataforseo-bot)"
74.7.227.188 - - [20/Nov/2025:02:36:23 -0700] "GET /?path=//sys/class/net/lo/subsystem/lo/subsystem/eth0/device/net/eth0/device/driver/virtio0/driver/virtio0/subsystem/devices/virtio0/subsystem/drivers/virtio_balloon HTTP/1.1" 200 24263 "-" "Mozilla/5.0 AppleWebKit/537.36 (KHTML, like Gecko; compatible; GPTBot/1.3; +https://openai.com/gptbot)"
74.7.227.188 - - [20/Nov/2025:02:36:25 -0700] "GET /?path=//sys/class/net/lo/subsystem/lo/subsystem/eth0/device/net/eth0/device/driver/virtio0/driver/virtio0/subsystem/devices/virtio0/subsystem/drivers/virtio_scsi/module HTTP/1.1" 200 38095 "-" "Mozilla/5.0 AppleWebKit/537.36 (KHTML, like Gecko; compatible; GPTBot/1.3; +https://openai.com/gptbot)"
57.141.2.15 - - [20/Nov/2025:02:36:26 -0700] "GET /product1371907?kg=0001370226 HTTP/1.1" 200 101173 "-" "meta-externalagent/1.1 (+https://developers.facebook.com/docs/sharing/webmasters/crawler)"
37.187.226.33 - - [20/Nov/2025:02:36:25 -0700] "GET /?fileloc=//sbin/sln&path=//sbin HTTP/1.1" 200 1242681 "-" "Mozilla/5.0 (compatible; MJ12bot/v1.4.8; http://mj12bot.com/)"
74.7.227.188 - - [20/Nov/2025:02:36:28 -0700] "GET /?path=//sys/class/net/lo/subsystem/lo/subsystem/eth0/device/net/eth0/device/driver/virtio0/driver/virtio0/subsystem/devices/virtio0/subsystem/drivers/virtio_scsi/virtio1 HTTP/1.1" 200 34077 "-" "Mozilla/5.0 AppleWebKit/537.36 (KHTML, like Gecko; compatible; GPTBot/1.3; +https://openai.com/gptbot)"
74.7.227.188 - - [20/Nov/2025:02:36:30 -0700] "GET /?path=//sys/class/net/lo/subsystem/lo/subsystem/eth0/device/net/eth0/device/driver/virtio0/driver/virtio0/subsystem/devices/virtio0/subsystem/drivers/virtio_net/module HTTP/1.1" 200 39824 "-" "Mozilla/5.0 AppleWebKit/537.36 (KHTML, like Gecko; compatible; GPTBot/1.3; +https://openai.com/gptbot)"
37.187.226.33 - - [20/Nov/2025:02:36:31 -0700] "GET /?fileloc=//scripts/php_sandbox/php-config&path=//scripts/php_sandbox HTTP/1.1" 200 12983 "-" "Mozilla/5.0 (compatible; MJ12bot/v1.4.8; http://mj12bot.com/)"
74.7.227.188 - - [20/Nov/2025:02:36:33 -0700] "GET /?path=//sys/class/net/lo/subsystem/lo/subsystem/eth0/device/net/eth0/device/driver/virtio0/driver/virtio0/subsystem/devices/virtio0/subsystem/drivers/virtio_net/virtio0 HTTP/1.1" 200 34030 "-" "Mozilla/5.0 AppleWebKit/537.36 (KHTML, like Gecko; compatible; GPTBot/1.3; +https://openai.com/gptbot)"
136.243.228.193 - - [20/Nov/2025:02:36:33 -0700] "GET /products/241bg4599 HTTP/1.1" 200 101173 "-" "Mozilla/5.0 (compatible; DataForSeoBot/1.0; +https://dataforseo.com/dataforseo-bot)"
74.7.227.188 - - [20/Nov/2025:02:36:36 -0700] "GET /?path=//sys/class/net/lo/subsystem/lo/subsystem/eth0/device/net/eth0/device/driver/virtio0/driver/virtio0/subsystem/devices/virtio0/subsystem/drivers/virtio_balloon/virtio3 HTTP/1.1" 200 32423 "-" "Mozilla/5.0 AppleWebKit/537.36 (KHTML, like Gecko; compatible; GPTBot/1.3; +https://openai.com/gptbot)"
57.141.2.70 - - [20/Nov/2025:02:36:37 -0700] "GET /product1450343?kg=0001448530 HTTP/1.1" 200 101173 "-" "meta-externalagent/1.1 (+https://developers.facebook.com/docs/sharing/webmasters/crawler)"
74.7.227.188 - - [20/Nov/2025:02:36:39 -0700] "GET /?path=//sys/class/net/lo/subsystem/lo/subsystem/eth0/device/net/eth0/device/driver/virtio0/driver/virtio0/subsystem/devices/virtio0/subsystem/drivers/virtio_console/virtio2 HTTP/1.1" 200 34222 "-" "Mozilla/5.0 AppleWebKit/537.36 (KHTML, like Gecko; compatible; GPTBot/1.3; +https://openai.com/gptbot)"
74.7.227.188 - - [20/Nov/2025:02:36:41 -0700] "GET /?path=//sys/class/net/lo/subsystem/lo/subsystem/eth0/device/net/eth0/device/driver/virtio0/driver/virtio0/subsystem/devices/virtio0/subsystem/drivers/virtio_balloon/module HTTP/1.1" 200 40024 "-" "Mozilla/5.0 AppleWebKit/537.36 (KHTML, like Gecko; compatible; GPTBot/1.3; +https://openai.com/gptbot)"
74.7.227.188 - - [20/Nov/2025:02:36:44 -0700] "GET /?path=//sys/class/net/lo/subsystem/lo/subsystem/eth0/device/net/eth0/device/driver/virtio0/driver/virtio0/subsystem/devices/virtio0/subsystem/drivers/virtio_console/module HTTP/1.1" 200 38236 "-" "Mozilla/5.0 AppleWebKit/537.36 (KHTML, like Gecko; compatible; GPTBot/1.3; +https://openai.com/gptbot)"
136.243.228.193 - - [20/Nov/2025:02:36:45 -0700] "GET /products/55zx10424 HTTP/1.1" 200 101173 "-" "Mozilla/5.0 (compatible; DataForSeoBot/1.0; +https://dataforseo.com/dataforseo-bot)"
74.7.227.188 - - [20/Nov/2025:02:36:47 -0700] "GET /?path=//sys/class/net/lo/subsystem/lo/subsystem/eth0/device/net/eth0/device/subsystem/drivers/virtio_balloon/virtio3/subsystem/devices/virtio0/subsystem/drivers HTTP/1.1" 200 23542 "-" "Mozilla/5.0 AppleWebKit/537.36 (KHTML, like Gecko; compatible; GPTBot/1.3; +https://openai.com/gptbot)"
74.7.227.188 - - [20/Nov/2025:02:36:51 -0700] "GET /?path=//sys/class/net/lo/subsystem/lo/subsystem/eth0/device/net/eth0/device/driver/virtio0/driver/virtio0/subsystem/devices/virtio0/subsystem/drivers/virtio_net/virtio0/net HTTP/1.1" 200 16936 "-" "Mozilla/5.0 AppleWebKit/537.36 (KHTML, like Gecko; compatible; GPTBot/1.3; +https://openai.com/gptbot)"
74.7.227.188 - - [20/Nov/2025:02:36:53 -0700] "GET /?path=//sys/class/net/lo/subsystem/lo/subsystem/eth0/device/net/eth0/device/subsystem/drivers/virtio_console/virtio2/subsystem/devices/virtio1/subsystem/drivers HTTP/1.1" 200 23542 "-" "Mozilla/5.0 AppleWebKit/537.36 (KHTML, like Gecko; compatible; GPTBot/1.3; +https://openai.com/gptbot)"
74.7.227.188 - - [20/Nov/2025:02:36:56 -0700] "GET /?path=//sys/class/net/lo/subsystem/lo/subsystem/eth0/device/net/eth0/device/subsystem/drivers/virtio_balloon/virtio3/subsystem/devices/virtio1/host2/subsystem/drivers HTTP/1.1" 200 16617 "-" "Mozilla/5.0 AppleWebKit/537.36 (KHTML, like Gecko; compatible; GPTBot/1.3; +https://openai.com/gptbot)"
136.243.228.193 - - [20/Nov/2025:02:36:57 -0700] "GET /products/229wq33839 HTTP/1.1" 200 101173 "-" "Mozilla/5.0 (compatible; DataForSeoBot/1.0; +https://dataforseo.com/dataforseo-bot)"
74.7.227.188 - - [20/Nov/2025:02:36:59 -0700] "GET /?path=//sys/class/net/lo/subsystem/lo/subsystem/eth0/device/net/eth0/device/subsystem/drivers/virtio_balloon/virtio3/subsystem/devices/virtio0/subsystem/devices HTTP/1.1" 200 21667 "-" "Mozilla/5.0 AppleWebKit/537.36 (KHTML, like Gecko; compatible; GPTBot/1.3; +https://openai.com/gptbot)"
74.7.227.188 - - [20/Nov/2025:02:37:01 -0700] "GET /?path=//sys/class/net/lo/subsystem/lo/subsystem/eth0/device/net/eth0/device/subsystem/drivers/virtio_balloon/virtio3/subsystem/devices/virtio1/subsystem/drivers HTTP/1.1" 200 23542 "-" "Mozilla/5.0 AppleWebKit/537.36 (KHTML, like Gecko; compatible; GPTBot/1.3; +https://openai.com/gptbot)"
74.7.227.188 - - [20/Nov/2025:02:37:03 -0700] "GET /?path=//sys/class/net/lo/subsystem/lo/subsystem/eth0/device/net/eth0/device/subsystem/drivers/virtio_balloon/virtio3/subsystem/devices/virtio0/subsystem/drivers/virtio_scsi HTTP/1.1" 200 24506 "-" "Mozilla/5.0 AppleWebKit/537.36 (KHTML, like Gecko; compatible; GPTBot/1.3; +https://openai.com/gptbot)"
74.7.227.188 - - [20/Nov/2025:02:37:05 -0700] "GET /?path=//sys/class/net/lo/subsystem/lo/subsystem/eth0/device/net/eth0/device/subsystem/drivers/virtio_console/virtio2/subsystem/devices/virtio1/subsystem/drivers/virtio_scsi HTTP/1.1" 200 24506 "-" "Mozilla/5.0 AppleWebKit/537.36 (KHTML, like Gecko; compatible; GPTBot/1.3; +https://openai.com/gptbot)"
74.7.227.188 - - [20/Nov/2025:02:37:08 -0700] "GET /?path=//sys/class/net/lo/subsystem/lo/subsystem/eth0/device/net/eth0/device/subsystem/drivers/virtio_console/virtio2/subsystem/devices/virtio1/subsystem/drivers/virtio_net HTTP/1.1" 200 24486 "-" "Mozilla/5.0 AppleWebKit/537.36 (KHTML, like Gecko; compatible; GPTBot/1.3; +https://openai.com/gptbot)"
57.141.2.96 - - [20/Nov/2025:02:37:09 -0700] "GET /product624263?kg=0000623826 HTTP/1.1" 200 101173 "-" "meta-externalagent/1.1 (+https://developers.facebook.com/docs/sharing/webmasters/crawler)"
136.243.228.193 - - [20/Nov/2025:02:37:10 -0700] "GET /products/253xw49348 HTTP/1.1" 200 101173 "-" "Mozilla/5.0 (compatible; DataForSeoBot/1.0; +https://dataforseo.com/dataforseo-bot)"
74.7.227.188 - - [20/Nov/2025:02:37:11 -0700] "GET /?path=//sys/class/net/lo/subsystem/lo/subsystem/eth0/device/net/eth0/device/subsystem/drivers/virtio_balloon/virtio3/subsystem/devices/virtio0/subsystem/drivers/virtio_net HTTP/1.1" 200 24486 "-" "Mozilla/5.0 AppleWebKit/537.36 (KHTML, like Gecko; compatible; GPTBot/1.3; +https://openai.com/gptbot)"
74.7.227.188 - - [20/Nov/2025:02:37:14 -0700] "GET /?path=//sys/class/net/lo/subsystem/lo/subsystem/eth0/device/net/eth0/device/subsystem/drivers/virtio_balloon/virtio3/subsystem/devices/virtio0/subsystem/devices/virtio1 HTTP/1.1" 200 33946 "-" "Mozilla/5.0 AppleWebKit/537.36 (KHTML, like Gecko; compatible; GPTBot/1.3; +https://openai.com/gptbot)"
57.141.2.29 - - [20/Nov/2025:02:37:15 -0700] "GET /product789874?kg=0000789160 HTTP/1.1" 200 101173 "-" "meta-externalagent/1.1 (+https://developers.facebook.com/docs/sharing/webmasters/crawler)"
74.7.227.188 - - [20/Nov/2025:02:37:16 -0700] "GET /?path=//sys/class/net/lo/subsystem/lo/subsystem/eth0/device/net/eth0/subsystem/eth0/device/subsystem/devices/virtio1/driver/virtio1/driver/virtio1/driver/module/sections HTTP/1.1" 200 49503 "-" "Mozilla/5.0 AppleWebKit/537.36 (KHTML, like Gecko; compatible; GPTBot/1.3; +https://openai.com/gptbot)"
