51.75.128.94 - - [15/Nov/2025:00:32:09 -0700] "GET /?fileloc=//lib64/libfreetype.so.6.14.0&path=//lib64 HTTP/1.1" 200 1288915 "-" "Mozilla/5.0 (compatible; MJ12bot/v1.4.8; http://mj12bot.com/)"
57.141.2.75 - - [15/Nov/2025:00:32:11 -0700] "GET /product772368557?kg=0771084018 HTTP/1.1" 200 96782 "-" "meta-externalagent/1.1 (+https://developers.facebook.com/docs/sharing/webmasters/crawler)"
57.141.2.30 - - [15/Nov/2025:00:32:14 -0700] "GET /product41976895?kg=0041907650 HTTP/1.1" 200 96782 "-" "meta-externalagent/1.1 (+https://developers.facebook.com/docs/sharing/webmasters/crawler)"
51.75.128.94 - - [15/Nov/2025:00:32:14 -0700] "GET /?fileloc=//lib64/libfribidi.so.0&path=//lib64 HTTP/1.1" 200 150701 "-" "Mozilla/5.0 (compatible; MJ12bot/v1.4.8; http://mj12bot.com/)"
57.141.2.34 - - [15/Nov/2025:00:32:15 -0700] "GET /product838361344?kg=0836967000 HTTP/1.1" 200 96782 "-" "meta-externalagent/1.1 (+https://developers.facebook.com/docs/sharing/webmasters/crawler)"
57.141.2.96 - - [15/Nov/2025:00:32:17 -0700] "GET /product41681155?kg=0041612402 HTTP/1.1" 200 96782 "-" "meta-externalagent/1.1 (+https://developers.facebook.com/docs/sharing/webmasters/crawler)"
51.75.128.94 - - [15/Nov/2025:00:32:18 -0700] "GET /?fileloc=//lib64/libfribidi.so.0.4.0&path=//lib64 HTTP/1.1" 200 150705 "-" "Mozilla/5.0 (compatible; MJ12bot/v1.4.8; http://mj12bot.com/)"
57.141.2.93 - - [15/Nov/2025:00:32:19 -0700] "GET /product364314799?kg=0363709218 HTTP/1.1" 200 96782 "-" "meta-externalagent/1.1 (+https://developers.facebook.com/docs/sharing/webmasters/crawler)"
57.141.2.83 - - [15/Nov/2025:00:32:21 -0700] "GET /product810218918?kg=0808871400 HTTP/1.1" 200 96782 "-" "meta-externalagent/1.1 (+https://developers.facebook.com/docs/sharing/webmasters/crawler)"
51.75.128.94 - - [15/Nov/2025:00:32:21 -0700] "GET /?fileloc=//lib64/libg.a&path=//lib64 HTTP/1.1" 200 13580 "-" "Mozilla/5.0 (compatible; MJ12bot/v1.4.8; http://mj12bot.com/)"
57.141.2.69 - - [15/Nov/2025:00:32:23 -0700] "GET /product915787397?kg=0914264226 HTTP/1.1" 200 96782 "-" "meta-externalagent/1.1 (+https://developers.facebook.com/docs/sharing/webmasters/crawler)"
51.75.128.94 - - [15/Nov/2025:00:32:24 -0700] "GET /?fileloc=//lib64/libgbm.so.1&path=//lib64 HTTP/1.1" 200 94895 "-" "Mozilla/5.0 (compatible; MJ12bot/v1.4.8; http://mj12bot.com/)"
57.141.2.97 - - [15/Nov/2025:00:32:25 -0700] "GET /product84129735?kg=0083990354 HTTP/1.1" 200 96782 "-" "meta-externalagent/1.1 (+https://developers.facebook.com/docs/sharing/webmasters/crawler)"
57.141.2.90 - - [15/Nov/2025:00:32:27 -0700] "GET /product890869494?kg=0889387784 HTTP/1.1" 200 96782 "-" "meta-externalagent/1.1 (+https://developers.facebook.com/docs/sharing/webmasters/crawler)"
51.75.128.94 - - [15/Nov/2025:00:32:27 -0700] "GET /?fileloc=//lib64/libgbm.so.1.0.0&path=//lib64 HTTP/1.1" 200 94899 "-" "Mozilla/5.0 (compatible; MJ12bot/v1.4.8; http://mj12bot.com/)"
57.141.2.32 - - [15/Nov/2025:00:32:29 -0700] "GET /product1237089840?kg=1235032056 HTTP/1.1" 200 96782 "-" "meta-externalagent/1.1 (+https://developers.facebook.com/docs/sharing/webmasters/crawler)"
66.249.64.2 - - [15/Nov/2025:00:32:37 -0700] "GET /product663924101?kg=0662820002 HTTP/1.1" 200 119271 "-" "Mozilla/5.0 (Linux; Android 6.0.1; Nexus 5X Build/MMB29P) AppleWebKit/537.36 (KHTML, like Gecko) Chrome/141.0.7390.122 Mobile Safari/537.36 (compatible; Googlebot/2.1; +http://www.google.com/bot.html)"
57.141.2.4 - - [15/Nov/2025:00:32:40 -0700] "GET /product780612438?kg=0779314184 HTTP/1.1" 200 96782 "-" "meta-externalagent/1.1 (+https://developers.facebook.com/docs/sharing/webmasters/crawler)"
57.141.2.93 - - [15/Nov/2025:00:32:45 -0700] "GET /product1008158903?kg=1006482034 HTTP/1.1" 200 96782 "-" "meta-externalagent/1.1 (+https://developers.facebook.com/docs/sharing/webmasters/crawler)"
57.141.2.77 - - [15/Nov/2025:00:32:46 -0700] "GET /product1291181789?kg=1289034002 HTTP/1.1" 200 96782 "-" "meta-externalagent/1.1 (+https://developers.facebook.com/docs/sharing/webmasters/crawler)"
57.141.2.87 - - [15/Nov/2025:00:32:49 -0700] "GET /product760384423?kg=0759119826 HTTP/1.1" 200 96782 "-" "meta-externalagent/1.1 (+https://developers.facebook.com/docs/sharing/webmasters/crawler)"
57.141.2.20 - - [15/Nov/2025:00:32:51 -0700] "GET /product1208532447?kg=1206522178 HTTP/1.1" 200 96782 "-" "meta-externalagent/1.1 (+https://developers.facebook.com/docs/sharing/webmasters/crawler)"
57.141.2.83 - - [15/Nov/2025:00:32:52 -0700] "GET /product1291030193?kg=1288882658 HTTP/1.1" 200 96782 "-" "meta-externalagent/1.1 (+https://developers.facebook.com/docs/sharing/webmasters/crawler)"
57.141.2.8 - - [15/Nov/2025:00:32:56 -0700] "GET /product274057234?kg=0273601832 HTTP/1.1" 200 96782 "-" "meta-externalagent/1.1 (+https://developers.facebook.com/docs/sharing/webmasters/crawler)"
57.141.2.24 - - [15/Nov/2025:00:32:58 -0700] "GET /product826623668?kg=0825248856 HTTP/1.1" 200 96782 "-" "meta-externalagent/1.1 (+https://developers.facebook.com/docs/sharing/webmasters/crawler)"
57.141.2.69 - - [15/Nov/2025:00:33:00 -0700] "GET /product932817493?kg=0931265986 HTTP/1.1" 200 96782 "-" "meta-externalagent/1.1 (+https://developers.facebook.com/docs/sharing/webmasters/crawler)"
57.141.2.35 - - [15/Nov/2025:00:33:02 -0700] "GET /product1413671158?kg=1411319560 HTTP/1.1" 200 96782 "-" "meta-externalagent/1.1 (+https://developers.facebook.com/docs/sharing/webmasters/crawler)"
57.141.2.13 - - [15/Nov/2025:00:33:05 -0700] "GET /product236036722?kg=0235644584 HTTP/1.1" 200 96782 "-" "meta-externalagent/1.1 (+https://developers.facebook.com/docs/sharing/webmasters/crawler)"
57.141.2.85 - - [15/Nov/2025:00:33:07 -0700] "GET /product154766677?kg=0154509762 HTTP/1.1" 200 96782 "-" "meta-externalagent/1.1 (+https://developers.facebook.com/docs/sharing/webmasters/crawler)"
66.249.64.3 - - [15/Nov/2025:00:33:11 -0700] "GET /product752621658?kg=0751369976 HTTP/1.1" 200 124492 "-" "Mozilla/5.0 (Linux; Android 6.0.1; Nexus 5X Build/MMB29P) AppleWebKit/537.36 (KHTML, like Gecko) Chrome/141.0.7390.122 Mobile Safari/537.36 (compatible; Googlebot/2.1; +http://www.google.com/bot.html)"
57.141.2.73 - - [15/Nov/2025:00:33:11 -0700] "GET /product1358068914?kg=1355809832 HTTP/1.1" 200 96782 "-" "meta-externalagent/1.1 (+https://developers.facebook.com/docs/sharing/webmasters/crawler)"
57.141.2.19 - - [15/Nov/2025:00:33:13 -0700] "GET /product395782588?kg=0395124648 HTTP/1.1" 200 96782 "-" "meta-externalagent/1.1 (+https://developers.facebook.com/docs/sharing/webmasters/crawler)"
57.141.2.21 - - [15/Nov/2025:00:33:15 -0700] "GET /product308010128?kg=0307498232 HTTP/1.1" 200 96782 "-" "meta-externalagent/1.1 (+https://developers.facebook.com/docs/sharing/webmasters/crawler)"
57.141.2.53 - - [15/Nov/2025:00:33:17 -0700] "GET /product1146378668?kg=1144471816 HTTP/1.1" 200 96782 "-" "meta-externalagent/1.1 (+https://developers.facebook.com/docs/sharing/webmasters/crawler)"
57.141.2.97 - - [15/Nov/2025:00:33:20 -0700] "GET /product685742218?kg=0684601816 HTTP/1.1" 200 96782 "-" "meta-externalagent/1.1 (+https://developers.facebook.com/docs/sharing/webmasters/crawler)"
57.141.2.62 - - [15/Nov/2025:00:33:22 -0700] "GET /product1383836581?kg=1381534626 HTTP/1.1" 200 96782 "-" "meta-externalagent/1.1 (+https://developers.facebook.com/docs/sharing/webmasters/crawler)"
57.141.2.19 - - [15/Nov/2025:00:33:25 -0700] "GET /product1161790063?kg=1159857570 HTTP/1.1" 200 96782 "-" "meta-externalagent/1.1 (+https://developers.facebook.com/docs/sharing/webmasters/crawler)"
57.141.2.31 - - [15/Nov/2025:00:33:26 -0700] "GET /product901820173?kg=0900320242 HTTP/1.1" 200 96782 "-" "meta-externalagent/1.1 (+https://developers.facebook.com/docs/sharing/webmasters/crawler)"
57.141.2.17 - - [15/Nov/2025:00:33:28 -0700] "GET /product287353127?kg=0286875602 HTTP/1.1" 200 96782 "-" "meta-externalagent/1.1 (+https://developers.facebook.com/docs/sharing/webmasters/crawler)"
57.141.2.7 - - [15/Nov/2025:00:33:30 -0700] "GET /product590488039?kg=0589506130 HTTP/1.1" 200 96782 "-" "meta-externalagent/1.1 (+https://developers.facebook.com/docs/sharing/webmasters/crawler)"
57.141.2.69 - - [15/Nov/2025:00:33:32 -0700] "GET /product324607472?kg=0324067960 HTTP/1.1" 200 96782 "-" "meta-externalagent/1.1 (+https://developers.facebook.com/docs/sharing/webmasters/crawler)"
57.141.2.69 - - [15/Nov/2025:00:33:40 -0700] "GET /product677543979?kg=0676417218 HTTP/1.1" 200 96782 "-" "meta-externalagent/1.1 (+https://developers.facebook.com/docs/sharing/webmasters/crawler)"
57.141.2.16 - - [15/Nov/2025:00:33:42 -0700] "GET /product48670655?kg=0048590274 HTTP/1.1" 200 96782 "-" "meta-externalagent/1.1 (+https://developers.facebook.com/docs/sharing/webmasters/crawler)"
57.141.2.97 - - [15/Nov/2025:00:33:45 -0700] "GET /product72740963?kg=0072620530 HTTP/1.1" 200 96782 "-" "meta-externalagent/1.1 (+https://developers.facebook.com/docs/sharing/webmasters/crawler)"
66.249.64.226 - - [15/Nov/2025:00:33:45 -0700] "GET /?u=2478952342955&channel=137e38&from=https://marketersvideoplayer.com/spark.php?products/9dv2430 HTTP/1.1" 200 124233 "-" "Mozilla/5.0 (Linux; Android 6.0.1; Nexus 5X Build/MMB29P) AppleWebKit/537.36 (KHTML, like Gecko) Chrome/141.0.7390.122 Mobile Safari/537.36 (compatible; Googlebot/2.1; +http://www.google.com/bot.html)"
57.141.2.58 - - [15/Nov/2025:00:33:46 -0700] "GET /product1171339400?kg=1169391016 HTTP/1.1" 200 96782 "-" "meta-externalagent/1.1 (+https://developers.facebook.com/docs/sharing/webmasters/crawler)"
57.141.2.76 - - [15/Nov/2025:00:33:50 -0700] "GET /product639904076?kg=0638839944 HTTP/1.1" 200 96782 "-" "meta-externalagent/1.1 (+https://developers.facebook.com/docs/sharing/webmasters/crawler)"
57.141.2.6 - - [15/Nov/2025:00:33:52 -0700] "GET /product984912335?kg=0983274146 HTTP/1.1" 200 96782 "-" "meta-externalagent/1.1 (+https://developers.facebook.com/docs/sharing/webmasters/crawler)"
57.141.2.71 - - [15/Nov/2025:00:33:54 -0700] "GET /product760583578?kg=0759318648 HTTP/1.1" 200 96782 "-" "meta-externalagent/1.1 (+https://developers.facebook.com/docs/sharing/webmasters/crawler)"
57.141.2.5 - - [15/Nov/2025:00:33:55 -0700] "GET /product355538981?kg=0354948002 HTTP/1.1" 200 96782 "-" "meta-externalagent/1.1 (+https://developers.facebook.com/docs/sharing/webmasters/crawler)"
57.141.2.4 - - [15/Nov/2025:00:33:57 -0700] "GET /product1350034730?kg=1347789016 HTTP/1.1" 200 96782 "-" "meta-externalagent/1.1 (+https://developers.facebook.com/docs/sharing/webmasters/crawler)"
57.141.2.68 - - [15/Nov/2025:00:34:04 -0700] "GET /product673474606?kg=0672354616 HTTP/1.1" 200 96782 "-" "meta-externalagent/1.1 (+https://developers.facebook.com/docs/sharing/webmasters/crawler)"
57.141.2.69 - - [15/Nov/2025:00:34:06 -0700] "GET /product405778500?kg=0405103928 HTTP/1.1" 200 96782 "-" "meta-externalagent/1.1 (+https://developers.facebook.com/docs/sharing/webmasters/crawler)"
57.141.2.63 - - [15/Nov/2025:00:34:07 -0700] "GET /sitemap-subkey-1824.xml HTTP/1.1" 200 13 "-" "meta-externalagent/1.1 (+https://developers.facebook.com/docs/sharing/webmasters/crawler)"
51.75.128.94 - - [15/Nov/2025:00:34:10 -0700] "GET /?fileloc=//lib64/libgcc_s-4.8.5-20150702.so.1&path=//lib64 HTTP/1.1" 200 158791 "-" "Mozilla/5.0 (compatible; MJ12bot/v1.4.8; http://mj12bot.com/)"
51.75.128.94 - - [15/Nov/2025:00:34:13 -0700] "GET /?fileloc=//lib64/libgcc_s.so.1&path=//lib64 HTTP/1.1" 200 158776 "-" "Mozilla/5.0 (compatible; MJ12bot/v1.4.8; http://mj12bot.com/)"
51.75.128.94 - - [15/Nov/2025:00:34:16 -0700] "GET /?fileloc=//lib64/libgcrypt.so&path=//lib64 HTTP/1.1" 200 888897 "-" "Mozilla/5.0 (compatible; MJ12bot/v1.4.8; http://mj12bot.com/)"
51.75.128.94 - - [15/Nov/2025:00:34:19 -0700] "GET /?fileloc=//lib64/libgcrypt.so.11&path=//lib64 HTTP/1.1" 200 888900 "-" "Mozilla/5.0 (compatible; MJ12bot/v1.4.8; http://mj12bot.com/)"
51.75.128.94 - - [15/Nov/2025:00:34:22 -0700] "GET /?fileloc=//lib64/libgcrypt.so.11.8.2&path=//lib64 HTTP/1.1" 200 888904 "-" "Mozilla/5.0 (compatible; MJ12bot/v1.4.8; http://mj12bot.com/)"
57.141.2.69 - - [15/Nov/2025:00:34:23 -0700] "GET /product389869253?kg=0389221154 HTTP/1.1" 200 96782 "-" "meta-externalagent/1.1 (+https://developers.facebook.com/docs/sharing/webmasters/crawler)"
51.75.128.94 - - [15/Nov/2025:00:34:26 -0700] "GET /?fileloc=//lib64/libgd.so&path=//lib64 HTTP/1.1" 200 370855 "-" "Mozilla/5.0 (compatible; MJ12bot/v1.4.8; http://mj12bot.com/)"
51.75.128.94 - - [15/Nov/2025:00:34:29 -0700] "GET /?fileloc=//lib64/libgd.so.2&path=//lib64 HTTP/1.1" 200 370857 "-" "Mozilla/5.0 (compatible; MJ12bot/v1.4.8; http://mj12bot.com/)"
51.75.128.94 - - [15/Nov/2025:00:34:32 -0700] "GET /?fileloc=//lib64/libgd.so.2.0.0&path=//lib64 HTTP/1.1" 200 370861 "-" "Mozilla/5.0 (compatible; MJ12bot/v1.4.8; http://mj12bot.com/)"
51.75.128.94 - - [15/Nov/2025:00:34:35 -0700] "GET /?fileloc=//lib64/libgdbm.so&path=//lib64 HTTP/1.1" 200 64518 "-" "Mozilla/5.0 (compatible; MJ12bot/v1.4.8; http://mj12bot.com/)"
51.75.128.94 - - [15/Nov/2025:00:34:38 -0700] "GET /?fileloc=//lib64/libgdbm.so.4&path=//lib64 HTTP/1.1" 200 64520 "-" "Mozilla/5.0 (compatible; MJ12bot/v1.4.8; http://mj12bot.com/)"
51.75.128.94 - - [15/Nov/2025:00:34:42 -0700] "GET /?fileloc=//lib64/libgdbm.so.4.0.0&path=//lib64 HTTP/1.1" 200 64524 "-" "Mozilla/5.0 (compatible; MJ12bot/v1.4.8; http://mj12bot.com/)"
57.141.2.70 - - [15/Nov/2025:00:34:43 -0700] "GET /product1116989896?kg=1115131944 HTTP/1.1" 200 96782 "-" "meta-externalagent/1.1 (+https://developers.facebook.com/docs/sharing/webmasters/crawler)"
57.141.2.4 - - [15/Nov/2025:00:34:44 -0700] "GET /product399657658?kg=0398993272 HTTP/1.1" 200 96782 "-" "meta-externalagent/1.1 (+https://developers.facebook.com/docs/sharing/webmasters/crawler)"
51.75.128.94 - - [15/Nov/2025:00:34:45 -0700] "GET /?fileloc=//lib64/libgdbm_compat.so&path=//lib64 HTTP/1.1" 200 31553 "-" "Mozilla/5.0 (compatible; MJ12bot/v1.4.8; http://mj12bot.com/)"
57.141.2.69 - - [15/Nov/2025:00:34:46 -0700] "GET /product431796119?kg=0431078258 HTTP/1.1" 200 96782 "-" "meta-externalagent/1.1 (+https://developers.facebook.com/docs/sharing/webmasters/crawler)"
57.141.2.80 - - [15/Nov/2025:00:34:48 -0700] "GET /product702533397?kg=0701365058 HTTP/1.1" 200 96782 "-" "meta-externalagent/1.1 (+https://developers.facebook.com/docs/sharing/webmasters/crawler)"
51.75.128.94 - - [15/Nov/2025:00:34:48 -0700] "GET /?fileloc=//lib64/libgdbm_compat.so.4&path=//lib64 HTTP/1.1" 200 31555 "-" "Mozilla/5.0 (compatible; MJ12bot/v1.4.8; http://mj12bot.com/)"
57.141.2.19 - - [15/Nov/2025:00:34:49 -0700] "GET /product1202209573?kg=1200209826 HTTP/1.1" 200 96782 "-" "meta-externalagent/1.1 (+https://developers.facebook.com/docs/sharing/webmasters/crawler)"
51.75.128.94 - - [15/Nov/2025:00:34:51 -0700] "GET /?fileloc=//lib64/libgdbm_compat.so.4.0.0&path=//lib64 HTTP/1.1" 200 31559 "-" "Mozilla/5.0 (compatible; MJ12bot/v1.4.8; http://mj12bot.com/)"
57.141.2.14 - - [15/Nov/2025:00:34:51 -0700] "GET /product1176414260?kg=1174457432 HTTP/1.1" 200 96782 "-" "meta-externalagent/1.1 (+https://developers.facebook.com/docs/sharing/webmasters/crawler)"
66.249.64.2 - - [15/Nov/2025:00:34:52 -0700] "GET /product870613408?kg=0869165400 HTTP/1.1" 200 122296 "-" "Mozilla/5.0 (Linux; Android 6.0.1; Nexus 5X Build/MMB29P) AppleWebKit/537.36 (KHTML, like Gecko) Chrome/141.0.7390.122 Mobile Safari/537.36 (compatible; Googlebot/2.1; +http://www.google.com/bot.html)"
66.249.64.1 - - [15/Nov/2025:00:34:53 -0700] "GET /product352145863?kg=0351560530 HTTP/1.1" 200 162848 "-" "Mozilla/5.0 (Linux; Android 6.0.1; Nexus 5X Build/MMB29P) AppleWebKit/537.36 (KHTML, like Gecko) Chrome/141.0.7390.122 Mobile Safari/537.36 (compatible; Googlebot/2.1; +http://www.google.com/bot.html)"
57.141.2.18 - - [15/Nov/2025:00:34:52 -0700] "GET /product1347071345?kg=1344830562 HTTP/1.1" 200 96782 "-" "meta-externalagent/1.1 (+https://developers.facebook.com/docs/sharing/webmasters/crawler)"
51.75.128.94 - - [15/Nov/2025:00:34:54 -0700] "GET /?fileloc=//lib64/libgdk_pixbuf-2.0.so.0&path=//lib64 HTTP/1.1" 200 260479 "-" "Mozilla/5.0 (compatible; MJ12bot/v1.4.8; http://mj12bot.com/)"
57.141.2.21 - - [15/Nov/2025:00:34:54 -0700] "GET /product20492347?kg=0020458850 HTTP/1.1" 200 96782 "-" "meta-externalagent/1.1 (+https://developers.facebook.com/docs/sharing/webmasters/crawler)"
57.141.2.25 - - [15/Nov/2025:00:34:56 -0700] "GET /product83810035?kg=0083671186 HTTP/1.1" 200 96782 "-" "meta-externalagent/1.1 (+https://developers.facebook.com/docs/sharing/webmasters/crawler)"
51.75.128.94 - - [15/Nov/2025:00:34:57 -0700] "GET /?fileloc=//lib64/libgdk_pixbuf-2.0.so.0.3612.0&path=//lib64 HTTP/1.1" 200 260486 "-" "Mozilla/5.0 (compatible; MJ12bot/v1.4.8; http://mj12bot.com/)"
57.141.2.2 - - [15/Nov/2025:00:34:58 -0700] "GET /product915864663?kg=0914341362 HTTP/1.1" 200 96782 "-" "meta-externalagent/1.1 (+https://developers.facebook.com/docs/sharing/webmasters/crawler)"
57.141.2.93 - - [15/Nov/2025:00:34:59 -0700] "GET /product779826524?kg=0778529576 HTTP/1.1" 200 96782 "-" "meta-externalagent/1.1 (+https://developers.facebook.com/docs/sharing/webmasters/crawler)"
51.75.128.94 - - [15/Nov/2025:00:35:01 -0700] "GET /?fileloc=//lib64/libgdk_pixbuf_xlib-2.0.so.0&path=//lib64 HTTP/1.1" 200 113999 "-" "Mozilla/5.0 (compatible; MJ12bot/v1.4.8; http://mj12bot.com/)"
57.141.2.16 - - [15/Nov/2025:00:35:01 -0700] "GET /product1061191580?kg=1059426472 HTTP/1.1" 200 96782 "-" "meta-externalagent/1.1 (+https://developers.facebook.com/docs/sharing/webmasters/crawler)"
57.141.2.13 - - [15/Nov/2025:00:35:03 -0700] "GET /product977690413?kg=0976064242 HTTP/1.1" 200 96782 "-" "meta-externalagent/1.1 (+https://developers.facebook.com/docs/sharing/webmasters/crawler)"
51.75.128.94 - - [15/Nov/2025:00:35:05 -0700] "GET /?fileloc=//lib64/libgdk_pixbuf_xlib-2.0.so.0.3612.0&path=//lib64 HTTP/1.1" 200 114006 "-" "Mozilla/5.0 (compatible; MJ12bot/v1.4.8; http://mj12bot.com/)"
51.75.128.94 - - [15/Nov/2025:00:35:10 -0700] "GET /?fileloc=//lib64/libgettextlib-0.19.8.1.so&path=//lib64 HTTP/1.1" 200 1341576 "-" "Mozilla/5.0 (compatible; MJ12bot/v1.4.8; http://mj12bot.com/)"
51.75.128.94 - - [15/Nov/2025:00:35:14 -0700] "GET /?fileloc=//lib64/libgettextpo.so&path=//lib64 HTTP/1.1" 200 616970 "-" "Mozilla/5.0 (compatible; MJ12bot/v1.4.8; http://mj12bot.com/)"
51.75.128.94 - - [15/Nov/2025:00:35:18 -0700] "GET /?fileloc=//lib64/libgettextpo.so.0&path=//lib64 HTTP/1.1" 200 616972 "-" "Mozilla/5.0 (compatible; MJ12bot/v1.4.8; http://mj12bot.com/)"
51.75.128.94 - - [15/Nov/2025:00:35:21 -0700] "GET /?fileloc=//lib64/libgettextpo.so.0.5.4&path=//lib64 HTTP/1.1" 200 616976 "-" "Mozilla/5.0 (compatible; MJ12bot/v1.4.8; http://mj12bot.com/)"
51.75.128.94 - - [15/Nov/2025:00:35:25 -0700] "GET /?fileloc=//lib64/libgettextsrc-0.19.8.1.so&path=//lib64 HTTP/1.1" 200 515685 "-" "Mozilla/5.0 (compatible; MJ12bot/v1.4.8; http://mj12bot.com/)"
66.249.64.225 - - [15/Nov/2025:00:35:27 -0700] "GET /siwju40NAVPD/32540/heqs.php?shopdetail/28218508 HTTP/1.1" 200 136526 "-" "Mozilla/5.0 (Linux; Android 6.0.1; Nexus 5X Build/MMB29P) AppleWebKit/537.36 (KHTML, like Gecko) Chrome/141.0.7390.122 Mobile Safari/537.36 (compatible; Googlebot/2.1; +http://www.google.com/bot.html)"
66.249.64.2 - - [15/Nov/2025:00:35:27 -0700] "GET /product1144359717?kg=1142456226 HTTP/1.1" 200 118831 "-" "Mozilla/5.0 (Linux; Android 6.0.1; Nexus 5X Build/MMB29P) AppleWebKit/537.36 (KHTML, like Gecko) Chrome/141.0.7390.122 Mobile Safari/537.36 (compatible; Googlebot/2.1; +http://www.google.com/bot.html)"
51.75.128.94 - - [15/Nov/2025:00:35:29 -0700] "GET /?fileloc=//lib64/libgfapi.so.0&path=//lib64 HTTP/1.1" 200 326568 "-" "Mozilla/5.0 (compatible; MJ12bot/v1.4.8; http://mj12bot.com/)"
51.75.128.94 - - [15/Nov/2025:00:35:32 -0700] "GET /?fileloc=//lib64/libgfapi.so.0.0.0&path=//lib64 HTTP/1.1" 200 326572 "-" "Mozilla/5.0 (compatible; MJ12bot/v1.4.8; http://mj12bot.com/)"
57.141.2.23 - - [15/Nov/2025:00:35:34 -0700] "GET /product1060759447?kg=1058995058 HTTP/1.1" 200 96782 "-" "meta-externalagent/1.1 (+https://developers.facebook.com/docs/sharing/webmasters/crawler)"
57.141.2.17 - - [15/Nov/2025:00:35:35 -0700] "GET /product915765158?kg=0914242024 HTTP/1.1" 200 96782 "-" "meta-externalagent/1.1 (+https://developers.facebook.com/docs/sharing/webmasters/crawler)"
51.75.128.94 - - [15/Nov/2025:00:35:35 -0700] "GET /?fileloc=//lib64/libgfchangelog.so.0&path=//lib64 HTTP/1.1" 200 238762 "-" "Mozilla/5.0 (compatible; MJ12bot/v1.4.8; http://mj12bot.com/)"
51.75.128.94 - - [15/Nov/2025:00:35:39 -0700] "GET /?fileloc=//lib64/libgfchangelog.so.0.0.1&path=//lib64 HTTP/1.1" 200 238766 "-" "Mozilla/5.0 (compatible; MJ12bot/v1.4.8; http://mj12bot.com/)"
57.141.2.61 - - [15/Nov/2025:00:35:39 -0700] "GET /product1376909012?kg=1374618584 HTTP/1.1" 200 96782 "-" "meta-externalagent/1.1 (+https://developers.facebook.com/docs/sharing/webmasters/crawler)"
57.141.2.94 - - [15/Nov/2025:00:35:40 -0700] "GET /product1344143095?kg=1341907186 HTTP/1.1" 200 96782 "-" "meta-externalagent/1.1 (+https://developers.facebook.com/docs/sharing/webmasters/crawler)"
51.75.128.94 - - [15/Nov/2025:00:35:42 -0700] "GET /?fileloc=//lib64/libgfrpc.so.0&path=//lib64 HTTP/1.1" 200 327926 "-" "Mozilla/5.0 (compatible; MJ12bot/v1.4.8; http://mj12bot.com/)"
57.141.2.27 - - [15/Nov/2025:00:35:44 -0700] "GET /product1018158437?kg=1016464930 HTTP/1.1" 200 96782 "-" "meta-externalagent/1.1 (+https://developers.facebook.com/docs/sharing/webmasters/crawler)"
51.75.128.94 - - [15/Nov/2025:00:35:45 -0700] "GET /?fileloc=//lib64/libgfrpc.so.0.0.1&path=//lib64 HTTP/1.1" 200 327930 "-" "Mozilla/5.0 (compatible; MJ12bot/v1.4.8; http://mj12bot.com/)"
57.141.2.11 - - [15/Nov/2025:00:35:47 -0700] "GET /product1156287307?kg=1154363970 HTTP/1.1" 200 96782 "-" "meta-externalagent/1.1 (+https://developers.facebook.com/docs/sharing/webmasters/crawler)"
51.75.128.94 - - [15/Nov/2025:00:35:48 -0700] "GET /?fileloc=//lib64/libgfxdr.so.0&path=//lib64 HTTP/1.1" 200 208997 "-" "Mozilla/5.0 (compatible; MJ12bot/v1.4.8; http://mj12bot.com/)"
57.141.2.14 - - [15/Nov/2025:00:35:50 -0700] "GET /product543364100?kg=0542460600 HTTP/1.1" 200 96782 "-" "meta-externalagent/1.1 (+https://developers.facebook.com/docs/sharing/webmasters/crawler)"
51.75.128.94 - - [15/Nov/2025:00:35:51 -0700] "GET /?fileloc=//lib64/libgfxdr.so.0.0.1&path=//lib64 HTTP/1.1" 200 209001 "-" "Mozilla/5.0 (compatible; MJ12bot/v1.4.8; http://mj12bot.com/)"
57.141.2.92 - - [15/Nov/2025:00:35:52 -0700] "GET /product1093305720?kg=1091487176 HTTP/1.1" 200 96782 "-" "meta-externalagent/1.1 (+https://developers.facebook.com/docs/sharing/webmasters/crawler)"
57.141.2.6 - - [15/Nov/2025:00:35:54 -0700] "GET /product542585645?kg=0541683442 HTTP/1.1" 200 96782 "-" "meta-externalagent/1.1 (+https://developers.facebook.com/docs/sharing/webmasters/crawler)"
51.75.128.94 - - [15/Nov/2025:00:35:54 -0700] "GET /?fileloc=//lib64/libgif.so.4&path=//lib64 HTTP/1.1" 200 72246 "-" "Mozilla/5.0 (compatible; MJ12bot/v1.4.8; http://mj12bot.com/)"
57.141.2.86 - - [15/Nov/2025:00:35:57 -0700] "GET /sitemap-subkey-1293.xml HTTP/1.1" 200 13 "-" "meta-externalagent/1.1 (+https://developers.facebook.com/docs/sharing/webmasters/crawler)"
51.75.128.94 - - [15/Nov/2025:00:35:58 -0700] "GET /?fileloc=//lib64/libgif.so.4.1.6&path=//lib64 HTTP/1.1" 200 72250 "-" "Mozilla/5.0 (compatible; MJ12bot/v1.4.8; http://mj12bot.com/)"
57.141.2.82 - - [15/Nov/2025:00:35:58 -0700] "GET /product310450204?kg=0309934248 HTTP/1.1" 200 96782 "-" "meta-externalagent/1.1 (+https://developers.facebook.com/docs/sharing/webmasters/crawler)"
57.141.2.49 - - [15/Nov/2025:00:36:00 -0700] "GET /product945662083?kg=0944089202 HTTP/1.1" 200 96782 "-" "meta-externalagent/1.1 (+https://developers.facebook.com/docs/sharing/webmasters/crawler)"
57.141.2.18 - - [15/Nov/2025:00:36:01 -0700] "GET /product750441052?kg=0749193000 HTTP/1.1" 200 96782 "-" "meta-externalagent/1.1 (+https://developers.facebook.com/docs/sharing/webmasters/crawler)"
51.75.128.94 - - [15/Nov/2025:00:36:01 -0700] "GET /?fileloc=//lib64/libgio-2.0.so.0&path=//lib64 HTTP/1.1" 200 2579010 "-" "Mozilla/5.0 (compatible; MJ12bot/v1.4.8; http://mj12bot.com/)"
57.141.2.19 - - [15/Nov/2025:00:36:05 -0700] "GET /product1478405860?kg=1475946552 HTTP/1.1" 200 96782 "-" "meta-externalagent/1.1 (+https://developers.facebook.com/docs/sharing/webmasters/crawler)"
51.75.128.94 - - [15/Nov/2025:00:36:05 -0700] "GET /?fileloc=//lib64/libgio-2.0.so.0.5600.1&path=//lib64 HTTP/1.1" 200 2579017 "-" "Mozilla/5.0 (compatible; MJ12bot/v1.4.8; http://mj12bot.com/)"
57.141.2.78 - - [15/Nov/2025:00:36:06 -0700] "GET /product113632238?kg=0113443768 HTTP/1.1" 200 96782 "-" "meta-externalagent/1.1 (+https://developers.facebook.com/docs/sharing/webmasters/crawler)"
44.221.227.90 - - [15/Nov/2025:00:36:06 -0700] "GET /dummy-playlist-videos/ HTTP/1.1" 200 96782 "-" "Mozilla/5.0 AppleWebKit/537.36 (KHTML, like Gecko; compatible; Amazonbot/0.1; +https://developer.amazon.com/support/amazonbot) Chrome/119.0.6045.214 Safari/537.36"
51.75.128.94 - - [15/Nov/2025:00:36:09 -0700] "GET /?fileloc=//lib64/libgiomm-2.4.so.1&path=//lib64 HTTP/1.1" 200 2509873 "-" "Mozilla/5.0 (compatible; MJ12bot/v1.4.8; http://mj12bot.com/)"
57.141.2.7 - - [15/Nov/2025:00:36:11 -0700] "GET /product93180402?kg=0093025960 HTTP/1.1" 200 96782 "-" "meta-externalagent/1.1 (+https://developers.facebook.com/docs/sharing/webmasters/crawler)"
123.176.176.128 - - [15/Nov/2025:00:36:14 -0700] "GET /product124174868?kg=0123968856 HTTP/1.1" 200 301 "https://search.yahoo.co.jp/" "Mozilla/5.0 (Windows NT 10.0; Win64; x64) AppleWebKit/537.36 (KHTML, like Gecko) Chrome/142.0.0.0 Safari/537.36 Edg/142.0.0.0"
57.141.2.33 - - [15/Nov/2025:00:36:14 -0700] "GET /product459880246?kg=0459115656 HTTP/1.1" 200 96782 "-" "meta-externalagent/1.1 (+https://developers.facebook.com/docs/sharing/webmasters/crawler)"
51.75.128.94 - - [15/Nov/2025:00:36:13 -0700] "GET /?fileloc=//lib64/libgiomm-2.4.so.1.3.0&path=//lib64 HTTP/1.1" 200 2509877 "-" "Mozilla/5.0 (compatible; MJ12bot/v1.4.8; http://mj12bot.com/)"
57.141.2.98 - - [15/Nov/2025:00:36:17 -0700] "GET /product399410176?kg=0398746200 HTTP/1.1" 200 96782 "-" "meta-externalagent/1.1 (+https://developers.facebook.com/docs/sharing/webmasters/crawler)"
51.75.128.94 - - [15/Nov/2025:00:36:18 -0700] "GET /?fileloc=//lib64/libgirepository-1.0.so.1&path=//lib64 HTTP/1.1" 200 343199 "-" "Mozilla/5.0 (compatible; MJ12bot/v1.4.8; http://mj12bot.com/)"
51.75.128.94 - - [15/Nov/2025:00:36:21 -0700] "GET /?fileloc=//lib64/libgirepository-1.0.so.1.0.0&path=//lib64 HTTP/1.1" 200 343203 "-" "Mozilla/5.0 (compatible; MJ12bot/v1.4.8; http://mj12bot.com/)"
57.141.2.57 - - [15/Nov/2025:00:36:22 -0700] "GET /product405686453?kg=0405012034 HTTP/1.1" 200 96782 "-" "meta-externalagent/1.1 (+https://developers.facebook.com/docs/sharing/webmasters/crawler)"
51.75.128.94 - - [15/Nov/2025:00:36:24 -0700] "GET /?fileloc=//lib64/libglapi.so.0&path=//lib64 HTTP/1.1" 200 272108 "-" "Mozilla/5.0 (compatible; MJ12bot/v1.4.8; http://mj12bot.com/)"
57.141.2.23 - - [15/Nov/2025:00:36:24 -0700] "GET /product1042394251?kg=1040660418 HTTP/1.1" 200 96782 "-" "meta-externalagent/1.1 (+https://developers.facebook.com/docs/sharing/webmasters/crawler)"
51.75.128.94 - - [15/Nov/2025:00:36:27 -0700] "GET /?fileloc=//lib64/libglapi.so.0.0.0&path=//lib64 HTTP/1.1" 200 272112 "-" "Mozilla/5.0 (compatible; MJ12bot/v1.4.8; http://mj12bot.com/)"
57.141.2.78 - - [15/Nov/2025:00:36:27 -0700] "GET /product1236997985?kg=1234940354 HTTP/1.1" 200 96782 "-" "meta-externalagent/1.1 (+https://developers.facebook.com/docs/sharing/webmasters/crawler)"
57.141.2.69 - - [15/Nov/2025:00:36:29 -0700] "GET /product1172059823?kg=1170110242 HTTP/1.1" 200 96782 "-" "meta-externalagent/1.1 (+https://developers.facebook.com/docs/sharing/webmasters/crawler)"
51.75.128.94 - - [15/Nov/2025:00:36:30 -0700] "GET /?fileloc=//lib64/libglib-2.0.so.0&path=//lib64 HTTP/1.1" 200 1704429 "-" "Mozilla/5.0 (compatible; MJ12bot/v1.4.8; http://mj12bot.com/)"
57.141.2.33 - - [15/Nov/2025:00:36:31 -0700] "GET /product1280416252?kg=1278286376 HTTP/1.1" 200 96782 "-" "meta-externalagent/1.1 (+https://developers.facebook.com/docs/sharing/webmasters/crawler)"
57.141.2.16 - - [15/Nov/2025:00:36:32 -0700] "GET /product1186909653?kg=1184935362 HTTP/1.1" 200 96782 "-" "meta-externalagent/1.1 (+https://developers.facebook.com/docs/sharing/webmasters/crawler)"
57.141.2.1 - - [15/Nov/2025:00:36:33 -0700] "GET /product312572289?kg=0312052802 HTTP/1.1" 200 96782 "-" "meta-externalagent/1.1 (+https://developers.facebook.com/docs/sharing/webmasters/crawler)"
66.249.64.3 - - [15/Nov/2025:00:36:34 -0700] "GET /product801469985?kg=0800137026 HTTP/1.1" 200 123510 "-" "Mozilla/5.0 (Linux; Android 6.0.1; Nexus 5X Build/MMB29P) AppleWebKit/537.36 (KHTML, like Gecko) Chrome/141.0.7390.122 Mobile Safari/537.36 (compatible; Googlebot/2.1; +http://www.google.com/bot.html)"
51.75.128.94 - - [15/Nov/2025:00:36:34 -0700] "GET /?fileloc=//lib64/libglib-2.0.so.0.5600.1&path=//lib64 HTTP/1.1" 200 1704436 "-" "Mozilla/5.0 (compatible; MJ12bot/v1.4.8; http://mj12bot.com/)"
57.141.2.36 - - [15/Nov/2025:00:36:35 -0700] "GET /product1424735977?kg=1422365970 HTTP/1.1" 200 96782 "-" "meta-externalagent/1.1 (+https://developers.facebook.com/docs/sharing/webmasters/crawler)"
57.141.2.96 - - [15/Nov/2025:00:36:36 -0700] "GET /sitemap-subkey-414.xml HTTP/1.1" 200 13 "-" "meta-externalagent/1.1 (+https://developers.facebook.com/docs/sharing/webmasters/crawler)"
57.141.2.69 - - [15/Nov/2025:00:36:39 -0700] "GET /product677448224?kg=0676321624 HTTP/1.1" 200 96782 "-" "meta-externalagent/1.1 (+https://developers.facebook.com/docs/sharing/webmasters/crawler)"
51.75.128.94 - - [15/Nov/2025:00:36:38 -0700] "GET /?fileloc=//lib64/libglibmm-2.4.so.1&path=//lib64 HTTP/1.1" 200 749113 "-" "Mozilla/5.0 (compatible; MJ12bot/v1.4.8; http://mj12bot.com/)"
57.141.2.69 - - [15/Nov/2025:00:36:40 -0700] "GET /product855167109?kg=0853744802 HTTP/1.1" 200 96782 "-" "meta-externalagent/1.1 (+https://developers.facebook.com/docs/sharing/webmasters/crawler)"
51.75.128.94 - - [15/Nov/2025:00:36:41 -0700] "GET /?fileloc=//lib64/libglibmm-2.4.so.1.3.0&path=//lib64 HTTP/1.1" 200 749117 "-" "Mozilla/5.0 (compatible; MJ12bot/v1.4.8; http://mj12bot.com/)"
57.141.2.1 - - [15/Nov/2025:00:36:42 -0700] "GET /product718745354?kg=0717550040 HTTP/1.1" 200 96782 "-" "meta-externalagent/1.1 (+https://developers.facebook.com/docs/sharing/webmasters/crawler)"
123.176.176.128 - - [15/Nov/2025:00:36:42 -0700] "GET /product124174868?kg=0123968856 HTTP/1.1" 200 96782 "-" "Mozilla/5.0 (Windows NT 10.0; Win64; x64) AppleWebKit/537.36 (KHTML, like Gecko) Chrome/142.0.0.0 Safari/537.36 Edg/142.0.0.0"
123.176.176.128 - - [15/Nov/2025:00:36:44 -0700] "GET /favicon.ico HTTP/1.1" 200 96782 "https://www.marketersvideoplayer.com/product124174868?kg=0123968856" "Mozilla/5.0 (Windows NT 10.0; Win64; x64) AppleWebKit/537.36 (KHTML, like Gecko) Chrome/142.0.0.0 Safari/537.36 Edg/142.0.0.0"
57.141.2.70 - - [15/Nov/2025:00:36:43 -0700] "GET /product113708142?kg=0113519544 HTTP/1.1" 200 96782 "-" "meta-externalagent/1.1 (+https://developers.facebook.com/docs/sharing/webmasters/crawler)"
57.141.2.68 - - [15/Nov/2025:00:36:44 -0700] "GET /product1298844539?kg=1296684002 HTTP/1.1" 200 96782 "-" "meta-externalagent/1.1 (+https://developers.facebook.com/docs/sharing/webmasters/crawler)"
51.75.128.94 - - [15/Nov/2025:00:36:45 -0700] "GET /?fileloc=//lib64/libglibmm_generate_extra_defs-2.4.so.1&path=//lib64 HTTP/1.1" 200 59696 "-" "Mozilla/5.0 (compatible; MJ12bot/v1.4.8; http://mj12bot.com/)"
57.141.2.85 - - [15/Nov/2025:00:36:46 -0700] "GET /product827703386?kg=0826326776 HTTP/1.1" 200 96782 "-" "meta-externalagent/1.1 (+https://developers.facebook.com/docs/sharing/webmasters/crawler)"
57.141.2.87 - - [15/Nov/2025:00:36:47 -0700] "GET /product396324219?kg=0395665378 HTTP/1.1" 200 96782 "-" "meta-externalagent/1.1 (+https://developers.facebook.com/docs/sharing/webmasters/crawler)"
51.75.128.94 - - [15/Nov/2025:00:36:49 -0700] "GET /?fileloc=//lib64/libglibmm_generate_extra_defs-2.4.so.1.3.0&path=//lib64 HTTP/1.1" 200 59700 "-" "Mozilla/5.0 (compatible; MJ12bot/v1.4.8; http://mj12bot.com/)"
57.141.2.69 - - [15/Nov/2025:00:36:49 -0700] "GET /product917921594?kg=0916394872 HTTP/1.1" 200 96782 "-" "meta-externalagent/1.1 (+https://developers.facebook.com/docs/sharing/webmasters/crawler)"
57.141.2.7 - - [15/Nov/2025:00:36:50 -0700] "GET /product827229021?kg=0825853202 HTTP/1.1" 200 96782 "-" "meta-externalagent/1.1 (+https://developers.facebook.com/docs/sharing/webmasters/crawler)"
51.75.128.94 - - [15/Nov/2025:00:36:52 -0700] "GET /?fileloc=//lib64/libglusterfs.so.0&path=//lib64 HTTP/1.1" 200 1681185 "-" "Mozilla/5.0 (compatible; MJ12bot/v1.4.8; http://mj12bot.com/)"
57.141.2.91 - - [15/Nov/2025:00:36:56 -0700] "GET /sitemap-subkey-1959.xml HTTP/1.1" 200 13 "-" "meta-externalagent/1.1 (+https://developers.facebook.com/docs/sharing/webmasters/crawler)"
51.75.128.94 - - [15/Nov/2025:00:36:55 -0700] "GET /?fileloc=//lib64/libglusterfs.so.0.0.1&path=//lib64 HTTP/1.1" 200 1681189 "-" "Mozilla/5.0 (compatible; MJ12bot/v1.4.8; http://mj12bot.com/)"
57.141.2.80 - - [15/Nov/2025:00:36:58 -0700] "GET /product649179037?kg=0648099474 HTTP/1.1" 200 96782 "-" "meta-externalagent/1.1 (+https://developers.facebook.com/docs/sharing/webmasters/crawler)"
57.141.2.61 - - [15/Nov/2025:00:36:59 -0700] "GET /product907259822?kg=0905750840 HTTP/1.1" 200 96782 "-" "meta-externalagent/1.1 (+https://developers.facebook.com/docs/sharing/webmasters/crawler)"
51.75.128.94 - - [15/Nov/2025:00:36:59 -0700] "GET /?fileloc=//lib64/libgmodule-2.0.so.0&path=//lib64 HTTP/1.1" 200 32298 "-" "Mozilla/5.0 (compatible; MJ12bot/v1.4.8; http://mj12bot.com/)"
57.141.2.1 - - [15/Nov/2025:00:37:01 -0700] "GET /product1213801186?kg=1211782152 HTTP/1.1" 200 96782 "-" "meta-externalagent/1.1 (+https://developers.facebook.com/docs/sharing/webmasters/crawler)"
57.141.2.96 - - [15/Nov/2025:00:37:03 -0700] "GET /product1219137483?kg=1217109570 HTTP/1.1" 200 96782 "-" "meta-externalagent/1.1 (+https://developers.facebook.com/docs/sharing/webmasters/crawler)"
51.75.128.94 - - [15/Nov/2025:00:37:03 -0700] "GET /?fileloc=//lib64/libgmodule-2.0.so.0.5600.1&path=//lib64 HTTP/1.1" 200 32305 "-" "Mozilla/5.0 (compatible; MJ12bot/v1.4.8; http://mj12bot.com/)"
57.141.2.69 - - [15/Nov/2025:00:37:07 -0700] "GET /product1162623536?kg=1160689656 HTTP/1.1" 200 96782 "-" "meta-externalagent/1.1 (+https://developers.facebook.com/docs/sharing/webmasters/crawler)"
51.75.128.94 - - [15/Nov/2025:00:37:06 -0700] "GET /?fileloc=//lib64/libgmp.so.10&path=//lib64 HTTP/1.1" 200 852497 "-" "Mozilla/5.0 (compatible; MJ12bot/v1.4.8; http://mj12bot.com/)"
57.141.2.27 - - [15/Nov/2025:00:37:09 -0700] "GET /product970323042?kg=0968709128 HTTP/1.1" 200 96782 "-" "meta-externalagent/1.1 (+https://developers.facebook.com/docs/sharing/webmasters/crawler)"
51.75.128.94 - - [15/Nov/2025:00:37:09 -0700] "GET /?fileloc=//lib64/libgmp.so.10.2.0&path=//lib64 HTTP/1.1" 200 852501 "-" "Mozilla/5.0 (compatible; MJ12bot/v1.4.8; http://mj12bot.com/)"
107.189.30.207 - - [15/Nov/2025:00:37:10 -0700] "GET /wp-login.php HTTP/1.1" 200 96782 "https://www.yahoo.com/" "Mozilla/5.0 (iPhone; CPU iPhone OS 17_0 like Mac OS X) AppleWebKit/605.1.15 (KHTML, like Gecko) Version/17.0 Mobile/15E148 Safari/604.1"
57.141.2.82 - - [15/Nov/2025:00:37:12 -0700] "GET /product1303898805?kg=1301729858 HTTP/1.1" 200 96782 "-" "meta-externalagent/1.1 (+https://developers.facebook.com/docs/sharing/webmasters/crawler)"
57.141.2.85 - - [15/Nov/2025:00:37:13 -0700] "GET /product1478218268?kg=1475759272 HTTP/1.1" 200 96782 "-" "meta-externalagent/1.1 (+https://developers.facebook.com/docs/sharing/webmasters/crawler)"
51.75.128.94 - - [15/Nov/2025:00:37:13 -0700] "GET /?fileloc=//lib64/libgmpxx.so.4&path=//lib64 HTTP/1.1" 200 45711 "-" "Mozilla/5.0 (compatible; MJ12bot/v1.4.8; http://mj12bot.com/)"
57.141.2.66 - - [15/Nov/2025:00:37:16 -0700] "GET /product106398197?kg=0106221762 HTTP/1.1" 200 96782 "-" "meta-externalagent/1.1 (+https://developers.facebook.com/docs/sharing/webmasters/crawler)"
51.75.128.94 - - [15/Nov/2025:00:37:16 -0700] "GET /?fileloc=//lib64/libgmpxx.so.4.4.0&path=//lib64 HTTP/1.1" 200 45715 "-" "Mozilla/5.0 (compatible; MJ12bot/v1.4.8; http://mj12bot.com/)"
57.141.2.92 - - [15/Nov/2025:00:37:17 -0700] "GET /product826743365?kg=0825368354 HTTP/1.1" 200 96782 "-" "meta-externalagent/1.1 (+https://developers.facebook.com/docs/sharing/webmasters/crawler)"
57.141.2.35 - - [15/Nov/2025:00:37:19 -0700] "GET /product129736069?kg=0129520802 HTTP/1.1" 200 96782 "-" "meta-externalagent/1.1 (+https://developers.facebook.com/docs/sharing/webmasters/crawler)"
51.75.128.94 - - [15/Nov/2025:00:37:19 -0700] "GET /?fileloc=//lib64/libgnutls.so.28&path=//lib64 HTTP/1.1" 200 2037669 "-" "Mozilla/5.0 (compatible; MJ12bot/v1.4.8; http://mj12bot.com/)"
57.141.2.25 - - [15/Nov/2025:00:37:20 -0700] "GET /product238794779?kg=0238398050 HTTP/1.1" 200 96782 "-" "meta-externalagent/1.1 (+https://developers.facebook.com/docs/sharing/webmasters/crawler)"
57.141.2.22 - - [15/Nov/2025:00:37:23 -0700] "GET /product1343228860?kg=1340994472 HTTP/1.1" 200 96782 "-" "meta-externalagent/1.1 (+https://developers.facebook.com/docs/sharing/webmasters/crawler)"
51.75.128.94 - - [15/Nov/2025:00:37:23 -0700] "GET /?fileloc=//lib64/libgnutls.so.28.43.3&path=//lib64 HTTP/1.1" 200 2037674 "-" "Mozilla/5.0 (compatible; MJ12bot/v1.4.8; http://mj12bot.com/)"
57.141.2.27 - - [15/Nov/2025:00:37:24 -0700] "GET /product1277564914?kg=1275439784 HTTP/1.1" 200 96782 "-" "meta-externalagent/1.1 (+https://developers.facebook.com/docs/sharing/webmasters/crawler)"
57.141.2.7 - - [15/Nov/2025:00:37:26 -0700] "GET /product1336437219?kg=1334214130 HTTP/1.1" 200 96782 "-" "meta-externalagent/1.1 (+https://developers.facebook.com/docs/sharing/webmasters/crawler)"
51.75.128.94 - - [15/Nov/2025:00:37:27 -0700] "GET /?fileloc=//lib64/libgobject-2.0.so.0&path=//lib64 HTTP/1.1" 200 522284 "-" "Mozilla/5.0 (compatible; MJ12bot/v1.4.8; http://mj12bot.com/)"
51.75.128.94 - - [15/Nov/2025:00:37:31 -0700] "GET /?fileloc=//lib64/libgobject-2.0.so.0.5600.1&path=//lib64 HTTP/1.1" 200 522291 "-" "Mozilla/5.0 (compatible; MJ12bot/v1.4.8; http://mj12bot.com/)"
57.141.2.70 - - [15/Nov/2025:00:37:32 -0700] "GET /product542838664?kg=0541936040 HTTP/1.1" 200 96782 "-" "meta-externalagent/1.1 (+https://developers.facebook.com/docs/sharing/webmasters/crawler)"
51.75.128.94 - - [15/Nov/2025:00:37:34 -0700] "GET /?fileloc=//lib64/libgomp.so.1&path=//lib64 HTTP/1.1" 200 247413 "-" "Mozilla/5.0 (compatible; MJ12bot/v1.4.8; http://mj12bot.com/)"
51.75.128.94 - - [15/Nov/2025:00:37:38 -0700] "GET /?fileloc=//lib64/libgomp.so.1.0.0&path=//lib64 HTTP/1.1" 200 247417 "-" "Mozilla/5.0 (compatible; MJ12bot/v1.4.8; http://mj12bot.com/)"
66.249.64.225 - - [15/Nov/2025:00:37:42 -0700] "GET /?u=2478952342955&channel=137e38&from=https://marketersvideoplayer.com/spark.php?products/139su32519 HTTP/1.1" 200 126050 "-" "Mozilla/5.0 (Linux; Android 6.0.1; Nexus 5X Build/MMB29P) AppleWebKit/537.36 (KHTML, like Gecko) Chrome/141.0.7390.122 Mobile Safari/537.36 (compatible; Googlebot/2.1; +http://www.google.com/bot.html)"
51.75.128.94 - - [15/Nov/2025:00:37:41 -0700] "GET /?fileloc=//lib64/libgpg-error.so&path=//lib64 HTTP/1.1" 200 34902 "-" "Mozilla/5.0 (compatible; MJ12bot/v1.4.8; http://mj12bot.com/)"
51.75.128.94 - - [15/Nov/2025:00:37:45 -0700] "GET /?fileloc=//lib64/libgpg-error.so.0&path=//lib64 HTTP/1.1" 200 34904 "-" "Mozilla/5.0 (compatible; MJ12bot/v1.4.8; http://mj12bot.com/)"
51.75.128.94 - - [15/Nov/2025:00:37:48 -0700] "GET /?fileloc=//lib64/libgpg-error.so.0.10.0&path=//lib64 HTTP/1.1" 200 34909 "-" "Mozilla/5.0 (compatible; MJ12bot/v1.4.8; http://mj12bot.com/)"
57.141.2.83 - - [15/Nov/2025:00:37:49 -0700] "GET /product139175974?kg=0138945000 HTTP/1.1" 200 96782 "-" "meta-externalagent/1.1 (+https://developers.facebook.com/docs/sharing/webmasters/crawler)"
57.141.2.69 - - [15/Nov/2025:00:37:50 -0700] "GET /product1191802657?kg=1189820226 HTTP/1.1" 200 96782 "-" "meta-externalagent/1.1 (+https://developers.facebook.com/docs/sharing/webmasters/crawler)"
51.75.128.94 - - [15/Nov/2025:00:37:52 -0700] "GET /?fileloc=//lib64/libgpgme-pthread.so.11&path=//lib64 HTTP/1.1" 200 337132 "-" "Mozilla/5.0 (compatible; MJ12bot/v1.4.8; http://mj12bot.com/)"
57.141.2.33 - - [15/Nov/2025:00:37:52 -0700] "GET /product131827547?kg=0131608802 HTTP/1.1" 200 96782 "-" "meta-externalagent/1.1 (+https://developers.facebook.com/docs/sharing/webmasters/crawler)"
57.141.2.5 - - [15/Nov/2025:00:37:54 -0700] "GET /product644112116?kg=0643040984 HTTP/1.1" 200 96782 "-" "meta-externalagent/1.1 (+https://developers.facebook.com/docs/sharing/webmasters/crawler)"
57.141.2.69 - - [15/Nov/2025:00:37:55 -0700] "GET /product366727213?kg=0366117618 HTTP/1.1" 200 96782 "-" "meta-externalagent/1.1 (+https://developers.facebook.com/docs/sharing/webmasters/crawler)"
51.75.128.94 - - [15/Nov/2025:00:37:56 -0700] "GET /?fileloc=//lib64/libgpgme-pthread.so.11.8.1&path=//lib64 HTTP/1.1" 200 337136 "-" "Mozilla/5.0 (compatible; MJ12bot/v1.4.8; http://mj12bot.com/)"
57.141.2.31 - - [15/Nov/2025:00:37:56 -0700] "GET /product996623453?kg=0994965778 HTTP/1.1" 200 96782 "-" "meta-externalagent/1.1 (+https://developers.facebook.com/docs/sharing/webmasters/crawler)"
57.141.2.82 - - [15/Nov/2025:00:37:57 -0700] "GET /product972650733?kg=0971032946 HTTP/1.1" 200 96782 "-" "meta-externalagent/1.1 (+https://developers.facebook.com/docs/sharing/webmasters/crawler)"
57.141.2.13 - - [15/Nov/2025:00:37:59 -0700] "GET /product675038536?kg=0673915944 HTTP/1.1" 200 96782 "-" "meta-externalagent/1.1 (+https://developers.facebook.com/docs/sharing/webmasters/crawler)"
51.75.128.94 - - [15/Nov/2025:00:37:59 -0700] "GET /?fileloc=//lib64/libgpgme.so.11&path=//lib64 HTTP/1.1" 200 336464 "-" "Mozilla/5.0 (compatible; MJ12bot/v1.4.8; http://mj12bot.com/)"
57.141.2.58 - - [15/Nov/2025:00:38:01 -0700] "GET /product364558152?kg=0363952168 HTTP/1.1" 200 96782 "-" "meta-externalagent/1.1 (+https://developers.facebook.com/docs/sharing/webmasters/crawler)"
57.141.2.14 - - [15/Nov/2025:00:38:01 -0700] "GET /product1109443562?kg=1107598168 HTTP/1.1" 200 96782 "-" "meta-externalagent/1.1 (+https://developers.facebook.com/docs/sharing/webmasters/crawler)"
57.141.2.95 - - [15/Nov/2025:00:38:03 -0700] "GET /product1152225050?kg=1150308472 HTTP/1.1" 200 96782 "-" "meta-externalagent/1.1 (+https://developers.facebook.com/docs/sharing/webmasters/crawler)"
51.75.128.94 - - [15/Nov/2025:00:38:03 -0700] "GET /?fileloc=//lib64/libgpgme.so.11.8.1&path=//lib64 HTTP/1.1" 200 336468 "-" "Mozilla/5.0 (compatible; MJ12bot/v1.4.8; http://mj12bot.com/)"
57.141.2.13 - - [15/Nov/2025:00:38:05 -0700] "GET /product1236836330?kg=1234778968 HTTP/1.1" 200 96782 "-" "meta-externalagent/1.1 (+https://developers.facebook.com/docs/sharing/webmasters/crawler)"
57.141.2.73 - - [15/Nov/2025:00:38:06 -0700] "GET /product867449710?kg=0866006968 HTTP/1.1" 200 96782 "-" "meta-externalagent/1.1 (+https://developers.facebook.com/docs/sharing/webmasters/crawler)"
51.75.128.94 - - [15/Nov/2025:00:38:07 -0700] "GET /?fileloc=//lib64/libgpm.so.2&path=//lib64 HTTP/1.1" 200 48910 "-" "Mozilla/5.0 (compatible; MJ12bot/v1.4.8; http://mj12bot.com/)"
51.75.128.94 - - [15/Nov/2025:00:38:10 -0700] "GET /?fileloc=//lib64/libgpm.so.2.1.0&path=//lib64 HTTP/1.1" 200 48914 "-" "Mozilla/5.0 (compatible; MJ12bot/v1.4.8; http://mj12bot.com/)"
57.141.2.8 - - [15/Nov/2025:00:38:10 -0700] "GET /product1087368105?kg=1085559442 HTTP/1.1" 200 96782 "-" "meta-externalagent/1.1 (+https://developers.facebook.com/docs/sharing/webmasters/crawler)"
57.141.2.89 - - [15/Nov/2025:00:38:12 -0700] "GET /product1023519988?kg=1021817560 HTTP/1.1" 200 96782 "-" "meta-externalagent/1.1 (+https://developers.facebook.com/docs/sharing/webmasters/crawler)"
57.141.2.62 - - [15/Nov/2025:00:38:12 -0700] "GET /product1096037834?kg=1094214744 HTTP/1.1" 200 96782 "-" "meta-externalagent/1.1 (+https://developers.facebook.com/docs/sharing/webmasters/crawler)"
51.75.128.94 - - [15/Nov/2025:00:38:13 -0700] "GET /?fileloc=//lib64/libgraphite2.so.3&path=//lib64 HTTP/1.1" 200 319739 "-" "Mozilla/5.0 (compatible; MJ12bot/v1.4.8; http://mj12bot.com/)"
57.141.2.29 - - [15/Nov/2025:00:38:14 -0700] "GET /product1344199148?kg=1341963144 HTTP/1.1" 200 96782 "-" "meta-externalagent/1.1 (+https://developers.facebook.com/docs/sharing/webmasters/crawler)"
57.141.2.19 - - [15/Nov/2025:00:38:15 -0700] "GET /product1208618685?kg=1206608274 HTTP/1.1" 200 96782 "-" "meta-externalagent/1.1 (+https://developers.facebook.com/docs/sharing/webmasters/crawler)"
51.75.128.94 - - [15/Nov/2025:00:38:16 -0700] "GET /?fileloc=//lib64/libgraphite2.so.3.0.1&path=//lib64 HTTP/1.1" 200 319743 "-" "Mozilla/5.0 (compatible; MJ12bot/v1.4.8; http://mj12bot.com/)"
57.141.2.13 - - [15/Nov/2025:00:38:17 -0700] "GET /product1240563588?kg=1238500024 HTTP/1.1" 200 96782 "-" "meta-externalagent/1.1 (+https://developers.facebook.com/docs/sharing/webmasters/crawler)"
57.141.2.13 - - [15/Nov/2025:00:38:19 -0700] "GET /product1032210254?kg=1030493368 HTTP/1.1" 200 96782 "-" "meta-externalagent/1.1 (+https://developers.facebook.com/docs/sharing/webmasters/crawler)"
57.141.2.93 - - [15/Nov/2025:00:38:20 -0700] "GET /product1014272275?kg=1012585234 HTTP/1.1" 200 96782 "-" "meta-externalagent/1.1 (+https://developers.facebook.com/docs/sharing/webmasters/crawler)"
57.141.2.88 - - [15/Nov/2025:00:38:21 -0700] "GET /product1201942174?kg=1199942872 HTTP/1.1" 200 96782 "-" "meta-externalagent/1.1 (+https://developers.facebook.com/docs/sharing/webmasters/crawler)"
51.75.128.94 - - [15/Nov/2025:00:38:20 -0700] "GET /?fileloc=//lib64/libgs.so.9&path=//lib64 HTTP/1.1" 200 4624000 "-" "Mozilla/5.0 (compatible; MJ12bot/v1.4.8; http://mj12bot.com/)"
57.141.2.17 - - [15/Nov/2025:00:38:23 -0700] "GET /product1319908243?kg=1317712658 HTTP/1.1" 200 96782 "-" "meta-externalagent/1.1 (+https://developers.facebook.com/docs/sharing/webmasters/crawler)"
57.141.2.72 - - [15/Nov/2025:00:38:24 -0700] "GET /product1273464748?kg=1271346440 HTTP/1.1" 200 96782 "-" "meta-externalagent/1.1 (+https://developers.facebook.com/docs/sharing/webmasters/crawler)"
57.141.2.17 - - [15/Nov/2025:00:38:25 -0700] "GET /product1172205377?kg=1170255554 HTTP/1.1" 200 96782 "-" "meta-externalagent/1.1 (+https://developers.facebook.com/docs/sharing/webmasters/crawler)"
57.141.2.69 - - [15/Nov/2025:00:38:26 -0700] "GET /product1321865261?kg=1319666418 HTTP/1.1" 200 96782 "-" "meta-externalagent/1.1 (+https://developers.facebook.com/docs/sharing/webmasters/crawler)"
51.75.128.94 - - [15/Nov/2025:00:38:25 -0700] "GET /?fileloc=//lib64/libgs.so.9.25&path=//lib64 HTTP/1.1" 200 5695958 "-" "Mozilla/5.0 (compatible; MJ12bot/v1.4.8; http://mj12bot.com/)"
57.141.2.17 - - [15/Nov/2025:00:38:28 -0700] "GET /product288790863?kg=0288310946 HTTP/1.1" 200 96782 "-" "meta-externalagent/1.1 (+https://developers.facebook.com/docs/sharing/webmasters/crawler)"
57.141.2.73 - - [15/Nov/2025:00:38:30 -0700] "GET /product236223653?kg=0235831202 HTTP/1.1" 200 96782 "-" "meta-externalagent/1.1 (+https://developers.facebook.com/docs/sharing/webmasters/crawler)"
51.75.128.94 - - [15/Nov/2025:00:38:30 -0700] "GET /?fileloc=//lib64/libgsm.so.1&path=//lib64 HTTP/1.1" 200 90550 "-" "Mozilla/5.0 (compatible; MJ12bot/v1.4.8; http://mj12bot.com/)"
57.141.2.8 - - [15/Nov/2025:00:38:31 -0700] "GET /product503309383?kg=0502472530 HTTP/1.1" 200 96782 "-" "meta-externalagent/1.1 (+https://developers.facebook.com/docs/sharing/webmasters/crawler)"
57.141.2.36 - - [15/Nov/2025:00:38:32 -0700] "GET /product559296738?kg=0558366728 HTTP/1.1" 200 96782 "-" "meta-externalagent/1.1 (+https://developers.facebook.com/docs/sharing/webmasters/crawler)"
51.75.128.94 - - [15/Nov/2025:00:38:33 -0700] "GET /?fileloc=//lib64/libgsm.so.1.0.12&path=//lib64 HTTP/1.1" 200 90555 "-" "Mozilla/5.0 (compatible; MJ12bot/v1.4.8; http://mj12bot.com/)"
57.141.2.38 - - [15/Nov/2025:00:38:34 -0700] "GET /product503624616?kg=0502787240 HTTP/1.1" 200 96782 "-" "meta-externalagent/1.1 (+https://developers.facebook.com/docs/sharing/webmasters/crawler)"
57.141.2.94 - - [15/Nov/2025:00:38:35 -0700] "GET /product42350507?kg=0042280642 HTTP/1.1" 200 96782 "-" "meta-externalagent/1.1 (+https://developers.facebook.com/docs/sharing/webmasters/crawler)"
57.141.2.21 - - [15/Nov/2025:00:38:36 -0700] "GET /product364175383?kg=0363570034 HTTP/1.1" 200 96782 "-" "meta-externalagent/1.1 (+https://developers.facebook.com/docs/sharing/webmasters/crawler)"
51.75.128.94 - - [15/Nov/2025:00:38:36 -0700] "GET /?fileloc=//lib64/libgssapi_krb5.so&path=//lib64 HTTP/1.1" 200 497029 "-" "Mozilla/5.0 (compatible; MJ12bot/v1.4.8; http://mj12bot.com/)"
57.141.2.64 - - [15/Nov/2025:00:38:37 -0700] "GET /product287576096?kg=0287098200 HTTP/1.1" 200 96782 "-" "meta-externalagent/1.1 (+https://developers.facebook.com/docs/sharing/webmasters/crawler)"
57.141.2.34 - - [15/Nov/2025:00:38:39 -0700] "GET /product381570677?kg=0380936386 HTTP/1.1" 200 96782 "-" "meta-externalagent/1.1 (+https://developers.facebook.com/docs/sharing/webmasters/crawler)"
51.75.128.94 - - [15/Nov/2025:00:38:40 -0700] "GET /?fileloc=//lib64/libgssapi_krb5.so.2&path=//lib64 HTTP/1.1" 200 497031 "-" "Mozilla/5.0 (compatible; MJ12bot/v1.4.8; http://mj12bot.com/)"
57.141.2.71 - - [15/Nov/2025:00:38:40 -0700] "GET /product244982072?kg=0244575048 HTTP/1.1" 200 96782 "-" "meta-externalagent/1.1 (+https://developers.facebook.com/docs/sharing/webmasters/crawler)"
57.141.2.1 - - [15/Nov/2025:00:38:41 -0700] "GET /product1413910018?kg=1411558024 HTTP/1.1" 200 96782 "-" "meta-externalagent/1.1 (+https://developers.facebook.com/docs/sharing/webmasters/crawler)"
57.141.2.69 - - [15/Nov/2025:00:38:43 -0700] "GET /product763584179?kg=0762314258 HTTP/1.1" 200 96782 "-" "meta-externalagent/1.1 (+https://developers.facebook.com/docs/sharing/webmasters/crawler)"
