57.141.2.5 - - [14/Nov/2025:22:41:10 -0700] "GET /product666983838?kg=0665874648 HTTP/1.1" 200 96782 "-" "meta-externalagent/1.1 (+https://developers.facebook.com/docs/sharing/webmasters/crawler)"
57.141.2.34 - - [14/Nov/2025:22:41:11 -0700] "GET /product419993955?kg=0419295730 HTTP/1.1" 200 96782 "-" "meta-externalagent/1.1 (+https://developers.facebook.com/docs/sharing/webmasters/crawler)"
57.141.2.5 - - [14/Nov/2025:22:41:12 -0700] "GET /product190454494?kg=0190138200 HTTP/1.1" 200 96782 "-" "meta-externalagent/1.1 (+https://developers.facebook.com/docs/sharing/webmasters/crawler)"
57.141.2.25 - - [14/Nov/2025:22:41:15 -0700] "GET /product640870194?kg=0639804456 HTTP/1.1" 200 96782 "-" "meta-externalagent/1.1 (+https://developers.facebook.com/docs/sharing/webmasters/crawler)"
57.141.2.89 - - [14/Nov/2025:22:41:17 -0700] "GET /product606966904?kg=0605957576 HTTP/1.1" 200 96782 "-" "meta-externalagent/1.1 (+https://developers.facebook.com/docs/sharing/webmasters/crawler)"
57.141.2.5 - - [14/Nov/2025:22:41:17 -0700] "GET /product761435197?kg=0760168850 HTTP/1.1" 200 96782 "-" "meta-externalagent/1.1 (+https://developers.facebook.com/docs/sharing/webmasters/crawler)"
57.141.2.80 - - [14/Nov/2025:22:41:18 -0700] "GET /sitemap-subkey-2132.xml HTTP/1.1" 200 13 "-" "meta-externalagent/1.1 (+https://developers.facebook.com/docs/sharing/webmasters/crawler)"
57.141.2.86 - - [14/Nov/2025:22:41:18 -0700] "GET /product357691795?kg=0357097234 HTTP/1.1" 200 96782 "-" "meta-externalagent/1.1 (+https://developers.facebook.com/docs/sharing/webmasters/crawler)"
57.141.2.70 - - [14/Nov/2025:22:41:26 -0700] "GET /sitemap-subkey-2569.xml HTTP/1.1" 200 13 "-" "meta-externalagent/1.1 (+https://developers.facebook.com/docs/sharing/webmasters/crawler)"
57.141.2.18 - - [14/Nov/2025:22:41:27 -0700] "GET /sitemap-subkey-2280.xml HTTP/1.1" 200 13 "-" "meta-externalagent/1.1 (+https://developers.facebook.com/docs/sharing/webmasters/crawler)"
57.141.2.90 - - [14/Nov/2025:22:41:27 -0700] "GET /sitemap-subkey-751.xml HTTP/1.1" 200 13 "-" "meta-externalagent/1.1 (+https://developers.facebook.com/docs/sharing/webmasters/crawler)"
57.141.2.20 - - [14/Nov/2025:22:41:28 -0700] "GET /sitemap-subkey-1097.xml HTTP/1.1" 200 13 "-" "meta-externalagent/1.1 (+https://developers.facebook.com/docs/sharing/webmasters/crawler)"
57.141.2.64 - - [14/Nov/2025:22:41:28 -0700] "GET /product536671364?kg=0535779000 HTTP/1.1" 200 96782 "-" "meta-externalagent/1.1 (+https://developers.facebook.com/docs/sharing/webmasters/crawler)"
57.141.2.25 - - [14/Nov/2025:22:41:41 -0700] "GET /sitemap-subkey-3014.xml HTTP/1.1" 200 13 "-" "meta-externalagent/1.1 (+https://developers.facebook.com/docs/sharing/webmasters/crawler)"
57.141.2.68 - - [14/Nov/2025:22:41:42 -0700] "GET /sitemap-subkey-1024.xml HTTP/1.1" 200 13 "-" "meta-externalagent/1.1 (+https://developers.facebook.com/docs/sharing/webmasters/crawler)"
57.141.2.30 - - [14/Nov/2025:22:41:49 -0700] "GET /product328957350?kg=0328410600 HTTP/1.1" 200 96782 "-" "meta-externalagent/1.1 (+https://developers.facebook.com/docs/sharing/webmasters/crawler)"
66.249.64.225 - - [14/Nov/2025:22:41:51 -0700] "GET /product533425525?kg=0532538562 HTTP/1.1" 200 121419 "-" "Mozilla/5.0 (Linux; Android 6.0.1; Nexus 5X Build/MMB29P) AppleWebKit/537.36 (KHTML, like Gecko) Chrome/141.0.7390.122 Mobile Safari/537.36 (compatible; Googlebot/2.1; +http://www.google.com/bot.html)"
57.141.2.5 - - [14/Nov/2025:22:41:50 -0700] "GET /product1031840248?kg=1030123976 HTTP/1.1" 200 96782 "-" "meta-externalagent/1.1 (+https://developers.facebook.com/docs/sharing/webmasters/crawler)"
57.141.2.77 - - [14/Nov/2025:22:41:52 -0700] "GET /product1067434443?kg=1065658946 HTTP/1.1" 200 96782 "-" "meta-externalagent/1.1 (+https://developers.facebook.com/docs/sharing/webmasters/crawler)"
57.141.2.15 - - [14/Nov/2025:22:41:56 -0700] "GET /product523495787?kg=0522625346 HTTP/1.1" 200 96782 "-" "meta-externalagent/1.1 (+https://developers.facebook.com/docs/sharing/webmasters/crawler)"
57.141.2.21 - - [14/Nov/2025:22:42:05 -0700] "GET /product238774313?kg=0238377618 HTTP/1.1" 200 96782 "-" "meta-externalagent/1.1 (+https://developers.facebook.com/docs/sharing/webmasters/crawler)"
57.141.2.36 - - [14/Nov/2025:22:42:05 -0700] "GET /product612364343?kg=0611346034 HTTP/1.1" 200 96782 "-" "meta-externalagent/1.1 (+https://developers.facebook.com/docs/sharing/webmasters/crawler)"
57.141.2.93 - - [14/Nov/2025:22:42:06 -0700] "GET /product265426712?kg=0264985672 HTTP/1.1" 200 96782 "-" "meta-externalagent/1.1 (+https://developers.facebook.com/docs/sharing/webmasters/crawler)"
57.141.2.72 - - [14/Nov/2025:22:42:18 -0700] "GET /sitemap-subkey-1302.xml HTTP/1.1" 200 13 "-" "meta-externalagent/1.1 (+https://developers.facebook.com/docs/sharing/webmasters/crawler)"
57.141.2.61 - - [14/Nov/2025:22:42:20 -0700] "GET /product373856241?kg=0373234786 HTTP/1.1" 200 96782 "-" "meta-externalagent/1.1 (+https://developers.facebook.com/docs/sharing/webmasters/crawler)"
57.141.2.53 - - [14/Nov/2025:22:42:37 -0700] "GET /product1444663839?kg=1442260674 HTTP/1.1" 200 96782 "-" "meta-externalagent/1.1 (+https://developers.facebook.com/docs/sharing/webmasters/crawler)"
57.141.2.60 - - [14/Nov/2025:22:42:49 -0700] "GET /product367147847?kg=0366537554 HTTP/1.1" 200 96782 "-" "meta-externalagent/1.1 (+https://developers.facebook.com/docs/sharing/webmasters/crawler)"
57.141.2.38 - - [14/Nov/2025:22:42:49 -0700] "GET /product1116780474?kg=1114922872 HTTP/1.1" 200 96782 "-" "meta-externalagent/1.1 (+https://developers.facebook.com/docs/sharing/webmasters/crawler)"
57.141.2.63 - - [14/Nov/2025:22:42:49 -0700] "GET /product346133153?kg=0345557826 HTTP/1.1" 200 96782 "-" "meta-externalagent/1.1 (+https://developers.facebook.com/docs/sharing/webmasters/crawler)"
57.141.2.10 - - [14/Nov/2025:22:42:51 -0700] "GET /product638204955?kg=0637143650 HTTP/1.1" 200 96782 "-" "meta-externalagent/1.1 (+https://developers.facebook.com/docs/sharing/webmasters/crawler)"
66.249.64.226 - - [14/Nov/2025:22:42:59 -0700] "GET /product846404689?kg=0844996962 HTTP/1.1" 200 139960 "-" "Mozilla/5.0 (Linux; Android 6.0.1; Nexus 5X Build/MMB29P) AppleWebKit/537.36 (KHTML, like Gecko) Chrome/141.0.7390.122 Mobile Safari/537.36 (compatible; Googlebot/2.1; +http://www.google.com/bot.html)"
66.249.64.224 - - [14/Nov/2025:22:43:00 -0700] "GET /product309139537?kg=0308625762 HTTP/1.1" 200 117799 "-" "Mozilla/5.0 (Linux; Android 6.0.1; Nexus 5X Build/MMB29P) AppleWebKit/537.36 (KHTML, like Gecko) Chrome/141.0.7390.122 Mobile Safari/537.36 (compatible; Googlebot/2.1; +http://www.google.com/bot.html)"
57.141.2.15 - - [14/Nov/2025:22:43:00 -0700] "GET /product838581180?kg=0837186472 HTTP/1.1" 200 96782 "-" "meta-externalagent/1.1 (+https://developers.facebook.com/docs/sharing/webmasters/crawler)"
57.141.2.27 - - [14/Nov/2025:22:43:00 -0700] "GET /product167696269?kg=0167417842 HTTP/1.1" 200 96782 "-" "meta-externalagent/1.1 (+https://developers.facebook.com/docs/sharing/webmasters/crawler)"
57.141.2.81 - - [14/Nov/2025:22:43:01 -0700] "GET /product288795100?kg=0288315176 HTTP/1.1" 200 96782 "-" "meta-externalagent/1.1 (+https://developers.facebook.com/docs/sharing/webmasters/crawler)"
37.140.223.250 - - [14/Nov/2025:22:43:44 -0700] "POST /wp-login.php HTTP/1.1" 200 96782 "-" "Mozilla/5.0"
57.141.2.87 - - [14/Nov/2025:22:43:58 -0700] "GET /product529539768?kg=0528659272 HTTP/1.1" 200 96782 "-" "meta-externalagent/1.1 (+https://developers.facebook.com/docs/sharing/webmasters/crawler)"
57.141.2.15 - - [14/Nov/2025:22:43:58 -0700] "GET /product41527281?kg=0041458786 HTTP/1.1" 200 96782 "-" "meta-externalagent/1.1 (+https://developers.facebook.com/docs/sharing/webmasters/crawler)"
57.141.2.21 - - [14/Nov/2025:22:43:59 -0700] "GET /product579149018?kg=0578185976 HTTP/1.1" 200 96782 "-" "meta-externalagent/1.1 (+https://developers.facebook.com/docs/sharing/webmasters/crawler)"
57.141.2.80 - - [14/Nov/2025:22:44:00 -0700] "GET /product190113859?kg=0189798130 HTTP/1.1" 200 96782 "-" "meta-externalagent/1.1 (+https://developers.facebook.com/docs/sharing/webmasters/crawler)"
57.141.2.94 - - [14/Nov/2025:22:44:00 -0700] "GET /product382913976?kg=0382277448 HTTP/1.1" 200 96782 "-" "meta-externalagent/1.1 (+https://developers.facebook.com/docs/sharing/webmasters/crawler)"
57.141.2.17 - - [14/Nov/2025:22:44:01 -0700] "GET /product677375537?kg=0676249058 HTTP/1.1" 200 96782 "-" "meta-externalagent/1.1 (+https://developers.facebook.com/docs/sharing/webmasters/crawler)"
57.141.2.2 - - [14/Nov/2025:22:44:02 -0700] "GET /product1250684476?kg=1248604072 HTTP/1.1" 200 96782 "-" "meta-externalagent/1.1 (+https://developers.facebook.com/docs/sharing/webmasters/crawler)"
66.249.64.226 - - [14/Nov/2025:22:44:09 -0700] "GET /?m=231583416 HTTP/1.1" 200 117742 "-" "Mozilla/5.0 (Linux; Android 6.0.1; Nexus 5X Build/MMB29P) AppleWebKit/537.36 (KHTML, like Gecko) Chrome/141.0.7390.122 Mobile Safari/537.36 (compatible; Googlebot/2.1; +http://www.google.com/bot.html)"
57.141.2.18 - - [14/Nov/2025:22:44:13 -0700] "GET /product1452250422?kg=1449834632 HTTP/1.1" 200 96782 "-" "meta-externalagent/1.1 (+https://developers.facebook.com/docs/sharing/webmasters/crawler)"
57.141.2.5 - - [14/Nov/2025:22:44:38 -0700] "GET /product213015403?kg=0212661570 HTTP/1.1" 200 96782 "-" "meta-externalagent/1.1 (+https://developers.facebook.com/docs/sharing/webmasters/crawler)"
57.141.2.33 - - [14/Nov/2025:22:44:39 -0700] "GET /product106343182?kg=0106166840 HTTP/1.1" 200 96782 "-" "meta-externalagent/1.1 (+https://developers.facebook.com/docs/sharing/webmasters/crawler)"
57.141.2.49 - - [14/Nov/2025:22:44:39 -0700] "GET /product1320135533?kg=1317939570 HTTP/1.1" 200 96782 "-" "meta-externalagent/1.1 (+https://developers.facebook.com/docs/sharing/webmasters/crawler)"
66.249.64.224 - - [14/Nov/2025:22:44:44 -0700] "GET /?m=638427916 HTTP/1.1" 200 117224 "-" "Mozilla/5.0 (Linux; Android 6.0.1; Nexus 5X Build/MMB29P) AppleWebKit/537.36 (KHTML, like Gecko) Chrome/141.0.7390.122 Mobile Safari/537.36 (compatible; Googlebot/2.1; +http://www.google.com/bot.html)"
57.141.2.21 - - [14/Nov/2025:22:44:43 -0700] "GET /product1068712462?kg=1066934840 HTTP/1.1" 200 96782 "-" "meta-externalagent/1.1 (+https://developers.facebook.com/docs/sharing/webmasters/crawler)"
66.249.64.224 - - [14/Nov/2025:22:44:44 -0700] "GET /product797961685?kg=0796634562 HTTP/1.1" 200 122688 "-" "Mozilla/5.0 (Linux; Android 6.0.1; Nexus 5X Build/MMB29P) AppleWebKit/537.36 (KHTML, like Gecko) Chrome/141.0.7390.122 Mobile Safari/537.36 (compatible; Googlebot/2.1; +http://www.google.com/bot.html)"
57.141.2.32 - - [14/Nov/2025:22:44:44 -0700] "GET /product652486322?kg=0651401256 HTTP/1.1" 200 96782 "-" "meta-externalagent/1.1 (+https://developers.facebook.com/docs/sharing/webmasters/crawler)"
57.141.2.68 - - [14/Nov/2025:22:44:44 -0700] "GET /product1396304452?kg=1393981752 HTTP/1.1" 200 96782 "-" "meta-externalagent/1.1 (+https://developers.facebook.com/docs/sharing/webmasters/crawler)"
66.249.64.224 - - [14/Nov/2025:22:44:45 -0700] "GET /?u=2478952342955&channel=137e38&from=https://marketersvideoplayer.com/spark.php?products/53jx727 HTTP/1.1" 200 119995 "-" "Mozilla/5.0 (Linux; Android 6.0.1; Nexus 5X Build/MMB29P) AppleWebKit/537.36 (KHTML, like Gecko) Chrome/141.0.7390.122 Mobile Safari/537.36 (compatible; Googlebot/2.1; +http://www.google.com/bot.html)"
57.141.2.5 - - [14/Nov/2025:22:44:46 -0700] "GET /product475358987?kg=0474568642 HTTP/1.1" 200 96782 "-" "meta-externalagent/1.1 (+https://developers.facebook.com/docs/sharing/webmasters/crawler)"
57.141.2.83 - - [14/Nov/2025:22:44:46 -0700] "GET /product972765506?kg=0971147528 HTTP/1.1" 200 96782 "-" "meta-externalagent/1.1 (+https://developers.facebook.com/docs/sharing/webmasters/crawler)"
57.141.2.70 - - [14/Nov/2025:22:44:59 -0700] "GET /product1446834779?kg=1444428002 HTTP/1.1" 200 96782 "-" "meta-externalagent/1.1 (+https://developers.facebook.com/docs/sharing/webmasters/crawler)"
57.141.2.4 - - [14/Nov/2025:22:45:00 -0700] "GET /product1068579803?kg=1066802402 HTTP/1.1" 200 96782 "-" "meta-externalagent/1.1 (+https://developers.facebook.com/docs/sharing/webmasters/crawler)"
57.141.2.5 - - [14/Nov/2025:22:45:00 -0700] "GET /product1171385042?kg=1169436584 HTTP/1.1" 200 96782 "-" "meta-externalagent/1.1 (+https://developers.facebook.com/docs/sharing/webmasters/crawler)"
66.249.64.224 - - [14/Nov/2025:22:45:20 -0700] "GET /?u=2478952342955&channel=137e38&from=https://marketersvideoplayer.com/spark.php?products/64oy927 HTTP/1.1" 200 122052 "-" "Mozilla/5.0 (Linux; Android 6.0.1; Nexus 5X Build/MMB29P) AppleWebKit/537.36 (KHTML, like Gecko) Chrome/141.0.7390.122 Mobile Safari/537.36 (compatible; Googlebot/2.1; +http://www.google.com/bot.html)"
66.249.64.224 - - [14/Nov/2025:22:45:21 -0700] "GET /siwju40NAVPD/32540/heqs.php?shopdetail/13681920 HTTP/1.1" 200 121044 "-" "Mozilla/5.0 (Linux; Android 6.0.1; Nexus 5X Build/MMB29P) AppleWebKit/537.36 (KHTML, like Gecko) Chrome/141.0.7390.122 Mobile Safari/537.36 (compatible; Googlebot/2.1; +http://www.google.com/bot.html)"
66.249.64.3 - - [14/Nov/2025:22:45:21 -0700] "GET /?product802038250?kg=0800704344 HTTP/1.1" 200 120235 "-" "Mozilla/5.0 (Linux; Android 6.0.1; Nexus 5X Build/MMB29P) AppleWebKit/537.36 (KHTML, like Gecko) Chrome/141.0.7390.122 Mobile Safari/537.36 (compatible; Googlebot/2.1; +http://www.google.com/bot.html)"
57.141.2.18 - - [14/Nov/2025:22:45:29 -0700] "GET /product588720809?kg=0587741842 HTTP/1.1" 200 96782 "-" "meta-externalagent/1.1 (+https://developers.facebook.com/docs/sharing/webmasters/crawler)"
57.141.2.18 - - [14/Nov/2025:22:45:29 -0700] "GET /product1047865787?kg=1046122850 HTTP/1.1" 200 96782 "-" "meta-externalagent/1.1 (+https://developers.facebook.com/docs/sharing/webmasters/crawler)"
57.141.2.30 - - [14/Nov/2025:22:45:30 -0700] "GET /product475783471?kg=0474992418 HTTP/1.1" 200 96782 "-" "meta-externalagent/1.1 (+https://developers.facebook.com/docs/sharing/webmasters/crawler)"
57.141.2.5 - - [14/Nov/2025:22:45:32 -0700] "GET /product239144038?kg=0238746728 HTTP/1.1" 200 96782 "-" "meta-externalagent/1.1 (+https://developers.facebook.com/docs/sharing/webmasters/crawler)"
57.141.2.72 - - [14/Nov/2025:22:45:32 -0700] "GET /product611846297?kg=0610828850 HTTP/1.1" 200 96782 "-" "meta-externalagent/1.1 (+https://developers.facebook.com/docs/sharing/webmasters/crawler)"
57.141.2.25 - - [14/Nov/2025:22:45:34 -0700] "GET /product1078495101?kg=1076701202 HTTP/1.1" 200 96782 "-" "meta-externalagent/1.1 (+https://developers.facebook.com/docs/sharing/webmasters/crawler)"
57.141.2.81 - - [14/Nov/2025:22:45:51 -0700] "GET /product1273607914?kg=1271489368 HTTP/1.1" 200 96782 "-" "meta-externalagent/1.1 (+https://developers.facebook.com/docs/sharing/webmasters/crawler)"
66.249.64.225 - - [14/Nov/2025:22:46:15 -0700] "GET /?u=2478952342955&channel=137e38&from=https://marketersvideoplayer.com/spark.php?products/22at34262 HTTP/1.1" 200 128168 "-" "Mozilla/5.0 (Linux; Android 6.0.1; Nexus 5X Build/MMB29P) AppleWebKit/537.36 (KHTML, like Gecko) Chrome/141.0.7390.122 Mobile Safari/537.36 (compatible; Googlebot/2.1; +http://www.google.com/bot.html)"
57.141.2.77 - - [14/Nov/2025:22:46:13 -0700] "GET /product75172479?kg=0075048002 HTTP/1.1" 200 96782 "-" "meta-externalagent/1.1 (+https://developers.facebook.com/docs/sharing/webmasters/crawler)"
57.141.2.87 - - [14/Nov/2025:22:46:24 -0700] "GET /product534594290?kg=0533705384 HTTP/1.1" 200 96782 "-" "meta-externalagent/1.1 (+https://developers.facebook.com/docs/sharing/webmasters/crawler)"
57.141.2.14 - - [14/Nov/2025:22:46:38 -0700] "GET /product1452409479?kg=1449993426 HTTP/1.1" 200 96782 "-" "meta-externalagent/1.1 (+https://developers.facebook.com/docs/sharing/webmasters/crawler)"
57.141.2.38 - - [14/Nov/2025:22:46:39 -0700] "GET /product419770221?kg=0419072370 HTTP/1.1" 200 96782 "-" "meta-externalagent/1.1 (+https://developers.facebook.com/docs/sharing/webmasters/crawler)"
57.141.2.14 - - [14/Nov/2025:22:46:45 -0700] "GET /mvp-jv/ HTTP/1.1" 200 96782 "-" "meta-externalagent/1.1 (+https://developers.facebook.com/docs/sharing/webmasters/crawler)"
217.182.195.233 - - [14/Nov/2025:22:46:47 -0700] "GET /robots.txt HTTP/1.1" 200 432 "-" "Mozilla/5.0 (compatible; MJ12bot/v1.4.8; http://mj12bot.com/)"
57.141.2.9 - - [14/Nov/2025:22:46:48 -0700] "GET /product1213201991?kg=1211183954 HTTP/1.1" 200 96782 "-" "meta-externalagent/1.1 (+https://developers.facebook.com/docs/sharing/webmasters/crawler)"
57.141.2.94 - - [14/Nov/2025:22:46:48 -0700] "GET /product1221462782?kg=1219431000 HTTP/1.1" 200 96782 "-" "meta-externalagent/1.1 (+https://developers.facebook.com/docs/sharing/webmasters/crawler)"
57.141.2.15 - - [14/Nov/2025:22:46:48 -0700] "GET /product1272807366?kg=1270690152 HTTP/1.1" 200 96782 "-" "meta-externalagent/1.1 (+https://developers.facebook.com/docs/sharing/webmasters/crawler)"
66.249.64.224 - - [14/Nov/2025:22:46:50 -0700] "GET /?u=2478952342955&channel=137e38&from=https://marketersvideoplayer.com/spark.php?products/96gl312 HTTP/1.1" 200 120071 "-" "Mozilla/5.0 (Linux; Android 6.0.1; Nexus 5X Build/MMB29P) AppleWebKit/537.36 (KHTML, like Gecko) Chrome/141.0.7390.122 Mobile Safari/537.36 (compatible; Googlebot/2.1; +http://www.google.com/bot.html)"
57.141.2.5 - - [14/Nov/2025:22:46:49 -0700] "GET /product1280509393?kg=1278379362 HTTP/1.1" 200 96782 "-" "meta-externalagent/1.1 (+https://developers.facebook.com/docs/sharing/webmasters/crawler)"
217.182.195.233 - - [14/Nov/2025:22:46:49 -0700] "GET /?fileloc=//lib/tmpfiles.d/rpcbind.conf&path=//lib/tmpfiles.d HTTP/1.1" 200 12368 "-" "Mozilla/5.0 (compatible; MJ12bot/v1.4.8; http://mj12bot.com/)"
57.141.2.77 - - [14/Nov/2025:22:46:50 -0700] "GET /product1273741923?kg=1271623154 HTTP/1.1" 200 96782 "-" "meta-externalagent/1.1 (+https://developers.facebook.com/docs/sharing/webmasters/crawler)"
57.141.2.89 - - [14/Nov/2025:22:46:50 -0700] "GET /product1042461513?kg=1040727570 HTTP/1.1" 200 96782 "-" "meta-externalagent/1.1 (+https://developers.facebook.com/docs/sharing/webmasters/crawler)"
57.141.2.34 - - [14/Nov/2025:22:46:51 -0700] "GET /product1414516605?kg=1412163602 HTTP/1.1" 200 96782 "-" "meta-externalagent/1.1 (+https://developers.facebook.com/docs/sharing/webmasters/crawler)"
57.141.2.16 - - [14/Nov/2025:22:46:51 -0700] "GET /product275251535?kg=0274794146 HTTP/1.1" 200 96782 "-" "meta-externalagent/1.1 (+https://developers.facebook.com/docs/sharing/webmasters/crawler)"
57.141.2.21 - - [14/Nov/2025:22:46:52 -0700] "GET /product1183816923?kg=1181847778 HTTP/1.1" 200 96782 "-" "meta-externalagent/1.1 (+https://developers.facebook.com/docs/sharing/webmasters/crawler)"
57.141.2.15 - - [14/Nov/2025:22:46:53 -0700] "GET /product1201671692?kg=1199672840 HTTP/1.1" 200 96782 "-" "meta-externalagent/1.1 (+https://developers.facebook.com/docs/sharing/webmasters/crawler)"
57.141.2.81 - - [14/Nov/2025:22:46:53 -0700] "GET /product1095917650?kg=1094094760 HTTP/1.1" 200 96782 "-" "meta-externalagent/1.1 (+https://developers.facebook.com/docs/sharing/webmasters/crawler)"
217.182.195.233 - - [14/Nov/2025:22:46:53 -0700] "GET /?fileloc=//lib/tmpfiles.d/rpm.conf&path=//lib/tmpfiles.d HTTP/1.1" 200 12299 "-" "Mozilla/5.0 (compatible; MJ12bot/v1.4.8; http://mj12bot.com/)"
57.141.2.89 - - [14/Nov/2025:22:46:53 -0700] "GET /product843531112?kg=0842128168 HTTP/1.1" 200 96782 "-" "meta-externalagent/1.1 (+https://developers.facebook.com/docs/sharing/webmasters/crawler)"
57.141.2.93 - - [14/Nov/2025:22:46:54 -0700] "GET /product312615134?kg=0312095576 HTTP/1.1" 200 96782 "-" "meta-externalagent/1.1 (+https://developers.facebook.com/docs/sharing/webmasters/crawler)"
57.141.2.5 - - [14/Nov/2025:22:46:54 -0700] "GET /product663796527?kg=0662692642 HTTP/1.1" 200 96782 "-" "meta-externalagent/1.1 (+https://developers.facebook.com/docs/sharing/webmasters/crawler)"
57.141.2.70 - - [14/Nov/2025:22:46:55 -0700] "GET /product652218244?kg=0651133624 HTTP/1.1" 200 96782 "-" "meta-externalagent/1.1 (+https://developers.facebook.com/docs/sharing/webmasters/crawler)"
57.141.2.25 - - [14/Nov/2025:22:46:55 -0700] "GET /product652535878?kg=0651450728 HTTP/1.1" 200 96782 "-" "meta-externalagent/1.1 (+https://developers.facebook.com/docs/sharing/webmasters/crawler)"
57.141.2.5 - - [14/Nov/2025:22:46:56 -0700] "GET /product26573766?kg=0026530152 HTTP/1.1" 200 96782 "-" "meta-externalagent/1.1 (+https://developers.facebook.com/docs/sharing/webmasters/crawler)"
57.141.2.34 - - [14/Nov/2025:22:46:57 -0700] "GET /product987246441?kg=0985604370 HTTP/1.1" 200 96782 "-" "meta-externalagent/1.1 (+https://developers.facebook.com/docs/sharing/webmasters/crawler)"
57.141.2.5 - - [14/Nov/2025:22:46:57 -0700] "GET /product274888241?kg=0274431458 HTTP/1.1" 200 96782 "-" "meta-externalagent/1.1 (+https://developers.facebook.com/docs/sharing/webmasters/crawler)"
57.141.2.63 - - [14/Nov/2025:22:46:57 -0700] "GET /product996336758?kg=0994679560 HTTP/1.1" 200 96782 "-" "meta-externalagent/1.1 (+https://developers.facebook.com/docs/sharing/webmasters/crawler)"
217.182.195.233 - - [14/Nov/2025:22:46:58 -0700] "GET /?fileloc=//lib64/libabrt_dbus.so.0&path=//lib64 HTTP/1.1" 200 31486 "-" "Mozilla/5.0 (compatible; MJ12bot/v1.4.8; http://mj12bot.com/)"
57.141.2.80 - - [14/Nov/2025:22:46:58 -0700] "GET /product372884262?kg=0372264424 HTTP/1.1" 200 96782 "-" "meta-externalagent/1.1 (+https://developers.facebook.com/docs/sharing/webmasters/crawler)"
57.141.2.21 - - [14/Nov/2025:22:46:59 -0700] "GET /product853348483?kg=0851929202 HTTP/1.1" 200 96782 "-" "meta-externalagent/1.1 (+https://developers.facebook.com/docs/sharing/webmasters/crawler)"
57.141.2.58 - - [14/Nov/2025:22:46:59 -0700] "GET /product1324760733?kg=1322557074 HTTP/1.1" 200 96782 "-" "meta-externalagent/1.1 (+https://developers.facebook.com/docs/sharing/webmasters/crawler)"
57.141.2.86 - - [14/Nov/2025:22:47:00 -0700] "GET /product843787026?kg=0842383656 HTTP/1.1" 200 96782 "-" "meta-externalagent/1.1 (+https://developers.facebook.com/docs/sharing/webmasters/crawler)"
57.141.2.31 - - [14/Nov/2025:22:47:01 -0700] "GET /product1344131125?kg=1341895234 HTTP/1.1" 200 96782 "-" "meta-externalagent/1.1 (+https://developers.facebook.com/docs/sharing/webmasters/crawler)"
57.141.2.89 - - [14/Nov/2025:22:47:01 -0700] "GET /product460244015?kg=0459478818 HTTP/1.1" 200 96782 "-" "meta-externalagent/1.1 (+https://developers.facebook.com/docs/sharing/webmasters/crawler)"
57.141.2.73 - - [14/Nov/2025:22:47:02 -0700] "GET /product753703314?kg=0752449832 HTTP/1.1" 200 96782 "-" "meta-externalagent/1.1 (+https://developers.facebook.com/docs/sharing/webmasters/crawler)"
57.141.2.5 - - [14/Nov/2025:22:47:02 -0700] "GET /product826867868?kg=0825492648 HTTP/1.1" 200 96782 "-" "meta-externalagent/1.1 (+https://developers.facebook.com/docs/sharing/webmasters/crawler)"
217.182.195.233 - - [14/Nov/2025:22:47:02 -0700] "GET /?fileloc=//lib64/libacl.so.1&path=//lib64 HTTP/1.1" 200 65289 "-" "Mozilla/5.0 (compatible; MJ12bot/v1.4.8; http://mj12bot.com/)"
57.141.2.5 - - [14/Nov/2025:22:47:02 -0700] "GET /product543277997?kg=0542374642 HTTP/1.1" 200 96782 "-" "meta-externalagent/1.1 (+https://developers.facebook.com/docs/sharing/webmasters/crawler)"
57.141.2.2 - - [14/Nov/2025:22:47:04 -0700] "GET /product1082211050?kg=1080410968 HTTP/1.1" 200 96782 "-" "meta-externalagent/1.1 (+https://developers.facebook.com/docs/sharing/webmasters/crawler)"
57.141.2.76 - - [14/Nov/2025:22:47:06 -0700] "GET /product279575454?kg=0279110872 HTTP/1.1" 200 96782 "-" "meta-externalagent/1.1 (+https://developers.facebook.com/docs/sharing/webmasters/crawler)"
57.141.2.70 - - [14/Nov/2025:22:47:07 -0700] "GET /product103980372?kg=0103807960 HTTP/1.1" 200 96782 "-" "meta-externalagent/1.1 (+https://developers.facebook.com/docs/sharing/webmasters/crawler)"
57.141.2.16 - - [14/Nov/2025:22:47:08 -0700] "GET /product782804758?kg=0781502856 HTTP/1.1" 200 96782 "-" "meta-externalagent/1.1 (+https://developers.facebook.com/docs/sharing/webmasters/crawler)"
217.182.195.233 - - [14/Nov/2025:22:47:08 -0700] "GET /?fileloc=//lib64/libacl.so.1.1.0&path=//lib64 HTTP/1.1" 200 65293 "-" "Mozilla/5.0 (compatible; MJ12bot/v1.4.8; http://mj12bot.com/)"
57.141.2.9 - - [14/Nov/2025:22:47:08 -0700] "GET /product1442316639?kg=1439917378 HTTP/1.1" 200 96782 "-" "meta-externalagent/1.1 (+https://developers.facebook.com/docs/sharing/webmasters/crawler)"
57.141.2.11 - - [14/Nov/2025:22:47:09 -0700] "GET /product538615439?kg=0537719842 HTTP/1.1" 200 96782 "-" "meta-externalagent/1.1 (+https://developers.facebook.com/docs/sharing/webmasters/crawler)"
57.141.2.82 - - [14/Nov/2025:22:47:11 -0700] "GET /product1314615540?kg=1312428760 HTTP/1.1" 200 96782 "-" "meta-externalagent/1.1 (+https://developers.facebook.com/docs/sharing/webmasters/crawler)"
57.141.2.15 - - [14/Nov/2025:22:47:12 -0700] "GET /product1060810221?kg=1059045746 HTTP/1.1" 200 96782 "-" "meta-externalagent/1.1 (+https://developers.facebook.com/docs/sharing/webmasters/crawler)"
57.141.2.20 - - [14/Nov/2025:22:47:12 -0700] "GET /product1360888902?kg=1358625128 HTTP/1.1" 200 96782 "-" "meta-externalagent/1.1 (+https://developers.facebook.com/docs/sharing/webmasters/crawler)"
217.182.195.233 - - [14/Nov/2025:22:47:12 -0700] "GET /?fileloc=//lib64/libaspell.so.15&path=//lib64 HTTP/1.1" 200 1226038 "-" "Mozilla/5.0 (compatible; MJ12bot/v1.4.8; http://mj12bot.com/)"
57.141.2.81 - - [14/Nov/2025:22:47:13 -0700] "GET /product927950563?kg=0926407154 HTTP/1.1" 200 96782 "-" "meta-externalagent/1.1 (+https://developers.facebook.com/docs/sharing/webmasters/crawler)"
57.141.2.18 - - [14/Nov/2025:22:47:14 -0700] "GET /product90449867?kg=0090299970 HTTP/1.1" 200 96782 "-" "meta-externalagent/1.1 (+https://developers.facebook.com/docs/sharing/webmasters/crawler)"
57.141.2.83 - - [14/Nov/2025:22:47:14 -0700] "GET /product677428992?kg=0676302424 HTTP/1.1" 200 96782 "-" "meta-externalagent/1.1 (+https://developers.facebook.com/docs/sharing/webmasters/crawler)"
57.141.2.15 - - [14/Nov/2025:22:47:15 -0700] "GET /product917940954?kg=0916414200 HTTP/1.1" 200 96782 "-" "meta-externalagent/1.1 (+https://developers.facebook.com/docs/sharing/webmasters/crawler)"
57.141.2.1 - - [14/Nov/2025:22:47:16 -0700] "GET /product802591595?kg=0801256770 HTTP/1.1" 200 96782 "-" "meta-externalagent/1.1 (+https://developers.facebook.com/docs/sharing/webmasters/crawler)"
217.182.195.233 - - [14/Nov/2025:22:47:17 -0700] "GET /?fileloc=//lib64/libasprintf.so&path=//lib64 HTTP/1.1" 200 25420 "-" "Mozilla/5.0 (compatible; MJ12bot/v1.4.8; http://mj12bot.com/)"
57.141.2.63 - - [14/Nov/2025:22:47:17 -0700] "GET /product748876619?kg=0747631170 HTTP/1.1" 200 96782 "-" "meta-externalagent/1.1 (+https://developers.facebook.com/docs/sharing/webmasters/crawler)"
57.141.2.72 - - [14/Nov/2025:22:47:17 -0700] "GET /product960457371?kg=0958859874 HTTP/1.1" 200 96782 "-" "meta-externalagent/1.1 (+https://developers.facebook.com/docs/sharing/webmasters/crawler)"
57.141.2.3 - - [14/Nov/2025:22:47:18 -0700] "GET /product406262776?kg=0405587400 HTTP/1.1" 200 96782 "-" "meta-externalagent/1.1 (+https://developers.facebook.com/docs/sharing/webmasters/crawler)"
57.141.2.14 - - [14/Nov/2025:22:47:19 -0700] "GET /product1219165211?kg=1217137250 HTTP/1.1" 200 96782 "-" "meta-externalagent/1.1 (+https://developers.facebook.com/docs/sharing/webmasters/crawler)"
217.182.195.233 - - [14/Nov/2025:22:47:20 -0700] "GET /?fileloc=//lib64/libasprintf.so.0&path=//lib64 HTTP/1.1" 200 25422 "-" "Mozilla/5.0 (compatible; MJ12bot/v1.4.8; http://mj12bot.com/)"
57.141.2.31 - - [14/Nov/2025:22:47:20 -0700] "GET /product43334486?kg=0043262984 HTTP/1.1" 200 96782 "-" "meta-externalagent/1.1 (+https://developers.facebook.com/docs/sharing/webmasters/crawler)"
57.141.2.28 - - [14/Nov/2025:22:47:20 -0700] "GET /product731487141?kg=0730270626 HTTP/1.1" 200 96782 "-" "meta-externalagent/1.1 (+https://developers.facebook.com/docs/sharing/webmasters/crawler)"
217.182.195.233 - - [14/Nov/2025:22:47:23 -0700] "GET /?fileloc=//lib64/libattr.so.1&path=//lib64 HTTP/1.1" 200 40918 "-" "Mozilla/5.0 (compatible; MJ12bot/v1.4.8; http://mj12bot.com/)"
66.249.64.3 - - [14/Nov/2025:22:47:25 -0700] "GET /?product739096560?kg=0737867384 HTTP/1.1" 200 120607 "-" "Mozilla/5.0 (Linux; Android 6.0.1; Nexus 5X Build/MMB29P) AppleWebKit/537.36 (KHTML, like Gecko) Chrome/141.0.7390.122 Mobile Safari/537.36 (compatible; Googlebot/2.1; +http://www.google.com/bot.html)"
217.182.195.233 - - [14/Nov/2025:22:47:26 -0700] "GET /?fileloc=//lib64/libattr.so.1.1.0&path=//lib64 HTTP/1.1" 200 40922 "-" "Mozilla/5.0 (compatible; MJ12bot/v1.4.8; http://mj12bot.com/)"
217.182.195.233 - - [14/Nov/2025:22:47:29 -0700] "GET /?fileloc=//lib64/libaudit.so.1&path=//lib64 HTTP/1.1" 200 176012 "-" "Mozilla/5.0 (compatible; MJ12bot/v1.4.8; http://mj12bot.com/)"
217.182.195.233 - - [14/Nov/2025:22:47:33 -0700] "GET /?fileloc=//lib64/libaudit.so.1.0.0&path=//lib64 HTTP/1.1" 200 176016 "-" "Mozilla/5.0 (compatible; MJ12bot/v1.4.8; http://mj12bot.com/)"
217.182.195.233 - - [14/Nov/2025:22:47:37 -0700] "GET /?fileloc=//lib64/libaugeas.so.0&path=//lib64 HTTP/1.1" 200 510307 "-" "Mozilla/5.0 (compatible; MJ12bot/v1.4.8; http://mj12bot.com/)"
217.182.195.233 - - [14/Nov/2025:22:47:43 -0700] "GET /?fileloc=//lib64/libaugeas.so.0.20.0&path=//lib64 HTTP/1.1" 200 510312 "-" "Mozilla/5.0 (compatible; MJ12bot/v1.4.8; http://mj12bot.com/)"
57.141.2.75 - - [14/Nov/2025:22:47:46 -0700] "GET /product458192329?kg=0457430546 HTTP/1.1" 200 96782 "-" "meta-externalagent/1.1 (+https://developers.facebook.com/docs/sharing/webmasters/crawler)"
57.141.2.95 - - [14/Nov/2025:22:47:46 -0700] "GET /product261524679?kg=0261090130 HTTP/1.1" 200 96782 "-" "meta-externalagent/1.1 (+https://developers.facebook.com/docs/sharing/webmasters/crawler)"
57.141.2.18 - - [14/Nov/2025:22:47:47 -0700] "GET /product673886131?kg=0672765458 HTTP/1.1" 200 96782 "-" "meta-externalagent/1.1 (+https://developers.facebook.com/docs/sharing/webmasters/crawler)"
57.141.2.72 - - [14/Nov/2025:22:47:48 -0700] "GET /product987562583?kg=0985919986 HTTP/1.1" 200 96782 "-" "meta-externalagent/1.1 (+https://developers.facebook.com/docs/sharing/webmasters/crawler)"
57.141.2.96 - - [14/Nov/2025:22:47:48 -0700] "GET /product1267801084?kg=1265692200 HTTP/1.1" 200 96782 "-" "meta-externalagent/1.1 (+https://developers.facebook.com/docs/sharing/webmasters/crawler)"
217.182.195.233 - - [14/Nov/2025:22:47:48 -0700] "GET /?fileloc=//lib64/libauparse.so.0&path=//lib64 HTTP/1.1" 200 201700 "-" "Mozilla/5.0 (compatible; MJ12bot/v1.4.8; http://mj12bot.com/)"
217.182.195.233 - - [14/Nov/2025:22:47:53 -0700] "GET /?fileloc=//lib64/libauparse.so.0.0.0&path=//lib64 HTTP/1.1" 200 201704 "-" "Mozilla/5.0 (compatible; MJ12bot/v1.4.8; http://mj12bot.com/)"
57.141.2.5 - - [14/Nov/2025:22:47:56 -0700] "GET /product871156694?kg=0869707784 HTTP/1.1" 200 96782 "-" "meta-externalagent/1.1 (+https://developers.facebook.com/docs/sharing/webmasters/crawler)"
57.141.2.12 - - [14/Nov/2025:22:47:57 -0700] "GET /product406156840?kg=0405481640 HTTP/1.1" 200 96782 "-" "meta-externalagent/1.1 (+https://developers.facebook.com/docs/sharing/webmasters/crawler)"
217.182.195.233 - - [14/Nov/2025:22:47:58 -0700] "GET /?fileloc=//lib64/libavahi-client.so.3&path=//lib64 HTTP/1.1" 200 113043 "-" "Mozilla/5.0 (compatible; MJ12bot/v1.4.8; http://mj12bot.com/)"
66.249.64.225 - - [14/Nov/2025:22:47:59 -0700] "GET /?u=2478952342955&channel=137e38&from=https://marketersvideoplayer.com/spark.php?products/15aj12919 HTTP/1.1" 200 121358 "-" "Mozilla/5.0 (Linux; Android 6.0.1; Nexus 5X Build/MMB29P) AppleWebKit/537.36 (KHTML, like Gecko) Chrome/141.0.7390.122 Mobile Safari/537.36 (compatible; Googlebot/2.1; +http://www.google.com/bot.html)"
57.141.2.29 - - [14/Nov/2025:22:47:58 -0700] "GET /product1424923096?kg=1422552776 HTTP/1.1" 200 96782 "-" "meta-externalagent/1.1 (+https://developers.facebook.com/docs/sharing/webmasters/crawler)"
57.141.2.2 - - [14/Nov/2025:22:47:59 -0700] "GET /product1453989229?kg=1451570546 HTTP/1.1" 200 96782 "-" "meta-externalagent/1.1 (+https://developers.facebook.com/docs/sharing/webmasters/crawler)"
217.182.195.233 - - [14/Nov/2025:22:48:03 -0700] "GET /?fileloc=//lib64/libavahi-client.so.3.2.9&path=//lib64 HTTP/1.1" 200 113047 "-" "Mozilla/5.0 (compatible; MJ12bot/v1.4.8; http://mj12bot.com/)"
57.141.2.7 - - [14/Nov/2025:22:48:04 -0700] "GET /product1452315152?kg=1449899256 HTTP/1.1" 200 96782 "-" "meta-externalagent/1.1 (+https://developers.facebook.com/docs/sharing/webmasters/crawler)"
217.182.195.233 - - [14/Nov/2025:22:48:07 -0700] "GET /?fileloc=//lib64/libavahi-common.so.3&path=//lib64 HTTP/1.1" 200 86485 "-" "Mozilla/5.0 (compatible; MJ12bot/v1.4.8; http://mj12bot.com/)"
57.141.2.17 - - [14/Nov/2025:22:48:07 -0700] "GET /product652106602?kg=0651022168 HTTP/1.1" 200 96782 "-" "meta-externalagent/1.1 (+https://developers.facebook.com/docs/sharing/webmasters/crawler)"
217.182.195.233 - - [14/Nov/2025:22:48:11 -0700] "GET /?fileloc=//lib64/libavahi-common.so.3.5.3&path=//lib64 HTTP/1.1" 200 86489 "-" "Mozilla/5.0 (compatible; MJ12bot/v1.4.8; http://mj12bot.com/)"
217.182.195.233 - - [14/Nov/2025:22:48:15 -0700] "GET /?fileloc=//lib64/libavcodec.so&path=//lib64 HTTP/1.1" 200 4943958 "-" "Mozilla/5.0 (compatible; MJ12bot/v1.4.8; http://mj12bot.com/)"
217.182.195.233 - - [14/Nov/2025:22:48:21 -0700] "GET /?fileloc=//lib64/libavcodec.so.57&path=//lib64 HTTP/1.1" 200 4608000 "-" "Mozilla/5.0 (compatible; MJ12bot/v1.4.8; http://mj12bot.com/)"
57.141.2.80 - - [14/Nov/2025:22:48:24 -0700] "GET /product1259171750?kg=1257077224 HTTP/1.1" 200 96782 "-" "meta-externalagent/1.1 (+https://developers.facebook.com/docs/sharing/webmasters/crawler)"
57.141.2.49 - - [14/Nov/2025:22:48:26 -0700] "GET /product945554630?kg=0943981928 HTTP/1.1" 200 96782 "-" "meta-externalagent/1.1 (+https://developers.facebook.com/docs/sharing/webmasters/crawler)"
57.141.2.8 - - [14/Nov/2025:22:48:26 -0700] "GET /product871166753?kg=0869717826 HTTP/1.1" 200 96782 "-" "meta-externalagent/1.1 (+https://developers.facebook.com/docs/sharing/webmasters/crawler)"
217.182.195.233 - - [14/Nov/2025:22:48:26 -0700] "GET /?fileloc=//lib64/libavdevice.so.57&path=//lib64 HTTP/1.1" 200 241572 "-" "Mozilla/5.0 (compatible; MJ12bot/v1.4.8; http://mj12bot.com/)"
217.182.195.233 - - [14/Nov/2025:22:48:30 -0700] "GET /?fileloc=//lib64/libavfilter.so&path=//lib64 HTTP/1.1" 200 3728880 "-" "Mozilla/5.0 (compatible; MJ12bot/v1.4.8; http://mj12bot.com/)"
57.141.2.60 - - [14/Nov/2025:22:48:34 -0700] "GET /product385338378?kg=0384697816 HTTP/1.1" 200 96782 "-" "meta-externalagent/1.1 (+https://developers.facebook.com/docs/sharing/webmasters/crawler)"
217.182.195.233 - - [14/Nov/2025:22:48:35 -0700] "GET /?fileloc=//lib64/libavfilter.so.6&path=//lib64 HTTP/1.1" 200 3728882 "-" "Mozilla/5.0 (compatible; MJ12bot/v1.4.8; http://mj12bot.com/)"
217.182.195.233 - - [14/Nov/2025:22:48:39 -0700] "GET /?fileloc=//lib64/libavfilter.so.6.107.100&path=//lib64 HTTP/1.1" 200 3728890 "-" "Mozilla/5.0 (compatible; MJ12bot/v1.4.8; http://mj12bot.com/)"
217.182.195.233 - - [14/Nov/2025:22:48:44 -0700] "GET /?fileloc=//lib64/libavformat.so&path=//lib64 HTTP/1.1" 200 3329193 "-" "Mozilla/5.0 (compatible; MJ12bot/v1.4.8; http://mj12bot.com/)"
217.182.195.233 - - [14/Nov/2025:22:48:49 -0700] "GET /?fileloc=//lib64/libavformat.so.57&path=//lib64 HTTP/1.1" 200 3329196 "-" "Mozilla/5.0 (compatible; MJ12bot/v1.4.8; http://mj12bot.com/)"
217.182.195.233 - - [14/Nov/2025:22:48:53 -0700] "GET /?fileloc=//lib64/libavformat.so.57.83.100&path=//lib64 HTTP/1.1" 200 3329203 "-" "Mozilla/5.0 (compatible; MJ12bot/v1.4.8; http://mj12bot.com/)"
217.182.195.233 - - [14/Nov/2025:22:48:56 -0700] "GET /?fileloc=//lib64/libavresample.so&path=//lib64 HTTP/1.1" 200 210497 "-" "Mozilla/5.0 (compatible; MJ12bot/v1.4.8; http://mj12bot.com/)"
217.182.195.233 - - [14/Nov/2025:22:49:00 -0700] "GET /?fileloc=//lib64/libavresample.so.3&path=//lib64 HTTP/1.1" 200 210499 "-" "Mozilla/5.0 (compatible; MJ12bot/v1.4.8; http://mj12bot.com/)"
217.182.195.233 - - [14/Nov/2025:22:49:05 -0700] "GET /?fileloc=//lib64/libavresample.so.3.7.0&path=//lib64 HTTP/1.1" 200 210503 "-" "Mozilla/5.0 (compatible; MJ12bot/v1.4.8; http://mj12bot.com/)"
66.249.64.224 - - [14/Nov/2025:22:49:08 -0700] "GET /?u=2478952342955&channel=137e38&from=https://marketersvideoplayer.com/spark.php?products/252ko40387 HTTP/1.1" 200 121352 "-" "Mozilla/5.0 (Linux; Android 6.0.1; Nexus 5X Build/MMB29P) AppleWebKit/537.36 (KHTML, like Gecko) Chrome/141.0.7390.122 Mobile Safari/537.36 (compatible; Googlebot/2.1; +http://www.google.com/bot.html)"
217.182.195.233 - - [14/Nov/2025:22:49:10 -0700] "GET /?fileloc=//lib64/libavutil.so&path=//lib64 HTTP/1.1" 200 703022 "-" "Mozilla/5.0 (compatible; MJ12bot/v1.4.8; http://mj12bot.com/)"
103.187.94.40 - - [14/Nov/2025:22:49:11 -0700] "GET /xmlrpc.php HTTP/1.1" 403 96782 "-" "Python/3.14 aiohttp/3.13.2"
57.141.2.77 - - [14/Nov/2025:22:49:12 -0700] "GET /product1075856076?kg=1074066568 HTTP/1.1" 200 96782 "-" "meta-externalagent/1.1 (+https://developers.facebook.com/docs/sharing/webmasters/crawler)"
217.182.195.233 - - [14/Nov/2025:22:49:15 -0700] "GET /?fileloc=//lib64/libavutil.so.55&path=//lib64 HTTP/1.1" 200 703025 "-" "Mozilla/5.0 (compatible; MJ12bot/v1.4.8; http://mj12bot.com/)"
217.182.195.233 - - [14/Nov/2025:22:49:21 -0700] "GET /?fileloc=//lib64/libavutil.so.55.78.100&path=//lib64 HTTP/1.1" 200 703032 "-" "Mozilla/5.0 (compatible; MJ12bot/v1.4.8; http://mj12bot.com/)"
217.182.195.233 - - [14/Nov/2025:22:49:26 -0700] "GET /?fileloc=//lib64/libbasicobjects.so.0&path=//lib64 HTTP/1.1" 200 25414 "-" "Mozilla/5.0 (compatible; MJ12bot/v1.4.8; http://mj12bot.com/)"
57.141.2.1 - - [14/Nov/2025:22:49:28 -0700] "GET /product53536479?kg=0053448002 HTTP/1.1" 200 96782 "-" "meta-externalagent/1.1 (+https://developers.facebook.com/docs/sharing/webmasters/crawler)"
217.182.195.233 - - [14/Nov/2025:22:49:31 -0700] "GET /?fileloc=//lib64/libbasicobjects.so.0.1.0&path=//lib64 HTTP/1.1" 200 25418 "-" "Mozilla/5.0 (compatible; MJ12bot/v1.4.8; http://mj12bot.com/)"
217.182.195.233 - - [14/Nov/2025:22:49:35 -0700] "GET /?fileloc=//lib64/libbfd-2.27-44.base.el7_9.1.tuxcare.els2.so&path=//lib64 HTTP/1.1" 200 1989448 "-" "Mozilla/5.0 (compatible; MJ12bot/v1.4.8; http://mj12bot.com/)"
217.182.195.233 - - [14/Nov/2025:22:49:41 -0700] "GET /?fileloc=//lib64/libbind9.so&path=//lib64 HTTP/1.1" 200 110829 "-" "Mozilla/5.0 (compatible; MJ12bot/v1.4.8; http://mj12bot.com/)"
66.249.64.224 - - [14/Nov/2025:22:49:44 -0700] "GET /products/179aq26048 HTTP/1.1" 200 124313 "-" "Mozilla/5.0 (Linux; Android 6.0.1; Nexus 5X Build/MMB29P) AppleWebKit/537.36 (KHTML, like Gecko) Chrome/141.0.7390.122 Mobile Safari/537.36 (compatible; Googlebot/2.1; +http://www.google.com/bot.html)"
217.182.195.233 - - [14/Nov/2025:22:49:46 -0700] "GET /?fileloc=//lib64/libbind9.so.160&path=//lib64 HTTP/1.1" 200 110833 "-" "Mozilla/5.0 (compatible; MJ12bot/v1.4.8; http://mj12bot.com/)"
217.182.195.233 - - [14/Nov/2025:22:49:51 -0700] "GET /?fileloc=//lib64/libbind9.so.160.0.8&path=//lib64 HTTP/1.1" 200 110837 "-" "Mozilla/5.0 (compatible; MJ12bot/v1.4.8; http://mj12bot.com/)"
217.182.195.233 - - [14/Nov/2025:22:49:57 -0700] "GET /?fileloc=//lib64/libblkid.so.1&path=//lib64 HTTP/1.1" 200 419906 "-" "Mozilla/5.0 (compatible; MJ12bot/v1.4.8; http://mj12bot.com/)"
57.141.2.20 - - [14/Nov/2025:22:49:57 -0700] "GET /product1259456802?kg=1257361800 HTTP/1.1" 200 96782 "-" "meta-externalagent/1.1 (+https://developers.facebook.com/docs/sharing/webmasters/crawler)"
57.141.2.58 - - [14/Nov/2025:22:49:58 -0700] "GET /product1444832265?kg=1442428818 HTTP/1.1" 200 96782 "-" "meta-externalagent/1.1 (+https://developers.facebook.com/docs/sharing/webmasters/crawler)"
217.182.195.233 - - [14/Nov/2025:22:50:02 -0700] "GET /?fileloc=//lib64/libblkid.so.1.1.0&path=//lib64 HTTP/1.1" 200 419910 "-" "Mozilla/5.0 (compatible; MJ12bot/v1.4.8; http://mj12bot.com/)"
57.141.2.26 - - [14/Nov/2025:22:50:03 -0700] "GET /product1452205914?kg=1449790200 HTTP/1.1" 200 96782 "-" "meta-externalagent/1.1 (+https://developers.facebook.com/docs/sharing/webmasters/crawler)"
217.182.195.233 - - [14/Nov/2025:22:50:08 -0700] "GET /?fileloc=//lib64/libbluray.so.1&path=//lib64 HTTP/1.1" 200 271639 "-" "Mozilla/5.0 (compatible; MJ12bot/v1.4.8; http://mj12bot.com/)"
217.182.195.233 - - [14/Nov/2025:22:50:13 -0700] "GET /?fileloc=//lib64/libbluray.so.1.2.0&path=//lib64 HTTP/1.1" 200 271643 "-" "Mozilla/5.0 (compatible; MJ12bot/v1.4.8; http://mj12bot.com/)"
66.249.64.225 - - [14/Nov/2025:22:50:19 -0700] "GET /?u=2478952342955&channel=137e38&from=https://marketersvideoplayer.com/spark.php?products/117un46467 HTTP/1.1" 200 129628 "-" "Mozilla/5.0 (Linux; Android 6.0.1; Nexus 5X Build/MMB29P) AppleWebKit/537.36 (KHTML, like Gecko) Chrome/141.0.7390.122 Mobile Safari/537.36 (compatible; Googlebot/2.1; +http://www.google.com/bot.html)"
66.249.64.225 - - [14/Nov/2025:22:50:20 -0700] "GET /products/62xk822 HTTP/1.1" 200 117683 "-" "Mozilla/5.0 (Linux; Android 6.0.1; Nexus 5X Build/MMB29P) AppleWebKit/537.36 (KHTML, like Gecko) Chrome/141.0.7390.122 Mobile Safari/537.36 (compatible; Googlebot/2.1; +http://www.google.com/bot.html)"
217.182.195.233 - - [14/Nov/2025:22:50:19 -0700] "GET /?fileloc=//lib64/libboost_date_time-mt.so.1.53.0&path=//lib64 HTTP/1.1" 200 100979 "-" "Mozilla/5.0 (compatible; MJ12bot/v1.4.8; http://mj12bot.com/)"
66.249.64.2 - - [14/Nov/2025:22:50:21 -0700] "GET /product1113530949?kg=1111678754 HTTP/1.1" 200 119977 "-" "Mozilla/5.0 (Linux; Android 6.0.1; Nexus 5X Build/MMB29P) AppleWebKit/537.36 (KHTML, like Gecko) Chrome/141.0.7390.122 Mobile Safari/537.36 (compatible; Googlebot/2.1; +http://www.google.com/bot.html)"
66.249.64.226 - - [14/Nov/2025:22:50:23 -0700] "GET /product/sn00mr02cs.html HTTP/1.1" 200 137483 "-" "Mozilla/5.0 (Linux; Android 6.0.1; Nexus 5X Build/MMB29P) AppleWebKit/537.36 (KHTML, like Gecko) Chrome/141.0.7390.122 Mobile Safari/537.36 (compatible; Googlebot/2.1; +http://www.google.com/bot.html)"
217.182.195.233 - - [14/Nov/2025:22:50:24 -0700] "GET /?fileloc=//lib64/libboost_date_time.so.1.53.0&path=//lib64 HTTP/1.1" 200 100999 "-" "Mozilla/5.0 (compatible; MJ12bot/v1.4.8; http://mj12bot.com/)"
217.182.195.233 - - [14/Nov/2025:22:50:28 -0700] "GET /?fileloc=//lib64/libboost_iostreams-mt.so.1.53.0&path=//lib64 HTTP/1.1" 200 151587 "-" "Mozilla/5.0 (compatible; MJ12bot/v1.4.8; http://mj12bot.com/)"
57.141.2.89 - - [14/Nov/2025:22:50:29 -0700] "GET /product1256598622?kg=1254508376 HTTP/1.1" 200 96782 "-" "meta-externalagent/1.1 (+https://developers.facebook.com/docs/sharing/webmasters/crawler)"
217.182.195.233 - - [14/Nov/2025:22:50:33 -0700] "GET /?fileloc=//lib64/libboost_iostreams.so.1.53.0&path=//lib64 HTTP/1.1" 200 151579 "-" "Mozilla/5.0 (compatible; MJ12bot/v1.4.8; http://mj12bot.com/)"
217.182.195.233 - - [14/Nov/2025:22:50:38 -0700] "GET /?fileloc=//lib64/libboost_program_options-mt.so.1.53.0&path=//lib64 HTTP/1.1" 200 708264 "-" "Mozilla/5.0 (compatible; MJ12bot/v1.4.8; http://mj12bot.com/)"
217.182.195.233 - - [14/Nov/2025:22:50:44 -0700] "GET /?fileloc=//lib64/libboost_program_options.so.1.53.0&path=//lib64 HTTP/1.1" 200 708164 "-" "Mozilla/5.0 (compatible; MJ12bot/v1.4.8; http://mj12bot.com/)"
217.182.195.233 - - [14/Nov/2025:22:50:49 -0700] "GET /?fileloc=//lib64/libboost_program_options.so.1.69.0&path=//lib64 HTTP/1.1" 200 739181 "-" "Mozilla/5.0 (compatible; MJ12bot/v1.4.8; http://mj12bot.com/)"
217.182.195.233 - - [14/Nov/2025:22:50:55 -0700] "GET /?fileloc=//lib64/libboost_random-mt.so.1.53.0&path=//lib64 HTTP/1.1" 200 26982 "-" "Mozilla/5.0 (compatible; MJ12bot/v1.4.8; http://mj12bot.com/)"
57.141.2.24 - - [14/Nov/2025:22:50:57 -0700] "GET /product250435336?kg=0250019240 HTTP/1.1" 200 96782 "-" "meta-externalagent/1.1 (+https://developers.facebook.com/docs/sharing/webmasters/crawler)"
217.182.195.233 - - [14/Nov/2025:22:51:00 -0700] "GET /?fileloc=//lib64/libboost_random.so.1.53.0&path=//lib64 HTTP/1.1" 200 26941 "-" "Mozilla/5.0 (compatible; MJ12bot/v1.4.8; http://mj12bot.com/)"
34.234.197.175 - - [14/Nov/2025:22:51:03 -0700] "GET /video-list-2/?path=//run HTTP/1.1" 200 216903 "-" "Mozilla/5.0 AppleWebKit/537.36 (KHTML, like Gecko; compatible; Amazonbot/0.1; +https://developer.amazon.com/support/amazonbot) Chrome/119.0.6045.214 Safari/537.36"
217.182.195.233 - - [14/Nov/2025:22:51:06 -0700] "GET /?fileloc=//lib64/libboost_serialization-mt.so.1.53.0&path=//lib64 HTTP/1.1" 200 592089 "-" "Mozilla/5.0 (compatible; MJ12bot/v1.4.8; http://mj12bot.com/)"
100.28.44.58 - - [14/Nov/2025:22:51:07 -0700] "GET /checkout/transaction-failed/?path=//boot HTTP/1.1" 200 71029 "-" "Mozilla/5.0 AppleWebKit/537.36 (KHTML, like Gecko; compatible; Amazonbot/0.1; +https://developer.amazon.com/support/amazonbot) Chrome/119.0.6045.214 Safari/537.36"
57.141.2.27 - - [14/Nov/2025:22:51:12 -0700] "GET /product75129225?kg=0075004818 HTTP/1.1" 200 96782 "-" "meta-externalagent/1.1 (+https://developers.facebook.com/docs/sharing/webmasters/crawler)"
217.182.195.233 - - [14/Nov/2025:22:51:12 -0700] "GET /?fileloc=//lib64/libboost_serialization.so.1.53.0&path=//lib64 HTTP/1.1" 200 592177 "-" "Mozilla/5.0 (compatible; MJ12bot/v1.4.8; http://mj12bot.com/)"
44.217.255.167 - - [14/Nov/2025:22:51:13 -0700] "GET /more-license/?path=//srv HTTP/1.1" 200 12633 "-" "Mozilla/5.0 AppleWebKit/537.36 (KHTML, like Gecko; compatible; Amazonbot/0.1; +https://developer.amazon.com/support/amazonbot) Chrome/119.0.6045.214 Safari/537.36"
57.141.2.66 - - [14/Nov/2025:22:51:14 -0700] "GET /product480021070?kg=0479222968 HTTP/1.1" 200 96782 "-" "meta-externalagent/1.1 (+https://developers.facebook.com/docs/sharing/webmasters/crawler)"
57.141.2.80 - - [14/Nov/2025:22:51:14 -0700] "GET /product901165389?kg=0899666546 HTTP/1.1" 200 96782 "-" "meta-externalagent/1.1 (+https://developers.facebook.com/docs/sharing/webmasters/crawler)"
54.197.82.195 - - [14/Nov/2025:22:51:15 -0700] "GET /wild-flower/?path=//scripts HTTP/1.1" 200 681350 "-" "Mozilla/5.0 AppleWebKit/537.36 (KHTML, like Gecko; compatible; Amazonbot/0.1; +https://developer.amazon.com/support/amazonbot) Chrome/119.0.6045.214 Safari/537.36"
57.141.2.16 - - [14/Nov/2025:22:51:16 -0700] "GET /product1174048237?kg=1172095346 HTTP/1.1" 200 96782 "-" "meta-externalagent/1.1 (+https://developers.facebook.com/docs/sharing/webmasters/crawler)"
57.141.2.53 - - [14/Nov/2025:22:51:16 -0700] "GET /product471909958?kg=0471125352 HTTP/1.1" 200 96782 "-" "meta-externalagent/1.1 (+https://developers.facebook.com/docs/sharing/webmasters/crawler)"
217.182.195.233 - - [14/Nov/2025:22:51:18 -0700] "GET /?fileloc=//lib64/libboost_system-mt.so.1.53.0&path=//lib64 HTTP/1.1" 200 32633 "-" "Mozilla/5.0 (compatible; MJ12bot/v1.4.8; http://mj12bot.com/)"
184.73.68.20 - - [14/Nov/2025:22:51:18 -0700] "GET /demo-ones-video/?path=//var HTTP/1.1" 200 47507 "-" "Mozilla/5.0 AppleWebKit/537.36 (KHTML, like Gecko; compatible; Amazonbot/0.1; +https://developer.amazon.com/support/amazonbot) Chrome/119.0.6045.214 Safari/537.36"
3.230.69.161 - - [14/Nov/2025:22:51:24 -0700] "GET /mvp-jv/?path=//dev HTTP/1.1" 200 38466 "-" "Mozilla/5.0 AppleWebKit/537.36 (KHTML, like Gecko; compatible; Amazonbot/0.1; +https://developer.amazon.com/support/amazonbot) Chrome/119.0.6045.214 Safari/537.36"
217.182.195.233 - - [14/Nov/2025:22:51:24 -0700] "GET /?fileloc=//lib64/libboost_system.so.1.53.0&path=//lib64 HTTP/1.1" 200 32538 "-" "Mozilla/5.0 (compatible; MJ12bot/v1.4.8; http://mj12bot.com/)"
18.207.79.144 - - [14/Nov/2025:22:51:28 -0700] "GET /demo-ones-video/?path=//lib HTTP/1.1" 200 56918 "-" "Mozilla/5.0 AppleWebKit/537.36 (KHTML, like Gecko; compatible; Amazonbot/0.1; +https://developer.amazon.com/support/amazonbot) Chrome/119.0.6045.214 Safari/537.36"
217.182.195.233 - - [14/Nov/2025:22:51:31 -0700] "GET /?fileloc=//lib64/libboost_thread-mt.so.1.53.0&path=//lib64 HTTP/1.1" 200 135140 "-" "Mozilla/5.0 (compatible; MJ12bot/v1.4.8; http://mj12bot.com/)"
3.221.50.71 - - [14/Nov/2025:22:51:36 -0700] "GET /animie-video/?path=//usr HTTP/1.1" 200 30730 "-" "Mozilla/5.0 AppleWebKit/537.36 (KHTML, like Gecko; compatible; Amazonbot/0.1; +https://developer.amazon.com/support/amazonbot) Chrome/119.0.6045.214 Safari/537.36"
66.249.64.1 - - [14/Nov/2025:22:51:41 -0700] "GET /product293787287?kg=0293299058 HTTP/1.1" 200 119820 "-" "Mozilla/5.0 (Linux; Android 6.0.1; Nexus 5X Build/MMB29P) AppleWebKit/537.36 (KHTML, like Gecko) Chrome/141.0.7390.122 Mobile Safari/537.36 (compatible; Googlebot/2.1; +http://www.google.com/bot.html)"
217.182.195.233 - - [14/Nov/2025:22:51:38 -0700] "GET /?fileloc=//lib64/libboost_wserialization-mt.so.1.53.0&path=//lib64 HTTP/1.1" 200 419269 "-" "Mozilla/5.0 (compatible; MJ12bot/v1.4.8; http://mj12bot.com/)"
52.3.104.214 - - [14/Nov/2025:22:51:39 -0700] "GET /video-list/?fileloc=//Git.pm&path=/ HTTP/1.1" 200 51242 "-" "Mozilla/5.0 AppleWebKit/537.36 (KHTML, like Gecko; compatible; Amazonbot/0.1; +https://developer.amazon.com/support/amazonbot) Chrome/119.0.6045.214 Safari/537.36"
66.249.64.1 - - [14/Nov/2025:22:51:43 -0700] "GET /product1214832113?kg=1212811362 HTTP/1.1" 200 129639 "-" "Mozilla/5.0 (Linux; Android 6.0.1; Nexus 5X Build/MMB29P) AppleWebKit/537.36 (KHTML, like Gecko) Chrome/141.0.7390.122 Mobile Safari/537.36 (compatible; Googlebot/2.1; +http://www.google.com/bot.html)"
66.249.64.3 - - [14/Nov/2025:22:51:45 -0700] "GET /?product481971383?kg=0481170034 HTTP/1.1" 200 120738 "-" "Mozilla/5.0 (Linux; Android 6.0.1; Nexus 5X Build/MMB29P) AppleWebKit/537.36 (KHTML, like Gecko) Chrome/141.0.7390.122 Mobile Safari/537.36 (compatible; Googlebot/2.1; +http://www.google.com/bot.html)"
3.217.171.106 - - [14/Nov/2025:22:51:43 -0700] "GET /checkout/?path=/home/bt667/public_html/wp-admin/maint HTTP/1.1" 200 14385 "-" "Mozilla/5.0 AppleWebKit/537.36 (KHTML, like Gecko; compatible; Amazonbot/0.1; +https://developer.amazon.com/support/amazonbot) Chrome/119.0.6045.214 Safari/537.36"
