136.243.228.182 - - [14/Nov/2025:21:22:48 -0700] "GET /product1076057916?kg=1074268072 HTTP/1.1" 200 96782 "-" "Mozilla/5.0 (compatible; DataForSeoBot/1.0; +https://dataforseo.com/dataforseo-bot)"
74.7.227.215 - - [14/Nov/2025:21:22:49 -0700] "GET /products/287cf30883 HTTP/1.1" 200 96782 "-" "Mozilla/5.0 AppleWebKit/537.36 (KHTML, like Gecko; compatible; GPTBot/1.3; +https://openai.com/gptbot)"
74.7.227.37 - - [14/Nov/2025:21:22:48 -0700] "GET /product841892237?fileloc=/home/bt667/public_html/search.php&path=/home/bt667/public_html HTTP/1.1" 200 14010 "-" "Mozilla/5.0 AppleWebKit/537.36 (KHTML, like Gecko; compatible; GPTBot/1.3; +https://openai.com/gptbot)"
74.7.227.215 - - [14/Nov/2025:21:22:50 -0700] "GET /products/200ti13031 HTTP/1.1" 200 96782 "-" "Mozilla/5.0 AppleWebKit/537.36 (KHTML, like Gecko; compatible; GPTBot/1.3; +https://openai.com/gptbot)"
74.7.227.37 - - [14/Nov/2025:21:22:50 -0700] "GET /product801954142?fileloc=/home/bt667/public_html/search.php&path=/home/bt667/public_html HTTP/1.1" 200 14010 "-" "Mozilla/5.0 AppleWebKit/537.36 (KHTML, like Gecko; compatible; GPTBot/1.3; +https://openai.com/gptbot)"
74.7.227.37 - - [14/Nov/2025:21:22:51 -0700] "GET /product615203401?fileloc=/home/bt667/public_html/search.php&path=/home/bt667/public_html HTTP/1.1" 200 14010 "-" "Mozilla/5.0 AppleWebKit/537.36 (KHTML, like Gecko; compatible; GPTBot/1.3; +https://openai.com/gptbot)"
74.7.227.215 - - [14/Nov/2025:21:22:51 -0700] "GET /products/232ct18529 HTTP/1.1" 200 96782 "-" "Mozilla/5.0 AppleWebKit/537.36 (KHTML, like Gecko; compatible; GPTBot/1.3; +https://openai.com/gptbot)"
136.243.228.182 - - [14/Nov/2025:21:22:52 -0700] "GET /product1076075637?kg=1074285762 HTTP/1.1" 200 96782 "-" "Mozilla/5.0 (compatible; DataForSeoBot/1.0; +https://dataforseo.com/dataforseo-bot)"
74.7.227.37 - - [14/Nov/2025:21:22:52 -0700] "GET /product384629801?fileloc=/home/bt667/public_html/search.php&path=/home/bt667/public_html HTTP/1.1" 200 14010 "-" "Mozilla/5.0 AppleWebKit/537.36 (KHTML, like Gecko; compatible; GPTBot/1.3; +https://openai.com/gptbot)"
74.7.227.215 - - [14/Nov/2025:21:22:53 -0700] "GET /products/253vl24953?path=/home/bt667/public_html/backup HTTP/1.1" 200 15564 "-" "Mozilla/5.0 AppleWebKit/537.36 (KHTML, like Gecko; compatible; GPTBot/1.3; +https://openai.com/gptbot)"
74.7.227.37 - - [14/Nov/2025:21:22:54 -0700] "GET /product1430309226?fileloc=/home/bt667/public_html/search.php&path=/home/bt667/public_html HTTP/1.1" 200 14010 "-" "Mozilla/5.0 AppleWebKit/537.36 (KHTML, like Gecko; compatible; GPTBot/1.3; +https://openai.com/gptbot)"
74.7.227.215 - - [14/Nov/2025:21:22:54 -0700] "GET /products/263th13663 HTTP/1.1" 200 96782 "-" "Mozilla/5.0 AppleWebKit/537.36 (KHTML, like Gecko; compatible; GPTBot/1.3; +https://openai.com/gptbot)"
74.7.227.37 - - [14/Nov/2025:21:22:55 -0700] "GET /product174158982?fileloc=/home/bt667/public_html/search.php&path=/home/bt667/public_html HTTP/1.1" 200 14010 "-" "Mozilla/5.0 AppleWebKit/537.36 (KHTML, like Gecko; compatible; GPTBot/1.3; +https://openai.com/gptbot)"
74.7.227.215 - - [14/Nov/2025:21:22:55 -0700] "GET /products/176vc48061 HTTP/1.1" 200 96782 "-" "Mozilla/5.0 AppleWebKit/537.36 (KHTML, like Gecko; compatible; GPTBot/1.3; +https://openai.com/gptbot)"
74.7.227.37 - - [14/Nov/2025:21:22:56 -0700] "GET /product941029703?fileloc=/home/bt667/public_html/search.php&path=/home/bt667/public_html HTTP/1.1" 200 14010 "-" "Mozilla/5.0 AppleWebKit/537.36 (KHTML, like Gecko; compatible; GPTBot/1.3; +https://openai.com/gptbot)"
74.7.227.215 - - [14/Nov/2025:21:22:57 -0700] "GET /products/236mr11726 HTTP/1.1" 200 96782 "-" "Mozilla/5.0 AppleWebKit/537.36 (KHTML, like Gecko; compatible; GPTBot/1.3; +https://openai.com/gptbot)"
136.243.228.182 - - [14/Nov/2025:21:22:56 -0700] "GET /product1076274879?kg=1074484674 HTTP/1.1" 200 96782 "-" "Mozilla/5.0 (compatible; DataForSeoBot/1.0; +https://dataforseo.com/dataforseo-bot)"
74.7.227.37 - - [14/Nov/2025:21:22:57 -0700] "GET /product439258878?fileloc=/home/bt667/public_html/search.php&path=/home/bt667/public_html HTTP/1.1" 200 14010 "-" "Mozilla/5.0 AppleWebKit/537.36 (KHTML, like Gecko; compatible; GPTBot/1.3; +https://openai.com/gptbot)"
74.7.227.215 - - [14/Nov/2025:21:22:58 -0700] "GET /products/138oq12317 HTTP/1.1" 200 96782 "-" "Mozilla/5.0 AppleWebKit/537.36 (KHTML, like Gecko; compatible; GPTBot/1.3; +https://openai.com/gptbot)"
74.7.227.37 - - [14/Nov/2025:21:22:59 -0700] "GET /product854153821?fileloc=/home/bt667/public_html/search.php&path=/home/bt667/public_html HTTP/1.1" 200 14010 "-" "Mozilla/5.0 AppleWebKit/537.36 (KHTML, like Gecko; compatible; GPTBot/1.3; +https://openai.com/gptbot)"
74.7.227.215 - - [14/Nov/2025:21:23:00 -0700] "GET /products/160hu14262 HTTP/1.1" 200 96782 "-" "Mozilla/5.0 AppleWebKit/537.36 (KHTML, like Gecko; compatible; GPTBot/1.3; +https://openai.com/gptbot)"
57.141.2.80 - - [14/Nov/2025:21:23:00 -0700] "GET /product706990980?kg=0705815224 HTTP/1.1" 200 96782 "-" "meta-externalagent/1.1 (+https://developers.facebook.com/docs/sharing/webmasters/crawler)"
74.7.227.37 - - [14/Nov/2025:21:23:00 -0700] "GET /product1210091263?fileloc=/home/bt667/public_html/search.php&path=/home/bt667/public_html HTTP/1.1" 200 14010 "-" "Mozilla/5.0 AppleWebKit/537.36 (KHTML, like Gecko; compatible; GPTBot/1.3; +https://openai.com/gptbot)"
136.243.228.182 - - [14/Nov/2025:21:23:00 -0700] "GET /product1076421685?kg=1074631234 HTTP/1.1" 200 96782 "-" "Mozilla/5.0 (compatible; DataForSeoBot/1.0; +https://dataforseo.com/dataforseo-bot)"
57.141.2.71 - - [14/Nov/2025:21:23:00 -0700] "GET /product799092004?kg=0797763000 HTTP/1.1" 200 96782 "-" "meta-externalagent/1.1 (+https://developers.facebook.com/docs/sharing/webmasters/crawler)"
74.7.227.215 - - [14/Nov/2025:21:23:01 -0700] "GET /products/231tj24880 HTTP/1.1" 200 96782 "-" "Mozilla/5.0 AppleWebKit/537.36 (KHTML, like Gecko; compatible; GPTBot/1.3; +https://openai.com/gptbot)"
74.7.227.37 - - [14/Nov/2025:21:23:02 -0700] "GET /product569370410?fileloc=/home/bt667/public_html/search.php&path=/home/bt667/public_html HTTP/1.1" 200 14010 "-" "Mozilla/5.0 AppleWebKit/537.36 (KHTML, like Gecko; compatible; GPTBot/1.3; +https://openai.com/gptbot)"
57.141.2.11 - - [14/Nov/2025:21:23:02 -0700] "GET /product799344278?kg=0798014856 HTTP/1.1" 200 96782 "-" "meta-externalagent/1.1 (+https://developers.facebook.com/docs/sharing/webmasters/crawler)"
57.141.2.1 - - [14/Nov/2025:21:23:03 -0700] "GET /product456793185?kg=0456033730 HTTP/1.1" 200 96782 "-" "meta-externalagent/1.1 (+https://developers.facebook.com/docs/sharing/webmasters/crawler)"
74.7.227.215 - - [14/Nov/2025:21:23:03 -0700] "GET /products/103yw30049 HTTP/1.1" 200 96782 "-" "Mozilla/5.0 AppleWebKit/537.36 (KHTML, like Gecko; compatible; GPTBot/1.3; +https://openai.com/gptbot)"
74.7.227.37 - - [14/Nov/2025:21:23:03 -0700] "GET /product845908103?fileloc=/home/bt667/public_html/search.php&path=/home/bt667/public_html HTTP/1.1" 200 14010 "-" "Mozilla/5.0 AppleWebKit/537.36 (KHTML, like Gecko; compatible; GPTBot/1.3; +https://openai.com/gptbot)"
57.141.2.33 - - [14/Nov/2025:21:23:04 -0700] "GET /product539367320?kg=0538470472 HTTP/1.1" 200 96782 "-" "meta-externalagent/1.1 (+https://developers.facebook.com/docs/sharing/webmasters/crawler)"
136.243.228.182 - - [14/Nov/2025:21:23:04 -0700] "GET /product1076555544?kg=1074764872 HTTP/1.1" 200 96782 "-" "Mozilla/5.0 (compatible; DataForSeoBot/1.0; +https://dataforseo.com/dataforseo-bot)"
57.141.2.5 - - [14/Nov/2025:21:23:04 -0700] "GET /product53440936?kg=0053352616 HTTP/1.1" 200 96782 "-" "meta-externalagent/1.1 (+https://developers.facebook.com/docs/sharing/webmasters/crawler)"
74.7.227.215 - - [14/Nov/2025:21:23:04 -0700] "GET /products/282ql25851 HTTP/1.1" 200 96782 "-" "Mozilla/5.0 AppleWebKit/537.36 (KHTML, like Gecko; compatible; GPTBot/1.3; +https://openai.com/gptbot)"
74.7.227.37 - - [14/Nov/2025:21:23:04 -0700] "GET /product854110988?fileloc=/home/bt667/public_html/search.php&path=/home/bt667/public_html HTTP/1.1" 200 14010 "-" "Mozilla/5.0 AppleWebKit/537.36 (KHTML, like Gecko; compatible; GPTBot/1.3; +https://openai.com/gptbot)"
57.141.2.14 - - [14/Nov/2025:21:23:06 -0700] "GET /product172035096?kg=0171749448 HTTP/1.1" 200 96782 "-" "meta-externalagent/1.1 (+https://developers.facebook.com/docs/sharing/webmasters/crawler)"
74.7.227.215 - - [14/Nov/2025:21:23:06 -0700] "GET /products/118ro29317 HTTP/1.1" 200 96782 "-" "Mozilla/5.0 AppleWebKit/537.36 (KHTML, like Gecko; compatible; GPTBot/1.3; +https://openai.com/gptbot)"
74.7.227.37 - - [14/Nov/2025:21:23:06 -0700] "GET /product846239903?fileloc=/home/bt667/public_html/search.php&path=/home/bt667/public_html HTTP/1.1" 200 14010 "-" "Mozilla/5.0 AppleWebKit/537.36 (KHTML, like Gecko; compatible; GPTBot/1.3; +https://openai.com/gptbot)"
57.141.2.33 - - [14/Nov/2025:21:23:06 -0700] "GET /product269040623?kg=0268593570 HTTP/1.1" 200 96782 "-" "meta-externalagent/1.1 (+https://developers.facebook.com/docs/sharing/webmasters/crawler)"
74.7.227.37 - - [14/Nov/2025:21:23:07 -0700] "GET /product1210285843?fileloc=/home/bt667/public_html/search.php&path=/home/bt667/public_html HTTP/1.1" 200 14010 "-" "Mozilla/5.0 AppleWebKit/537.36 (KHTML, like Gecko; compatible; GPTBot/1.3; +https://openai.com/gptbot)"
74.7.227.215 - - [14/Nov/2025:21:23:07 -0700] "GET /products/217dd29962 HTTP/1.1" 200 96782 "-" "Mozilla/5.0 AppleWebKit/537.36 (KHTML, like Gecko; compatible; GPTBot/1.3; +https://openai.com/gptbot)"
85.208.96.202 - - [14/Nov/2025:21:23:07 -0700] "GET /product71412182?kg=0071293960 HTTP/1.1" 200 96782 "-" "Mozilla/5.0 (compatible; SemrushBot/7~bl; +http://www.semrush.com/bot.html)"
57.141.2.63 - - [14/Nov/2025:21:23:07 -0700] "GET /product407058975?kg=0406382274 HTTP/1.1" 200 96782 "-" "meta-externalagent/1.1 (+https://developers.facebook.com/docs/sharing/webmasters/crawler)"
74.7.227.215 - - [14/Nov/2025:21:23:08 -0700] "GET /products/196qd26992 HTTP/1.1" 200 96782 "-" "Mozilla/5.0 AppleWebKit/537.36 (KHTML, like Gecko; compatible; GPTBot/1.3; +https://openai.com/gptbot)"
74.7.227.37 - - [14/Nov/2025:21:23:08 -0700] "GET /product639013250?fileloc=/home/bt667/public_html/search.php&path=/home/bt667/public_html HTTP/1.1" 200 14010 "-" "Mozilla/5.0 AppleWebKit/537.36 (KHTML, like Gecko; compatible; GPTBot/1.3; +https://openai.com/gptbot)"
57.141.2.15 - - [14/Nov/2025:21:23:08 -0700] "GET /product1349024257?kg=1346780226 HTTP/1.1" 200 96782 "-" "meta-externalagent/1.1 (+https://developers.facebook.com/docs/sharing/webmasters/crawler)"
136.243.228.182 - - [14/Nov/2025:21:23:08 -0700] "GET /product1076479786?kg=1074689240 HTTP/1.1" 200 96782 "-" "Mozilla/5.0 (compatible; DataForSeoBot/1.0; +https://dataforseo.com/dataforseo-bot)"
74.7.227.37 - - [14/Nov/2025:21:23:10 -0700] "GET /product339203214?fileloc=/home/bt667/public_html/search.php&path=/home/bt667/public_html HTTP/1.1" 200 14010 "-" "Mozilla/5.0 AppleWebKit/537.36 (KHTML, like Gecko; compatible; GPTBot/1.3; +https://openai.com/gptbot)"
74.7.227.215 - - [14/Nov/2025:21:23:10 -0700] "GET /products/140zv30550 HTTP/1.1" 200 96782 "-" "Mozilla/5.0 AppleWebKit/537.36 (KHTML, like Gecko; compatible; GPTBot/1.3; +https://openai.com/gptbot)"
57.141.2.30 - - [14/Nov/2025:21:23:10 -0700] "GET /product1419884867?kg=1417522930 HTTP/1.1" 200 96782 "-" "meta-externalagent/1.1 (+https://developers.facebook.com/docs/sharing/webmasters/crawler)"
57.141.2.90 - - [14/Nov/2025:21:23:11 -0700] "GET /product1009906529?kg=1008226754 HTTP/1.1" 200 96782 "-" "meta-externalagent/1.1 (+https://developers.facebook.com/docs/sharing/webmasters/crawler)"
74.7.227.37 - - [14/Nov/2025:21:23:11 -0700] "GET /product1430420107?fileloc=/home/bt667/public_html/search.php&path=/home/bt667/public_html HTTP/1.1" 200 14010 "-" "Mozilla/5.0 AppleWebKit/537.36 (KHTML, like Gecko; compatible; GPTBot/1.3; +https://openai.com/gptbot)"
74.7.227.215 - - [14/Nov/2025:21:23:11 -0700] "GET /products/297zm20767 HTTP/1.1" 200 96782 "-" "Mozilla/5.0 AppleWebKit/537.36 (KHTML, like Gecko; compatible; GPTBot/1.3; +https://openai.com/gptbot)"
57.141.2.20 - - [14/Nov/2025:21:23:11 -0700] "GET /product969145717?kg=0967533762 HTTP/1.1" 200 96782 "-" "meta-externalagent/1.1 (+https://developers.facebook.com/docs/sharing/webmasters/crawler)"
74.7.227.37 - - [14/Nov/2025:21:23:12 -0700] "GET /product615193214?fileloc=/home/bt667/public_html/search.php&path=/home/bt667/public_html HTTP/1.1" 200 14010 "-" "Mozilla/5.0 AppleWebKit/537.36 (KHTML, like Gecko; compatible; GPTBot/1.3; +https://openai.com/gptbot)"
136.243.228.182 - - [14/Nov/2025:21:23:12 -0700] "GET /product1076274534?kg=1074484328 HTTP/1.1" 200 96782 "-" "Mozilla/5.0 (compatible; DataForSeoBot/1.0; +https://dataforseo.com/dataforseo-bot)"
74.7.227.215 - - [14/Nov/2025:21:23:12 -0700] "GET /products/223xh40131 HTTP/1.1" 200 96782 "-" "Mozilla/5.0 AppleWebKit/537.36 (KHTML, like Gecko; compatible; GPTBot/1.3; +https://openai.com/gptbot)"
74.7.227.37 - - [14/Nov/2025:21:23:13 -0700] "GET /product1011244842?fileloc=/home/bt667/public_html/search.php&path=/home/bt667/public_html HTTP/1.1" 200 14010 "-" "Mozilla/5.0 AppleWebKit/537.36 (KHTML, like Gecko; compatible; GPTBot/1.3; +https://openai.com/gptbot)"
74.7.227.215 - - [14/Nov/2025:21:23:14 -0700] "GET /products/145qn40158 HTTP/1.1" 200 96782 "-" "Mozilla/5.0 AppleWebKit/537.36 (KHTML, like Gecko; compatible; GPTBot/1.3; +https://openai.com/gptbot)"
74.7.227.37 - - [14/Nov/2025:21:23:14 -0700] "GET /product853823127?fileloc=/home/bt667/public_html/search.php&path=/home/bt667/public_html HTTP/1.1" 200 14010 "-" "Mozilla/5.0 AppleWebKit/537.36 (KHTML, like Gecko; compatible; GPTBot/1.3; +https://openai.com/gptbot)"
74.7.227.215 - - [14/Nov/2025:21:23:15 -0700] "GET /products/103yw30049?path=/home/bt667/public_html/stagging HTTP/1.1" 200 59198 "-" "Mozilla/5.0 AppleWebKit/537.36 (KHTML, like Gecko; compatible; GPTBot/1.3; +https://openai.com/gptbot)"
74.7.227.37 - - [14/Nov/2025:21:23:15 -0700] "GET /product391401869?fileloc=/home/bt667/public_html/search.php&path=/home/bt667/public_html HTTP/1.1" 200 14010 "-" "Mozilla/5.0 AppleWebKit/537.36 (KHTML, like Gecko; compatible; GPTBot/1.3; +https://openai.com/gptbot)"
57.141.2.12 - - [14/Nov/2025:21:23:15 -0700] "GET /product990777330?kg=0989129384 HTTP/1.1" 200 96782 "-" "meta-externalagent/1.1 (+https://developers.facebook.com/docs/sharing/webmasters/crawler)"
85.208.96.205 - - [14/Nov/2025:21:23:16 -0700] "GET /product775976977?kg=0774686434 HTTP/1.1" 200 96782 "-" "Mozilla/5.0 (compatible; SemrushBot/7~bl; +http://www.semrush.com/bot.html)"
74.7.227.215 - - [14/Nov/2025:21:23:16 -0700] "GET /products/259ta17987 HTTP/1.1" 200 96782 "-" "Mozilla/5.0 AppleWebKit/537.36 (KHTML, like Gecko; compatible; GPTBot/1.3; +https://openai.com/gptbot)"
74.7.227.37 - - [14/Nov/2025:21:23:16 -0700] "GET /product327408100?fileloc=/home/bt667/public_html/search.php&path=/home/bt667/public_html HTTP/1.1" 200 14010 "-" "Mozilla/5.0 AppleWebKit/537.36 (KHTML, like Gecko; compatible; GPTBot/1.3; +https://openai.com/gptbot)"
136.243.228.182 - - [14/Nov/2025:21:23:16 -0700] "GET /product1076342968?kg=1074552648 HTTP/1.1" 200 96782 "-" "Mozilla/5.0 (compatible; DataForSeoBot/1.0; +https://dataforseo.com/dataforseo-bot)"
57.141.2.95 - - [14/Nov/2025:21:23:16 -0700] "GET /product799453239?kg=0798123634 HTTP/1.1" 200 96782 "-" "meta-externalagent/1.1 (+https://developers.facebook.com/docs/sharing/webmasters/crawler)"
74.7.227.215 - - [14/Nov/2025:21:23:17 -0700] "GET /products/215zz23187 HTTP/1.1" 200 96782 "-" "Mozilla/5.0 AppleWebKit/537.36 (KHTML, like Gecko; compatible; GPTBot/1.3; +https://openai.com/gptbot)"
74.7.227.37 - - [14/Nov/2025:21:23:17 -0700] "GET /product123129909?fileloc=/home/bt667/public_html/search.php&path=/home/bt667/public_html HTTP/1.1" 200 14010 "-" "Mozilla/5.0 AppleWebKit/537.36 (KHTML, like Gecko; compatible; GPTBot/1.3; +https://openai.com/gptbot)"
57.141.2.17 - - [14/Nov/2025:21:23:17 -0700] "GET /product969117306?kg=0967505400 HTTP/1.1" 200 96782 "-" "meta-externalagent/1.1 (+https://developers.facebook.com/docs/sharing/webmasters/crawler)"
57.141.2.85 - - [14/Nov/2025:21:23:18 -0700] "GET /product1010433604?kg=1008752952 HTTP/1.1" 200 96782 "-" "meta-externalagent/1.1 (+https://developers.facebook.com/docs/sharing/webmasters/crawler)"
74.7.227.215 - - [14/Nov/2025:21:23:18 -0700] "GET /products/151pc36733 HTTP/1.1" 200 96782 "-" "Mozilla/5.0 AppleWebKit/537.36 (KHTML, like Gecko; compatible; GPTBot/1.3; +https://openai.com/gptbot)"
74.7.227.37 - - [14/Nov/2025:21:23:19 -0700] "GET /product449521506?fileloc=/home/bt667/public_html/search.php&path=/home/bt667/public_html HTTP/1.1" 200 14010 "-" "Mozilla/5.0 AppleWebKit/537.36 (KHTML, like Gecko; compatible; GPTBot/1.3; +https://openai.com/gptbot)"
74.7.227.215 - - [14/Nov/2025:21:23:19 -0700] "GET /products/108ic10269 HTTP/1.1" 200 96782 "-" "Mozilla/5.0 AppleWebKit/537.36 (KHTML, like Gecko; compatible; GPTBot/1.3; +https://openai.com/gptbot)"
74.7.227.37 - - [14/Nov/2025:21:23:20 -0700] "GET /product951001932?fileloc=/home/bt667/public_html/search.php&path=/home/bt667/public_html HTTP/1.1" 200 14010 "-" "Mozilla/5.0 AppleWebKit/537.36 (KHTML, like Gecko; compatible; GPTBot/1.3; +https://openai.com/gptbot)"
57.141.2.5 - - [14/Nov/2025:21:23:20 -0700] "GET /product733484456?kg=0732264616 HTTP/1.1" 200 96782 "-" "meta-externalagent/1.1 (+https://developers.facebook.com/docs/sharing/webmasters/crawler)"
136.243.228.182 - - [14/Nov/2025:21:23:20 -0700] "GET /product1076543654?kg=1074753000 HTTP/1.1" 200 96782 "-" "Mozilla/5.0 (compatible; DataForSeoBot/1.0; +https://dataforseo.com/dataforseo-bot)"
57.141.2.63 - - [14/Nov/2025:21:23:20 -0700] "GET /product1287004076?kg=1284863240 HTTP/1.1" 200 96782 "-" "meta-externalagent/1.1 (+https://developers.facebook.com/docs/sharing/webmasters/crawler)"
74.7.227.215 - - [14/Nov/2025:21:23:21 -0700] "GET /products/140zv30550?fileloc=/home/bt667/public_html/themes.php&path=/home/bt667/public_html HTTP/1.1" 200 90749 "-" "Mozilla/5.0 AppleWebKit/537.36 (KHTML, like Gecko; compatible; GPTBot/1.3; +https://openai.com/gptbot)"
74.7.227.37 - - [14/Nov/2025:21:23:22 -0700] "GET /product495135509?fileloc=/home/bt667/public_html/search.php&path=/home/bt667/public_html HTTP/1.1" 200 14010 "-" "Mozilla/5.0 AppleWebKit/537.36 (KHTML, like Gecko; compatible; GPTBot/1.3; +https://openai.com/gptbot)"
74.7.227.215 - - [14/Nov/2025:21:23:23 -0700] "GET /products/295on40434 HTTP/1.1" 200 96782 "-" "Mozilla/5.0 AppleWebKit/537.36 (KHTML, like Gecko; compatible; GPTBot/1.3; +https://openai.com/gptbot)"
74.7.227.37 - - [14/Nov/2025:21:23:23 -0700] "GET /product339431594?fileloc=/home/bt667/public_html/search.php&path=/home/bt667/public_html HTTP/1.1" 200 14010 "-" "Mozilla/5.0 AppleWebKit/537.36 (KHTML, like Gecko; compatible; GPTBot/1.3; +https://openai.com/gptbot)"
85.208.96.206 - - [14/Nov/2025:21:23:23 -0700] "GET /product71189684?kg=0071071832 HTTP/1.1" 200 96782 "-" "Mozilla/5.0 (compatible; SemrushBot/7~bl; +http://www.semrush.com/bot.html)"
136.243.228.182 - - [14/Nov/2025:21:23:24 -0700] "GET /product1076165643?kg=1074375618 HTTP/1.1" 200 96782 "-" "Mozilla/5.0 (compatible; DataForSeoBot/1.0; +https://dataforseo.com/dataforseo-bot)"
74.7.227.215 - - [14/Nov/2025:21:23:25 -0700] "GET /products/210ra36124 HTTP/1.1" 200 96782 "-" "Mozilla/5.0 AppleWebKit/537.36 (KHTML, like Gecko; compatible; GPTBot/1.3; +https://openai.com/gptbot)"
57.141.2.92 - - [14/Nov/2025:21:23:25 -0700] "GET /product773523010?kg=0772236552 HTTP/1.1" 200 96782 "-" "meta-externalagent/1.1 (+https://developers.facebook.com/docs/sharing/webmasters/crawler)"
74.7.227.37 - - [14/Nov/2025:21:23:25 -0700] "GET /product431085278?fileloc=/home/bt667/public_html/search.php&path=/home/bt667/public_html HTTP/1.1" 200 14010 "-" "Mozilla/5.0 AppleWebKit/537.36 (KHTML, like Gecko; compatible; GPTBot/1.3; +https://openai.com/gptbot)"
74.7.227.215 - - [14/Nov/2025:21:23:27 -0700] "GET /products/251sa41559 HTTP/1.1" 200 96782 "-" "Mozilla/5.0 AppleWebKit/537.36 (KHTML, like Gecko; compatible; GPTBot/1.3; +https://openai.com/gptbot)"
74.7.227.37 - - [14/Nov/2025:21:23:27 -0700] "GET /product44102404?path=/ HTTP/1.1" 200 48880 "-" "Mozilla/5.0 AppleWebKit/537.36 (KHTML, like Gecko; compatible; GPTBot/1.3; +https://openai.com/gptbot)"
57.141.2.93 - - [14/Nov/2025:21:23:27 -0700] "GET /product97549969?kg=0097388258 HTTP/1.1" 200 96782 "-" "meta-externalagent/1.1 (+https://developers.facebook.com/docs/sharing/webmasters/crawler)"
136.243.228.182 - - [14/Nov/2025:21:23:28 -0700] "GET /product1076318135?kg=1074527858 HTTP/1.1" 200 96782 "-" "Mozilla/5.0 (compatible; DataForSeoBot/1.0; +https://dataforseo.com/dataforseo-bot)"
74.7.227.215 - - [14/Nov/2025:21:23:28 -0700] "GET /products/256zh12605 HTTP/1.1" 200 96782 "-" "Mozilla/5.0 AppleWebKit/537.36 (KHTML, like Gecko; compatible; GPTBot/1.3; +https://openai.com/gptbot)"
74.7.227.37 - - [14/Nov/2025:21:23:28 -0700] "GET /product435003816?fileloc=/home/bt667/public_html/search.php&path=/home/bt667/public_html HTTP/1.1" 200 14010 "-" "Mozilla/5.0 AppleWebKit/537.36 (KHTML, like Gecko; compatible; GPTBot/1.3; +https://openai.com/gptbot)"
185.191.171.4 - - [14/Nov/2025:21:23:29 -0700] "GET /product1143246?kg=0001141944 HTTP/1.1" 200 96782 "-" "Mozilla/5.0 (compatible; SemrushBot/7~bl; +http://www.semrush.com/bot.html)"
57.141.2.95 - - [14/Nov/2025:21:23:29 -0700] "GET /product812324644?kg=0810973624 HTTP/1.1" 200 96782 "-" "meta-externalagent/1.1 (+https://developers.facebook.com/docs/sharing/webmasters/crawler)"
57.141.2.88 - - [14/Nov/2025:21:23:30 -0700] "GET /product1442872859?kg=1440472674 HTTP/1.1" 200 96782 "-" "meta-externalagent/1.1 (+https://developers.facebook.com/docs/sharing/webmasters/crawler)"
74.7.227.37 - - [14/Nov/2025:21:23:30 -0700] "GET /product1010885734?fileloc=/home/bt667/public_html/search.php&path=/home/bt667/public_html HTTP/1.1" 200 14010 "-" "Mozilla/5.0 AppleWebKit/537.36 (KHTML, like Gecko; compatible; GPTBot/1.3; +https://openai.com/gptbot)"
74.7.227.215 - - [14/Nov/2025:21:23:30 -0700] "GET /products/235bc35747 HTTP/1.1" 200 96782 "-" "Mozilla/5.0 AppleWebKit/537.36 (KHTML, like Gecko; compatible; GPTBot/1.3; +https://openai.com/gptbot)"
57.141.2.82 - - [14/Nov/2025:21:23:31 -0700] "GET /product1444530579?kg=1442127634 HTTP/1.1" 200 96782 "-" "meta-externalagent/1.1 (+https://developers.facebook.com/docs/sharing/webmasters/crawler)"
57.141.2.68 - - [14/Nov/2025:21:23:31 -0700] "GET /product885026119?kg=0883554130 HTTP/1.1" 200 96782 "-" "meta-externalagent/1.1 (+https://developers.facebook.com/docs/sharing/webmasters/crawler)"
74.7.227.37 - - [14/Nov/2025:21:23:32 -0700] "GET /product298418280?fileloc=/home/bt667/public_html/search.php&path=/home/bt667/public_html HTTP/1.1" 200 14010 "-" "Mozilla/5.0 AppleWebKit/537.36 (KHTML, like Gecko; compatible; GPTBot/1.3; +https://openai.com/gptbot)"
74.7.227.215 - - [14/Nov/2025:21:23:32 -0700] "GET /products/110ur14692 HTTP/1.1" 200 96782 "-" "Mozilla/5.0 AppleWebKit/537.36 (KHTML, like Gecko; compatible; GPTBot/1.3; +https://openai.com/gptbot)"
136.243.228.182 - - [14/Nov/2025:21:23:33 -0700] "GET /product1076332705?kg=1074542402 HTTP/1.1" 200 96782 "-" "Mozilla/5.0 (compatible; DataForSeoBot/1.0; +https://dataforseo.com/dataforseo-bot)"
74.7.227.37 - - [14/Nov/2025:21:23:34 -0700] "GET /product854179502?fileloc=/home/bt667/public_html/search.php&path=/home/bt667/public_html HTTP/1.1" 200 14010 "-" "Mozilla/5.0 AppleWebKit/537.36 (KHTML, like Gecko; compatible; GPTBot/1.3; +https://openai.com/gptbot)"
74.7.227.215 - - [14/Nov/2025:21:23:35 -0700] "GET /products/264qn24481 HTTP/1.1" 200 96782 "-" "Mozilla/5.0 AppleWebKit/537.36 (KHTML, like Gecko; compatible; GPTBot/1.3; +https://openai.com/gptbot)"
57.141.2.98 - - [14/Nov/2025:21:23:35 -0700] "GET /product1048369798?kg=1046626024 HTTP/1.1" 200 96782 "-" "meta-externalagent/1.1 (+https://developers.facebook.com/docs/sharing/webmasters/crawler)"
74.7.227.37 - - [14/Nov/2025:21:23:37 -0700] "GET /product750174192?fileloc=/home/bt667/public_html/search.php&path=/home/bt667/public_html HTTP/1.1" 200 14010 "-" "Mozilla/5.0 AppleWebKit/537.36 (KHTML, like Gecko; compatible; GPTBot/1.3; +https://openai.com/gptbot)"
74.7.227.215 - - [14/Nov/2025:21:23:37 -0700] "GET /products/249pm44125 HTTP/1.1" 200 96782 "-" "Mozilla/5.0 AppleWebKit/537.36 (KHTML, like Gecko; compatible; GPTBot/1.3; +https://openai.com/gptbot)"
57.141.2.11 - - [14/Nov/2025:21:23:37 -0700] "GET /product1287162852?kg=1285021752 HTTP/1.1" 200 96782 "-" "meta-externalagent/1.1 (+https://developers.facebook.com/docs/sharing/webmasters/crawler)"
136.243.228.182 - - [14/Nov/2025:21:23:37 -0700] "GET /product1076476911?kg=1074686370 HTTP/1.1" 200 96782 "-" "Mozilla/5.0 (compatible; DataForSeoBot/1.0; +https://dataforseo.com/dataforseo-bot)"
57.141.2.18 - - [14/Nov/2025:21:23:38 -0700] "GET /product405788148?kg=0405113560 HTTP/1.1" 200 96782 "-" "meta-externalagent/1.1 (+https://developers.facebook.com/docs/sharing/webmasters/crawler)"
74.7.227.37 - - [14/Nov/2025:21:23:39 -0700] "GET /product993244455?fileloc=/home/bt667/public_html/wp-config-sample.php&path=/home/bt667/public_html HTTP/1.1" 200 16057 "-" "Mozilla/5.0 AppleWebKit/537.36 (KHTML, like Gecko; compatible; GPTBot/1.3; +https://openai.com/gptbot)"
74.7.227.215 - - [14/Nov/2025:21:23:40 -0700] "GET /products/209hn13011 HTTP/1.1" 200 96782 "-" "Mozilla/5.0 AppleWebKit/537.36 (KHTML, like Gecko; compatible; GPTBot/1.3; +https://openai.com/gptbot)"
57.141.2.66 - - [14/Nov/2025:21:23:40 -0700] "GET /product694636353?kg=0693481154 HTTP/1.1" 200 96782 "-" "meta-externalagent/1.1 (+https://developers.facebook.com/docs/sharing/webmasters/crawler)"
74.7.227.37 - - [14/Nov/2025:21:23:42 -0700] "GET /product802056312?fileloc=/home/bt667/public_html/stagging/mvp_live_march_13_2024.zip&path=/home/bt667/public_html/stagging HTTP/1.1" 500 2653 "-" "Mozilla/5.0 AppleWebKit/537.36 (KHTML, like Gecko; compatible; GPTBot/1.3; +https://openai.com/gptbot)"
74.7.227.215 - - [14/Nov/2025:21:23:42 -0700] "GET /products/243sn47255 HTTP/1.1" 200 96782 "-" "Mozilla/5.0 AppleWebKit/537.36 (KHTML, like Gecko; compatible; GPTBot/1.3; +https://openai.com/gptbot)"
136.243.228.182 - - [14/Nov/2025:21:23:42 -0700] "GET /product1076363498?kg=1074573144 HTTP/1.1" 200 96782 "-" "Mozilla/5.0 (compatible; DataForSeoBot/1.0; +https://dataforseo.com/dataforseo-bot)"
74.7.227.37 - - [14/Nov/2025:21:23:44 -0700] "GET /product44102404?path=//backup HTTP/1.1" 200 12639 "-" "Mozilla/5.0 AppleWebKit/537.36 (KHTML, like Gecko; compatible; GPTBot/1.3; +https://openai.com/gptbot)"
74.7.227.215 - - [14/Nov/2025:21:23:44 -0700] "GET /products/240qt39034 HTTP/1.1" 200 96782 "-" "Mozilla/5.0 AppleWebKit/537.36 (KHTML, like Gecko; compatible; GPTBot/1.3; +https://openai.com/gptbot)"
57.141.2.88 - - [14/Nov/2025:21:23:44 -0700] "GET /product800259322?kg=0798928376 HTTP/1.1" 200 96782 "-" "meta-externalagent/1.1 (+https://developers.facebook.com/docs/sharing/webmasters/crawler)"
74.7.227.37 - - [14/Nov/2025:21:23:46 -0700] "GET /product1480742452?fileloc=/home/bt667/public_html/stagging/mvp_live_march_13_2024.zip&path=/home/bt667/public_html/stagging HTTP/1.1" 500 2653 "-" "Mozilla/5.0 AppleWebKit/537.36 (KHTML, like Gecko; compatible; GPTBot/1.3; +https://openai.com/gptbot)"
74.7.227.215 - - [14/Nov/2025:21:23:46 -0700] "GET /products/248tt25990 HTTP/1.1" 200 96782 "-" "Mozilla/5.0 AppleWebKit/537.36 (KHTML, like Gecko; compatible; GPTBot/1.3; +https://openai.com/gptbot)"
136.243.228.182 - - [14/Nov/2025:21:23:46 -0700] "GET /product1076517354?kg=1074726744 HTTP/1.1" 200 96782 "-" "Mozilla/5.0 (compatible; DataForSeoBot/1.0; +https://dataforseo.com/dataforseo-bot)"
57.141.2.71 - - [14/Nov/2025:21:23:46 -0700] "GET /product239088666?kg=0238691448 HTTP/1.1" 200 96782 "-" "meta-externalagent/1.1 (+https://developers.facebook.com/docs/sharing/webmasters/crawler)"
74.7.227.215 - - [14/Nov/2025:21:23:48 -0700] "GET /products/101xj38877 HTTP/1.1" 200 96782 "-" "Mozilla/5.0 AppleWebKit/537.36 (KHTML, like Gecko; compatible; GPTBot/1.3; +https://openai.com/gptbot)"
74.7.227.37 - - [14/Nov/2025:21:23:48 -0700] "GET /product1411131026?path=/home/bt667/public_html/.tmb HTTP/1.1" 200 12782 "-" "Mozilla/5.0 AppleWebKit/537.36 (KHTML, like Gecko; compatible; GPTBot/1.3; +https://openai.com/gptbot)"
74.7.227.215 - - [14/Nov/2025:21:23:50 -0700] "GET /products/144vq24532 HTTP/1.1" 200 96782 "-" "Mozilla/5.0 AppleWebKit/537.36 (KHTML, like Gecko; compatible; GPTBot/1.3; +https://openai.com/gptbot)"
136.243.228.182 - - [14/Nov/2025:21:23:50 -0700] "GET /product1076129437?kg=1074339474 HTTP/1.1" 200 96782 "-" "Mozilla/5.0 (compatible; DataForSeoBot/1.0; +https://dataforseo.com/dataforseo-bot)"
74.7.227.215 - - [14/Nov/2025:21:23:51 -0700] "GET /products/188qp36534 HTTP/1.1" 200 96782 "-" "Mozilla/5.0 AppleWebKit/537.36 (KHTML, like Gecko; compatible; GPTBot/1.3; +https://openai.com/gptbot)"
74.7.227.215 - - [14/Nov/2025:21:23:52 -0700] "GET /products/296wu24643 HTTP/1.1" 200 96782 "-" "Mozilla/5.0 AppleWebKit/537.36 (KHTML, like Gecko; compatible; GPTBot/1.3; +https://openai.com/gptbot)"
57.141.2.69 - - [14/Nov/2025:21:23:53 -0700] "GET /product819335617?kg=0817972930 HTTP/1.1" 200 96782 "-" "meta-externalagent/1.1 (+https://developers.facebook.com/docs/sharing/webmasters/crawler)"
57.141.2.95 - - [14/Nov/2025:21:23:54 -0700] "GET /product297269643?kg=0296775618 HTTP/1.1" 200 96782 "-" "meta-externalagent/1.1 (+https://developers.facebook.com/docs/sharing/webmasters/crawler)"
74.7.227.215 - - [14/Nov/2025:21:23:54 -0700] "GET /products/108tu17478 HTTP/1.1" 200 96782 "-" "Mozilla/5.0 AppleWebKit/537.36 (KHTML, like Gecko; compatible; GPTBot/1.3; +https://openai.com/gptbot)"
136.243.228.182 - - [14/Nov/2025:21:23:54 -0700] "GET /product1076049081?kg=1074259250 HTTP/1.1" 200 96782 "-" "Mozilla/5.0 (compatible; DataForSeoBot/1.0; +https://dataforseo.com/dataforseo-bot)"
57.141.2.77 - - [14/Nov/2025:21:23:54 -0700] "GET /product303926319?kg=0303421218 HTTP/1.1" 200 96782 "-" "meta-externalagent/1.1 (+https://developers.facebook.com/docs/sharing/webmasters/crawler)"
74.7.227.37 - - [14/Nov/2025:21:23:54 -0700] "GET /product767397245?fileloc=/home/bt667/public_html/stagging/mvp_live_march_13_2024.zip&path=/home/bt667/public_html/stagging HTTP/1.1" 500 2653 "-" "Mozilla/5.0 AppleWebKit/537.36 (KHTML, like Gecko; compatible; GPTBot/1.3; +https://openai.com/gptbot)"
57.141.2.60 - - [14/Nov/2025:21:23:55 -0700] "GET /product230504681?kg=0230121746 HTTP/1.1" 200 96782 "-" "meta-externalagent/1.1 (+https://developers.facebook.com/docs/sharing/webmasters/crawler)"
74.7.227.215 - - [14/Nov/2025:21:23:56 -0700] "GET /products/185za18451 HTTP/1.1" 200 96782 "-" "Mozilla/5.0 AppleWebKit/537.36 (KHTML, like Gecko; compatible; GPTBot/1.3; +https://openai.com/gptbot)"
57.141.2.86 - - [14/Nov/2025:21:23:56 -0700] "GET /product456985247?kg=0456225474 HTTP/1.1" 200 96782 "-" "meta-externalagent/1.1 (+https://developers.facebook.com/docs/sharing/webmasters/crawler)"
57.141.2.86 - - [14/Nov/2025:21:23:57 -0700] "GET /product346094086?kg=0345518824 HTTP/1.1" 200 96782 "-" "meta-externalagent/1.1 (+https://developers.facebook.com/docs/sharing/webmasters/crawler)"
74.7.227.215 - - [14/Nov/2025:21:23:57 -0700] "GET /products/238hh30612 HTTP/1.1" 200 96782 "-" "Mozilla/5.0 AppleWebKit/537.36 (KHTML, like Gecko; compatible; GPTBot/1.3; +https://openai.com/gptbot)"
57.141.2.34 - - [14/Nov/2025:21:23:58 -0700] "GET /product53355722?kg=0053267544 HTTP/1.1" 200 96782 "-" "meta-externalagent/1.1 (+https://developers.facebook.com/docs/sharing/webmasters/crawler)"
136.243.228.182 - - [14/Nov/2025:21:23:59 -0700] "GET /product1076241529?kg=1074451378 HTTP/1.1" 200 96782 "-" "Mozilla/5.0 (compatible; DataForSeoBot/1.0; +https://dataforseo.com/dataforseo-bot)"
74.7.227.215 - - [14/Nov/2025:21:23:59 -0700] "GET /products/168ze10113 HTTP/1.1" 200 96782 "-" "Mozilla/5.0 AppleWebKit/537.36 (KHTML, like Gecko; compatible; GPTBot/1.3; +https://openai.com/gptbot)"
74.7.227.37 - - [14/Nov/2025:21:24:00 -0700] "GET /product1011194049?path=/home/bt667/public_html/.tmb HTTP/1.1" 200 12782 "-" "Mozilla/5.0 AppleWebKit/537.36 (KHTML, like Gecko; compatible; GPTBot/1.3; +https://openai.com/gptbot)"
57.141.2.33 - - [14/Nov/2025:21:24:00 -0700] "GET /product1300159705?kg=1297996978 HTTP/1.1" 200 96782 "-" "meta-externalagent/1.1 (+https://developers.facebook.com/docs/sharing/webmasters/crawler)"
74.7.227.215 - - [14/Nov/2025:21:24:01 -0700] "GET /products/185zu46584 HTTP/1.1" 200 96782 "-" "Mozilla/5.0 AppleWebKit/537.36 (KHTML, like Gecko; compatible; GPTBot/1.3; +https://openai.com/gptbot)"
185.191.171.15 - - [14/Nov/2025:21:24:01 -0700] "GET /product1416806998?kg=1414450184 HTTP/1.1" 200 96782 "-" "Mozilla/5.0 (compatible; SemrushBot/7~bl; +http://www.semrush.com/bot.html)"
57.141.2.76 - - [14/Nov/2025:21:24:02 -0700] "GET /product304287468?kg=0303781768 HTTP/1.1" 200 96782 "-" "meta-externalagent/1.1 (+https://developers.facebook.com/docs/sharing/webmasters/crawler)"
136.243.228.182 - - [14/Nov/2025:21:24:02 -0700] "GET /product1076084456?kg=1074294568 HTTP/1.1" 200 96782 "-" "Mozilla/5.0 (compatible; DataForSeoBot/1.0; +https://dataforseo.com/dataforseo-bot)"
74.7.227.215 - - [14/Nov/2025:21:24:03 -0700] "GET /products/119zn43431 HTTP/1.1" 200 96782 "-" "Mozilla/5.0 AppleWebKit/537.36 (KHTML, like Gecko; compatible; GPTBot/1.3; +https://openai.com/gptbot)"
57.141.2.33 - - [14/Nov/2025:21:24:03 -0700] "GET /product670678560?kg=0669563224 HTTP/1.1" 200 96782 "-" "meta-externalagent/1.1 (+https://developers.facebook.com/docs/sharing/webmasters/crawler)"
114.119.136.100 - - [14/Nov/2025:21:24:02 -0700] "GET /product763633461?kg=0762363458 HTTP/1.1" 200 96782 "http://marketersvideoplayer.com/sitemap-subkey-2815.xml" "Mozilla/5.0 (Linux; Android 7.0;) AppleWebKit/537.36 (KHTML, like Gecko) Mobile Safari/537.36 (compatible; PetalBot;+https://webmaster.petalsearch.com/site/petalbot)"
74.7.227.215 - - [14/Nov/2025:21:24:05 -0700] "GET /products/142wc49229 HTTP/1.1" 200 96782 "-" "Mozilla/5.0 AppleWebKit/537.36 (KHTML, like Gecko; compatible; GPTBot/1.3; +https://openai.com/gptbot)"
57.141.2.78 - - [14/Nov/2025:21:24:05 -0700] "GET /product46804532?kg=0046727256 HTTP/1.1" 200 96782 "-" "meta-externalagent/1.1 (+https://developers.facebook.com/docs/sharing/webmasters/crawler)"
57.141.2.61 - - [14/Nov/2025:21:24:06 -0700] "GET /product344268392?kg=0343696168 HTTP/1.1" 200 96782 "-" "meta-externalagent/1.1 (+https://developers.facebook.com/docs/sharing/webmasters/crawler)"
74.7.227.215 - - [14/Nov/2025:21:24:06 -0700] "GET /products/256zh12605?fileloc=/home/bt667/public_html/index.php0&path=/home/bt667/public_html HTTP/1.1" 200 51916 "-" "Mozilla/5.0 AppleWebKit/537.36 (KHTML, like Gecko; compatible; GPTBot/1.3; +https://openai.com/gptbot)"
85.208.96.199 - - [14/Nov/2025:21:24:06 -0700] "GET /product776445595?kg=0775154274 HTTP/1.1" 200 96782 "-" "Mozilla/5.0 (compatible; SemrushBot/7~bl; +http://www.semrush.com/bot.html)"
136.243.228.182 - - [14/Nov/2025:21:24:06 -0700] "GET /product1076561229?kg=1074770546 HTTP/1.1" 200 96782 "-" "Mozilla/5.0 (compatible; DataForSeoBot/1.0; +https://dataforseo.com/dataforseo-bot)"
57.141.2.93 - - [14/Nov/2025:21:24:08 -0700] "GET /product171736353?kg=0171451202 HTTP/1.1" 200 96782 "-" "meta-externalagent/1.1 (+https://developers.facebook.com/docs/sharing/webmasters/crawler)"
74.7.227.215 - - [14/Nov/2025:21:24:08 -0700] "GET /products/170fr45305 HTTP/1.1" 200 96782 "-" "Mozilla/5.0 AppleWebKit/537.36 (KHTML, like Gecko; compatible; GPTBot/1.3; +https://openai.com/gptbot)"
57.141.2.11 - - [14/Nov/2025:21:24:08 -0700] "GET /product43260437?kg=0043189058 HTTP/1.1" 200 96782 "-" "meta-externalagent/1.1 (+https://developers.facebook.com/docs/sharing/webmasters/crawler)"
57.141.2.17 - - [14/Nov/2025:21:24:09 -0700] "GET /product998809747?kg=0997148434 HTTP/1.1" 200 96782 "-" "meta-externalagent/1.1 (+https://developers.facebook.com/docs/sharing/webmasters/crawler)"
74.7.227.215 - - [14/Nov/2025:21:24:10 -0700] "GET /products/185za18451?fileloc=/home/bt667/public_html/xmlrpc.php&path=/home/bt667/public_html HTTP/1.1" 200 16206 "-" "Mozilla/5.0 AppleWebKit/537.36 (KHTML, like Gecko; compatible; GPTBot/1.3; +https://openai.com/gptbot)"
185.191.171.13 - - [14/Nov/2025:21:24:10 -0700] "GET /product1057209?kg=0001056050 HTTP/1.1" 200 96782 "-" "Mozilla/5.0 (compatible; SemrushBot/7~bl; +http://www.semrush.com/bot.html)"
57.141.2.33 - - [14/Nov/2025:21:24:10 -0700] "GET /product1442312398?kg=1439913144 HTTP/1.1" 200 96782 "-" "meta-externalagent/1.1 (+https://developers.facebook.com/docs/sharing/webmasters/crawler)"
74.7.227.215 - - [14/Nov/2025:21:24:11 -0700] "GET /products/185za18451?fileloc=/home/bt667/public_html/defaults.php&path=/home/bt667/public_html HTTP/1.1" 200 14903 "-" "Mozilla/5.0 AppleWebKit/537.36 (KHTML, like Gecko; compatible; GPTBot/1.3; +https://openai.com/gptbot)"
136.243.228.182 - - [14/Nov/2025:21:24:11 -0700] "GET /product1076059280?kg=1074269432 HTTP/1.1" 200 96782 "-" "Mozilla/5.0 (compatible; DataForSeoBot/1.0; +https://dataforseo.com/dataforseo-bot)"
57.141.2.72 - - [14/Nov/2025:21:24:11 -0700] "GET /product852619925?kg=0851201858 HTTP/1.1" 200 96782 "-" "meta-externalagent/1.1 (+https://developers.facebook.com/docs/sharing/webmasters/crawler)"
57.141.2.68 - - [14/Nov/2025:21:24:11 -0700] "GET /product1131161282?kg=1129279752 HTTP/1.1" 200 96782 "-" "meta-externalagent/1.1 (+https://developers.facebook.com/docs/sharing/webmasters/crawler)"
74.7.227.215 - - [14/Nov/2025:21:24:12 -0700] "GET /products/168ze10113?fileloc=/home/bt667/public_html/license.txt&path=/home/bt667/public_html HTTP/1.1" 200 32416 "-" "Mozilla/5.0 AppleWebKit/537.36 (KHTML, like Gecko; compatible; GPTBot/1.3; +https://openai.com/gptbot)"
57.141.2.69 - - [14/Nov/2025:21:24:13 -0700] "GET /product969110875?kg=0967498978 HTTP/1.1" 200 96782 "-" "meta-externalagent/1.1 (+https://developers.facebook.com/docs/sharing/webmasters/crawler)"
74.7.227.215 - - [14/Nov/2025:21:24:13 -0700] "GET /products/204yj22950 HTTP/1.1" 200 96782 "-" "Mozilla/5.0 AppleWebKit/537.36 (KHTML, like Gecko; compatible; GPTBot/1.3; +https://openai.com/gptbot)"
57.141.2.38 - - [14/Nov/2025:21:24:14 -0700] "GET /product969200196?kg=0967588152 HTTP/1.1" 200 96782 "-" "meta-externalagent/1.1 (+https://developers.facebook.com/docs/sharing/webmasters/crawler)"
57.141.2.21 - - [14/Nov/2025:21:24:14 -0700] "GET /product985740822?kg=0984101256 HTTP/1.1" 200 96782 "-" "meta-externalagent/1.1 (+https://developers.facebook.com/docs/sharing/webmasters/crawler)"
74.7.227.215 - - [14/Nov/2025:21:24:14 -0700] "GET /products/142wc49229?path=/home/bt667/public_html/testFolder HTTP/1.1" 200 14304 "-" "Mozilla/5.0 AppleWebKit/537.36 (KHTML, like Gecko; compatible; GPTBot/1.3; +https://openai.com/gptbot)"
136.243.228.182 - - [14/Nov/2025:21:24:14 -0700] "GET /product1076137378?kg=1074347400 HTTP/1.1" 200 96782 "-" "Mozilla/5.0 (compatible; DataForSeoBot/1.0; +https://dataforseo.com/dataforseo-bot)"
74.7.227.215 - - [14/Nov/2025:21:24:15 -0700] "GET /products/237dt44130 HTTP/1.1" 200 96782 "-" "Mozilla/5.0 AppleWebKit/537.36 (KHTML, like Gecko; compatible; GPTBot/1.3; +https://openai.com/gptbot)"
173.208.176.202 - - [14/Nov/2025:21:22:48 -0700] "GET /wp-content/qqceaf5b/index.php?id=449899 HTTP/1.1" 200 - "http://marketersvideoplayer.com/wp-content/qqceaf5b/index.php?id=449899" "Mozilla/5.0 (Windows NT 10.0; Win64; x64) AppleWebKit/537.36 (KHTML, like Gecko) Chrome/58.0.3029.110 Safari/537.3"
57.141.2.87 - - [14/Nov/2025:21:24:15 -0700] "GET /product250460107?kg=0250043970 HTTP/1.1" 200 96782 "-" "meta-externalagent/1.1 (+https://developers.facebook.com/docs/sharing/webmasters/crawler)"
74.7.227.215 - - [14/Nov/2025:21:24:16 -0700] "GET /products/282jp19900 HTTP/1.1" 200 96782 "-" "Mozilla/5.0 AppleWebKit/537.36 (KHTML, like Gecko; compatible; GPTBot/1.3; +https://openai.com/gptbot)"
57.141.2.38 - - [14/Nov/2025:21:24:16 -0700] "GET /product303945060?kg=0303439928 HTTP/1.1" 200 96782 "-" "meta-externalagent/1.1 (+https://developers.facebook.com/docs/sharing/webmasters/crawler)"
74.7.227.37 - - [14/Nov/2025:21:24:17 -0700] "GET /product534400331?fileloc=/home/bt667/public_html/stagging/mvp_live_march_13_2024.zip&path=/home/bt667/public_html/stagging HTTP/1.1" 500 2653 "-" "Mozilla/5.0 AppleWebKit/537.36 (KHTML, like Gecko; compatible; GPTBot/1.3; +https://openai.com/gptbot)"
74.7.227.215 - - [14/Nov/2025:21:24:17 -0700] "GET /products/146cu19279 HTTP/1.1" 200 96782 "-" "Mozilla/5.0 AppleWebKit/537.36 (KHTML, like Gecko; compatible; GPTBot/1.3; +https://openai.com/gptbot)"
57.141.2.14 - - [14/Nov/2025:21:24:17 -0700] "GET /product293266234?kg=0292778872 HTTP/1.1" 200 96782 "-" "meta-externalagent/1.1 (+https://developers.facebook.com/docs/sharing/webmasters/crawler)"
74.7.227.215 - - [14/Nov/2025:21:24:17 -0700] "GET /products/283ou34613 HTTP/1.1" 200 96782 "-" "Mozilla/5.0 AppleWebKit/537.36 (KHTML, like Gecko; compatible; GPTBot/1.3; +https://openai.com/gptbot)"
57.141.2.94 - - [14/Nov/2025:21:24:17 -0700] "GET /product269074295?kg=0268627186 HTTP/1.1" 200 96782 "-" "meta-externalagent/1.1 (+https://developers.facebook.com/docs/sharing/webmasters/crawler)"
57.141.2.61 - - [14/Nov/2025:21:24:18 -0700] "GET /product730278251?kg=0729063746 HTTP/1.1" 200 96782 "-" "meta-externalagent/1.1 (+https://developers.facebook.com/docs/sharing/webmasters/crawler)"
74.7.227.215 - - [14/Nov/2025:21:24:18 -0700] "GET /products/157zx15473 HTTP/1.1" 200 96782 "-" "Mozilla/5.0 AppleWebKit/537.36 (KHTML, like Gecko; compatible; GPTBot/1.3; +https://openai.com/gptbot)"
136.243.228.182 - - [14/Nov/2025:21:24:18 -0700] "GET /product1076412780?kg=1074622344 HTTP/1.1" 200 96782 "-" "Mozilla/5.0 (compatible; DataForSeoBot/1.0; +https://dataforseo.com/dataforseo-bot)"
74.7.227.215 - - [14/Nov/2025:21:24:20 -0700] "GET /products/161kh12841 HTTP/1.1" 200 96782 "-" "Mozilla/5.0 AppleWebKit/537.36 (KHTML, like Gecko; compatible; GPTBot/1.3; +https://openai.com/gptbot)"
57.141.2.3 - - [14/Nov/2025:21:24:20 -0700] "GET /product620487000?kg=0619455176 HTTP/1.1" 200 96782 "-" "meta-externalagent/1.1 (+https://developers.facebook.com/docs/sharing/webmasters/crawler)"
74.7.227.215 - - [14/Nov/2025:21:24:21 -0700] "GET /products/216ka47264 HTTP/1.1" 200 96782 "-" "Mozilla/5.0 AppleWebKit/537.36 (KHTML, like Gecko; compatible; GPTBot/1.3; +https://openai.com/gptbot)"
57.141.2.5 - - [14/Nov/2025:21:24:21 -0700] "GET /product745452914?kg=0744213160 HTTP/1.1" 200 96782 "-" "meta-externalagent/1.1 (+https://developers.facebook.com/docs/sharing/webmasters/crawler)"
74.7.227.215 - - [14/Nov/2025:21:24:21 -0700] "GET /products/195wu24744 HTTP/1.1" 200 96782 "-" "Mozilla/5.0 AppleWebKit/537.36 (KHTML, like Gecko; compatible; GPTBot/1.3; +https://openai.com/gptbot)"
57.141.2.98 - - [14/Nov/2025:21:24:22 -0700] "GET /product693268365?kg=0692115442 HTTP/1.1" 200 96782 "-" "meta-externalagent/1.1 (+https://developers.facebook.com/docs/sharing/webmasters/crawler)"
136.243.228.182 - - [14/Nov/2025:21:24:22 -0700] "GET /product1076218465?kg=1074428354 HTTP/1.1" 200 96782 "-" "Mozilla/5.0 (compatible; DataForSeoBot/1.0; +https://dataforseo.com/dataforseo-bot)"
74.7.227.215 - - [14/Nov/2025:21:24:22 -0700] "GET /products/130nt15118 HTTP/1.1" 200 96782 "-" "Mozilla/5.0 AppleWebKit/537.36 (KHTML, like Gecko; compatible; GPTBot/1.3; +https://openai.com/gptbot)"
57.141.2.20 - - [14/Nov/2025:21:24:23 -0700] "GET /product504168733?kg=0503330450 HTTP/1.1" 200 96782 "-" "meta-externalagent/1.1 (+https://developers.facebook.com/docs/sharing/webmasters/crawler)"
57.141.2.5 - - [14/Nov/2025:21:24:24 -0700] "GET /product458084620?kg=0457323016 HTTP/1.1" 200 96782 "-" "meta-externalagent/1.1 (+https://developers.facebook.com/docs/sharing/webmasters/crawler)"
45.130.104.242 - - [14/Nov/2025:21:24:24 -0700] "GET /wp-admin/css/ HTTP/1.1" 403 96782 "binance.com" "Mozilla/5.0 (Windows NT 10.0; Win64; x64) AppleWebKit/537.36 (KHTML, like Gecko) Chrome/90.0.4430.85 Safari/537.36"
74.7.227.215 - - [14/Nov/2025:21:24:24 -0700] "GET /products/121lc19725 HTTP/1.1" 200 96782 "-" "Mozilla/5.0 AppleWebKit/537.36 (KHTML, like Gecko; compatible; GPTBot/1.3; +https://openai.com/gptbot)"
57.141.2.19 - - [14/Nov/2025:21:24:24 -0700] "GET /product46632193?kg=0046555202 HTTP/1.1" 200 96782 "-" "meta-externalagent/1.1 (+https://developers.facebook.com/docs/sharing/webmasters/crawler)"
57.141.2.16 - - [14/Nov/2025:21:24:25 -0700] "GET /product985609351?kg=0983970002 HTTP/1.1" 200 96782 "-" "meta-externalagent/1.1 (+https://developers.facebook.com/docs/sharing/webmasters/crawler)"
74.7.227.215 - - [14/Nov/2025:21:24:26 -0700] "GET /products/118pp21867 HTTP/1.1" 200 96782 "-" "Mozilla/5.0 AppleWebKit/537.36 (KHTML, like Gecko; compatible; GPTBot/1.3; +https://openai.com/gptbot)"
136.243.228.182 - - [14/Nov/2025:21:24:26 -0700] "GET /product1076431866?kg=1074641400 HTTP/1.1" 200 96782 "-" "Mozilla/5.0 (compatible; DataForSeoBot/1.0; +https://dataforseo.com/dataforseo-bot)"
57.141.2.19 - - [14/Nov/2025:21:24:26 -0700] "GET /product407150407?kg=0406473554 HTTP/1.1" 200 96782 "-" "meta-externalagent/1.1 (+https://developers.facebook.com/docs/sharing/webmasters/crawler)"
57.141.2.78 - - [14/Nov/2025:21:24:27 -0700] "GET /product346000524?kg=0345425416 HTTP/1.1" 200 96782 "-" "meta-externalagent/1.1 (+https://developers.facebook.com/docs/sharing/webmasters/crawler)"
74.7.227.215 - - [14/Nov/2025:21:24:27 -0700] "GET /products/276fu19914 HTTP/1.1" 200 96782 "-" "Mozilla/5.0 AppleWebKit/537.36 (KHTML, like Gecko; compatible; GPTBot/1.3; +https://openai.com/gptbot)"
57.141.2.22 - - [14/Nov/2025:21:24:28 -0700] "GET /product132560767?kg=0132340802 HTTP/1.1" 200 96782 "-" "meta-externalagent/1.1 (+https://developers.facebook.com/docs/sharing/webmasters/crawler)"
74.7.227.215 - - [14/Nov/2025:21:24:29 -0700] "GET /products/282jp19900?fileloc=/home/bt667/public_html/index.php0&path=/home/bt667/public_html HTTP/1.1" 200 51916 "-" "Mozilla/5.0 AppleWebKit/537.36 (KHTML, like Gecko; compatible; GPTBot/1.3; +https://openai.com/gptbot)"
57.141.2.36 - - [14/Nov/2025:21:24:29 -0700] "GET /product171956463?kg=0171670946 HTTP/1.1" 200 96782 "-" "meta-externalagent/1.1 (+https://developers.facebook.com/docs/sharing/webmasters/crawler)"
57.141.2.36 - - [14/Nov/2025:21:24:30 -0700] "GET /product1012064345?kg=1010380978 HTTP/1.1" 200 96782 "-" "meta-externalagent/1.1 (+https://developers.facebook.com/docs/sharing/webmasters/crawler)"
74.7.227.215 - - [14/Nov/2025:21:24:30 -0700] "GET /products/282jp19900?fileloc=/home/bt667/public_html/defaults.php&path=/home/bt667/public_html HTTP/1.1" 200 14903 "-" "Mozilla/5.0 AppleWebKit/537.36 (KHTML, like Gecko; compatible; GPTBot/1.3; +https://openai.com/gptbot)"
136.243.228.182 - - [14/Nov/2025:21:24:30 -0700] "GET /product1076049630?kg=1074259800 HTTP/1.1" 200 96782 "-" "Mozilla/5.0 (compatible; DataForSeoBot/1.0; +https://dataforseo.com/dataforseo-bot)"
57.141.2.72 - - [14/Nov/2025:21:24:30 -0700] "GET /product998556724?kg=0996895832 HTTP/1.1" 200 96782 "-" "meta-externalagent/1.1 (+https://developers.facebook.com/docs/sharing/webmasters/crawler)"
74.7.227.215 - - [14/Nov/2025:21:24:31 -0700] "GET /products/203ui28944 HTTP/1.1" 200 96782 "-" "Mozilla/5.0 AppleWebKit/537.36 (KHTML, like Gecko; compatible; GPTBot/1.3; +https://openai.com/gptbot)"
74.7.227.37 - - [14/Nov/2025:21:24:31 -0700] "GET /product553028959?fileloc=/home/bt667/public_html/search.php&path=/home/bt667/public_html HTTP/1.1" 200 14010 "-" "Mozilla/5.0 AppleWebKit/537.36 (KHTML, like Gecko; compatible; GPTBot/1.3; +https://openai.com/gptbot)"
57.141.2.78 - - [14/Nov/2025:21:24:32 -0700] "GET /product990904159?kg=0989256002 HTTP/1.1" 200 96782 "-" "meta-externalagent/1.1 (+https://developers.facebook.com/docs/sharing/webmasters/crawler)"
74.7.227.215 - - [14/Nov/2025:21:24:32 -0700] "GET /products/239dp48345 HTTP/1.1" 200 96782 "-" "Mozilla/5.0 AppleWebKit/537.36 (KHTML, like Gecko; compatible; GPTBot/1.3; +https://openai.com/gptbot)"
57.141.2.98 - - [14/Nov/2025:21:24:33 -0700] "GET /product914205919?kg=0912685378 HTTP/1.1" 200 96782 "-" "meta-externalagent/1.1 (+https://developers.facebook.com/docs/sharing/webmasters/crawler)"
185.191.171.14 - - [14/Nov/2025:21:24:33 -0700] "GET /product1252484?kg=0001251000 HTTP/1.1" 200 96782 "-" "Mozilla/5.0 (compatible; SemrushBot/7~bl; +http://www.semrush.com/bot.html)"
74.7.227.215 - - [14/Nov/2025:21:24:33 -0700] "GET /products/247nv43329 HTTP/1.1" 200 96782 "-" "Mozilla/5.0 AppleWebKit/537.36 (KHTML, like Gecko; compatible; GPTBot/1.3; +https://openai.com/gptbot)"
57.141.2.4 - - [14/Nov/2025:21:24:33 -0700] "GET /product62060023?kg=0061957362 HTTP/1.1" 200 96782 "-" "meta-externalagent/1.1 (+https://developers.facebook.com/docs/sharing/webmasters/crawler)"
57.141.2.94 - - [14/Nov/2025:21:24:34 -0700] "GET /product179071005?kg=0178773650 HTTP/1.1" 200 96782 "-" "meta-externalagent/1.1 (+https://developers.facebook.com/docs/sharing/webmasters/crawler)"
136.243.228.182 - - [14/Nov/2025:21:24:35 -0700] "GET /product1076391144?kg=1074600744 HTTP/1.1" 200 96782 "-" "Mozilla/5.0 (compatible; DataForSeoBot/1.0; +https://dataforseo.com/dataforseo-bot)"
74.7.227.215 - - [14/Nov/2025:21:24:35 -0700] "GET /products/223wf40529 HTTP/1.1" 200 96782 "-" "Mozilla/5.0 AppleWebKit/537.36 (KHTML, like Gecko; compatible; GPTBot/1.3; +https://openai.com/gptbot)"
57.141.2.70 - - [14/Nov/2025:21:24:35 -0700] "GET /product146061012?kg=0145818584 HTTP/1.1" 200 96782 "-" "meta-externalagent/1.1 (+https://developers.facebook.com/docs/sharing/webmasters/crawler)"
74.7.227.215 - - [14/Nov/2025:21:24:36 -0700] "GET /products/131fp10597 HTTP/1.1" 200 96782 "-" "Mozilla/5.0 AppleWebKit/537.36 (KHTML, like Gecko; compatible; GPTBot/1.3; +https://openai.com/gptbot)"
57.141.2.5 - - [14/Nov/2025:21:24:37 -0700] "GET /product693686396?kg=0692532776 HTTP/1.1" 200 96782 "-" "meta-externalagent/1.1 (+https://developers.facebook.com/docs/sharing/webmasters/crawler)"
