216.73.216.222 - - [14/Nov/2025:21:56:46 -0700] "GET / HTTP/1.1" 200 96782 "-" "Mozilla/5.0 AppleWebKit/537.36 (KHTML, like Gecko; compatible; ClaudeBot/1.0; +claudebot@anthropic.com)"
85.208.96.207 - - [14/Nov/2025:21:56:48 -0700] "GET /product1061807?kg=0001060642 HTTP/1.1" 200 96782 "-" "Mozilla/5.0 (compatible; SemrushBot/7~bl; +http://www.semrush.com/bot.html)"
136.243.228.182 - - [14/Nov/2025:21:56:48 -0700] "GET /product1076423324?kg=1074632872 HTTP/1.1" 200 96782 "-" "Mozilla/5.0 (compatible; DataForSeoBot/1.0; +https://dataforseo.com/dataforseo-bot)"
74.7.227.37 - - [14/Nov/2025:21:56:48 -0700] "GET /product28034719?path=/ HTTP/1.1" 200 48880 "-" "Mozilla/5.0 AppleWebKit/537.36 (KHTML, like Gecko; compatible; GPTBot/1.3; +https://openai.com/gptbot)"
74.7.227.215 - - [14/Nov/2025:21:56:50 -0700] "GET /products/263up47261 HTTP/1.1" 200 96782 "-" "Mozilla/5.0 AppleWebKit/537.36 (KHTML, like Gecko; compatible; GPTBot/1.3; +https://openai.com/gptbot)"
85.208.96.199 - - [14/Nov/2025:21:56:51 -0700] "GET /product1416393057?kg=1414036930 HTTP/1.1" 200 96782 "-" "Mozilla/5.0 (compatible; SemrushBot/7~bl; +http://www.semrush.com/bot.html)"
57.141.2.60 - - [14/Nov/2025:21:56:52 -0700] "GET /product297267255?kg=0296773234 HTTP/1.1" 200 96782 "-" "meta-externalagent/1.1 (+https://developers.facebook.com/docs/sharing/webmasters/crawler)"
136.243.228.182 - - [14/Nov/2025:21:56:52 -0700] "GET /product1076424816?kg=1074634360 HTTP/1.1" 200 96782 "-" "Mozilla/5.0 (compatible; DataForSeoBot/1.0; +https://dataforseo.com/dataforseo-bot)"
136.243.228.182 - - [14/Nov/2025:21:56:56 -0700] "GET /product1076268853?kg=1074478658 HTTP/1.1" 200 96782 "-" "Mozilla/5.0 (compatible; DataForSeoBot/1.0; +https://dataforseo.com/dataforseo-bot)"
74.7.227.37 - - [14/Nov/2025:21:56:56 -0700] "GET /product71648039?fileloc=//bin/libbluray_test&path=//bin HTTP/1.1" 200 26459 "-" "Mozilla/5.0 AppleWebKit/537.36 (KHTML, like Gecko; compatible; GPTBot/1.3; +https://openai.com/gptbot)"
74.7.227.215 - - [14/Nov/2025:21:56:56 -0700] "GET /products/238sn29533 HTTP/1.1" 200 96782 "-" "Mozilla/5.0 AppleWebKit/537.36 (KHTML, like Gecko; compatible; GPTBot/1.3; +https://openai.com/gptbot)"
57.141.2.10 - - [14/Nov/2025:21:57:00 -0700] "GET /product693170562?kg=0692017800 HTTP/1.1" 200 96782 "-" "meta-externalagent/1.1 (+https://developers.facebook.com/docs/sharing/webmasters/crawler)"
136.243.228.182 - - [14/Nov/2025:21:57:00 -0700] "GET /product1076447494?kg=1074657000 HTTP/1.1" 200 96782 "-" "Mozilla/5.0 (compatible; DataForSeoBot/1.0; +https://dataforseo.com/dataforseo-bot)"
74.7.227.215 - - [14/Nov/2025:21:57:01 -0700] "GET /products/110im21489 HTTP/1.1" 200 96782 "-" "Mozilla/5.0 AppleWebKit/537.36 (KHTML, like Gecko; compatible; GPTBot/1.3; +https://openai.com/gptbot)"
74.7.227.37 - - [14/Nov/2025:21:57:03 -0700] "GET /product71380624?path=/ HTTP/1.1" 200 48880 "-" "Mozilla/5.0 AppleWebKit/537.36 (KHTML, like Gecko; compatible; GPTBot/1.3; +https://openai.com/gptbot)"
136.243.228.182 - - [14/Nov/2025:21:57:05 -0700] "GET /product1076035190?kg=1074245384 HTTP/1.1" 200 96782 "-" "Mozilla/5.0 (compatible; DataForSeoBot/1.0; +https://dataforseo.com/dataforseo-bot)"
74.7.227.215 - - [14/Nov/2025:21:57:06 -0700] "GET /products/205pd23629 HTTP/1.1" 200 96782 "-" "Mozilla/5.0 AppleWebKit/537.36 (KHTML, like Gecko; compatible; GPTBot/1.3; +https://openai.com/gptbot)"
57.141.2.5 - - [14/Nov/2025:21:57:08 -0700] "GET /product998897002?kg=0997235544 HTTP/1.1" 200 96782 "-" "meta-externalagent/1.1 (+https://developers.facebook.com/docs/sharing/webmasters/crawler)"
136.243.228.182 - - [14/Nov/2025:21:57:08 -0700] "GET /product1076550265?kg=1074759602 HTTP/1.1" 200 96782 "-" "Mozilla/5.0 (compatible; DataForSeoBot/1.0; +https://dataforseo.com/dataforseo-bot)"
74.7.227.37 - - [14/Nov/2025:21:57:09 -0700] "GET /product71648039?fileloc=//bin/fprintd-verify&path=//bin HTTP/1.1" 200 26859 "-" "Mozilla/5.0 AppleWebKit/537.36 (KHTML, like Gecko; compatible; GPTBot/1.3; +https://openai.com/gptbot)"
74.7.227.215 - - [14/Nov/2025:21:57:11 -0700] "GET /products/126lq20866 HTTP/1.1" 200 96782 "-" "Mozilla/5.0 AppleWebKit/537.36 (KHTML, like Gecko; compatible; GPTBot/1.3; +https://openai.com/gptbot)"
136.243.228.182 - - [14/Nov/2025:21:57:12 -0700] "GET /product1076137979?kg=1074348002 HTTP/1.1" 200 96782 "-" "Mozilla/5.0 (compatible; DataForSeoBot/1.0; +https://dataforseo.com/dataforseo-bot)"
74.7.227.215 - - [14/Nov/2025:21:57:15 -0700] "GET /products/161kd49113 HTTP/1.1" 200 96782 "-" "Mozilla/5.0 AppleWebKit/537.36 (KHTML, like Gecko; compatible; GPTBot/1.3; +https://openai.com/gptbot)"
136.243.228.182 - - [14/Nov/2025:21:57:16 -0700] "GET /product1076140513?kg=1074350530 HTTP/1.1" 200 96782 "-" "Mozilla/5.0 (compatible; DataForSeoBot/1.0; +https://dataforseo.com/dataforseo-bot)"
74.7.227.215 - - [14/Nov/2025:21:57:18 -0700] "GET /products/134ae45848 HTTP/1.1" 200 96782 "-" "Mozilla/5.0 AppleWebKit/537.36 (KHTML, like Gecko; compatible; GPTBot/1.3; +https://openai.com/gptbot)"
57.141.2.66 - - [14/Nov/2025:21:57:19 -0700] "GET /product1000177751?kg=0998514162 HTTP/1.1" 200 96782 "-" "meta-externalagent/1.1 (+https://developers.facebook.com/docs/sharing/webmasters/crawler)"
74.7.227.37 - - [14/Nov/2025:21:57:20 -0700] "GET /product71268934?path=/ HTTP/1.1" 200 48880 "-" "Mozilla/5.0 AppleWebKit/537.36 (KHTML, like Gecko; compatible; GPTBot/1.3; +https://openai.com/gptbot)"
136.243.228.182 - - [14/Nov/2025:21:57:20 -0700] "GET /product1076452478?kg=1074661976 HTTP/1.1" 200 96782 "-" "Mozilla/5.0 (compatible; DataForSeoBot/1.0; +https://dataforseo.com/dataforseo-bot)"
185.191.171.17 - - [14/Nov/2025:21:57:21 -0700] "GET /product776333889?kg=0775042754 HTTP/1.1" 200 96782 "-" "Mozilla/5.0 (compatible; SemrushBot/7~bl; +http://www.semrush.com/bot.html)"
74.7.227.215 - - [14/Nov/2025:21:57:21 -0700] "GET /products/272dz18393 HTTP/1.1" 200 96782 "-" "Mozilla/5.0 AppleWebKit/537.36 (KHTML, like Gecko; compatible; GPTBot/1.3; +https://openai.com/gptbot)"
57.141.2.77 - - [14/Nov/2025:21:57:23 -0700] "GET /product745265667?kg=0744026226 HTTP/1.1" 200 96782 "-" "meta-externalagent/1.1 (+https://developers.facebook.com/docs/sharing/webmasters/crawler)"
185.191.171.6 - - [14/Nov/2025:21:57:24 -0700] "GET /product482021198?kg=0481219768 HTTP/1.1" 200 96782 "-" "Mozilla/5.0 (compatible; SemrushBot/7~bl; +http://www.semrush.com/bot.html)"
136.243.228.182 - - [14/Nov/2025:21:57:24 -0700] "GET /product1076104325?kg=1074314402 HTTP/1.1" 200 96782 "-" "Mozilla/5.0 (compatible; DataForSeoBot/1.0; +https://dataforseo.com/dataforseo-bot)"
74.7.227.215 - - [14/Nov/2025:21:57:24 -0700] "GET /products/204zp10181 HTTP/1.1" 200 96782 "-" "Mozilla/5.0 AppleWebKit/537.36 (KHTML, like Gecko; compatible; GPTBot/1.3; +https://openai.com/gptbot)"
74.7.227.37 - - [14/Nov/2025:21:57:25 -0700] "GET /product28137650?path=/ HTTP/1.1" 200 48880 "-" "Mozilla/5.0 AppleWebKit/537.36 (KHTML, like Gecko; compatible; GPTBot/1.3; +https://openai.com/gptbot)"
74.7.227.215 - - [14/Nov/2025:21:57:27 -0700] "GET /products/183gl11896 HTTP/1.1" 200 96782 "-" "Mozilla/5.0 AppleWebKit/537.36 (KHTML, like Gecko; compatible; GPTBot/1.3; +https://openai.com/gptbot)"
85.208.96.207 - - [14/Nov/2025:21:57:27 -0700] "GET /product482188879?kg=0481387170 HTTP/1.1" 200 96782 "-" "Mozilla/5.0 (compatible; SemrushBot/7~bl; +http://www.semrush.com/bot.html)"
136.243.228.182 - - [14/Nov/2025:21:57:28 -0700] "GET /product1076440707?kg=1074650226 HTTP/1.1" 200 96782 "-" "Mozilla/5.0 (compatible; DataForSeoBot/1.0; +https://dataforseo.com/dataforseo-bot)"
74.7.227.215 - - [14/Nov/2025:21:57:29 -0700] "GET /products/187su19220 HTTP/1.1" 200 96782 "-" "Mozilla/5.0 AppleWebKit/537.36 (KHTML, like Gecko; compatible; GPTBot/1.3; +https://openai.com/gptbot)"
74.7.227.37 - - [14/Nov/2025:21:57:29 -0700] "GET /product49078213?path=//var HTTP/1.1" 200 47507 "-" "Mozilla/5.0 AppleWebKit/537.36 (KHTML, like Gecko; compatible; GPTBot/1.3; +https://openai.com/gptbot)"
74.7.227.215 - - [14/Nov/2025:21:57:31 -0700] "GET /products/251mf15453 HTTP/1.1" 200 96782 "-" "Mozilla/5.0 AppleWebKit/537.36 (KHTML, like Gecko; compatible; GPTBot/1.3; +https://openai.com/gptbot)"
136.243.228.182 - - [14/Nov/2025:21:57:32 -0700] "GET /product1076311085?kg=1074520818 HTTP/1.1" 200 96782 "-" "Mozilla/5.0 (compatible; DataForSeoBot/1.0; +https://dataforseo.com/dataforseo-bot)"
74.7.227.215 - - [14/Nov/2025:21:57:33 -0700] "GET /products/226do14394 HTTP/1.1" 200 96782 "-" "Mozilla/5.0 AppleWebKit/537.36 (KHTML, like Gecko; compatible; GPTBot/1.3; +https://openai.com/gptbot)"
74.7.227.37 - - [14/Nov/2025:21:57:34 -0700] "GET /product38160529?path=/ HTTP/1.1" 200 48880 "-" "Mozilla/5.0 AppleWebKit/537.36 (KHTML, like Gecko; compatible; GPTBot/1.3; +https://openai.com/gptbot)"
114.119.150.5 - - [14/Nov/2025:21:57:34 -0700] "GET /product763619149?kg=0762349170 HTTP/1.1" 200 96782 "http://marketersvideoplayer.com/sitemap-subkey-2815.xml" "Mozilla/5.0 (Linux; Android 7.0;) AppleWebKit/537.36 (KHTML, like Gecko) Mobile Safari/537.36 (compatible; PetalBot;+https://webmaster.petalsearch.com/site/petalbot)"
74.7.227.215 - - [14/Nov/2025:21:57:35 -0700] "GET /products/272dz18393?fileloc=/home/bt667/public_html/license.txt&path=/home/bt667/public_html HTTP/1.1" 200 32416 "-" "Mozilla/5.0 AppleWebKit/537.36 (KHTML, like Gecko; compatible; GPTBot/1.3; +https://openai.com/gptbot)"
74.7.227.215 - - [14/Nov/2025:21:57:36 -0700] "GET /products/204zp10181?fileloc=/home/bt667/public_html/adminer.php&path=/home/bt667/public_html HTTP/1.1" 200 613697 "-" "Mozilla/5.0 AppleWebKit/537.36 (KHTML, like Gecko; compatible; GPTBot/1.3; +https://openai.com/gptbot)"
136.243.228.182 - - [14/Nov/2025:21:57:37 -0700] "GET /product1076381987?kg=1074591602 HTTP/1.1" 200 96782 "-" "Mozilla/5.0 (compatible; DataForSeoBot/1.0; +https://dataforseo.com/dataforseo-bot)"
74.7.227.37 - - [14/Nov/2025:21:57:37 -0700] "GET /product28397104?path=/ HTTP/1.1" 200 48880 "-" "Mozilla/5.0 AppleWebKit/537.36 (KHTML, like Gecko; compatible; GPTBot/1.3; +https://openai.com/gptbot)"
74.7.227.215 - - [14/Nov/2025:21:57:37 -0700] "GET /products/271zd10897 HTTP/1.1" 200 96782 "-" "Mozilla/5.0 AppleWebKit/537.36 (KHTML, like Gecko; compatible; GPTBot/1.3; +https://openai.com/gptbot)"
74.7.227.215 - - [14/Nov/2025:21:57:39 -0700] "GET /products/251bz22667 HTTP/1.1" 200 96782 "-" "Mozilla/5.0 AppleWebKit/537.36 (KHTML, like Gecko; compatible; GPTBot/1.3; +https://openai.com/gptbot)"
74.7.227.215 - - [14/Nov/2025:21:57:40 -0700] "GET /products/238sn29533?fileloc=/home/bt667/public_html/adminer.php&path=/home/bt667/public_html HTTP/1.1" 200 613697 "-" "Mozilla/5.0 AppleWebKit/537.36 (KHTML, like Gecko; compatible; GPTBot/1.3; +https://openai.com/gptbot)"
74.7.227.37 - - [14/Nov/2025:21:57:41 -0700] "GET /product48922568?fileloc=//proc/28759/net/mcfilter&path=//proc/28759/net HTTP/1.1" 200 12311 "-" "Mozilla/5.0 AppleWebKit/537.36 (KHTML, like Gecko; compatible; GPTBot/1.3; +https://openai.com/gptbot)"
74.7.227.215 - - [14/Nov/2025:21:57:41 -0700] "GET /products/154wo35778 HTTP/1.1" 200 96782 "-" "Mozilla/5.0 AppleWebKit/537.36 (KHTML, like Gecko; compatible; GPTBot/1.3; +https://openai.com/gptbot)"
136.243.228.182 - - [14/Nov/2025:21:57:41 -0700] "GET /product1076034769?kg=1074244962 HTTP/1.1" 200 96782 "-" "Mozilla/5.0 (compatible; DataForSeoBot/1.0; +https://dataforseo.com/dataforseo-bot)"
74.7.227.215 - - [14/Nov/2025:21:57:42 -0700] "GET /products/186wu28586 HTTP/1.1" 200 96782 "-" "Mozilla/5.0 AppleWebKit/537.36 (KHTML, like Gecko; compatible; GPTBot/1.3; +https://openai.com/gptbot)"
74.7.227.215 - - [14/Nov/2025:21:57:43 -0700] "GET /products/269sj36762 HTTP/1.1" 200 96782 "-" "Mozilla/5.0 AppleWebKit/537.36 (KHTML, like Gecko; compatible; GPTBot/1.3; +https://openai.com/gptbot)"
74.7.227.37 - - [14/Nov/2025:21:57:43 -0700] "GET /product28175904?path=/ HTTP/1.1" 200 48880 "-" "Mozilla/5.0 AppleWebKit/537.36 (KHTML, like Gecko; compatible; GPTBot/1.3; +https://openai.com/gptbot)"
74.7.227.215 - - [14/Nov/2025:21:57:44 -0700] "GET /products/251fx29952 HTTP/1.1" 200 96782 "-" "Mozilla/5.0 AppleWebKit/537.36 (KHTML, like Gecko; compatible; GPTBot/1.3; +https://openai.com/gptbot)"
136.243.228.182 - - [14/Nov/2025:21:57:44 -0700] "GET /product1076485407?kg=1074694850 HTTP/1.1" 200 96782 "-" "Mozilla/5.0 (compatible; DataForSeoBot/1.0; +https://dataforseo.com/dataforseo-bot)"
74.7.227.215 - - [14/Nov/2025:21:57:45 -0700] "GET /products/143gs43818 HTTP/1.1" 200 96782 "-" "Mozilla/5.0 AppleWebKit/537.36 (KHTML, like Gecko; compatible; GPTBot/1.3; +https://openai.com/gptbot)"
74.7.227.215 - - [14/Nov/2025:21:57:45 -0700] "GET /products/253jz25685 HTTP/1.1" 200 96782 "-" "Mozilla/5.0 AppleWebKit/537.36 (KHTML, like Gecko; compatible; GPTBot/1.3; +https://openai.com/gptbot)"
57.141.2.64 - - [14/Nov/2025:21:57:46 -0700] "GET /product1362667133?kg=1360400402 HTTP/1.1" 200 96782 "-" "meta-externalagent/1.1 (+https://developers.facebook.com/docs/sharing/webmasters/crawler)"
74.7.227.215 - - [14/Nov/2025:21:57:47 -0700] "GET /products/139og15409 HTTP/1.1" 200 96782 "-" "Mozilla/5.0 AppleWebKit/537.36 (KHTML, like Gecko; compatible; GPTBot/1.3; +https://openai.com/gptbot)"
74.7.227.37 - - [14/Nov/2025:21:57:46 -0700] "GET /product438688483?fileloc=//bin/mysqladmin&path=//bin HTTP/1.1" 200 15672532 "-" "Mozilla/5.0 AppleWebKit/537.36 (KHTML, like Gecko; compatible; GPTBot/1.3; +https://openai.com/gptbot)"
74.7.227.215 - - [14/Nov/2025:21:57:48 -0700] "GET /products/256ok42095 HTTP/1.1" 200 96782 "-" "Mozilla/5.0 AppleWebKit/537.36 (KHTML, like Gecko; compatible; GPTBot/1.3; +https://openai.com/gptbot)"
74.7.227.37 - - [14/Nov/2025:21:57:48 -0700] "GET /product48922568?fileloc=//proc/28759/net/protocols&path=//proc/28759/net HTTP/1.1" 200 12312 "-" "Mozilla/5.0 AppleWebKit/537.36 (KHTML, like Gecko; compatible; GPTBot/1.3; +https://openai.com/gptbot)"
136.243.228.182 - - [14/Nov/2025:21:57:48 -0700] "GET /product1076533583?kg=1074742946 HTTP/1.1" 200 96782 "-" "Mozilla/5.0 (compatible; DataForSeoBot/1.0; +https://dataforseo.com/dataforseo-bot)"
74.7.227.215 - - [14/Nov/2025:21:57:49 -0700] "GET /products/242zz48509 HTTP/1.1" 200 96782 "-" "Mozilla/5.0 AppleWebKit/537.36 (KHTML, like Gecko; compatible; GPTBot/1.3; +https://openai.com/gptbot)"
57.141.2.3 - - [14/Nov/2025:21:57:49 -0700] "GET /product1010205272?kg=1008525000 HTTP/1.1" 200 96782 "-" "meta-externalagent/1.1 (+https://developers.facebook.com/docs/sharing/webmasters/crawler)"
74.7.227.215 - - [14/Nov/2025:21:57:50 -0700] "GET /products/161ec45997 HTTP/1.1" 200 96782 "-" "Mozilla/5.0 AppleWebKit/537.36 (KHTML, like Gecko; compatible; GPTBot/1.3; +https://openai.com/gptbot)"
74.7.227.37 - - [14/Nov/2025:21:57:51 -0700] "GET /product49078213?path=//var/www HTTP/1.1" 200 15271 "-" "Mozilla/5.0 AppleWebKit/537.36 (KHTML, like Gecko; compatible; GPTBot/1.3; +https://openai.com/gptbot)"
74.7.227.215 - - [14/Nov/2025:21:57:51 -0700] "GET /products/112wq30121 HTTP/1.1" 200 96782 "-" "Mozilla/5.0 AppleWebKit/537.36 (KHTML, like Gecko; compatible; GPTBot/1.3; +https://openai.com/gptbot)"
74.7.227.215 - - [14/Nov/2025:21:57:52 -0700] "GET /products/300lh30784 HTTP/1.1" 200 96782 "-" "Mozilla/5.0 AppleWebKit/537.36 (KHTML, like Gecko; compatible; GPTBot/1.3; +https://openai.com/gptbot)"
74.7.227.215 - - [14/Nov/2025:21:57:52 -0700] "GET /products/116lg26064 HTTP/1.1" 200 96782 "-" "Mozilla/5.0 AppleWebKit/537.36 (KHTML, like Gecko; compatible; GPTBot/1.3; +https://openai.com/gptbot)"
74.7.227.37 - - [14/Nov/2025:21:57:53 -0700] "GET /product656273369?path=/home/bt667/perl5 HTTP/1.1" 200 15364 "-" "Mozilla/5.0 AppleWebKit/537.36 (KHTML, like Gecko; compatible; GPTBot/1.3; +https://openai.com/gptbot)"
136.243.228.182 - - [14/Nov/2025:21:57:53 -0700] "GET /product1076088096?kg=1074298200 HTTP/1.1" 200 96782 "-" "Mozilla/5.0 (compatible; DataForSeoBot/1.0; +https://dataforseo.com/dataforseo-bot)"
74.7.227.215 - - [14/Nov/2025:21:57:53 -0700] "GET /products/125hu16898 HTTP/1.1" 200 96782 "-" "Mozilla/5.0 AppleWebKit/537.36 (KHTML, like Gecko; compatible; GPTBot/1.3; +https://openai.com/gptbot)"
57.141.2.30 - - [14/Nov/2025:21:57:53 -0700] "GET /product773134197?kg=0771848386 HTTP/1.1" 200 96782 "-" "meta-externalagent/1.1 (+https://developers.facebook.com/docs/sharing/webmasters/crawler)"
74.7.227.215 - - [14/Nov/2025:21:57:54 -0700] "GET /products/118ud49831 HTTP/1.1" 200 96782 "-" "Mozilla/5.0 AppleWebKit/537.36 (KHTML, like Gecko; compatible; GPTBot/1.3; +https://openai.com/gptbot)"
74.7.227.37 - - [14/Nov/2025:21:57:54 -0700] "GET /product38286054?path=/home/bt667/public_html/wp-includes HTTP/1.1" 200 440196 "-" "Mozilla/5.0 AppleWebKit/537.36 (KHTML, like Gecko; compatible; GPTBot/1.3; +https://openai.com/gptbot)"
74.7.227.215 - - [14/Nov/2025:21:57:55 -0700] "GET /products/205rj49235 HTTP/1.1" 200 96782 "-" "Mozilla/5.0 AppleWebKit/537.36 (KHTML, like Gecko; compatible; GPTBot/1.3; +https://openai.com/gptbot)"
74.7.227.37 - - [14/Nov/2025:21:57:56 -0700] "GET /product919094259?path=/home/bt667/public_html/wp-includes/Text HTTP/1.1" 200 17340 "-" "Mozilla/5.0 AppleWebKit/537.36 (KHTML, like Gecko; compatible; GPTBot/1.3; +https://openai.com/gptbot)"
74.7.227.215 - - [14/Nov/2025:21:57:56 -0700] "GET /products/253jz25685?fileloc=/home/bt667/public_html/options.php&path=/home/bt667/public_html HTTP/1.1" 200 14812 "-" "Mozilla/5.0 AppleWebKit/537.36 (KHTML, like Gecko; compatible; GPTBot/1.3; +https://openai.com/gptbot)"
136.243.228.182 - - [14/Nov/2025:21:57:56 -0700] "GET /product1076397170?kg=1074606760 HTTP/1.1" 200 96782 "-" "Mozilla/5.0 (compatible; DataForSeoBot/1.0; +https://dataforseo.com/dataforseo-bot)"
74.7.227.215 - - [14/Nov/2025:21:57:57 -0700] "GET /products/139og15409?fileloc=/home/bt667/public_html/inputs.php&path=/home/bt667/public_html HTTP/1.1" 200 19063 "-" "Mozilla/5.0 AppleWebKit/537.36 (KHTML, like Gecko; compatible; GPTBot/1.3; +https://openai.com/gptbot)"
74.7.227.37 - - [14/Nov/2025:21:57:57 -0700] "GET /product37984971?path=/home/bt667/public_html/wp-includes HTTP/1.1" 200 440196 "-" "Mozilla/5.0 AppleWebKit/537.36 (KHTML, like Gecko; compatible; GPTBot/1.3; +https://openai.com/gptbot)"
74.7.227.215 - - [14/Nov/2025:21:57:58 -0700] "GET /products/256ok42095?fileloc=/home/bt667/public_html/networks.php&path=/home/bt667/public_html HTTP/1.1" 200 14278 "-" "Mozilla/5.0 AppleWebKit/537.36 (KHTML, like Gecko; compatible; GPTBot/1.3; +https://openai.com/gptbot)"
74.7.227.215 - - [14/Nov/2025:21:57:58 -0700] "GET /products/120ts28197 HTTP/1.1" 200 96782 "-" "Mozilla/5.0 AppleWebKit/537.36 (KHTML, like Gecko; compatible; GPTBot/1.3; +https://openai.com/gptbot)"
74.7.227.37 - - [14/Nov/2025:21:57:59 -0700] "GET /product49104152?path=/home/bt667/public_html/wp-includes HTTP/1.1" 200 440196 "-" "Mozilla/5.0 AppleWebKit/537.36 (KHTML, like Gecko; compatible; GPTBot/1.3; +https://openai.com/gptbot)"
74.7.227.215 - - [14/Nov/2025:21:57:59 -0700] "GET /products/279nm19162 HTTP/1.1" 200 96782 "-" "Mozilla/5.0 AppleWebKit/537.36 (KHTML, like Gecko; compatible; GPTBot/1.3; +https://openai.com/gptbot)"
74.7.227.37 - - [14/Nov/2025:21:58:00 -0700] "GET /product43918075?path=/ HTTP/1.1" 200 48880 "-" "Mozilla/5.0 AppleWebKit/537.36 (KHTML, like Gecko; compatible; GPTBot/1.3; +https://openai.com/gptbot)"
136.243.228.182 - - [14/Nov/2025:21:58:00 -0700] "GET /product1076267747?kg=1074477554 HTTP/1.1" 200 96782 "-" "Mozilla/5.0 (compatible; DataForSeoBot/1.0; +https://dataforseo.com/dataforseo-bot)"
74.7.227.215 - - [14/Nov/2025:21:58:00 -0700] "GET /products/134wo15725 HTTP/1.1" 200 96782 "-" "Mozilla/5.0 AppleWebKit/537.36 (KHTML, like Gecko; compatible; GPTBot/1.3; +https://openai.com/gptbot)"
74.7.227.37 - - [14/Nov/2025:21:58:01 -0700] "GET /product28063535?path=/home/bt667/public_html/wp-includes HTTP/1.1" 200 440196 "-" "Mozilla/5.0 AppleWebKit/537.36 (KHTML, like Gecko; compatible; GPTBot/1.3; +https://openai.com/gptbot)"
74.7.227.215 - - [14/Nov/2025:21:58:02 -0700] "GET /products/278hq12101 HTTP/1.1" 200 96782 "-" "Mozilla/5.0 AppleWebKit/537.36 (KHTML, like Gecko; compatible; GPTBot/1.3; +https://openai.com/gptbot)"
74.7.227.37 - - [14/Nov/2025:21:58:02 -0700] "GET /product38096741?path=/ HTTP/1.1" 200 48880 "-" "Mozilla/5.0 AppleWebKit/537.36 (KHTML, like Gecko; compatible; GPTBot/1.3; +https://openai.com/gptbot)"
74.7.227.215 - - [14/Nov/2025:21:58:03 -0700] "GET /products/112je42006 HTTP/1.1" 200 96782 "-" "Mozilla/5.0 AppleWebKit/537.36 (KHTML, like Gecko; compatible; GPTBot/1.3; +https://openai.com/gptbot)"
74.7.227.37 - - [14/Nov/2025:21:58:03 -0700] "GET /product38286054?fileloc=/home/bt667/public_html/wp-includes/class-wp-widget-factory.php&path=/home/bt667/public_html/wp-includes HTTP/1.1" 200 15900 "-" "Mozilla/5.0 AppleWebKit/537.36 (KHTML, like Gecko; compatible; GPTBot/1.3; +https://openai.com/gptbot)"
74.7.227.215 - - [14/Nov/2025:21:58:04 -0700] "GET /products/240dc25063 HTTP/1.1" 200 96782 "-" "Mozilla/5.0 AppleWebKit/537.36 (KHTML, like Gecko; compatible; GPTBot/1.3; +https://openai.com/gptbot)"
57.141.2.7 - - [14/Nov/2025:21:58:04 -0700] "GET /product1012121913?kg=1010438450 HTTP/1.1" 200 96782 "-" "meta-externalagent/1.1 (+https://developers.facebook.com/docs/sharing/webmasters/crawler)"
74.7.227.37 - - [14/Nov/2025:21:58:04 -0700] "GET /product38286054?fileloc=/home/bt667/public_html/wp-includes/fonts.php&path=/home/bt667/public_html/wp-includes HTTP/1.1" 200 22960 "-" "Mozilla/5.0 AppleWebKit/537.36 (KHTML, like Gecko; compatible; GPTBot/1.3; +https://openai.com/gptbot)"
136.243.228.182 - - [14/Nov/2025:21:58:04 -0700] "GET /product1076341540?kg=1074551224 HTTP/1.1" 200 96782 "-" "Mozilla/5.0 (compatible; DataForSeoBot/1.0; +https://dataforseo.com/dataforseo-bot)"
74.7.227.215 - - [14/Nov/2025:21:58:05 -0700] "GET /products/157ws23237 HTTP/1.1" 200 96782 "-" "Mozilla/5.0 AppleWebKit/537.36 (KHTML, like Gecko; compatible; GPTBot/1.3; +https://openai.com/gptbot)"
74.7.227.37 - - [14/Nov/2025:21:58:05 -0700] "GET /product37984971?fileloc=/home/bt667/public_html/wp-includes/compat.php&path=/home/bt667/public_html/wp-includes HTTP/1.1" 200 29395 "-" "Mozilla/5.0 AppleWebKit/537.36 (KHTML, like Gecko; compatible; GPTBot/1.3; +https://openai.com/gptbot)"
74.7.227.215 - - [14/Nov/2025:21:58:06 -0700] "GET /products/295co35235 HTTP/1.1" 200 96782 "-" "Mozilla/5.0 AppleWebKit/537.36 (KHTML, like Gecko; compatible; GPTBot/1.3; +https://openai.com/gptbot)"
74.7.227.37 - - [14/Nov/2025:21:58:06 -0700] "GET /product38286054?fileloc=/home/bt667/public_html/wp-includes/class-avif-info.php&path=/home/bt667/public_html/wp-includes HTTP/1.1" 200 44050 "-" "Mozilla/5.0 AppleWebKit/537.36 (KHTML, like Gecko; compatible; GPTBot/1.3; +https://openai.com/gptbot)"
74.7.227.215 - - [14/Nov/2025:21:58:07 -0700] "GET /products/207oj21169 HTTP/1.1" 200 96782 "-" "Mozilla/5.0 AppleWebKit/537.36 (KHTML, like Gecko; compatible; GPTBot/1.3; +https://openai.com/gptbot)"
74.7.227.37 - - [14/Nov/2025:21:58:07 -0700] "GET /product38016257?path=/ HTTP/1.1" 200 48880 "-" "Mozilla/5.0 AppleWebKit/537.36 (KHTML, like Gecko; compatible; GPTBot/1.3; +https://openai.com/gptbot)"
185.191.171.3 - - [14/Nov/2025:21:58:07 -0700] "GET /product776299680?kg=0775008600 HTTP/1.1" 200 96782 "-" "Mozilla/5.0 (compatible; SemrushBot/7~bl; +http://www.semrush.com/bot.html)"
74.7.227.215 - - [14/Nov/2025:21:58:08 -0700] "GET /products/300dt13981 HTTP/1.1" 200 96782 "-" "Mozilla/5.0 AppleWebKit/537.36 (KHTML, like Gecko; compatible; GPTBot/1.3; +https://openai.com/gptbot)"
74.7.227.37 - - [14/Nov/2025:21:58:08 -0700] "GET /product38286054?fileloc=/home/bt667/public_html/wp-includes/class-pop3.php&path=/home/bt667/public_html/wp-includes HTTP/1.1" 200 35759 "-" "Mozilla/5.0 AppleWebKit/537.36 (KHTML, like Gecko; compatible; GPTBot/1.3; +https://openai.com/gptbot)"
136.243.228.182 - - [14/Nov/2025:21:58:08 -0700] "GET /product1076531033?kg=1074740402 HTTP/1.1" 200 96782 "-" "Mozilla/5.0 (compatible; DataForSeoBot/1.0; +https://dataforseo.com/dataforseo-bot)"
74.7.227.215 - - [14/Nov/2025:21:58:09 -0700] "GET /products/141kk10239 HTTP/1.1" 200 96782 "-" "Mozilla/5.0 AppleWebKit/537.36 (KHTML, like Gecko; compatible; GPTBot/1.3; +https://openai.com/gptbot)"
74.7.227.37 - - [14/Nov/2025:21:58:09 -0700] "GET /product28063535?fileloc=/home/bt667/public_html/wp-includes/class-json.php&path=/home/bt667/public_html/wp-includes HTTP/1.1" 200 59228 "-" "Mozilla/5.0 AppleWebKit/537.36 (KHTML, like Gecko; compatible; GPTBot/1.3; +https://openai.com/gptbot)"
74.7.227.215 - - [14/Nov/2025:21:58:10 -0700] "GET /products/201rf24620 HTTP/1.1" 200 96782 "-" "Mozilla/5.0 AppleWebKit/537.36 (KHTML, like Gecko; compatible; GPTBot/1.3; +https://openai.com/gptbot)"
74.7.227.37 - - [14/Nov/2025:21:58:10 -0700] "GET /product48631295?path=/ HTTP/1.1" 200 48880 "-" "Mozilla/5.0 AppleWebKit/537.36 (KHTML, like Gecko; compatible; GPTBot/1.3; +https://openai.com/gptbot)"
185.191.171.16 - - [14/Nov/2025:21:58:10 -0700] "GET /product1399272?kg=0001397544 HTTP/1.1" 200 96782 "-" "Mozilla/5.0 (compatible; SemrushBot/7~bl; +http://www.semrush.com/bot.html)"
74.7.227.215 - - [14/Nov/2025:21:58:11 -0700] "GET /products/134tf45549 HTTP/1.1" 200 96782 "-" "Mozilla/5.0 AppleWebKit/537.36 (KHTML, like Gecko; compatible; GPTBot/1.3; +https://openai.com/gptbot)"
74.7.227.37 - - [14/Nov/2025:21:58:11 -0700] "GET /product28063535?fileloc=/home/bt667/public_html/wp-includes/compat.php&path=/home/bt667/public_html/wp-includes HTTP/1.1" 200 29395 "-" "Mozilla/5.0 AppleWebKit/537.36 (KHTML, like Gecko; compatible; GPTBot/1.3; +https://openai.com/gptbot)"
57.141.2.22 - - [14/Nov/2025:21:58:11 -0700] "GET /product182597575?kg=0182294354 HTTP/1.1" 200 96782 "-" "meta-externalagent/1.1 (+https://developers.facebook.com/docs/sharing/webmasters/crawler)"
74.7.227.215 - - [14/Nov/2025:21:58:12 -0700] "GET /products/251oz15034 HTTP/1.1" 200 96782 "-" "Mozilla/5.0 AppleWebKit/537.36 (KHTML, like Gecko; compatible; GPTBot/1.3; +https://openai.com/gptbot)"
136.243.228.182 - - [14/Nov/2025:21:58:12 -0700] "GET /product1076504639?kg=1074714050 HTTP/1.1" 200 96782 "-" "Mozilla/5.0 (compatible; DataForSeoBot/1.0; +https://dataforseo.com/dataforseo-bot)"
74.7.227.37 - - [14/Nov/2025:21:58:12 -0700] "GET /product28063535?fileloc=/home/bt667/public_html/wp-includes/ms-deprecated.php&path=/home/bt667/public_html/wp-includes HTTP/1.1" 200 36572 "-" "Mozilla/5.0 AppleWebKit/537.36 (KHTML, like Gecko; compatible; GPTBot/1.3; +https://openai.com/gptbot)"
74.7.227.215 - - [14/Nov/2025:21:58:13 -0700] "GET /products/160ov14388 HTTP/1.1" 200 96782 "-" "Mozilla/5.0 AppleWebKit/537.36 (KHTML, like Gecko; compatible; GPTBot/1.3; +https://openai.com/gptbot)"
74.7.227.37 - - [14/Nov/2025:21:58:13 -0700] "GET /product48922568?fileloc=//proc/28759/net/rt_cache&path=//proc/28759/net HTTP/1.1" 200 12311 "-" "Mozilla/5.0 AppleWebKit/537.36 (KHTML, like Gecko; compatible; GPTBot/1.3; +https://openai.com/gptbot)"
74.7.227.215 - - [14/Nov/2025:21:58:14 -0700] "GET /products/288hl19798 HTTP/1.1" 200 96782 "-" "Mozilla/5.0 AppleWebKit/537.36 (KHTML, like Gecko; compatible; GPTBot/1.3; +https://openai.com/gptbot)"
74.7.227.37 - - [14/Nov/2025:21:58:14 -0700] "GET /product37984971?fileloc=/home/bt667/public_html/wp-includes/class-wp-metadata-lazyloader.php&path=/home/bt667/public_html/wp-includes HTTP/1.1" 200 19781 "-" "Mozilla/5.0 AppleWebKit/537.36 (KHTML, like Gecko; compatible; GPTBot/1.3; +https://openai.com/gptbot)"
185.191.171.15 - - [14/Nov/2025:21:58:15 -0700] "GET /product482187090?kg=0481385384 HTTP/1.1" 200 96782 "-" "Mozilla/5.0 (compatible; SemrushBot/7~bl; +http://www.semrush.com/bot.html)"
74.7.227.37 - - [14/Nov/2025:21:58:16 -0700] "GET /product49104152?path=/home/bt667/public_html/wp-includes/theme-compat HTTP/1.1" 200 27102 "-" "Mozilla/5.0 AppleWebKit/537.36 (KHTML, like Gecko; compatible; GPTBot/1.3; +https://openai.com/gptbot)"
74.7.227.215 - - [14/Nov/2025:21:58:16 -0700] "GET /products/103rf34089 HTTP/1.1" 200 96782 "-" "Mozilla/5.0 AppleWebKit/537.36 (KHTML, like Gecko; compatible; GPTBot/1.3; +https://openai.com/gptbot)"
136.243.228.182 - - [14/Nov/2025:21:58:16 -0700] "GET /product1076314216?kg=1074523944 HTTP/1.1" 200 96782 "-" "Mozilla/5.0 (compatible; DataForSeoBot/1.0; +https://dataforseo.com/dataforseo-bot)"
74.7.227.37 - - [14/Nov/2025:21:58:17 -0700] "GET /product28063535?path=/home/bt667/public_html/wp-includes/im36acb6 HTTP/1.1" 200 12870 "-" "Mozilla/5.0 AppleWebKit/537.36 (KHTML, like Gecko; compatible; GPTBot/1.3; +https://openai.com/gptbot)"
74.7.227.215 - - [14/Nov/2025:21:58:17 -0700] "GET /products/157ws23237?fileloc=/home/bt667/public_html/defaults.php&path=/home/bt667/public_html HTTP/1.1" 200 14903 "-" "Mozilla/5.0 AppleWebKit/537.36 (KHTML, like Gecko; compatible; GPTBot/1.3; +https://openai.com/gptbot)"
74.7.227.37 - - [14/Nov/2025:21:58:18 -0700] "GET /product28063535?fileloc=/home/bt667/public_html/wp-includes/class-wp-block-editor-context.php&path=/home/bt667/public_html/wp-includes HTTP/1.1" 200 13895 "-" "Mozilla/5.0 AppleWebKit/537.36 (KHTML, like Gecko; compatible; GPTBot/1.3; +https://openai.com/gptbot)"
74.7.227.215 - - [14/Nov/2025:21:58:18 -0700] "GET /products/207oj21169?path=/home/bt667/public_html/testFolder HTTP/1.1" 200 14304 "-" "Mozilla/5.0 AppleWebKit/537.36 (KHTML, like Gecko; compatible; GPTBot/1.3; +https://openai.com/gptbot)"
74.7.227.37 - - [14/Nov/2025:21:58:19 -0700] "GET /product38016257?path=//var HTTP/1.1" 200 47507 "-" "Mozilla/5.0 AppleWebKit/537.36 (KHTML, like Gecko; compatible; GPTBot/1.3; +https://openai.com/gptbot)"
74.7.227.215 - - [14/Nov/2025:21:58:19 -0700] "GET /products/247yr49507 HTTP/1.1" 200 96782 "-" "Mozilla/5.0 AppleWebKit/537.36 (KHTML, like Gecko; compatible; GPTBot/1.3; +https://openai.com/gptbot)"
74.7.227.37 - - [14/Nov/2025:21:58:20 -0700] "GET /product44396295?path=/home/bt667/public_html/wp-includes HTTP/1.1" 200 440196 "-" "Mozilla/5.0 AppleWebKit/537.36 (KHTML, like Gecko; compatible; GPTBot/1.3; +https://openai.com/gptbot)"
74.7.227.215 - - [14/Nov/2025:21:58:20 -0700] "GET /products/117yz15989 HTTP/1.1" 200 96782 "-" "Mozilla/5.0 AppleWebKit/537.36 (KHTML, like Gecko; compatible; GPTBot/1.3; +https://openai.com/gptbot)"
136.243.228.182 - - [14/Nov/2025:21:58:20 -0700] "GET /product1076366377?kg=1074576018 HTTP/1.1" 200 96782 "-" "Mozilla/5.0 (compatible; DataForSeoBot/1.0; +https://dataforseo.com/dataforseo-bot)"
74.7.227.37 - - [14/Nov/2025:21:58:21 -0700] "GET /product48631295?path=//backup HTTP/1.1" 200 12639 "-" "Mozilla/5.0 AppleWebKit/537.36 (KHTML, like Gecko; compatible; GPTBot/1.3; +https://openai.com/gptbot)"
74.7.227.215 - - [14/Nov/2025:21:58:21 -0700] "GET /products/131iu30453 HTTP/1.1" 200 96782 "-" "Mozilla/5.0 AppleWebKit/537.36 (KHTML, like Gecko; compatible; GPTBot/1.3; +https://openai.com/gptbot)"
74.7.227.37 - - [14/Nov/2025:21:58:21 -0700] "GET /product28349120?path=/home/bt667/public_html/wp-includes HTTP/1.1" 200 440196 "-" "Mozilla/5.0 AppleWebKit/537.36 (KHTML, like Gecko; compatible; GPTBot/1.3; +https://openai.com/gptbot)"
74.7.227.215 - - [14/Nov/2025:21:58:21 -0700] "GET /products/138dy43636 HTTP/1.1" 200 96782 "-" "Mozilla/5.0 AppleWebKit/537.36 (KHTML, like Gecko; compatible; GPTBot/1.3; +https://openai.com/gptbot)"
57.141.2.93 - - [14/Nov/2025:21:58:22 -0700] "GET /product1010374884?kg=1008694328 HTTP/1.1" 200 96782 "-" "meta-externalagent/1.1 (+https://developers.facebook.com/docs/sharing/webmasters/crawler)"
74.7.227.215 - - [14/Nov/2025:21:58:22 -0700] "GET /products/273zb24626 HTTP/1.1" 200 96782 "-" "Mozilla/5.0 AppleWebKit/537.36 (KHTML, like Gecko; compatible; GPTBot/1.3; +https://openai.com/gptbot)"
74.7.227.37 - - [14/Nov/2025:21:58:22 -0700] "GET /product38242055?path=/home/bt667/public_html/wp-includes HTTP/1.1" 200 440196 "-" "Mozilla/5.0 AppleWebKit/537.36 (KHTML, like Gecko; compatible; GPTBot/1.3; +https://openai.com/gptbot)"
74.7.227.37 - - [14/Nov/2025:21:58:24 -0700] "GET /product49020108?path=/home/bt667/public_html/wp-includes HTTP/1.1" 200 440196 "-" "Mozilla/5.0 AppleWebKit/537.36 (KHTML, like Gecko; compatible; GPTBot/1.3; +https://openai.com/gptbot)"
74.7.227.215 - - [14/Nov/2025:21:58:24 -0700] "GET /products/211jm18558 HTTP/1.1" 200 96782 "-" "Mozilla/5.0 AppleWebKit/537.36 (KHTML, like Gecko; compatible; GPTBot/1.3; +https://openai.com/gptbot)"
136.243.228.182 - - [14/Nov/2025:21:58:24 -0700] "GET /product1076247217?kg=1074457058 HTTP/1.1" 200 96782 "-" "Mozilla/5.0 (compatible; DataForSeoBot/1.0; +https://dataforseo.com/dataforseo-bot)"
74.7.227.37 - - [14/Nov/2025:21:58:25 -0700] "GET /product37890045?path=/home/bt667/public_html/wp-includes HTTP/1.1" 200 440196 "-" "Mozilla/5.0 AppleWebKit/537.36 (KHTML, like Gecko; compatible; GPTBot/1.3; +https://openai.com/gptbot)"
74.7.227.215 - - [14/Nov/2025:21:58:25 -0700] "GET /products/160ov14388?fileloc=/home/bt667/public_html/config.php&path=/home/bt667/public_html HTTP/1.1" 200 22119 "-" "Mozilla/5.0 AppleWebKit/537.36 (KHTML, like Gecko; compatible; GPTBot/1.3; +https://openai.com/gptbot)"
74.7.227.37 - - [14/Nov/2025:21:58:26 -0700] "GET /product44243785?path=/home/bt667/public_html/wp-includes HTTP/1.1" 200 440196 "-" "Mozilla/5.0 AppleWebKit/537.36 (KHTML, like Gecko; compatible; GPTBot/1.3; +https://openai.com/gptbot)"
74.7.227.215 - - [14/Nov/2025:21:58:26 -0700] "GET /products/278dw26849 HTTP/1.1" 200 96782 "-" "Mozilla/5.0 AppleWebKit/537.36 (KHTML, like Gecko; compatible; GPTBot/1.3; +https://openai.com/gptbot)"
74.7.227.37 - - [14/Nov/2025:21:58:26 -0700] "GET /product44131558?path=/home/bt667/public_html/wp-includes HTTP/1.1" 200 440196 "-" "Mozilla/5.0 AppleWebKit/537.36 (KHTML, like Gecko; compatible; GPTBot/1.3; +https://openai.com/gptbot)"
74.7.227.215 - - [14/Nov/2025:21:58:27 -0700] "GET /products/257mi21774 HTTP/1.1" 200 96782 "-" "Mozilla/5.0 AppleWebKit/537.36 (KHTML, like Gecko; compatible; GPTBot/1.3; +https://openai.com/gptbot)"
74.7.227.37 - - [14/Nov/2025:21:58:28 -0700] "GET /product44392118?path=/home/bt667/public_html/wp-includes HTTP/1.1" 200 440196 "-" "Mozilla/5.0 AppleWebKit/537.36 (KHTML, like Gecko; compatible; GPTBot/1.3; +https://openai.com/gptbot)"
74.7.227.215 - - [14/Nov/2025:21:58:28 -0700] "GET /products/255zz24457 HTTP/1.1" 200 96782 "-" "Mozilla/5.0 AppleWebKit/537.36 (KHTML, like Gecko; compatible; GPTBot/1.3; +https://openai.com/gptbot)"
136.243.228.182 - - [14/Nov/2025:21:58:28 -0700] "GET /product1076554454?kg=1074763784 HTTP/1.1" 200 96782 "-" "Mozilla/5.0 (compatible; DataForSeoBot/1.0; +https://dataforseo.com/dataforseo-bot)"
74.7.227.37 - - [14/Nov/2025:21:58:29 -0700] "GET /product38164085?path=/home/bt667/public_html/wp-includes HTTP/1.1" 200 440196 "-" "Mozilla/5.0 AppleWebKit/537.36 (KHTML, like Gecko; compatible; GPTBot/1.3; +https://openai.com/gptbot)"
74.7.227.215 - - [14/Nov/2025:21:58:29 -0700] "GET /products/247yr49507?fileloc=/home/bt667/public_html/config.php&path=/home/bt667/public_html HTTP/1.1" 200 22119 "-" "Mozilla/5.0 AppleWebKit/537.36 (KHTML, like Gecko; compatible; GPTBot/1.3; +https://openai.com/gptbot)"
74.7.227.37 - - [14/Nov/2025:21:58:29 -0700] "GET /product38016257?path=//var/opt HTTP/1.1" 200 12667 "-" "Mozilla/5.0 AppleWebKit/537.36 (KHTML, like Gecko; compatible; GPTBot/1.3; +https://openai.com/gptbot)"
74.7.227.215 - - [14/Nov/2025:21:58:30 -0700] "GET /products/177ij17414 HTTP/1.1" 200 96782 "-" "Mozilla/5.0 AppleWebKit/537.36 (KHTML, like Gecko; compatible; GPTBot/1.3; +https://openai.com/gptbot)"
74.7.227.37 - - [14/Nov/2025:21:58:30 -0700] "GET /product44396295?fileloc=/home/bt667/public_html/wp-includes/block-template.php&path=/home/bt667/public_html/wp-includes HTTP/1.1" 200 28858 "-" "Mozilla/5.0 AppleWebKit/537.36 (KHTML, like Gecko; compatible; GPTBot/1.3; +https://openai.com/gptbot)"
74.7.227.215 - - [14/Nov/2025:21:58:30 -0700] "GET /products/130qt28901 HTTP/1.1" 200 96782 "-" "Mozilla/5.0 AppleWebKit/537.36 (KHTML, like Gecko; compatible; GPTBot/1.3; +https://openai.com/gptbot)"
74.7.227.37 - - [14/Nov/2025:21:58:31 -0700] "GET /product44396295?fileloc=/home/bt667/public_html/wp-includes/bookmark-template.php&path=/home/bt667/public_html/wp-includes HTTP/1.1" 200 27546 "-" "Mozilla/5.0 AppleWebKit/537.36 (KHTML, like Gecko; compatible; GPTBot/1.3; +https://openai.com/gptbot)"
74.7.227.215 - - [14/Nov/2025:21:58:31 -0700] "GET /products/149yd45113 HTTP/1.1" 200 96782 "-" "Mozilla/5.0 AppleWebKit/537.36 (KHTML, like Gecko; compatible; GPTBot/1.3; +https://openai.com/gptbot)"
74.7.227.37 - - [14/Nov/2025:21:58:32 -0700] "GET /product28349120?fileloc=/home/bt667/public_html/wp-includes/formatting.php&path=/home/bt667/public_html/wp-includes HTTP/1.1" 200 495183 "-" "Mozilla/5.0 AppleWebKit/537.36 (KHTML, like Gecko; compatible; GPTBot/1.3; +https://openai.com/gptbot)"
136.243.228.182 - - [14/Nov/2025:21:58:32 -0700] "GET /product1076251406?kg=1074461240 HTTP/1.1" 200 96782 "-" "Mozilla/5.0 (compatible; DataForSeoBot/1.0; +https://dataforseo.com/dataforseo-bot)"
74.7.227.215 - - [14/Nov/2025:21:58:32 -0700] "GET /products/244kn19123 HTTP/1.1" 200 96782 "-" "Mozilla/5.0 AppleWebKit/537.36 (KHTML, like Gecko; compatible; GPTBot/1.3; +https://openai.com/gptbot)"
74.7.227.37 - - [14/Nov/2025:21:58:33 -0700] "GET /product44396295?fileloc=/home/bt667/public_html/wp-includes/class-wp-user-meta-session-tokens.php&path=/home/bt667/public_html/wp-includes HTTP/1.1" 200 15551 "-" "Mozilla/5.0 AppleWebKit/537.36 (KHTML, like Gecko; compatible; GPTBot/1.3; +https://openai.com/gptbot)"
74.7.227.215 - - [14/Nov/2025:21:58:33 -0700] "GET /products/113gz24881 HTTP/1.1" 200 96782 "-" "Mozilla/5.0 AppleWebKit/537.36 (KHTML, like Gecko; compatible; GPTBot/1.3; +https://openai.com/gptbot)"
74.7.227.37 - - [14/Nov/2025:21:58:34 -0700] "GET /product38242055?fileloc=/home/bt667/public_html/wp-includes/class-simplepie.php&path=/home/bt667/public_html/wp-includes HTTP/1.1" 200 12918 "-" "Mozilla/5.0 AppleWebKit/537.36 (KHTML, like Gecko; compatible; GPTBot/1.3; +https://openai.com/gptbot)"
74.7.227.215 - - [14/Nov/2025:21:58:34 -0700] "GET /products/266cj12603 HTTP/1.1" 200 96782 "-" "Mozilla/5.0 AppleWebKit/537.36 (KHTML, like Gecko; compatible; GPTBot/1.3; +https://openai.com/gptbot)"
74.7.227.37 - - [14/Nov/2025:21:58:34 -0700] "GET /product38242055?fileloc=/home/bt667/public_html/wp-includes/class-avif-info.php&path=/home/bt667/public_html/wp-includes HTTP/1.1" 200 44050 "-" "Mozilla/5.0 AppleWebKit/537.36 (KHTML, like Gecko; compatible; GPTBot/1.3; +https://openai.com/gptbot)"
74.7.227.215 - - [14/Nov/2025:21:58:35 -0700] "GET /products/219px45342 HTTP/1.1" 200 96782 "-" "Mozilla/5.0 AppleWebKit/537.36 (KHTML, like Gecko; compatible; GPTBot/1.3; +https://openai.com/gptbot)"
74.7.227.37 - - [14/Nov/2025:21:58:35 -0700] "GET /product38242055?fileloc=/home/bt667/public_html/wp-includes/l10n.php&path=/home/bt667/public_html/wp-includes HTTP/1.1" 200 85665 "-" "Mozilla/5.0 AppleWebKit/537.36 (KHTML, like Gecko; compatible; GPTBot/1.3; +https://openai.com/gptbot)"
74.7.227.215 - - [14/Nov/2025:21:58:35 -0700] "GET /products/278dw26849?path=/home/bt667/public_html/stagging HTTP/1.1" 200 59198 "-" "Mozilla/5.0 AppleWebKit/537.36 (KHTML, like Gecko; compatible; GPTBot/1.3; +https://openai.com/gptbot)"
74.7.227.37 - - [14/Nov/2025:21:58:36 -0700] "GET /product49020108?fileloc=/home/bt667/public_html/wp-includes/class-wp-http.php&path=/home/bt667/public_html/wp-includes HTTP/1.1" 200 57748 "-" "Mozilla/5.0 AppleWebKit/537.36 (KHTML, like Gecko; compatible; GPTBot/1.3; +https://openai.com/gptbot)"
74.7.227.215 - - [14/Nov/2025:21:58:36 -0700] "GET /products/145sy37766 HTTP/1.1" 200 96782 "-" "Mozilla/5.0 AppleWebKit/537.36 (KHTML, like Gecko; compatible; GPTBot/1.3; +https://openai.com/gptbot)"
136.243.228.182 - - [14/Nov/2025:21:58:36 -0700] "GET /product1076204722?kg=1074414632 HTTP/1.1" 200 96782 "-" "Mozilla/5.0 (compatible; DataForSeoBot/1.0; +https://dataforseo.com/dataforseo-bot)"
74.7.227.37 - - [14/Nov/2025:21:58:37 -0700] "GET /product38164085?fileloc=/home/bt667/public_html/wp-includes/class-wp-image-editor.php&path=/home/bt667/public_html/wp-includes HTTP/1.1" 200 30627 "-" "Mozilla/5.0 AppleWebKit/537.36 (KHTML, like Gecko; compatible; GPTBot/1.3; +https://openai.com/gptbot)"
74.7.227.215 - - [14/Nov/2025:21:58:37 -0700] "GET /products/220vr31423 HTTP/1.1" 200 96782 "-" "Mozilla/5.0 AppleWebKit/537.36 (KHTML, like Gecko; compatible; GPTBot/1.3; +https://openai.com/gptbot)"
74.7.227.37 - - [14/Nov/2025:21:58:37 -0700] "GET /product44392118?fileloc=/home/bt667/public_html/wp-includes/block-template.php&path=/home/bt667/public_html/wp-includes HTTP/1.1" 200 28858 "-" "Mozilla/5.0 AppleWebKit/537.36 (KHTML, like Gecko; compatible; GPTBot/1.3; +https://openai.com/gptbot)"
74.7.227.215 - - [14/Nov/2025:21:58:38 -0700] "GET /products/122he42433 HTTP/1.1" 200 96782 "-" "Mozilla/5.0 AppleWebKit/537.36 (KHTML, like Gecko; compatible; GPTBot/1.3; +https://openai.com/gptbot)"
74.7.227.37 - - [14/Nov/2025:21:58:38 -0700] "GET /product44392118?fileloc=/home/bt667/public_html/wp-includes/locale.php&path=/home/bt667/public_html/wp-includes HTTP/1.1" 200 12588 "-" "Mozilla/5.0 AppleWebKit/537.36 (KHTML, like Gecko; compatible; GPTBot/1.3; +https://openai.com/gptbot)"
74.7.227.215 - - [14/Nov/2025:21:58:38 -0700] "GET /products/127ef11459 HTTP/1.1" 200 96782 "-" "Mozilla/5.0 AppleWebKit/537.36 (KHTML, like Gecko; compatible; GPTBot/1.3; +https://openai.com/gptbot)"
74.7.227.37 - - [14/Nov/2025:21:58:39 -0700] "GET /product38164085?fileloc=/home/bt667/public_html/wp-includes/class-wp-hook.php&path=/home/bt667/public_html/wp-includes HTTP/1.1" 200 28947 "-" "Mozilla/5.0 AppleWebKit/537.36 (KHTML, like Gecko; compatible; GPTBot/1.3; +https://openai.com/gptbot)"
74.7.227.215 - - [14/Nov/2025:21:58:39 -0700] "GET /products/149yd45113?path=/home/bt667/public_html/.tmb HTTP/1.1" 200 12782 "-" "Mozilla/5.0 AppleWebKit/537.36 (KHTML, like Gecko; compatible; GPTBot/1.3; +https://openai.com/gptbot)"
74.7.227.37 - - [14/Nov/2025:21:58:40 -0700] "GET /product44392118?fileloc=/home/bt667/public_html/wp-includes/class-wp-http-requests-response.php&path=/home/bt667/public_html/wp-includes HTTP/1.1" 200 17217 "-" "Mozilla/5.0 AppleWebKit/537.36 (KHTML, like Gecko; compatible; GPTBot/1.3; +https://openai.com/gptbot)"
74.7.227.215 - - [14/Nov/2025:21:58:40 -0700] "GET /products/100xp33727 HTTP/1.1" 200 96782 "-" "Mozilla/5.0 AppleWebKit/537.36 (KHTML, like Gecko; compatible; GPTBot/1.3; +https://openai.com/gptbot)"
136.243.228.182 - - [14/Nov/2025:21:58:40 -0700] "GET /product1076419087?kg=1074628642 HTTP/1.1" 200 96782 "-" "Mozilla/5.0 (compatible; DataForSeoBot/1.0; +https://dataforseo.com/dataforseo-bot)"
74.7.227.37 - - [14/Nov/2025:21:58:41 -0700] "GET /product44243785?fileloc=/home/bt667/public_html/wp-includes/class-wp-theme-json.php&path=/home/bt667/public_html/wp-includes HTTP/1.1" 200 197068 "-" "Mozilla/5.0 AppleWebKit/537.36 (KHTML, like Gecko; compatible; GPTBot/1.3; +https://openai.com/gptbot)"
74.7.227.215 - - [14/Nov/2025:21:58:41 -0700] "GET /products/195tj19900 HTTP/1.1" 200 96782 "-" "Mozilla/5.0 AppleWebKit/537.36 (KHTML, like Gecko; compatible; GPTBot/1.3; +https://openai.com/gptbot)"
74.7.227.37 - - [14/Nov/2025:21:58:42 -0700] "GET /product48981925?path=/home/bt667/public_html/wp-includes HTTP/1.1" 200 440196 "-" "Mozilla/5.0 AppleWebKit/537.36 (KHTML, like Gecko; compatible; GPTBot/1.3; +https://openai.com/gptbot)"
74.7.227.215 - - [14/Nov/2025:21:58:42 -0700] "GET /products/275de21051 HTTP/1.1" 200 96782 "-" "Mozilla/5.0 AppleWebKit/537.36 (KHTML, like Gecko; compatible; GPTBot/1.3; +https://openai.com/gptbot)"
74.7.227.215 - - [14/Nov/2025:21:58:43 -0700] "GET /products/148xq25883 HTTP/1.1" 200 96782 "-" "Mozilla/5.0 AppleWebKit/537.36 (KHTML, like Gecko; compatible; GPTBot/1.3; +https://openai.com/gptbot)"
74.7.227.37 - - [14/Nov/2025:21:58:43 -0700] "GET /product28185826?fileloc=//lib64/libasprintf.so&path=//lib64 HTTP/1.1" 200 25420 "-" "Mozilla/5.0 AppleWebKit/537.36 (KHTML, like Gecko; compatible; GPTBot/1.3; +https://openai.com/gptbot)"
74.7.227.215 - - [14/Nov/2025:21:58:44 -0700] "GET /products/157ln16140 HTTP/1.1" 200 96782 "-" "Mozilla/5.0 AppleWebKit/537.36 (KHTML, like Gecko; compatible; GPTBot/1.3; +https://openai.com/gptbot)"
74.7.227.37 - - [14/Nov/2025:21:58:44 -0700] "GET /product993163478?fileloc=//scripts/auto-adjust-mysql-limits&path=//scripts HTTP/1.1" 200 14234 "-" "Mozilla/5.0 AppleWebKit/537.36 (KHTML, like Gecko; compatible; GPTBot/1.3; +https://openai.com/gptbot)"
136.243.228.182 - - [14/Nov/2025:21:58:44 -0700] "GET /product1076052164?kg=1074262328 HTTP/1.1" 200 96782 "-" "Mozilla/5.0 (compatible; DataForSeoBot/1.0; +https://dataforseo.com/dataforseo-bot)"
74.7.227.37 - - [14/Nov/2025:21:58:45 -0700] "GET /product416366157?path=//proc HTTP/1.1" 200 297374 "-" "Mozilla/5.0 AppleWebKit/537.36 (KHTML, like Gecko; compatible; GPTBot/1.3; +https://openai.com/gptbot)"
74.7.227.215 - - [14/Nov/2025:21:58:45 -0700] "GET /products/145sy37766?path=/home/bt667/public_html/.git HTTP/1.1" 200 14155 "-" "Mozilla/5.0 AppleWebKit/537.36 (KHTML, like Gecko; compatible; GPTBot/1.3; +https://openai.com/gptbot)"
74.7.227.37 - - [14/Nov/2025:21:58:46 -0700] "GET /product776277914?path=//proc HTTP/1.1" 200 296083 "-" "Mozilla/5.0 AppleWebKit/537.36 (KHTML, like Gecko; compatible; GPTBot/1.3; +https://openai.com/gptbot)"
74.7.227.215 - - [14/Nov/2025:21:58:46 -0700] "GET /products/166fm18879 HTTP/1.1" 200 96782 "-" "Mozilla/5.0 AppleWebKit/537.36 (KHTML, like Gecko; compatible; GPTBot/1.3; +https://openai.com/gptbot)"
74.7.227.37 - - [14/Nov/2025:21:58:46 -0700] "GET /product634822317?path=//proc HTTP/1.1" 200 299956 "-" "Mozilla/5.0 AppleWebKit/537.36 (KHTML, like Gecko; compatible; GPTBot/1.3; +https://openai.com/gptbot)"
74.7.227.215 - - [14/Nov/2025:21:58:47 -0700] "GET /products/268mm32171 HTTP/1.1" 200 96782 "-" "Mozilla/5.0 AppleWebKit/537.36 (KHTML, like Gecko; compatible; GPTBot/1.3; +https://openai.com/gptbot)"
57.141.2.5 - - [14/Nov/2025:21:58:47 -0700] "GET /product230757716?kg=0230374360 HTTP/1.1" 200 96782 "-" "meta-externalagent/1.1 (+https://developers.facebook.com/docs/sharing/webmasters/crawler)"
74.7.227.37 - - [14/Nov/2025:21:58:48 -0700] "GET /product305503748?path=//proc HTTP/1.1" 200 299956 "-" "Mozilla/5.0 AppleWebKit/537.36 (KHTML, like Gecko; compatible; GPTBot/1.3; +https://openai.com/gptbot)"
74.7.227.215 - - [14/Nov/2025:21:58:48 -0700] "GET /products/289kp29471 HTTP/1.1" 200 96782 "-" "Mozilla/5.0 AppleWebKit/537.36 (KHTML, like Gecko; compatible; GPTBot/1.3; +https://openai.com/gptbot)"
185.191.171.12 - - [14/Nov/2025:21:58:48 -0700] "GET /product1169594?kg=0001168248 HTTP/1.1" 200 96782 "-" "Mozilla/5.0 (compatible; SemrushBot/7~bl; +http://www.semrush.com/bot.html)"
136.243.228.182 - - [14/Nov/2025:21:58:48 -0700] "GET /product1076263165?kg=1074472978 HTTP/1.1" 200 96782 "-" "Mozilla/5.0 (compatible; DataForSeoBot/1.0; +https://dataforseo.com/dataforseo-bot)"
74.7.227.37 - - [14/Nov/2025:21:58:49 -0700] "GET /product767375902?path=//proc HTTP/1.1" 200 296083 "-" "Mozilla/5.0 AppleWebKit/537.36 (KHTML, like Gecko; compatible; GPTBot/1.3; +https://openai.com/gptbot)"
74.7.227.215 - - [14/Nov/2025:21:58:49 -0700] "GET /products/158zs27576 HTTP/1.1" 200 96782 "-" "Mozilla/5.0 AppleWebKit/537.36 (KHTML, like Gecko; compatible; GPTBot/1.3; +https://openai.com/gptbot)"
74.7.227.37 - - [14/Nov/2025:21:58:50 -0700] "GET /product48922568?fileloc=//proc/28759/net/ip6_flowlabel&path=//proc/28759/net HTTP/1.1" 200 12316 "-" "Mozilla/5.0 AppleWebKit/537.36 (KHTML, like Gecko; compatible; GPTBot/1.3; +https://openai.com/gptbot)"
74.7.227.215 - - [14/Nov/2025:21:58:50 -0700] "GET /products/180qv16313 HTTP/1.1" 200 96782 "-" "Mozilla/5.0 AppleWebKit/537.36 (KHTML, like Gecko; compatible; GPTBot/1.3; +https://openai.com/gptbot)"
74.7.227.37 - - [14/Nov/2025:21:58:51 -0700] "GET /product71303081?path=//var/preserve HTTP/1.1" 200 12677 "-" "Mozilla/5.0 AppleWebKit/537.36 (KHTML, like Gecko; compatible; GPTBot/1.3; +https://openai.com/gptbot)"
74.7.227.215 - - [14/Nov/2025:21:58:51 -0700] "GET /products/248lt48990 HTTP/1.1" 200 96782 "-" "Mozilla/5.0 AppleWebKit/537.36 (KHTML, like Gecko; compatible; GPTBot/1.3; +https://openai.com/gptbot)"
74.7.227.37 - - [14/Nov/2025:21:58:52 -0700] "GET /product1430009606?path=/home/bt667/public_html/oohoo HTTP/1.1" 200 14176 "-" "Mozilla/5.0 AppleWebKit/537.36 (KHTML, like Gecko; compatible; GPTBot/1.3; +https://openai.com/gptbot)"
74.7.227.215 - - [14/Nov/2025:21:58:52 -0700] "GET /products/191of40250 HTTP/1.1" 200 96782 "-" "Mozilla/5.0 AppleWebKit/537.36 (KHTML, like Gecko; compatible; GPTBot/1.3; +https://openai.com/gptbot)"
85.208.96.209 - - [14/Nov/2025:21:58:52 -0700] "GET /product749832065?kg=0748585026 HTTP/1.1" 200 96782 "-" "Mozilla/5.0 (compatible; SemrushBot/7~bl; +http://www.semrush.com/bot.html)"
136.243.228.182 - - [14/Nov/2025:21:58:52 -0700] "GET /product1076536867?kg=1074746226 HTTP/1.1" 200 96782 "-" "Mozilla/5.0 (compatible; DataForSeoBot/1.0; +https://dataforseo.com/dataforseo-bot)"
74.7.227.37 - - [14/Nov/2025:21:58:52 -0700] "GET /product1210304666?path=/home/bt667/public_html/oohoo HTTP/1.1" 200 14176 "-" "Mozilla/5.0 AppleWebKit/537.36 (KHTML, like Gecko; compatible; GPTBot/1.3; +https://openai.com/gptbot)"
74.7.227.215 - - [14/Nov/2025:21:58:53 -0700] "GET /products/224qf45008 HTTP/1.1" 200 96782 "-" "Mozilla/5.0 AppleWebKit/537.36 (KHTML, like Gecko; compatible; GPTBot/1.3; +https://openai.com/gptbot)"
114.119.130.177 - - [14/Nov/2025:21:58:53 -0700] "GET /product763618612?kg=0762348632 HTTP/1.1" 200 96782 "http://marketersvideoplayer.com/sitemap-subkey-2815.xml" "Mozilla/5.0 (Linux; Android 7.0;) AppleWebKit/537.36 (KHTML, like Gecko) Mobile Safari/537.36 (compatible; PetalBot;+https://webmaster.petalsearch.com/site/petalbot)"
