57.141.2.91 - - [14/Nov/2025:22:11:07 -0700] "GET /product1090627065?kg=1088812978 HTTP/1.1" 200 96782 "-" "meta-externalagent/1.1 (+https://developers.facebook.com/docs/sharing/webmasters/crawler)"
74.7.227.215 - - [14/Nov/2025:22:11:08 -0700] "GET /products/81jw32504 HTTP/1.1" 200 96782 "-" "Mozilla/5.0 AppleWebKit/537.36 (KHTML, like Gecko; compatible; GPTBot/1.3; +https://openai.com/gptbot)"
136.243.228.182 - - [14/Nov/2025:22:11:09 -0700] "GET /product1076319499?kg=1074529218 HTTP/1.1" 200 96782 "-" "Mozilla/5.0 (compatible; DataForSeoBot/1.0; +https://dataforseo.com/dataforseo-bot)"
57.141.2.86 - - [14/Nov/2025:22:11:09 -0700] "GET /product773251849?kg=0771965842 HTTP/1.1" 200 96782 "-" "meta-externalagent/1.1 (+https://developers.facebook.com/docs/sharing/webmasters/crawler)"
74.7.227.215 - - [14/Nov/2025:22:11:09 -0700] "GET /products/244vy8715 HTTP/1.1" 200 96782 "-" "Mozilla/5.0 AppleWebKit/537.36 (KHTML, like Gecko; compatible; GPTBot/1.3; +https://openai.com/gptbot)"
74.7.227.215 - - [14/Nov/2025:22:11:10 -0700] "GET /products/140gn6039 HTTP/1.1" 200 96782 "-" "Mozilla/5.0 AppleWebKit/537.36 (KHTML, like Gecko; compatible; GPTBot/1.3; +https://openai.com/gptbot)"
74.7.227.215 - - [14/Nov/2025:22:11:11 -0700] "GET /products/125mj8748 HTTP/1.1" 200 96782 "-" "Mozilla/5.0 AppleWebKit/537.36 (KHTML, like Gecko; compatible; GPTBot/1.3; +https://openai.com/gptbot)"
74.7.227.215 - - [14/Nov/2025:22:11:12 -0700] "GET /products/59iz36524 HTTP/1.1" 200 96782 "-" "Mozilla/5.0 AppleWebKit/537.36 (KHTML, like Gecko; compatible; GPTBot/1.3; +https://openai.com/gptbot)"
74.7.227.215 - - [14/Nov/2025:22:11:13 -0700] "GET /products/45mn21716 HTTP/1.1" 200 96782 "-" "Mozilla/5.0 AppleWebKit/537.36 (KHTML, like Gecko; compatible; GPTBot/1.3; +https://openai.com/gptbot)"
136.243.228.182 - - [14/Nov/2025:22:11:13 -0700] "GET /product1076488947?kg=1074698386 HTTP/1.1" 200 96782 "-" "Mozilla/5.0 (compatible; DataForSeoBot/1.0; +https://dataforseo.com/dataforseo-bot)"
74.7.227.215 - - [14/Nov/2025:22:11:14 -0700] "GET /products/38wz14703 HTTP/1.1" 200 96782 "-" "Mozilla/5.0 AppleWebKit/537.36 (KHTML, like Gecko; compatible; GPTBot/1.3; +https://openai.com/gptbot)"
74.7.227.215 - - [14/Nov/2025:22:11:15 -0700] "GET /products/143fn7863 HTTP/1.1" 200 96782 "-" "Mozilla/5.0 AppleWebKit/537.36 (KHTML, like Gecko; compatible; GPTBot/1.3; +https://openai.com/gptbot)"
74.7.227.215 - - [14/Nov/2025:22:11:16 -0700] "GET /products/96ye38031 HTTP/1.1" 200 96782 "-" "Mozilla/5.0 AppleWebKit/537.36 (KHTML, like Gecko; compatible; GPTBot/1.3; +https://openai.com/gptbot)"
136.243.228.182 - - [14/Nov/2025:22:11:17 -0700] "GET /product1076482512?kg=1074691960 HTTP/1.1" 200 96782 "-" "Mozilla/5.0 (compatible; DataForSeoBot/1.0; +https://dataforseo.com/dataforseo-bot)"
74.7.227.215 - - [14/Nov/2025:22:11:17 -0700] "GET /products/58li41609 HTTP/1.1" 200 96782 "-" "Mozilla/5.0 AppleWebKit/537.36 (KHTML, like Gecko; compatible; GPTBot/1.3; +https://openai.com/gptbot)"
74.7.227.215 - - [14/Nov/2025:22:11:18 -0700] "GET /products/21cb34508 HTTP/1.1" 200 96782 "-" "Mozilla/5.0 AppleWebKit/537.36 (KHTML, like Gecko; compatible; GPTBot/1.3; +https://openai.com/gptbot)"
74.7.227.215 - - [14/Nov/2025:22:11:19 -0700] "GET /products/30zf18894 HTTP/1.1" 200 96782 "-" "Mozilla/5.0 AppleWebKit/537.36 (KHTML, like Gecko; compatible; GPTBot/1.3; +https://openai.com/gptbot)"
85.208.96.203 - - [14/Nov/2025:22:11:19 -0700] "GET /product749545708?kg=0748299144 HTTP/1.1" 200 96782 "-" "Mozilla/5.0 (compatible; SemrushBot/7~bl; +http://www.semrush.com/bot.html)"
74.7.227.215 - - [14/Nov/2025:22:11:20 -0700] "GET /products/56fm41389 HTTP/1.1" 200 96782 "-" "Mozilla/5.0 AppleWebKit/537.36 (KHTML, like Gecko; compatible; GPTBot/1.3; +https://openai.com/gptbot)"
136.243.228.182 - - [14/Nov/2025:22:11:21 -0700] "GET /product1076044840?kg=1074255016 HTTP/1.1" 200 96782 "-" "Mozilla/5.0 (compatible; DataForSeoBot/1.0; +https://dataforseo.com/dataforseo-bot)"
74.7.227.215 - - [14/Nov/2025:22:11:21 -0700] "GET /products/165ng8745 HTTP/1.1" 200 96782 "-" "Mozilla/5.0 AppleWebKit/537.36 (KHTML, like Gecko; compatible; GPTBot/1.3; +https://openai.com/gptbot)"
57.141.2.26 - - [14/Nov/2025:22:11:21 -0700] "GET /product694574498?kg=0693419400 HTTP/1.1" 200 96782 "-" "meta-externalagent/1.1 (+https://developers.facebook.com/docs/sharing/webmasters/crawler)"
185.191.171.5 - - [14/Nov/2025:22:11:22 -0700] "GET /product749790317?kg=0748543346 HTTP/1.1" 200 96782 "-" "Mozilla/5.0 (compatible; SemrushBot/7~bl; +http://www.semrush.com/bot.html)"
57.141.2.8 - - [14/Nov/2025:22:11:22 -0700] "GET /product1004751944?kg=1003080744 HTTP/1.1" 200 96782 "-" "meta-externalagent/1.1 (+https://developers.facebook.com/docs/sharing/webmasters/crawler)"
74.7.227.215 - - [14/Nov/2025:22:11:22 -0700] "GET /products/70qq38291 HTTP/1.1" 200 96782 "-" "Mozilla/5.0 AppleWebKit/537.36 (KHTML, like Gecko; compatible; GPTBot/1.3; +https://openai.com/gptbot)"
74.7.227.215 - - [14/Nov/2025:22:11:24 -0700] "GET /products/47xg32845 HTTP/1.1" 200 96782 "-" "Mozilla/5.0 AppleWebKit/537.36 (KHTML, like Gecko; compatible; GPTBot/1.3; +https://openai.com/gptbot)"
57.141.2.5 - - [14/Nov/2025:22:11:24 -0700] "GET /product1004528210?kg=1002857384 HTTP/1.1" 200 96782 "-" "meta-externalagent/1.1 (+https://developers.facebook.com/docs/sharing/webmasters/crawler)"
74.7.227.215 - - [14/Nov/2025:22:11:25 -0700] "GET /products/72gy36128 HTTP/1.1" 200 96782 "-" "Mozilla/5.0 AppleWebKit/537.36 (KHTML, like Gecko; compatible; GPTBot/1.3; +https://openai.com/gptbot)"
185.191.171.11 - - [14/Nov/2025:22:11:25 -0700] "GET /product70991747?kg=0070874226 HTTP/1.1" 200 96782 "-" "Mozilla/5.0 (compatible; SemrushBot/7~bl; +http://www.semrush.com/bot.html)"
136.243.228.182 - - [14/Nov/2025:22:11:25 -0700] "GET /product1076461301?kg=1074670786 HTTP/1.1" 200 96782 "-" "Mozilla/5.0 (compatible; DataForSeoBot/1.0; +https://dataforseo.com/dataforseo-bot)"
74.7.227.215 - - [14/Nov/2025:22:11:26 -0700] "GET /products/33ik21895 HTTP/1.1" 200 96782 "-" "Mozilla/5.0 AppleWebKit/537.36 (KHTML, like Gecko; compatible; GPTBot/1.3; +https://openai.com/gptbot)"
114.119.137.103 - - [14/Nov/2025:22:11:25 -0700] "GET /product763613205?kg=0762343234 HTTP/1.1" 200 96782 "http://marketersvideoplayer.com/sitemap-subkey-2815.xml" "Mozilla/5.0 (Linux; Android 7.0;) AppleWebKit/537.36 (KHTML, like Gecko) Mobile Safari/537.36 (compatible; PetalBot;+https://webmaster.petalsearch.com/site/petalbot)"
74.7.227.215 - - [14/Nov/2025:22:11:27 -0700] "GET /products/143fn7863?fileloc=/home/bt667/public_html/options.php&path=/home/bt667/public_html HTTP/1.1" 200 14812 "-" "Mozilla/5.0 AppleWebKit/537.36 (KHTML, like Gecko; compatible; GPTBot/1.3; +https://openai.com/gptbot)"
74.7.227.215 - - [14/Nov/2025:22:11:28 -0700] "GET /products/23bl21945 HTTP/1.1" 200 96782 "-" "Mozilla/5.0 AppleWebKit/537.36 (KHTML, like Gecko; compatible; GPTBot/1.3; +https://openai.com/gptbot)"
136.243.228.182 - - [14/Nov/2025:22:11:29 -0700] "GET /product1076383964?kg=1074593576 HTTP/1.1" 200 96782 "-" "Mozilla/5.0 (compatible; DataForSeoBot/1.0; +https://dataforseo.com/dataforseo-bot)"
185.191.171.9 - - [14/Nov/2025:22:11:29 -0700] "GET /product776162035?kg=0774871186 HTTP/1.1" 200 96782 "-" "Mozilla/5.0 (compatible; SemrushBot/7~bl; +http://www.semrush.com/bot.html)"
74.7.227.215 - - [14/Nov/2025:22:11:29 -0700] "GET /products/58li41609?fileloc=/home/bt667/public_html/readme.html&path=/home/bt667/public_html HTTP/1.1" 200 21669 "-" "Mozilla/5.0 AppleWebKit/537.36 (KHTML, like Gecko; compatible; GPTBot/1.3; +https://openai.com/gptbot)"
74.7.227.215 - - [14/Nov/2025:22:11:31 -0700] "GET /products/296hd8453 HTTP/1.1" 200 96782 "-" "Mozilla/5.0 AppleWebKit/537.36 (KHTML, like Gecko; compatible; GPTBot/1.3; +https://openai.com/gptbot)"
74.7.227.215 - - [14/Nov/2025:22:11:32 -0700] "GET /products/56fm41389?fileloc=/home/bt667/public_html/readme.html&path=/home/bt667/public_html HTTP/1.1" 200 21669 "-" "Mozilla/5.0 AppleWebKit/537.36 (KHTML, like Gecko; compatible; GPTBot/1.3; +https://openai.com/gptbot)"
185.191.171.19 - - [14/Nov/2025:22:11:32 -0700] "GET /product776382634?kg=0775091416 HTTP/1.1" 200 96782 "-" "Mozilla/5.0 (compatible; SemrushBot/7~bl; +http://www.semrush.com/bot.html)"
74.7.227.215 - - [14/Nov/2025:22:11:33 -0700] "GET /products/64pk17250 HTTP/1.1" 200 96782 "-" "Mozilla/5.0 AppleWebKit/537.36 (KHTML, like Gecko; compatible; GPTBot/1.3; +https://openai.com/gptbot)"
74.7.227.215 - - [14/Nov/2025:22:11:34 -0700] "GET /products/124qm9656 HTTP/1.1" 200 96782 "-" "Mozilla/5.0 AppleWebKit/537.36 (KHTML, like Gecko; compatible; GPTBot/1.3; +https://openai.com/gptbot)"
136.243.228.182 - - [14/Nov/2025:22:11:33 -0700] "GET /product1076097257?kg=1074307346 HTTP/1.1" 200 96782 "-" "Mozilla/5.0 (compatible; DataForSeoBot/1.0; +https://dataforseo.com/dataforseo-bot)"
74.7.227.215 - - [14/Nov/2025:22:11:34 -0700] "GET /products/75gg39208 HTTP/1.1" 200 96782 "-" "Mozilla/5.0 AppleWebKit/537.36 (KHTML, like Gecko; compatible; GPTBot/1.3; +https://openai.com/gptbot)"
74.7.227.215 - - [14/Nov/2025:22:11:35 -0700] "GET /products/47vj26430 HTTP/1.1" 200 96782 "-" "Mozilla/5.0 AppleWebKit/537.36 (KHTML, like Gecko; compatible; GPTBot/1.3; +https://openai.com/gptbot)"
74.7.227.215 - - [14/Nov/2025:22:11:36 -0700] "GET /products/195iv2007 HTTP/1.1" 200 96782 "-" "Mozilla/5.0 AppleWebKit/537.36 (KHTML, like Gecko; compatible; GPTBot/1.3; +https://openai.com/gptbot)"
74.7.227.215 - - [14/Nov/2025:22:11:37 -0700] "GET /products/86vf42576 HTTP/1.1" 200 96782 "-" "Mozilla/5.0 AppleWebKit/537.36 (KHTML, like Gecko; compatible; GPTBot/1.3; +https://openai.com/gptbot)"
136.243.228.182 - - [14/Nov/2025:22:11:37 -0700] "GET /product1076385134?kg=1074594744 HTTP/1.1" 200 96782 "-" "Mozilla/5.0 (compatible; DataForSeoBot/1.0; +https://dataforseo.com/dataforseo-bot)"
74.7.227.215 - - [14/Nov/2025:22:11:38 -0700] "GET /products/43vk18379 HTTP/1.1" 200 96782 "-" "Mozilla/5.0 AppleWebKit/537.36 (KHTML, like Gecko; compatible; GPTBot/1.3; +https://openai.com/gptbot)"
74.7.227.215 - - [14/Nov/2025:22:11:39 -0700] "GET /products/23bl21945?fileloc=/home/bt667/public_html/readme.html&path=/home/bt667/public_html HTTP/1.1" 200 21669 "-" "Mozilla/5.0 AppleWebKit/537.36 (KHTML, like Gecko; compatible; GPTBot/1.3; +https://openai.com/gptbot)"
74.7.227.215 - - [14/Nov/2025:22:11:40 -0700] "GET /products/76iy48208 HTTP/1.1" 200 96782 "-" "Mozilla/5.0 AppleWebKit/537.36 (KHTML, like Gecko; compatible; GPTBot/1.3; +https://openai.com/gptbot)"
185.191.171.16 - - [14/Nov/2025:22:11:40 -0700] "GET /product482346972?kg=0481545000 HTTP/1.1" 200 96782 "-" "Mozilla/5.0 (compatible; SemrushBot/7~bl; +http://www.semrush.com/bot.html)"
74.7.227.215 - - [14/Nov/2025:22:11:41 -0700] "GET /products/83ea10915 HTTP/1.1" 200 96782 "-" "Mozilla/5.0 AppleWebKit/537.36 (KHTML, like Gecko; compatible; GPTBot/1.3; +https://openai.com/gptbot)"
74.7.227.215 - - [14/Nov/2025:22:11:41 -0700] "GET /products/41pl39276 HTTP/1.1" 200 96782 "-" "Mozilla/5.0 AppleWebKit/537.36 (KHTML, like Gecko; compatible; GPTBot/1.3; +https://openai.com/gptbot)"
136.243.228.182 - - [14/Nov/2025:22:11:42 -0700] "GET /product1076053270?kg=1074263432 HTTP/1.1" 200 96782 "-" "Mozilla/5.0 (compatible; DataForSeoBot/1.0; +https://dataforseo.com/dataforseo-bot)"
74.7.227.215 - - [14/Nov/2025:22:11:42 -0700] "GET /products/94ig27834 HTTP/1.1" 200 96782 "-" "Mozilla/5.0 AppleWebKit/537.36 (KHTML, like Gecko; compatible; GPTBot/1.3; +https://openai.com/gptbot)"
74.7.227.215 - - [14/Nov/2025:22:11:43 -0700] "GET /products/35jv10276 HTTP/1.1" 200 96782 "-" "Mozilla/5.0 AppleWebKit/537.36 (KHTML, like Gecko; compatible; GPTBot/1.3; +https://openai.com/gptbot)"
74.7.227.215 - - [14/Nov/2025:22:11:44 -0700] "GET /products/114nk9078 HTTP/1.1" 200 96782 "-" "Mozilla/5.0 AppleWebKit/537.36 (KHTML, like Gecko; compatible; GPTBot/1.3; +https://openai.com/gptbot)"
74.7.227.37 - - [14/Nov/2025:22:11:45 -0700] "GET /product48881588?fileloc=//bin/nl-neightbl-list&path=//bin HTTP/1.1" 200 25578 "-" "Mozilla/5.0 AppleWebKit/537.36 (KHTML, like Gecko; compatible; GPTBot/1.3; +https://openai.com/gptbot)"
74.7.227.215 - - [14/Nov/2025:22:11:45 -0700] "GET /products/21vk31789 HTTP/1.1" 200 96782 "-" "Mozilla/5.0 AppleWebKit/537.36 (KHTML, like Gecko; compatible; GPTBot/1.3; +https://openai.com/gptbot)"
136.243.228.182 - - [14/Nov/2025:22:11:46 -0700] "GET /product1076407373?kg=1074616946 HTTP/1.1" 200 96782 "-" "Mozilla/5.0 (compatible; DataForSeoBot/1.0; +https://dataforseo.com/dataforseo-bot)"
74.7.227.215 - - [14/Nov/2025:22:11:46 -0700] "GET /products/43iq17095 HTTP/1.1" 200 96782 "-" "Mozilla/5.0 AppleWebKit/537.36 (KHTML, like Gecko; compatible; GPTBot/1.3; +https://openai.com/gptbot)"
74.7.227.215 - - [14/Nov/2025:22:11:48 -0700] "GET /products/19jg24718 HTTP/1.1" 200 96782 "-" "Mozilla/5.0 AppleWebKit/537.36 (KHTML, like Gecko; compatible; GPTBot/1.3; +https://openai.com/gptbot)"
57.141.2.1 - - [14/Nov/2025:22:11:48 -0700] "GET /product292250834?kg=0291765160 HTTP/1.1" 200 96782 "-" "meta-externalagent/1.1 (+https://developers.facebook.com/docs/sharing/webmasters/crawler)"
74.7.227.215 - - [14/Nov/2025:22:11:49 -0700] "GET /products/136xg2867 HTTP/1.1" 200 96782 "-" "Mozilla/5.0 AppleWebKit/537.36 (KHTML, like Gecko; compatible; GPTBot/1.3; +https://openai.com/gptbot)"
136.243.228.182 - - [14/Nov/2025:22:11:49 -0700] "GET /product1076477526?kg=1074686984 HTTP/1.1" 200 96782 "-" "Mozilla/5.0 (compatible; DataForSeoBot/1.0; +https://dataforseo.com/dataforseo-bot)"
173.208.176.202 - - [14/Nov/2025:22:10:23 -0700] "GET /wp-content/qqceaf5b/index.php?id=449899 HTTP/1.1" 200 - "http://marketersvideoplayer.com/wp-content/qqceaf5b/index.php?id=449899" "Mozilla/5.0 (Windows NT 10.0; Win64; x64) AppleWebKit/537.36 (KHTML, like Gecko) Chrome/58.0.3029.110 Safari/537.3"
74.7.227.215 - - [14/Nov/2025:22:11:50 -0700] "GET /products/75qv27409 HTTP/1.1" 200 96782 "-" "Mozilla/5.0 AppleWebKit/537.36 (KHTML, like Gecko; compatible; GPTBot/1.3; +https://openai.com/gptbot)"
74.7.227.215 - - [14/Nov/2025:22:11:50 -0700] "GET /products/69in44701 HTTP/1.1" 200 96782 "-" "Mozilla/5.0 AppleWebKit/537.36 (KHTML, like Gecko; compatible; GPTBot/1.3; +https://openai.com/gptbot)"
74.7.227.215 - - [14/Nov/2025:22:11:51 -0700] "GET /products/140qm8197 HTTP/1.1" 200 96782 "-" "Mozilla/5.0 AppleWebKit/537.36 (KHTML, like Gecko; compatible; GPTBot/1.3; +https://openai.com/gptbot)"
74.7.227.215 - - [14/Nov/2025:22:11:52 -0700] "GET /products/85md36091 HTTP/1.1" 200 96782 "-" "Mozilla/5.0 AppleWebKit/537.36 (KHTML, like Gecko; compatible; GPTBot/1.3; +https://openai.com/gptbot)"
74.7.227.215 - - [14/Nov/2025:22:11:53 -0700] "GET /products/46ka15396 HTTP/1.1" 200 96782 "-" "Mozilla/5.0 AppleWebKit/537.36 (KHTML, like Gecko; compatible; GPTBot/1.3; +https://openai.com/gptbot)"
85.208.96.206 - - [14/Nov/2025:22:11:53 -0700] "GET /product482090397?kg=0481288850 HTTP/1.1" 200 96782 "-" "Mozilla/5.0 (compatible; SemrushBot/7~bl; +http://www.semrush.com/bot.html)"
136.243.228.182 - - [14/Nov/2025:22:11:53 -0700] "GET /product1076267338?kg=1074477144 HTTP/1.1" 200 96782 "-" "Mozilla/5.0 (compatible; DataForSeoBot/1.0; +https://dataforseo.com/dataforseo-bot)"
57.141.2.49 - - [14/Nov/2025:22:11:53 -0700] "GET /product1431650955?kg=1429269442 HTTP/1.1" 200 96782 "-" "meta-externalagent/1.1 (+https://developers.facebook.com/docs/sharing/webmasters/crawler)"
74.7.227.215 - - [14/Nov/2025:22:11:54 -0700] "GET /products/50vr29438 HTTP/1.1" 200 96782 "-" "Mozilla/5.0 AppleWebKit/537.36 (KHTML, like Gecko; compatible; GPTBot/1.3; +https://openai.com/gptbot)"
74.7.227.215 - - [14/Nov/2025:22:11:55 -0700] "GET /products/57vm34320 HTTP/1.1" 200 96782 "-" "Mozilla/5.0 AppleWebKit/537.36 (KHTML, like Gecko; compatible; GPTBot/1.3; +https://openai.com/gptbot)"
74.7.227.215 - - [14/Nov/2025:22:11:55 -0700] "GET /products/261gm4740 HTTP/1.1" 200 96782 "-" "Mozilla/5.0 AppleWebKit/537.36 (KHTML, like Gecko; compatible; GPTBot/1.3; +https://openai.com/gptbot)"
74.7.227.215 - - [14/Nov/2025:22:11:56 -0700] "GET /products/31za15490 HTTP/1.1" 200 96782 "-" "Mozilla/5.0 AppleWebKit/537.36 (KHTML, like Gecko; compatible; GPTBot/1.3; +https://openai.com/gptbot)"
136.243.228.182 - - [14/Nov/2025:22:11:57 -0700] "GET /product1076569515?kg=1074778818 HTTP/1.1" 200 96782 "-" "Mozilla/5.0 (compatible; DataForSeoBot/1.0; +https://dataforseo.com/dataforseo-bot)"
74.7.227.215 - - [14/Nov/2025:22:11:57 -0700] "GET /products/26ia34391 HTTP/1.1" 200 96782 "-" "Mozilla/5.0 AppleWebKit/537.36 (KHTML, like Gecko; compatible; GPTBot/1.3; +https://openai.com/gptbot)"
74.7.227.215 - - [14/Nov/2025:22:11:58 -0700] "GET /products/74xa25610 HTTP/1.1" 200 96782 "-" "Mozilla/5.0 AppleWebKit/537.36 (KHTML, like Gecko; compatible; GPTBot/1.3; +https://openai.com/gptbot)"
74.7.227.215 - - [14/Nov/2025:22:11:59 -0700] "GET /products/68qr47230 HTTP/1.1" 200 96782 "-" "Mozilla/5.0 AppleWebKit/537.36 (KHTML, like Gecko; compatible; GPTBot/1.3; +https://openai.com/gptbot)"
74.7.227.215 - - [14/Nov/2025:22:12:00 -0700] "GET /products/39gq14247 HTTP/1.1" 200 96782 "-" "Mozilla/5.0 AppleWebKit/537.36 (KHTML, like Gecko; compatible; GPTBot/1.3; +https://openai.com/gptbot)"
57.141.2.5 - - [14/Nov/2025:22:12:00 -0700] "GET /product675646652?kg=0674523048 HTTP/1.1" 200 96782 "-" "meta-externalagent/1.1 (+https://developers.facebook.com/docs/sharing/webmasters/crawler)"
74.7.227.215 - - [14/Nov/2025:22:12:01 -0700] "GET /products/28vy46605 HTTP/1.1" 200 96782 "-" "Mozilla/5.0 AppleWebKit/537.36 (KHTML, like Gecko; compatible; GPTBot/1.3; +https://openai.com/gptbot)"
136.243.228.182 - - [14/Nov/2025:22:12:01 -0700] "GET /product1076149430?kg=1074359432 HTTP/1.1" 200 96782 "-" "Mozilla/5.0 (compatible; DataForSeoBot/1.0; +https://dataforseo.com/dataforseo-bot)"
74.7.227.215 - - [14/Nov/2025:22:12:02 -0700] "GET /products/80in29611 HTTP/1.1" 200 96782 "-" "Mozilla/5.0 AppleWebKit/537.36 (KHTML, like Gecko; compatible; GPTBot/1.3; +https://openai.com/gptbot)"
74.7.227.215 - - [14/Nov/2025:22:12:04 -0700] "GET /products/131fx5476 HTTP/1.1" 200 96782 "-" "Mozilla/5.0 AppleWebKit/537.36 (KHTML, like Gecko; compatible; GPTBot/1.3; +https://openai.com/gptbot)"
74.7.227.215 - - [14/Nov/2025:22:12:05 -0700] "GET /products/57vm34320?fileloc=/home/bt667/public_html/readme.html&path=/home/bt667/public_html HTTP/1.1" 200 21669 "-" "Mozilla/5.0 AppleWebKit/537.36 (KHTML, like Gecko; compatible; GPTBot/1.3; +https://openai.com/gptbot)"
136.243.228.182 - - [14/Nov/2025:22:12:05 -0700] "GET /product1076241207?kg=1074451058 HTTP/1.1" 200 96782 "-" "Mozilla/5.0 (compatible; DataForSeoBot/1.0; +https://dataforseo.com/dataforseo-bot)"
74.7.227.215 - - [14/Nov/2025:22:12:05 -0700] "GET /products/42iw27903 HTTP/1.1" 200 96782 "-" "Mozilla/5.0 AppleWebKit/537.36 (KHTML, like Gecko; compatible; GPTBot/1.3; +https://openai.com/gptbot)"
74.7.227.215 - - [14/Nov/2025:22:12:06 -0700] "GET /products/85ng15640 HTTP/1.1" 200 96782 "-" "Mozilla/5.0 AppleWebKit/537.36 (KHTML, like Gecko; compatible; GPTBot/1.3; +https://openai.com/gptbot)"
57.141.2.66 - - [14/Nov/2025:22:12:07 -0700] "GET /product838798143?kg=0837403074 HTTP/1.1" 200 96782 "-" "meta-externalagent/1.1 (+https://developers.facebook.com/docs/sharing/webmasters/crawler)"
74.7.227.215 - - [14/Nov/2025:22:12:07 -0700] "GET /products/85pf42970 HTTP/1.1" 200 96782 "-" "Mozilla/5.0 AppleWebKit/537.36 (KHTML, like Gecko; compatible; GPTBot/1.3; +https://openai.com/gptbot)"
57.141.2.29 - - [14/Nov/2025:22:12:08 -0700] "GET /product1090250517?kg=1088437058 HTTP/1.1" 200 96782 "-" "meta-externalagent/1.1 (+https://developers.facebook.com/docs/sharing/webmasters/crawler)"
74.7.227.215 - - [14/Nov/2025:22:12:08 -0700] "GET /products/16lm31925 HTTP/1.1" 200 96782 "-" "Mozilla/5.0 AppleWebKit/537.36 (KHTML, like Gecko; compatible; GPTBot/1.3; +https://openai.com/gptbot)"
74.7.227.215 - - [14/Nov/2025:22:12:09 -0700] "GET /products/261zl7759 HTTP/1.1" 200 96782 "-" "Mozilla/5.0 AppleWebKit/537.36 (KHTML, like Gecko; compatible; GPTBot/1.3; +https://openai.com/gptbot)"
136.243.228.182 - - [14/Nov/2025:22:12:09 -0700] "GET /product1076328656?kg=1074538360 HTTP/1.1" 200 96782 "-" "Mozilla/5.0 (compatible; DataForSeoBot/1.0; +https://dataforseo.com/dataforseo-bot)"
74.7.227.215 - - [14/Nov/2025:22:12:10 -0700] "GET /products/84nb32741 HTTP/1.1" 200 96782 "-" "Mozilla/5.0 AppleWebKit/537.36 (KHTML, like Gecko; compatible; GPTBot/1.3; +https://openai.com/gptbot)"
57.141.2.97 - - [14/Nov/2025:22:12:11 -0700] "GET /product800266799?kg=0798935842 HTTP/1.1" 200 96782 "-" "meta-externalagent/1.1 (+https://developers.facebook.com/docs/sharing/webmasters/crawler)"
74.7.227.215 - - [14/Nov/2025:22:12:11 -0700] "GET /products/135ne4918 HTTP/1.1" 200 96782 "-" "Mozilla/5.0 AppleWebKit/537.36 (KHTML, like Gecko; compatible; GPTBot/1.3; +https://openai.com/gptbot)"
74.7.227.215 - - [14/Nov/2025:22:12:12 -0700] "GET /products/265me8372 HTTP/1.1" 200 96782 "-" "Mozilla/5.0 AppleWebKit/537.36 (KHTML, like Gecko; compatible; GPTBot/1.3; +https://openai.com/gptbot)"
74.7.227.215 - - [14/Nov/2025:22:12:13 -0700] "GET /products/152nj7394 HTTP/1.1" 200 96782 "-" "Mozilla/5.0 AppleWebKit/537.36 (KHTML, like Gecko; compatible; GPTBot/1.3; +https://openai.com/gptbot)"
85.208.96.195 - - [14/Nov/2025:22:12:13 -0700] "GET /product749750960?kg=0748504056 HTTP/1.1" 200 96782 "-" "Mozilla/5.0 (compatible; SemrushBot/7~bl; +http://www.semrush.com/bot.html)"
74.7.227.215 - - [14/Nov/2025:22:12:13 -0700] "GET /products/78gl34220 HTTP/1.1" 200 96782 "-" "Mozilla/5.0 AppleWebKit/537.36 (KHTML, like Gecko; compatible; GPTBot/1.3; +https://openai.com/gptbot)"
136.243.228.182 - - [14/Nov/2025:22:12:14 -0700] "GET /product1076149967?kg=1074359970 HTTP/1.1" 200 96782 "-" "Mozilla/5.0 (compatible; DataForSeoBot/1.0; +https://dataforseo.com/dataforseo-bot)"
57.141.2.5 - - [14/Nov/2025:22:12:14 -0700] "GET /product269347311?kg=0268899746 HTTP/1.1" 200 96782 "-" "meta-externalagent/1.1 (+https://developers.facebook.com/docs/sharing/webmasters/crawler)"
74.7.227.215 - - [14/Nov/2025:22:12:14 -0700] "GET /products/62qh17518 HTTP/1.1" 200 96782 "-" "Mozilla/5.0 AppleWebKit/537.36 (KHTML, like Gecko; compatible; GPTBot/1.3; +https://openai.com/gptbot)"
74.7.227.215 - - [14/Nov/2025:22:12:15 -0700] "GET /products/71bn41062 HTTP/1.1" 200 96782 "-" "Mozilla/5.0 AppleWebKit/537.36 (KHTML, like Gecko; compatible; GPTBot/1.3; +https://openai.com/gptbot)"
74.7.227.215 - - [14/Nov/2025:22:12:16 -0700] "GET /products/31zn26954 HTTP/1.1" 200 96782 "-" "Mozilla/5.0 AppleWebKit/537.36 (KHTML, like Gecko; compatible; GPTBot/1.3; +https://openai.com/gptbot)"
57.141.2.83 - - [14/Nov/2025:22:12:16 -0700] "GET /product985701462?kg=0984061960 HTTP/1.1" 200 96782 "-" "meta-externalagent/1.1 (+https://developers.facebook.com/docs/sharing/webmasters/crawler)"
74.7.227.215 - - [14/Nov/2025:22:12:17 -0700] "GET /products/25ln36102 HTTP/1.1" 200 96782 "-" "Mozilla/5.0 AppleWebKit/537.36 (KHTML, like Gecko; compatible; GPTBot/1.3; +https://openai.com/gptbot)"
136.243.228.182 - - [14/Nov/2025:22:12:18 -0700] "GET /product1076344675?kg=1074554354 HTTP/1.1" 200 96782 "-" "Mozilla/5.0 (compatible; DataForSeoBot/1.0; +https://dataforseo.com/dataforseo-bot)"
74.7.227.215 - - [14/Nov/2025:22:12:18 -0700] "GET /products/86zk12557 HTTP/1.1" 200 96782 "-" "Mozilla/5.0 AppleWebKit/537.36 (KHTML, like Gecko; compatible; GPTBot/1.3; +https://openai.com/gptbot)"
74.7.227.215 - - [14/Nov/2025:22:12:19 -0700] "GET /products/136fc8257 HTTP/1.1" 200 96782 "-" "Mozilla/5.0 AppleWebKit/537.36 (KHTML, like Gecko; compatible; GPTBot/1.3; +https://openai.com/gptbot)"
74.7.227.215 - - [14/Nov/2025:22:12:20 -0700] "GET /products/10jw37850 HTTP/1.1" 200 96782 "-" "Mozilla/5.0 AppleWebKit/537.36 (KHTML, like Gecko; compatible; GPTBot/1.3; +https://openai.com/gptbot)"
136.243.228.182 - - [14/Nov/2025:22:12:21 -0700] "GET /product1076228131?kg=1074438002 HTTP/1.1" 200 96782 "-" "Mozilla/5.0 (compatible; DataForSeoBot/1.0; +https://dataforseo.com/dataforseo-bot)"
74.7.227.215 - - [14/Nov/2025:22:12:21 -0700] "GET /products/135ne4918?fileloc=/home/bt667/public_html/admin.php&path=/home/bt667/public_html HTTP/1.1" 200 12538 "-" "Mozilla/5.0 AppleWebKit/537.36 (KHTML, like Gecko; compatible; GPTBot/1.3; +https://openai.com/gptbot)"
74.7.227.215 - - [14/Nov/2025:22:12:22 -0700] "GET /products/265me8372?fileloc=/home/bt667/public_html/admin.php&path=/home/bt667/public_html HTTP/1.1" 200 12538 "-" "Mozilla/5.0 AppleWebKit/537.36 (KHTML, like Gecko; compatible; GPTBot/1.3; +https://openai.com/gptbot)"
74.7.227.215 - - [14/Nov/2025:22:12:23 -0700] "GET /products/26pv47018 HTTP/1.1" 200 96782 "-" "Mozilla/5.0 AppleWebKit/537.36 (KHTML, like Gecko; compatible; GPTBot/1.3; +https://openai.com/gptbot)"
74.7.227.37 - - [14/Nov/2025:22:12:23 -0700] "GET /product1220072052?fileloc=//bin/dircolors&path=//bin HTTP/1.1" 200 67738 "-" "Mozilla/5.0 AppleWebKit/537.36 (KHTML, like Gecko; compatible; GPTBot/1.3; +https://openai.com/gptbot)"
74.7.227.215 - - [14/Nov/2025:22:12:24 -0700] "GET /products/127em1063 HTTP/1.1" 200 96782 "-" "Mozilla/5.0 AppleWebKit/537.36 (KHTML, like Gecko; compatible; GPTBot/1.3; +https://openai.com/gptbot)"
74.7.227.215 - - [14/Nov/2025:22:12:24 -0700] "GET /products/16gz27300 HTTP/1.1" 200 96782 "-" "Mozilla/5.0 AppleWebKit/537.36 (KHTML, like Gecko; compatible; GPTBot/1.3; +https://openai.com/gptbot)"
136.243.228.182 - - [14/Nov/2025:22:12:25 -0700] "GET /product1076044774?kg=1074254952 HTTP/1.1" 200 96782 "-" "Mozilla/5.0 (compatible; DataForSeoBot/1.0; +https://dataforseo.com/dataforseo-bot)"
74.7.227.215 - - [14/Nov/2025:22:12:26 -0700] "GET /products/182tz3097 HTTP/1.1" 200 96782 "-" "Mozilla/5.0 AppleWebKit/537.36 (KHTML, like Gecko; compatible; GPTBot/1.3; +https://openai.com/gptbot)"
74.7.227.215 - - [14/Nov/2025:22:12:27 -0700] "GET /products/50zv17638 HTTP/1.1" 200 96782 "-" "Mozilla/5.0 AppleWebKit/537.36 (KHTML, like Gecko; compatible; GPTBot/1.3; +https://openai.com/gptbot)"
74.7.227.215 - - [14/Nov/2025:22:12:28 -0700] "GET /products/12qi34894 HTTP/1.1" 200 96782 "-" "Mozilla/5.0 AppleWebKit/537.36 (KHTML, like Gecko; compatible; GPTBot/1.3; +https://openai.com/gptbot)"
74.7.227.215 - - [14/Nov/2025:22:12:28 -0700] "GET /products/26zx47280 HTTP/1.1" 200 96782 "-" "Mozilla/5.0 AppleWebKit/537.36 (KHTML, like Gecko; compatible; GPTBot/1.3; +https://openai.com/gptbot)"
74.7.227.215 - - [14/Nov/2025:22:12:29 -0700] "GET /products/84fr29635 HTTP/1.1" 200 96782 "-" "Mozilla/5.0 AppleWebKit/537.36 (KHTML, like Gecko; compatible; GPTBot/1.3; +https://openai.com/gptbot)"
136.243.228.182 - - [14/Nov/2025:22:12:29 -0700] "GET /product1076234011?kg=1074443874 HTTP/1.1" 200 96782 "-" "Mozilla/5.0 (compatible; DataForSeoBot/1.0; +https://dataforseo.com/dataforseo-bot)"
57.141.2.21 - - [14/Nov/2025:22:12:30 -0700] "GET /product534656373?kg=0533767362 HTTP/1.1" 200 96782 "-" "meta-externalagent/1.1 (+https://developers.facebook.com/docs/sharing/webmasters/crawler)"
74.7.227.215 - - [14/Nov/2025:22:12:30 -0700] "GET /products/219lf8739 HTTP/1.1" 200 96782 "-" "Mozilla/5.0 AppleWebKit/537.36 (KHTML, like Gecko; compatible; GPTBot/1.3; +https://openai.com/gptbot)"
74.7.227.215 - - [14/Nov/2025:22:12:31 -0700] "GET /products/24bf38041 HTTP/1.1" 200 96782 "-" "Mozilla/5.0 AppleWebKit/537.36 (KHTML, like Gecko; compatible; GPTBot/1.3; +https://openai.com/gptbot)"
57.141.2.61 - - [14/Nov/2025:22:12:31 -0700] "GET /product827029523?kg=0825654034 HTTP/1.1" 200 96782 "-" "meta-externalagent/1.1 (+https://developers.facebook.com/docs/sharing/webmasters/crawler)"
185.191.171.11 - - [14/Nov/2025:22:12:32 -0700] "GET /product482206322?kg=0481404584 HTTP/1.1" 200 96782 "-" "Mozilla/5.0 (compatible; SemrushBot/7~bl; +http://www.semrush.com/bot.html)"
74.7.227.215 - - [14/Nov/2025:22:12:32 -0700] "GET /products/83kj12379 HTTP/1.1" 200 96782 "-" "Mozilla/5.0 AppleWebKit/537.36 (KHTML, like Gecko; compatible; GPTBot/1.3; +https://openai.com/gptbot)"
74.7.227.215 - - [14/Nov/2025:22:12:33 -0700] "GET /products/127em1063?fileloc=/home/bt667/public_html/index.php&path=/home/bt667/public_html HTTP/1.1" 200 51915 "-" "Mozilla/5.0 AppleWebKit/537.36 (KHTML, like Gecko; compatible; GPTBot/1.3; +https://openai.com/gptbot)"
136.243.228.182 - - [14/Nov/2025:22:12:33 -0700] "GET /product1076470967?kg=1074680434 HTTP/1.1" 200 96782 "-" "Mozilla/5.0 (compatible; DataForSeoBot/1.0; +https://dataforseo.com/dataforseo-bot)"
74.7.227.215 - - [14/Nov/2025:22:12:34 -0700] "GET /products/81yi34607 HTTP/1.1" 200 96782 "-" "Mozilla/5.0 AppleWebKit/537.36 (KHTML, like Gecko; compatible; GPTBot/1.3; +https://openai.com/gptbot)"
85.208.96.197 - - [14/Nov/2025:22:12:35 -0700] "GET /product749736648?kg=0748489768 HTTP/1.1" 200 96782 "-" "Mozilla/5.0 (compatible; SemrushBot/7~bl; +http://www.semrush.com/bot.html)"
57.141.2.87 - - [14/Nov/2025:22:12:35 -0700] "GET /product236519505?kg=0236126562 HTTP/1.1" 200 96782 "-" "meta-externalagent/1.1 (+https://developers.facebook.com/docs/sharing/webmasters/crawler)"
74.7.227.215 - - [14/Nov/2025:22:12:35 -0700] "GET /products/297wi8310 HTTP/1.1" 200 96782 "-" "Mozilla/5.0 AppleWebKit/537.36 (KHTML, like Gecko; compatible; GPTBot/1.3; +https://openai.com/gptbot)"
74.7.227.215 - - [14/Nov/2025:22:12:37 -0700] "GET /products/50zv17638?path=/home/bt667/public_html HTTP/1.1" 200 96782 "-" "Mozilla/5.0 AppleWebKit/537.36 (KHTML, like Gecko; compatible; GPTBot/1.3; +https://openai.com/gptbot)"
136.243.228.182 - - [14/Nov/2025:22:12:37 -0700] "GET /product1076065224?kg=1074275368 HTTP/1.1" 200 96782 "-" "Mozilla/5.0 (compatible; DataForSeoBot/1.0; +https://dataforseo.com/dataforseo-bot)"
74.7.227.215 - - [14/Nov/2025:22:12:38 -0700] "GET /products/56qm18390 HTTP/1.1" 200 96782 "-" "Mozilla/5.0 AppleWebKit/537.36 (KHTML, like Gecko; compatible; GPTBot/1.3; +https://openai.com/gptbot)"
74.7.227.215 - - [14/Nov/2025:22:12:39 -0700] "GET /products/35vh39418 HTTP/1.1" 200 96782 "-" "Mozilla/5.0 AppleWebKit/537.36 (KHTML, like Gecko; compatible; GPTBot/1.3; +https://openai.com/gptbot)"
74.7.227.215 - - [14/Nov/2025:22:12:40 -0700] "GET /products/32yy19806 HTTP/1.1" 200 96782 "-" "Mozilla/5.0 AppleWebKit/537.36 (KHTML, like Gecko; compatible; GPTBot/1.3; +https://openai.com/gptbot)"
74.7.227.215 - - [14/Nov/2025:22:12:41 -0700] "GET /products/294zx9568 HTTP/1.1" 200 96782 "-" "Mozilla/5.0 AppleWebKit/537.36 (KHTML, like Gecko; compatible; GPTBot/1.3; +https://openai.com/gptbot)"
136.243.228.182 - - [14/Nov/2025:22:12:41 -0700] "GET /product1076373427?kg=1074583058 HTTP/1.1" 200 96782 "-" "Mozilla/5.0 (compatible; DataForSeoBot/1.0; +https://dataforseo.com/dataforseo-bot)"
74.7.227.215 - - [14/Nov/2025:22:12:42 -0700] "GET /products/94vm17320 HTTP/1.1" 200 96782 "-" "Mozilla/5.0 AppleWebKit/537.36 (KHTML, like Gecko; compatible; GPTBot/1.3; +https://openai.com/gptbot)"
74.7.227.215 - - [14/Nov/2025:22:12:43 -0700] "GET /products/179xi5760 HTTP/1.1" 200 96782 "-" "Mozilla/5.0 AppleWebKit/537.36 (KHTML, like Gecko; compatible; GPTBot/1.3; +https://openai.com/gptbot)"
74.7.227.215 - - [14/Nov/2025:22:12:44 -0700] "GET /products/68yh27952 HTTP/1.1" 200 96782 "-" "Mozilla/5.0 AppleWebKit/537.36 (KHTML, like Gecko; compatible; GPTBot/1.3; +https://openai.com/gptbot)"
57.141.2.26 - - [14/Nov/2025:22:12:45 -0700] "GET /product1371876126?kg=1369594072 HTTP/1.1" 200 96782 "-" "meta-externalagent/1.1 (+https://developers.facebook.com/docs/sharing/webmasters/crawler)"
136.243.228.182 - - [14/Nov/2025:22:12:45 -0700] "GET /product1076459530?kg=1074669016 HTTP/1.1" 200 96782 "-" "Mozilla/5.0 (compatible; DataForSeoBot/1.0; +https://dataforseo.com/dataforseo-bot)"
74.7.227.215 - - [14/Nov/2025:22:12:45 -0700] "GET /products/10kz36912 HTTP/1.1" 200 96782 "-" "Mozilla/5.0 AppleWebKit/537.36 (KHTML, like Gecko; compatible; GPTBot/1.3; +https://openai.com/gptbot)"
74.7.227.215 - - [14/Nov/2025:22:12:46 -0700] "GET /products/236ex7086 HTTP/1.1" 200 96782 "-" "Mozilla/5.0 AppleWebKit/537.36 (KHTML, like Gecko; compatible; GPTBot/1.3; +https://openai.com/gptbot)"
74.7.227.215 - - [14/Nov/2025:22:12:47 -0700] "GET /products/245nw8961 HTTP/1.1" 200 96782 "-" "Mozilla/5.0 AppleWebKit/537.36 (KHTML, like Gecko; compatible; GPTBot/1.3; +https://openai.com/gptbot)"
74.7.227.215 - - [14/Nov/2025:22:12:48 -0700] "GET /products/196nh5463 HTTP/1.1" 200 96782 "-" "Mozilla/5.0 AppleWebKit/537.36 (KHTML, like Gecko; compatible; GPTBot/1.3; +https://openai.com/gptbot)"
136.243.228.182 - - [14/Nov/2025:22:12:49 -0700] "GET /product1076264207?kg=1074474018 HTTP/1.1" 200 96782 "-" "Mozilla/5.0 (compatible; DataForSeoBot/1.0; +https://dataforseo.com/dataforseo-bot)"
74.7.227.215 - - [14/Nov/2025:22:12:50 -0700] "GET /products/58kx18749 HTTP/1.1" 200 96782 "-" "Mozilla/5.0 AppleWebKit/537.36 (KHTML, like Gecko; compatible; GPTBot/1.3; +https://openai.com/gptbot)"
74.7.227.215 - - [14/Nov/2025:22:12:51 -0700] "GET /products/87wa20794 HTTP/1.1" 200 96782 "-" "Mozilla/5.0 AppleWebKit/537.36 (KHTML, like Gecko; compatible; GPTBot/1.3; +https://openai.com/gptbot)"
74.7.227.215 - - [14/Nov/2025:22:12:52 -0700] "GET /products/62xn31830 HTTP/1.1" 200 96782 "-" "Mozilla/5.0 AppleWebKit/537.36 (KHTML, like Gecko; compatible; GPTBot/1.3; +https://openai.com/gptbot)"
114.119.150.5 - - [14/Nov/2025:22:12:51 -0700] "GET /product763613123?kg=0762343154 HTTP/1.1" 200 96782 "http://marketersvideoplayer.com/sitemap-subkey-2815.xml" "Mozilla/5.0 (Linux; Android 7.0;) AppleWebKit/537.36 (KHTML, like Gecko) Mobile Safari/537.36 (compatible; PetalBot;+https://webmaster.petalsearch.com/site/petalbot)"
57.141.2.73 - - [14/Nov/2025:22:12:53 -0700] "GET /product371519731?kg=0370902162 HTTP/1.1" 200 96782 "-" "meta-externalagent/1.1 (+https://developers.facebook.com/docs/sharing/webmasters/crawler)"
74.7.227.215 - - [14/Nov/2025:22:12:53 -0700] "GET /products/73vi49835 HTTP/1.1" 200 96782 "-" "Mozilla/5.0 AppleWebKit/537.36 (KHTML, like Gecko; compatible; GPTBot/1.3; +https://openai.com/gptbot)"
136.243.228.182 - - [14/Nov/2025:22:12:54 -0700] "GET /product1076293638?kg=1074503400 HTTP/1.1" 200 96782 "-" "Mozilla/5.0 (compatible; DataForSeoBot/1.0; +https://dataforseo.com/dataforseo-bot)"
74.7.227.215 - - [14/Nov/2025:22:12:54 -0700] "GET /products/142qv5728 HTTP/1.1" 200 96782 "-" "Mozilla/5.0 AppleWebKit/537.36 (KHTML, like Gecko; compatible; GPTBot/1.3; +https://openai.com/gptbot)"
57.141.2.28 - - [14/Nov/2025:22:12:54 -0700] "GET /product512294349?kg=0511442546 HTTP/1.1" 200 96782 "-" "meta-externalagent/1.1 (+https://developers.facebook.com/docs/sharing/webmasters/crawler)"
74.7.227.215 - - [14/Nov/2025:22:12:55 -0700] "GET /products/285dl6731 HTTP/1.1" 200 96782 "-" "Mozilla/5.0 AppleWebKit/537.36 (KHTML, like Gecko; compatible; GPTBot/1.3; +https://openai.com/gptbot)"
74.7.227.215 - - [14/Nov/2025:22:12:56 -0700] "GET /products/70ym10953 HTTP/1.1" 200 96782 "-" "Mozilla/5.0 AppleWebKit/537.36 (KHTML, like Gecko; compatible; GPTBot/1.3; +https://openai.com/gptbot)"
74.7.227.37 - - [14/Nov/2025:22:12:56 -0700] "GET /product44208486?fileloc=//lib64/libboost_program_options.so.1.53.0&path=//lib64 HTTP/1.1" 200 708164 "-" "Mozilla/5.0 AppleWebKit/537.36 (KHTML, like Gecko; compatible; GPTBot/1.3; +https://openai.com/gptbot)"
136.243.228.182 - - [14/Nov/2025:22:12:57 -0700] "GET /product1076210748?kg=1074420648 HTTP/1.1" 200 96782 "-" "Mozilla/5.0 (compatible; DataForSeoBot/1.0; +https://dataforseo.com/dataforseo-bot)"
74.7.227.215 - - [14/Nov/2025:22:12:57 -0700] "GET /products/72rl40938 HTTP/1.1" 200 96782 "-" "Mozilla/5.0 AppleWebKit/537.36 (KHTML, like Gecko; compatible; GPTBot/1.3; +https://openai.com/gptbot)"
74.7.227.215 - - [14/Nov/2025:22:12:59 -0700] "GET /products/250yo7389 HTTP/1.1" 200 96782 "-" "Mozilla/5.0 AppleWebKit/537.36 (KHTML, like Gecko; compatible; GPTBot/1.3; +https://openai.com/gptbot)"
74.7.227.215 - - [14/Nov/2025:22:13:00 -0700] "GET /products/63mb38574 HTTP/1.1" 200 96782 "-" "Mozilla/5.0 AppleWebKit/537.36 (KHTML, like Gecko; compatible; GPTBot/1.3; +https://openai.com/gptbot)"
57.141.2.77 - - [14/Nov/2025:22:13:00 -0700] "GET /product860068865?kg=0858638402 HTTP/1.1" 200 96782 "-" "meta-externalagent/1.1 (+https://developers.facebook.com/docs/sharing/webmasters/crawler)"
74.7.227.215 - - [14/Nov/2025:22:13:01 -0700] "GET /products/19zq34462 HTTP/1.1" 200 96782 "-" "Mozilla/5.0 AppleWebKit/537.36 (KHTML, like Gecko; compatible; GPTBot/1.3; +https://openai.com/gptbot)"
136.243.228.182 - - [14/Nov/2025:22:13:02 -0700] "GET /product1076243933?kg=1074453778 HTTP/1.1" 200 96782 "-" "Mozilla/5.0 (compatible; DataForSeoBot/1.0; +https://dataforseo.com/dataforseo-bot)"
74.7.227.215 - - [14/Nov/2025:22:13:03 -0700] "GET /products/15hw32147 HTTP/1.1" 200 96782 "-" "Mozilla/5.0 AppleWebKit/537.36 (KHTML, like Gecko; compatible; GPTBot/1.3; +https://openai.com/gptbot)"
74.7.227.215 - - [14/Nov/2025:22:13:04 -0700] "GET /products/38zy48769 HTTP/1.1" 200 96782 "-" "Mozilla/5.0 AppleWebKit/537.36 (KHTML, like Gecko; compatible; GPTBot/1.3; +https://openai.com/gptbot)"
74.7.227.215 - - [14/Nov/2025:22:13:05 -0700] "GET /products/57zn36144 HTTP/1.1" 200 96782 "-" "Mozilla/5.0 AppleWebKit/537.36 (KHTML, like Gecko; compatible; GPTBot/1.3; +https://openai.com/gptbot)"
136.243.228.182 - - [14/Nov/2025:22:13:05 -0700] "GET /product1076078446?kg=1074288568 HTTP/1.1" 200 96782 "-" "Mozilla/5.0 (compatible; DataForSeoBot/1.0; +https://dataforseo.com/dataforseo-bot)"
74.7.227.215 - - [14/Nov/2025:22:13:06 -0700] "GET /products/235vy4713 HTTP/1.1" 200 96782 "-" "Mozilla/5.0 AppleWebKit/537.36 (KHTML, like Gecko; compatible; GPTBot/1.3; +https://openai.com/gptbot)"
74.7.227.215 - - [14/Nov/2025:22:13:07 -0700] "GET /products/28lf17649 HTTP/1.1" 200 96782 "-" "Mozilla/5.0 AppleWebKit/537.36 (KHTML, like Gecko; compatible; GPTBot/1.3; +https://openai.com/gptbot)"
74.7.227.215 - - [14/Nov/2025:22:13:08 -0700] "GET /products/293za4566 HTTP/1.1" 200 96782 "-" "Mozilla/5.0 AppleWebKit/537.36 (KHTML, like Gecko; compatible; GPTBot/1.3; +https://openai.com/gptbot)"
74.7.227.215 - - [14/Nov/2025:22:13:08 -0700] "GET /products/70ym10953?path=/home/bt667/public_html/wp-content HTTP/1.1" 200 47431 "-" "Mozilla/5.0 AppleWebKit/537.36 (KHTML, like Gecko; compatible; GPTBot/1.3; +https://openai.com/gptbot)"
136.243.228.182 - - [14/Nov/2025:22:13:09 -0700] "GET /product1076067013?kg=1074277154 HTTP/1.1" 200 96782 "-" "Mozilla/5.0 (compatible; DataForSeoBot/1.0; +https://dataforseo.com/dataforseo-bot)"
74.7.227.215 - - [14/Nov/2025:22:13:09 -0700] "GET /products/63mb38574?fileloc=/home/bt667/public_html/index.php0&path=/home/bt667/public_html HTTP/1.1" 200 51916 "-" "Mozilla/5.0 AppleWebKit/537.36 (KHTML, like Gecko; compatible; GPTBot/1.3; +https://openai.com/gptbot)"
74.7.227.215 - - [14/Nov/2025:22:13:11 -0700] "GET /products/247lb9839 HTTP/1.1" 200 96782 "-" "Mozilla/5.0 AppleWebKit/537.36 (KHTML, like Gecko; compatible; GPTBot/1.3; +https://openai.com/gptbot)"
85.208.96.209 - - [14/Nov/2025:22:13:12 -0700] "GET /product749825628?kg=0748578600 HTTP/1.1" 200 96782 "-" "Mozilla/5.0 (compatible; SemrushBot/7~bl; +http://www.semrush.com/bot.html)"
74.7.227.215 - - [14/Nov/2025:22:13:12 -0700] "GET /products/250yo7389?path=/home HTTP/1.1" 200 12634 "-" "Mozilla/5.0 AppleWebKit/537.36 (KHTML, like Gecko; compatible; GPTBot/1.3; +https://openai.com/gptbot)"
136.243.228.182 - - [14/Nov/2025:22:13:13 -0700] "GET /product1076547895?kg=1074757234 HTTP/1.1" 200 96782 "-" "Mozilla/5.0 (compatible; DataForSeoBot/1.0; +https://dataforseo.com/dataforseo-bot)"
74.7.227.215 - - [14/Nov/2025:22:13:13 -0700] "GET /products/172kn3058 HTTP/1.1" 200 96782 "-" "Mozilla/5.0 AppleWebKit/537.36 (KHTML, like Gecko; compatible; GPTBot/1.3; +https://openai.com/gptbot)"
74.7.227.215 - - [14/Nov/2025:22:13:14 -0700] "GET /products/96ls15742 HTTP/1.1" 200 96782 "-" "Mozilla/5.0 AppleWebKit/537.36 (KHTML, like Gecko; compatible; GPTBot/1.3; +https://openai.com/gptbot)"
74.7.227.215 - - [14/Nov/2025:22:13:16 -0700] "GET /products/281jl4538 HTTP/1.1" 200 96782 "-" "Mozilla/5.0 AppleWebKit/537.36 (KHTML, like Gecko; compatible; GPTBot/1.3; +https://openai.com/gptbot)"
74.7.227.215 - - [14/Nov/2025:22:13:16 -0700] "GET /products/129ng6953 HTTP/1.1" 200 96782 "-" "Mozilla/5.0 AppleWebKit/537.36 (KHTML, like Gecko; compatible; GPTBot/1.3; +https://openai.com/gptbot)"
136.243.228.182 - - [14/Nov/2025:22:13:17 -0700] "GET /product1076265974?kg=1074475784 HTTP/1.1" 200 96782 "-" "Mozilla/5.0 (compatible; DataForSeoBot/1.0; +https://dataforseo.com/dataforseo-bot)"
74.7.227.215 - - [14/Nov/2025:22:13:18 -0700] "GET /products/28lf17649?fileloc=/home/bt667/public_html/index.php&path=/home/bt667/public_html HTTP/1.1" 200 51915 "-" "Mozilla/5.0 AppleWebKit/537.36 (KHTML, like Gecko; compatible; GPTBot/1.3; +https://openai.com/gptbot)"
74.7.227.215 - - [14/Nov/2025:22:13:19 -0700] "GET /products/235vy4713?fileloc=/home/bt667/public_html/admin.php&path=/home/bt667/public_html HTTP/1.1" 200 12538 "-" "Mozilla/5.0 AppleWebKit/537.36 (KHTML, like Gecko; compatible; GPTBot/1.3; +https://openai.com/gptbot)"
74.7.227.215 - - [14/Nov/2025:22:13:20 -0700] "GET /products/120lw2534 HTTP/1.1" 200 96782 "-" "Mozilla/5.0 AppleWebKit/537.36 (KHTML, like Gecko; compatible; GPTBot/1.3; +https://openai.com/gptbot)"
57.141.2.19 - - [14/Nov/2025:22:13:21 -0700] "GET /product1010424511?kg=1008743874 HTTP/1.1" 200 96782 "-" "meta-externalagent/1.1 (+https://developers.facebook.com/docs/sharing/webmasters/crawler)"
136.243.228.182 - - [14/Nov/2025:22:13:21 -0700] "GET /product1076295393?kg=1074505154 HTTP/1.1" 200 96782 "-" "Mozilla/5.0 (compatible; DataForSeoBot/1.0; +https://dataforseo.com/dataforseo-bot)"
74.7.227.215 - - [14/Nov/2025:22:13:21 -0700] "GET /products/19hk27842 HTTP/1.1" 200 96782 "-" "Mozilla/5.0 AppleWebKit/537.36 (KHTML, like Gecko; compatible; GPTBot/1.3; +https://openai.com/gptbot)"
74.7.227.215 - - [14/Nov/2025:22:13:22 -0700] "GET /products/284qk7692 HTTP/1.1" 200 96782 "-" "Mozilla/5.0 AppleWebKit/537.36 (KHTML, like Gecko; compatible; GPTBot/1.3; +https://openai.com/gptbot)"
85.208.96.206 - - [14/Nov/2025:22:13:23 -0700] "GET /product1178008?kg=0001176648 HTTP/1.1" 200 96782 "-" "Mozilla/5.0 (compatible; SemrushBot/7~bl; +http://www.semrush.com/bot.html)"
57.141.2.1 - - [14/Nov/2025:22:13:23 -0700] "GET /product1267203125?kg=1265095234 HTTP/1.1" 200 96782 "-" "meta-externalagent/1.1 (+https://developers.facebook.com/docs/sharing/webmasters/crawler)"
74.7.227.215 - - [14/Nov/2025:22:13:23 -0700] "GET /products/251za4346 HTTP/1.1" 200 96782 "-" "Mozilla/5.0 AppleWebKit/537.36 (KHTML, like Gecko; compatible; GPTBot/1.3; +https://openai.com/gptbot)"
57.141.2.35 - - [14/Nov/2025:22:13:24 -0700] "GET /product285350040?kg=0284875848 HTTP/1.1" 200 96782 "-" "meta-externalagent/1.1 (+https://developers.facebook.com/docs/sharing/webmasters/crawler)"
74.7.227.215 - - [14/Nov/2025:22:13:24 -0700] "GET /products/189vy5023 HTTP/1.1" 200 96782 "-" "Mozilla/5.0 AppleWebKit/537.36 (KHTML, like Gecko; compatible; GPTBot/1.3; +https://openai.com/gptbot)"
136.243.228.182 - - [14/Nov/2025:22:13:25 -0700] "GET /product1076090482?kg=1074300584 HTTP/1.1" 200 96782 "-" "Mozilla/5.0 (compatible; DataForSeoBot/1.0; +https://dataforseo.com/dataforseo-bot)"
74.7.227.215 - - [14/Nov/2025:22:13:25 -0700] "GET /products/116bl4079 HTTP/1.1" 200 96782 "-" "Mozilla/5.0 AppleWebKit/537.36 (KHTML, like Gecko; compatible; GPTBot/1.3; +https://openai.com/gptbot)"
57.141.2.18 - - [14/Nov/2025:22:13:26 -0700] "GET /product457109814?kg=0456349832 HTTP/1.1" 200 96782 "-" "meta-externalagent/1.1 (+https://developers.facebook.com/docs/sharing/webmasters/crawler)"
74.7.227.37 - - [14/Nov/2025:22:13:26 -0700] "GET /product1220072052?fileloc=//bin/euca-describe-nat-gateways&path=//bin HTTP/1.1" 200 12421 "-" "Mozilla/5.0 AppleWebKit/537.36 (KHTML, like Gecko; compatible; GPTBot/1.3; +https://openai.com/gptbot)"
74.7.227.215 - - [14/Nov/2025:22:13:26 -0700] "GET /products/19je18365 HTTP/1.1" 200 96782 "-" "Mozilla/5.0 AppleWebKit/537.36 (KHTML, like Gecko; compatible; GPTBot/1.3; +https://openai.com/gptbot)"
185.191.171.5 - - [14/Nov/2025:22:13:27 -0700] "GET /product71232179?kg=0071114258 HTTP/1.1" 200 96782 "-" "Mozilla/5.0 (compatible; SemrushBot/7~bl; +http://www.semrush.com/bot.html)"
57.141.2.15 - - [14/Nov/2025:22:13:27 -0700] "GET /product458544403?kg=0457782034 HTTP/1.1" 200 96782 "-" "meta-externalagent/1.1 (+https://developers.facebook.com/docs/sharing/webmasters/crawler)"
74.7.227.215 - - [14/Nov/2025:22:13:28 -0700] "GET /products/240hk8269 HTTP/1.1" 200 96782 "-" "Mozilla/5.0 AppleWebKit/537.36 (KHTML, like Gecko; compatible; GPTBot/1.3; +https://openai.com/gptbot)"
57.141.2.85 - - [14/Nov/2025:22:13:28 -0700] "GET /product860056064?kg=0858625624 HTTP/1.1" 200 96782 "-" "meta-externalagent/1.1 (+https://developers.facebook.com/docs/sharing/webmasters/crawler)"
74.7.227.215 - - [14/Nov/2025:22:13:29 -0700] "GET /products/194gs6578 HTTP/1.1" 200 96782 "-" "Mozilla/5.0 AppleWebKit/537.36 (KHTML, like Gecko; compatible; GPTBot/1.3; +https://openai.com/gptbot)"
136.243.228.182 - - [14/Nov/2025:22:13:29 -0700] "GET /product1076410182?kg=1074619752 HTTP/1.1" 200 96782 "-" "Mozilla/5.0 (compatible; DataForSeoBot/1.0; +https://dataforseo.com/dataforseo-bot)"
57.141.2.85 - - [14/Nov/2025:22:13:30 -0700] "GET /product458636176?kg=0457873656 HTTP/1.1" 200 96782 "-" "meta-externalagent/1.1 (+https://developers.facebook.com/docs/sharing/webmasters/crawler)"
74.7.227.215 - - [14/Nov/2025:22:13:30 -0700] "GET /products/97he13651 HTTP/1.1" 200 96782 "-" "Mozilla/5.0 AppleWebKit/537.36 (KHTML, like Gecko; compatible; GPTBot/1.3; +https://openai.com/gptbot)"
57.141.2.81 - - [14/Nov/2025:22:13:31 -0700] "GET /product97341991?kg=0097180626 HTTP/1.1" 200 96782 "-" "meta-externalagent/1.1 (+https://developers.facebook.com/docs/sharing/webmasters/crawler)"
74.7.227.215 - - [14/Nov/2025:22:13:31 -0700] "GET /products/89kj14659 HTTP/1.1" 200 96782 "-" "Mozilla/5.0 AppleWebKit/537.36 (KHTML, like Gecko; compatible; GPTBot/1.3; +https://openai.com/gptbot)"
74.7.227.215 - - [14/Nov/2025:22:13:32 -0700] "GET /products/89zn34627 HTTP/1.1" 200 96782 "-" "Mozilla/5.0 AppleWebKit/537.36 (KHTML, like Gecko; compatible; GPTBot/1.3; +https://openai.com/gptbot)"
57.141.2.25 - - [14/Nov/2025:22:13:33 -0700] "GET /product605327198?kg=0604320600 HTTP/1.1" 200 96782 "-" "meta-externalagent/1.1 (+https://developers.facebook.com/docs/sharing/webmasters/crawler)"
74.7.227.215 - - [14/Nov/2025:22:13:33 -0700] "GET /products/35mh46890 HTTP/1.1" 200 96782 "-" "Mozilla/5.0 AppleWebKit/537.36 (KHTML, like Gecko; compatible; GPTBot/1.3; +https://openai.com/gptbot)"
136.243.228.182 - - [14/Nov/2025:22:13:33 -0700] "GET /product1076331469?kg=1074541170 HTTP/1.1" 200 96782 "-" "Mozilla/5.0 (compatible; DataForSeoBot/1.0; +https://dataforseo.com/dataforseo-bot)"
85.208.96.194 - - [14/Nov/2025:22:13:34 -0700] "GET /product877410?kg=0000876552 HTTP/1.1" 200 96782 "-" "Mozilla/5.0 (compatible; SemrushBot/7~bl; +http://www.semrush.com/bot.html)"
57.141.2.18 - - [14/Nov/2025:22:13:35 -0700] "GET /product407265244?kg=0406588200 HTTP/1.1" 200 96782 "-" "meta-externalagent/1.1 (+https://developers.facebook.com/docs/sharing/webmasters/crawler)"
74.7.227.215 - - [14/Nov/2025:22:13:34 -0700] "GET /products/76xn18257 HTTP/1.1" 200 96782 "-" "Mozilla/5.0 AppleWebKit/537.36 (KHTML, like Gecko; compatible; GPTBot/1.3; +https://openai.com/gptbot)"
74.7.227.215 - - [14/Nov/2025:22:13:35 -0700] "GET /products/13kh28703 HTTP/1.1" 200 96782 "-" "Mozilla/5.0 AppleWebKit/537.36 (KHTML, like Gecko; compatible; GPTBot/1.3; +https://openai.com/gptbot)"
57.141.2.58 - - [14/Nov/2025:22:13:36 -0700] "GET /product605018462?kg=0604012376 HTTP/1.1" 200 96782 "-" "meta-externalagent/1.1 (+https://developers.facebook.com/docs/sharing/webmasters/crawler)"
74.7.227.215 - - [14/Nov/2025:22:13:36 -0700] "GET /products/19qw40373 HTTP/1.1" 200 96782 "-" "Mozilla/5.0 AppleWebKit/537.36 (KHTML, like Gecko; compatible; GPTBot/1.3; +https://openai.com/gptbot)"
74.7.227.215 - - [14/Nov/2025:22:13:37 -0700] "GET /products/27zm30899 HTTP/1.1" 200 96782 "-" "Mozilla/5.0 AppleWebKit/537.36 (KHTML, like Gecko; compatible; GPTBot/1.3; +https://openai.com/gptbot)"
136.243.228.182 - - [14/Nov/2025:22:13:37 -0700] "GET /product1076173436?kg=1074383400 HTTP/1.1" 200 96782 "-" "Mozilla/5.0 (compatible; DataForSeoBot/1.0; +https://dataforseo.com/dataforseo-bot)"
74.7.227.215 - - [14/Nov/2025:22:13:38 -0700] "GET /products/36xh21429 HTTP/1.1" 200 96782 "-" "Mozilla/5.0 AppleWebKit/537.36 (KHTML, like Gecko; compatible; GPTBot/1.3; +https://openai.com/gptbot)"
74.7.227.215 - - [14/Nov/2025:22:13:39 -0700] "GET /products/194gs6578?path=/home/bt667/public_html/wp-content HTTP/1.1" 200 47431 "-" "Mozilla/5.0 AppleWebKit/537.36 (KHTML, like Gecko; compatible; GPTBot/1.3; +https://openai.com/gptbot)"
74.7.227.215 - - [14/Nov/2025:22:13:40 -0700] "GET /products/69kd25087 HTTP/1.1" 200 96782 "-" "Mozilla/5.0 AppleWebKit/537.36 (KHTML, like Gecko; compatible; GPTBot/1.3; +https://openai.com/gptbot)"
74.7.227.215 - - [14/Nov/2025:22:13:41 -0700] "GET /products/248nj3531 HTTP/1.1" 200 96782 "-" "Mozilla/5.0 AppleWebKit/537.36 (KHTML, like Gecko; compatible; GPTBot/1.3; +https://openai.com/gptbot)"
136.243.228.182 - - [14/Nov/2025:22:13:41 -0700] "GET /product1076125196?kg=1074335240 HTTP/1.1" 200 96782 "-" "Mozilla/5.0 (compatible; DataForSeoBot/1.0; +https://dataforseo.com/dataforseo-bot)"
74.7.227.215 - - [14/Nov/2025:22:13:42 -0700] "GET /products/53em13724 HTTP/1.1" 200 96782 "-" "Mozilla/5.0 AppleWebKit/537.36 (KHTML, like Gecko; compatible; GPTBot/1.3; +https://openai.com/gptbot)"
74.7.227.215 - - [14/Nov/2025:22:13:43 -0700] "GET /products/72aq30061 HTTP/1.1" 200 96782 "-" "Mozilla/5.0 AppleWebKit/537.36 (KHTML, like Gecko; compatible; GPTBot/1.3; +https://openai.com/gptbot)"
