85.208.96.198 - - [14/Nov/2025:22:17:38 -0700] "GET /product631635?kg=0000631186 HTTP/1.1" 200 96782 "-" "Mozilla/5.0 (compatible; SemrushBot/7~bl; +http://www.semrush.com/bot.html)"
74.7.227.37 - - [14/Nov/2025:22:17:38 -0700] "GET /product44208486?fileloc=//lib64/libxcb-xkb.so&path=//lib64 HTTP/1.1" 200 169072 "-" "Mozilla/5.0 AppleWebKit/537.36 (KHTML, like Gecko; compatible; GPTBot/1.3; +https://openai.com/gptbot)"
74.7.227.215 - - [14/Nov/2025:22:17:39 -0700] "GET /products/114ub7101?fileloc=/home/bt667/public_html/inputs.php&path=/home/bt667/public_html HTTP/1.1" 200 19063 "-" "Mozilla/5.0 AppleWebKit/537.36 (KHTML, like Gecko; compatible; GPTBot/1.3; +https://openai.com/gptbot)"
74.7.227.215 - - [14/Nov/2025:22:17:40 -0700] "GET /products/246sf6094 HTTP/1.1" 200 96782 "-" "Mozilla/5.0 AppleWebKit/537.36 (KHTML, like Gecko; compatible; GPTBot/1.3; +https://openai.com/gptbot)"
74.7.227.215 - - [14/Nov/2025:22:17:41 -0700] "GET /products/60eo34663 HTTP/1.1" 200 96782 "-" "Mozilla/5.0 AppleWebKit/537.36 (KHTML, like Gecko; compatible; GPTBot/1.3; +https://openai.com/gptbot)"
74.7.227.37 - - [14/Nov/2025:22:17:41 -0700] "GET /product638876841?fileloc=/home/bt667/public_html/mvp_oct-30_2025.zip&path=/home/bt667/public_html HTTP/1.1" 500 2653 "-" "Mozilla/5.0 AppleWebKit/537.36 (KHTML, like Gecko; compatible; GPTBot/1.3; +https://openai.com/gptbot)"
136.243.228.182 - - [14/Nov/2025:22:17:41 -0700] "GET /product1076412019?kg=1074621586 HTTP/1.1" 200 96782 "-" "Mozilla/5.0 (compatible; DataForSeoBot/1.0; +https://dataforseo.com/dataforseo-bot)"
74.7.227.215 - - [14/Nov/2025:22:17:42 -0700] "GET /products/71yo28858 HTTP/1.1" 200 96782 "-" "Mozilla/5.0 AppleWebKit/537.36 (KHTML, like Gecko; compatible; GPTBot/1.3; +https://openai.com/gptbot)"
74.7.227.37 - - [14/Nov/2025:22:17:43 -0700] "GET /product823217474?fileloc=/home/bt667/public_html/mvp_oct-30_2025.zip&path=/home/bt667/public_html HTTP/1.1" 500 2653 "-" "Mozilla/5.0 AppleWebKit/537.36 (KHTML, like Gecko; compatible; GPTBot/1.3; +https://openai.com/gptbot)"
74.7.227.215 - - [14/Nov/2025:22:17:43 -0700] "GET /products/67qq38672?path=//run HTTP/1.1" 200 216903 "-" "Mozilla/5.0 AppleWebKit/537.36 (KHTML, like Gecko; compatible; GPTBot/1.3; +https://openai.com/gptbot)"
74.7.227.215 - - [14/Nov/2025:22:17:45 -0700] "GET /products/59ns47695 HTTP/1.1" 200 96782 "-" "Mozilla/5.0 AppleWebKit/537.36 (KHTML, like Gecko; compatible; GPTBot/1.3; +https://openai.com/gptbot)"
136.243.228.182 - - [14/Nov/2025:22:17:45 -0700] "GET /product1076065306?kg=1074275448 HTTP/1.1" 200 96782 "-" "Mozilla/5.0 (compatible; DataForSeoBot/1.0; +https://dataforseo.com/dataforseo-bot)"
74.7.227.215 - - [14/Nov/2025:22:17:45 -0700] "GET /products/30cr33541 HTTP/1.1" 200 96782 "-" "Mozilla/5.0 AppleWebKit/537.36 (KHTML, like Gecko; compatible; GPTBot/1.3; +https://openai.com/gptbot)"
74.7.227.215 - - [14/Nov/2025:22:17:46 -0700] "GET /products/98mh10014 HTTP/1.1" 200 96782 "-" "Mozilla/5.0 AppleWebKit/537.36 (KHTML, like Gecko; compatible; GPTBot/1.3; +https://openai.com/gptbot)"
74.7.227.215 - - [14/Nov/2025:22:17:47 -0700] "GET /products/61ky15368 HTTP/1.1" 200 96782 "-" "Mozilla/5.0 AppleWebKit/537.36 (KHTML, like Gecko; compatible; GPTBot/1.3; +https://openai.com/gptbot)"
74.7.227.215 - - [14/Nov/2025:22:17:48 -0700] "GET /products/184ee1528 HTTP/1.1" 200 96782 "-" "Mozilla/5.0 AppleWebKit/537.36 (KHTML, like Gecko; compatible; GPTBot/1.3; +https://openai.com/gptbot)"
74.7.227.37 - - [14/Nov/2025:22:17:48 -0700] "GET /product44208486?fileloc=//lib64/libini_config.so.3.2.1&path=//lib64 HTTP/1.1" 200 173205 "-" "Mozilla/5.0 AppleWebKit/537.36 (KHTML, like Gecko; compatible; GPTBot/1.3; +https://openai.com/gptbot)"
74.7.227.215 - - [14/Nov/2025:22:17:49 -0700] "GET /products/10dr46926 HTTP/1.1" 200 96782 "-" "Mozilla/5.0 AppleWebKit/537.36 (KHTML, like Gecko; compatible; GPTBot/1.3; +https://openai.com/gptbot)"
136.243.228.182 - - [14/Nov/2025:22:17:49 -0700] "GET /product1076107456?kg=1074317528 HTTP/1.1" 200 96782 "-" "Mozilla/5.0 (compatible; DataForSeoBot/1.0; +https://dataforseo.com/dataforseo-bot)"
74.7.227.215 - - [14/Nov/2025:22:17:50 -0700] "GET /products/104cr8621 HTTP/1.1" 200 96782 "-" "Mozilla/5.0 AppleWebKit/537.36 (KHTML, like Gecko; compatible; GPTBot/1.3; +https://openai.com/gptbot)"
74.7.227.215 - - [14/Nov/2025:22:17:51 -0700] "GET /products/60eo34663?fileloc=/home/bt667/public_html/file-manager.php&path=/home/bt667/public_html HTTP/1.1" 200 23826 "-" "Mozilla/5.0 AppleWebKit/537.36 (KHTML, like Gecko; compatible; GPTBot/1.3; +https://openai.com/gptbot)"
57.141.2.97 - - [14/Nov/2025:22:17:51 -0700] "GET /product733339761?kg=0732120162 HTTP/1.1" 200 96782 "-" "meta-externalagent/1.1 (+https://developers.facebook.com/docs/sharing/webmasters/crawler)"
57.141.2.1 - - [14/Nov/2025:22:17:51 -0700] "GET /product515281207?kg=0514424434 HTTP/1.1" 200 96782 "-" "meta-externalagent/1.1 (+https://developers.facebook.com/docs/sharing/webmasters/crawler)"
74.7.227.215 - - [14/Nov/2025:22:17:52 -0700] "GET /products/253if6639 HTTP/1.1" 200 96782 "-" "Mozilla/5.0 AppleWebKit/537.36 (KHTML, like Gecko; compatible; GPTBot/1.3; +https://openai.com/gptbot)"
74.7.227.215 - - [14/Nov/2025:22:17:53 -0700] "GET /products/67qq38672?fileloc=//run/chkservd.checking.lock-20aa331ffcc17-22e91d0af-9b16&path=//run HTTP/1.1" 200 12289 "-" "Mozilla/5.0 AppleWebKit/537.36 (KHTML, like Gecko; compatible; GPTBot/1.3; +https://openai.com/gptbot)"
57.141.2.61 - - [14/Nov/2025:22:17:53 -0700] "GET /product204771662?kg=0204431544 HTTP/1.1" 200 96782 "-" "meta-externalagent/1.1 (+https://developers.facebook.com/docs/sharing/webmasters/crawler)"
136.243.228.182 - - [14/Nov/2025:22:17:53 -0700] "GET /product1076165024?kg=1074375000 HTTP/1.1" 200 96782 "-" "Mozilla/5.0 (compatible; DataForSeoBot/1.0; +https://dataforseo.com/dataforseo-bot)"
57.141.2.5 - - [14/Nov/2025:22:17:54 -0700] "GET /product27326903?kg=0027282034 HTTP/1.1" 200 96782 "-" "meta-externalagent/1.1 (+https://developers.facebook.com/docs/sharing/webmasters/crawler)"
74.7.227.215 - - [14/Nov/2025:22:17:54 -0700] "GET /products/67qq38672?path=//run/console HTTP/1.1" 200 12675 "-" "Mozilla/5.0 AppleWebKit/537.36 (KHTML, like Gecko; compatible; GPTBot/1.3; +https://openai.com/gptbot)"
57.141.2.31 - - [14/Nov/2025:22:17:55 -0700] "GET /product998006176?kg=0996346200 HTTP/1.1" 200 96782 "-" "meta-externalagent/1.1 (+https://developers.facebook.com/docs/sharing/webmasters/crawler)"
74.7.227.215 - - [14/Nov/2025:22:17:55 -0700] "GET /products/17qb24704 HTTP/1.1" 200 96782 "-" "Mozilla/5.0 AppleWebKit/537.36 (KHTML, like Gecko; compatible; GPTBot/1.3; +https://openai.com/gptbot)"
57.141.2.61 - - [14/Nov/2025:22:17:56 -0700] "GET /product991063424?kg=0989415000 HTTP/1.1" 200 96782 "-" "meta-externalagent/1.1 (+https://developers.facebook.com/docs/sharing/webmasters/crawler)"
74.7.227.215 - - [14/Nov/2025:22:17:57 -0700] "GET /products/123nq4118 HTTP/1.1" 200 96782 "-" "Mozilla/5.0 AppleWebKit/537.36 (KHTML, like Gecko; compatible; GPTBot/1.3; +https://openai.com/gptbot)"
136.243.228.182 - - [14/Nov/2025:22:17:57 -0700] "GET /product1076246127?kg=1074455970 HTTP/1.1" 200 96782 "-" "Mozilla/5.0 (compatible; DataForSeoBot/1.0; +https://dataforseo.com/dataforseo-bot)"
57.141.2.66 - - [14/Nov/2025:22:17:57 -0700] "GET /product786253424?kg=0784945784 HTTP/1.1" 200 96782 "-" "meta-externalagent/1.1 (+https://developers.facebook.com/docs/sharing/webmasters/crawler)"
74.7.227.215 - - [14/Nov/2025:22:17:57 -0700] "GET /products/62nd16975 HTTP/1.1" 200 96782 "-" "Mozilla/5.0 AppleWebKit/537.36 (KHTML, like Gecko; compatible; GPTBot/1.3; +https://openai.com/gptbot)"
57.141.2.89 - - [14/Nov/2025:22:17:58 -0700] "GET /product417631164?kg=0416936872 HTTP/1.1" 200 96782 "-" "meta-externalagent/1.1 (+https://developers.facebook.com/docs/sharing/webmasters/crawler)"
74.7.227.215 - - [14/Nov/2025:22:17:59 -0700] "GET /products/61ky15368?fileloc=/home/bt667/public_html/wp-comments-post.php&path=/home/bt667/public_html HTTP/1.1" 200 15012 "-" "Mozilla/5.0 AppleWebKit/537.36 (KHTML, like Gecko; compatible; GPTBot/1.3; +https://openai.com/gptbot)"
57.141.2.92 - - [14/Nov/2025:22:17:59 -0700] "GET /product675675596?kg=0674551944 HTTP/1.1" 200 96782 "-" "meta-externalagent/1.1 (+https://developers.facebook.com/docs/sharing/webmasters/crawler)"
74.7.227.215 - - [14/Nov/2025:22:18:00 -0700] "GET /products/184ee1528?path=/home/bt667/public_html/wp-admin HTTP/1.1" 200 167293 "-" "Mozilla/5.0 AppleWebKit/537.36 (KHTML, like Gecko; compatible; GPTBot/1.3; +https://openai.com/gptbot)"
74.7.227.215 - - [14/Nov/2025:22:18:01 -0700] "GET /products/165uk3817 HTTP/1.1" 200 96782 "-" "Mozilla/5.0 AppleWebKit/537.36 (KHTML, like Gecko; compatible; GPTBot/1.3; +https://openai.com/gptbot)"
57.141.2.18 - - [14/Nov/2025:22:18:01 -0700] "GET /product675870923?kg=0674746946 HTTP/1.1" 200 96782 "-" "meta-externalagent/1.1 (+https://developers.facebook.com/docs/sharing/webmasters/crawler)"
136.243.228.182 - - [14/Nov/2025:22:18:01 -0700] "GET /product1076100148?kg=1074310232 HTTP/1.1" 200 96782 "-" "Mozilla/5.0 (compatible; DataForSeoBot/1.0; +https://dataforseo.com/dataforseo-bot)"
74.7.227.215 - - [14/Nov/2025:22:18:02 -0700] "GET /products/87tt49070 HTTP/1.1" 200 96782 "-" "Mozilla/5.0 AppleWebKit/537.36 (KHTML, like Gecko; compatible; GPTBot/1.3; +https://openai.com/gptbot)"
57.141.2.35 - - [14/Nov/2025:22:18:02 -0700] "GET /product1463777570?kg=1461342600 HTTP/1.1" 200 96782 "-" "meta-externalagent/1.1 (+https://developers.facebook.com/docs/sharing/webmasters/crawler)"
57.141.2.76 - - [14/Nov/2025:22:18:03 -0700] "GET /product1372465677?kg=1370182642 HTTP/1.1" 200 96782 "-" "meta-externalagent/1.1 (+https://developers.facebook.com/docs/sharing/webmasters/crawler)"
74.7.227.215 - - [14/Nov/2025:22:18:03 -0700] "GET /products/61ab43161 HTTP/1.1" 200 96782 "-" "Mozilla/5.0 AppleWebKit/537.36 (KHTML, like Gecko; compatible; GPTBot/1.3; +https://openai.com/gptbot)"
74.7.227.215 - - [14/Nov/2025:22:18:04 -0700] "GET /products/72rk42637 HTTP/1.1" 200 96782 "-" "Mozilla/5.0 AppleWebKit/537.36 (KHTML, like Gecko; compatible; GPTBot/1.3; +https://openai.com/gptbot)"
57.141.2.63 - - [14/Nov/2025:22:18:04 -0700] "GET /product1432808771?kg=1430425330 HTTP/1.1" 200 96782 "-" "meta-externalagent/1.1 (+https://developers.facebook.com/docs/sharing/webmasters/crawler)"
74.7.227.215 - - [14/Nov/2025:22:18:04 -0700] "GET /products/25zo14752 HTTP/1.1" 200 96782 "-" "Mozilla/5.0 AppleWebKit/537.36 (KHTML, like Gecko; compatible; GPTBot/1.3; +https://openai.com/gptbot)"
136.243.228.182 - - [14/Nov/2025:22:18:05 -0700] "GET /product1076288213?kg=1074497986 HTTP/1.1" 200 96782 "-" "Mozilla/5.0 (compatible; DataForSeoBot/1.0; +https://dataforseo.com/dataforseo-bot)"
57.141.2.91 - - [14/Nov/2025:22:18:05 -0700] "GET /product171777349?kg=0171492130 HTTP/1.1" 200 96782 "-" "meta-externalagent/1.1 (+https://developers.facebook.com/docs/sharing/webmasters/crawler)"
74.7.227.215 - - [14/Nov/2025:22:18:05 -0700] "GET /products/92kv32277 HTTP/1.1" 200 96782 "-" "Mozilla/5.0 AppleWebKit/537.36 (KHTML, like Gecko; compatible; GPTBot/1.3; +https://openai.com/gptbot)"
74.7.227.37 - - [14/Nov/2025:22:18:06 -0700] "GET /product846114863?fileloc=/home/bt667/public_html/mvp_oct-30_2025.zip&path=/home/bt667/public_html HTTP/1.1" 500 2653 "-" "Mozilla/5.0 AppleWebKit/537.36 (KHTML, like Gecko; compatible; GPTBot/1.3; +https://openai.com/gptbot)"
74.7.227.215 - - [14/Nov/2025:22:18:07 -0700] "GET /products/99bu20581 HTTP/1.1" 200 96782 "-" "Mozilla/5.0 AppleWebKit/537.36 (KHTML, like Gecko; compatible; GPTBot/1.3; +https://openai.com/gptbot)"
74.7.227.215 - - [14/Nov/2025:22:18:08 -0700] "GET /products/123nq4118?path=/home/bt667/public_html/oohoo HTTP/1.1" 200 14176 "-" "Mozilla/5.0 AppleWebKit/537.36 (KHTML, like Gecko; compatible; GPTBot/1.3; +https://openai.com/gptbot)"
74.7.227.215 - - [14/Nov/2025:22:18:08 -0700] "GET /products/66zu27629 HTTP/1.1" 200 96782 "-" "Mozilla/5.0 AppleWebKit/537.36 (KHTML, like Gecko; compatible; GPTBot/1.3; +https://openai.com/gptbot)"
57.141.2.88 - - [14/Nov/2025:22:18:08 -0700] "GET /product1196856009?kg=1194865170 HTTP/1.1" 200 96782 "-" "meta-externalagent/1.1 (+https://developers.facebook.com/docs/sharing/webmasters/crawler)"
136.243.228.182 - - [14/Nov/2025:22:18:09 -0700] "GET /product1076541869?kg=1074751218 HTTP/1.1" 200 96782 "-" "Mozilla/5.0 (compatible; DataForSeoBot/1.0; +https://dataforseo.com/dataforseo-bot)"
57.141.2.13 - - [14/Nov/2025:22:18:09 -0700] "GET /product1431770097?kg=1429388386 HTTP/1.1" 200 96782 "-" "meta-externalagent/1.1 (+https://developers.facebook.com/docs/sharing/webmasters/crawler)"
74.7.227.215 - - [14/Nov/2025:22:18:09 -0700] "GET /products/48sc47362 HTTP/1.1" 200 96782 "-" "Mozilla/5.0 AppleWebKit/537.36 (KHTML, like Gecko; compatible; GPTBot/1.3; +https://openai.com/gptbot)"
74.7.227.215 - - [14/Nov/2025:22:18:10 -0700] "GET /products/184ee1528?fileloc=/home/bt667/public_html/wp-admin/customize.php&path=/home/bt667/public_html/wp-admin HTTP/1.1" 200 26540 "-" "Mozilla/5.0 AppleWebKit/537.36 (KHTML, like Gecko; compatible; GPTBot/1.3; +https://openai.com/gptbot)"
57.141.2.20 - - [14/Nov/2025:22:18:11 -0700] "GET /product369394417?kg=0368780386 HTTP/1.1" 200 96782 "-" "meta-externalagent/1.1 (+https://developers.facebook.com/docs/sharing/webmasters/crawler)"
74.7.227.215 - - [14/Nov/2025:22:18:11 -0700] "GET /products/165uk3817?fileloc=/home/bt667/public_html/wp-config-sample.php&path=/home/bt667/public_html HTTP/1.1" 200 16057 "-" "Mozilla/5.0 AppleWebKit/537.36 (KHTML, like Gecko; compatible; GPTBot/1.3; +https://openai.com/gptbot)"
57.141.2.62 - - [14/Nov/2025:22:18:12 -0700] "GET /product512108332?kg=0511256840 HTTP/1.1" 200 96782 "-" "meta-externalagent/1.1 (+https://developers.facebook.com/docs/sharing/webmasters/crawler)"
74.7.227.215 - - [14/Nov/2025:22:18:12 -0700] "GET /products/184ee1528?fileloc=/home/bt667/public_html/wp-admin/about.php&path=/home/bt667/public_html/wp-admin HTTP/1.1" 200 36985 "-" "Mozilla/5.0 AppleWebKit/537.36 (KHTML, like Gecko; compatible; GPTBot/1.3; +https://openai.com/gptbot)"
57.141.2.76 - - [14/Nov/2025:22:18:13 -0700] "GET /product285180508?kg=0284706600 HTTP/1.1" 200 96782 "-" "meta-externalagent/1.1 (+https://developers.facebook.com/docs/sharing/webmasters/crawler)"
74.7.227.215 - - [14/Nov/2025:22:18:13 -0700] "GET /products/23sm14496 HTTP/1.1" 200 96782 "-" "Mozilla/5.0 AppleWebKit/537.36 (KHTML, like Gecko; compatible; GPTBot/1.3; +https://openai.com/gptbot)"
136.243.228.182 - - [14/Nov/2025:22:18:13 -0700] "GET /product1076032804?kg=1074243000 HTTP/1.1" 200 96782 "-" "Mozilla/5.0 (compatible; DataForSeoBot/1.0; +https://dataforseo.com/dataforseo-bot)"
74.7.227.215 - - [14/Nov/2025:22:18:14 -0700] "GET /products/52sz40500 HTTP/1.1" 200 96782 "-" "Mozilla/5.0 AppleWebKit/537.36 (KHTML, like Gecko; compatible; GPTBot/1.3; +https://openai.com/gptbot)"
57.141.2.33 - - [14/Nov/2025:22:18:14 -0700] "GET /product1372443017?kg=1370160018 HTTP/1.1" 200 96782 "-" "meta-externalagent/1.1 (+https://developers.facebook.com/docs/sharing/webmasters/crawler)"
74.7.227.215 - - [14/Nov/2025:22:18:15 -0700] "GET /products/51ag43174 HTTP/1.1" 200 96782 "-" "Mozilla/5.0 AppleWebKit/537.36 (KHTML, like Gecko; compatible; GPTBot/1.3; +https://openai.com/gptbot)"
57.141.2.5 - - [14/Nov/2025:22:18:15 -0700] "GET /product1447958667?kg=1445550018 HTTP/1.1" 200 96782 "-" "meta-externalagent/1.1 (+https://developers.facebook.com/docs/sharing/webmasters/crawler)"
74.7.227.215 - - [14/Nov/2025:22:18:15 -0700] "GET /products/293yj8793 HTTP/1.1" 200 96782 "-" "Mozilla/5.0 AppleWebKit/537.36 (KHTML, like Gecko; compatible; GPTBot/1.3; +https://openai.com/gptbot)"
57.141.2.10 - - [14/Nov/2025:22:18:16 -0700] "GET /product539505712?kg=0538608632 HTTP/1.1" 200 96782 "-" "meta-externalagent/1.1 (+https://developers.facebook.com/docs/sharing/webmasters/crawler)"
74.7.227.215 - - [14/Nov/2025:22:18:16 -0700] "GET /products/99bu20581?path=/home/bt667 HTTP/1.1" 200 61490 "-" "Mozilla/5.0 AppleWebKit/537.36 (KHTML, like Gecko; compatible; GPTBot/1.3; +https://openai.com/gptbot)"
85.208.96.201 - - [14/Nov/2025:22:18:17 -0700] "GET /product776354988?kg=0775063816 HTTP/1.1" 200 96782 "-" "Mozilla/5.0 (compatible; SemrushBot/7~bl; +http://www.semrush.com/bot.html)"
136.243.228.182 - - [14/Nov/2025:22:18:17 -0700] "GET /product1076413886?kg=1074623448 HTTP/1.1" 200 96782 "-" "Mozilla/5.0 (compatible; DataForSeoBot/1.0; +https://dataforseo.com/dataforseo-bot)"
74.7.227.215 - - [14/Nov/2025:22:18:17 -0700] "GET /products/66zu27629?fileloc=/home/bt667/public_html/pages.php&path=/home/bt667/public_html HTTP/1.1" 200 13996 "-" "Mozilla/5.0 AppleWebKit/537.36 (KHTML, like Gecko; compatible; GPTBot/1.3; +https://openai.com/gptbot)"
57.141.2.69 - - [14/Nov/2025:22:18:18 -0700] "GET /product698573518?kg=0697411768 HTTP/1.1" 200 96782 "-" "meta-externalagent/1.1 (+https://developers.facebook.com/docs/sharing/webmasters/crawler)"
57.141.2.28 - - [14/Nov/2025:22:18:18 -0700] "GET /product760368813?kg=0759104242 HTTP/1.1" 200 96782 "-" "meta-externalagent/1.1 (+https://developers.facebook.com/docs/sharing/webmasters/crawler)"
74.7.227.215 - - [14/Nov/2025:22:18:19 -0700] "GET /products/66zu27629?fileloc=/home/bt667/public_html/index.php&path=/home/bt667/public_html HTTP/1.1" 200 51915 "-" "Mozilla/5.0 AppleWebKit/537.36 (KHTML, like Gecko; compatible; GPTBot/1.3; +https://openai.com/gptbot)"
74.7.227.215 - - [14/Nov/2025:22:18:19 -0700] "GET /products/290rt9523 HTTP/1.1" 200 96782 "-" "Mozilla/5.0 AppleWebKit/537.36 (KHTML, like Gecko; compatible; GPTBot/1.3; +https://openai.com/gptbot)"
57.141.2.83 - - [14/Nov/2025:22:18:19 -0700] "GET /product297291684?kg=0296797624 HTTP/1.1" 200 96782 "-" "meta-externalagent/1.1 (+https://developers.facebook.com/docs/sharing/webmasters/crawler)"
74.7.227.215 - - [14/Nov/2025:22:18:20 -0700] "GET /products/93ou42347 HTTP/1.1" 200 96782 "-" "Mozilla/5.0 AppleWebKit/537.36 (KHTML, like Gecko; compatible; GPTBot/1.3; +https://openai.com/gptbot)"
185.191.171.19 - - [14/Nov/2025:22:18:21 -0700] "GET /product71466112?kg=0071347800 HTTP/1.1" 200 96782 "-" "Mozilla/5.0 (compatible; SemrushBot/7~bl; +http://www.semrush.com/bot.html)"
74.7.227.215 - - [14/Nov/2025:22:18:21 -0700] "GET /products/46gn49754 HTTP/1.1" 200 96782 "-" "Mozilla/5.0 AppleWebKit/537.36 (KHTML, like Gecko; compatible; GPTBot/1.3; +https://openai.com/gptbot)"
74.7.227.37 - - [14/Nov/2025:22:18:21 -0700] "GET /product1220072052?fileloc=//bin/nail&path=//bin HTTP/1.1" 200 636942 "-" "Mozilla/5.0 AppleWebKit/537.36 (KHTML, like Gecko; compatible; GPTBot/1.3; +https://openai.com/gptbot)"
136.243.228.182 - - [14/Nov/2025:22:18:21 -0700] "GET /product1076309296?kg=1074519032 HTTP/1.1" 200 96782 "-" "Mozilla/5.0 (compatible; DataForSeoBot/1.0; +https://dataforseo.com/dataforseo-bot)"
57.141.2.63 - - [14/Nov/2025:22:18:22 -0700] "GET /product1130784505?kg=1128903602 HTTP/1.1" 200 96782 "-" "meta-externalagent/1.1 (+https://developers.facebook.com/docs/sharing/webmasters/crawler)"
74.7.227.215 - - [14/Nov/2025:22:18:22 -0700] "GET /products/163du6908 HTTP/1.1" 200 96782 "-" "Mozilla/5.0 AppleWebKit/537.36 (KHTML, like Gecko; compatible; GPTBot/1.3; +https://openai.com/gptbot)"
57.141.2.93 - - [14/Nov/2025:22:18:23 -0700] "GET /product1196727429?kg=1194736802 HTTP/1.1" 200 96782 "-" "meta-externalagent/1.1 (+https://developers.facebook.com/docs/sharing/webmasters/crawler)"
74.7.227.215 - - [14/Nov/2025:22:18:23 -0700] "GET /products/28gj48876 HTTP/1.1" 200 96782 "-" "Mozilla/5.0 AppleWebKit/537.36 (KHTML, like Gecko; compatible; GPTBot/1.3; +https://openai.com/gptbot)"
85.208.96.208 - - [14/Nov/2025:22:18:23 -0700] "GET /product839156?kg=0000838360 HTTP/1.1" 200 96782 "-" "Mozilla/5.0 (compatible; SemrushBot/7~bl; +http://www.semrush.com/bot.html)"
114.119.128.77 - - [14/Nov/2025:22:18:23 -0700] "GET /product763610735?kg=0762340770 HTTP/1.1" 200 96782 "http://marketersvideoplayer.com/sitemap-subkey-2815.xml" "Mozilla/5.0 (Linux; Android 7.0;) AppleWebKit/537.36 (KHTML, like Gecko) Mobile Safari/537.36 (compatible; PetalBot;+https://webmaster.petalsearch.com/site/petalbot)"
74.7.227.215 - - [14/Nov/2025:22:18:24 -0700] "GET /products/147vo5273 HTTP/1.1" 200 96782 "-" "Mozilla/5.0 AppleWebKit/537.36 (KHTML, like Gecko; compatible; GPTBot/1.3; +https://openai.com/gptbot)"
57.141.2.21 - - [14/Nov/2025:22:18:24 -0700] "GET /product918406080?kg=0916878552 HTTP/1.1" 200 96782 "-" "meta-externalagent/1.1 (+https://developers.facebook.com/docs/sharing/webmasters/crawler)"
57.141.2.36 - - [14/Nov/2025:22:18:25 -0700] "GET /product730588093?kg=0729373074 HTTP/1.1" 200 96782 "-" "meta-externalagent/1.1 (+https://developers.facebook.com/docs/sharing/webmasters/crawler)"
74.7.227.215 - - [14/Nov/2025:22:18:25 -0700] "GET /products/30hl46740 HTTP/1.1" 200 96782 "-" "Mozilla/5.0 AppleWebKit/537.36 (KHTML, like Gecko; compatible; GPTBot/1.3; +https://openai.com/gptbot)"
136.243.228.182 - - [14/Nov/2025:22:18:25 -0700] "GET /product1076351462?kg=1074561128 HTTP/1.1" 200 96782 "-" "Mozilla/5.0 (compatible; DataForSeoBot/1.0; +https://dataforseo.com/dataforseo-bot)"
57.141.2.24 - - [14/Nov/2025:22:18:26 -0700] "GET /product958167248?kg=0956573560 HTTP/1.1" 200 96782 "-" "meta-externalagent/1.1 (+https://developers.facebook.com/docs/sharing/webmasters/crawler)"
74.7.227.215 - - [14/Nov/2025:22:18:26 -0700] "GET /products/16ze11613 HTTP/1.1" 200 96782 "-" "Mozilla/5.0 AppleWebKit/537.36 (KHTML, like Gecko; compatible; GPTBot/1.3; +https://openai.com/gptbot)"
74.7.227.215 - - [14/Nov/2025:22:18:27 -0700] "GET /products/153al2025 HTTP/1.1" 200 96782 "-" "Mozilla/5.0 AppleWebKit/537.36 (KHTML, like Gecko; compatible; GPTBot/1.3; +https://openai.com/gptbot)"
57.141.2.57 - - [14/Nov/2025:22:18:27 -0700] "GET /product1433065090?kg=1430681224 HTTP/1.1" 200 96782 "-" "meta-externalagent/1.1 (+https://developers.facebook.com/docs/sharing/webmasters/crawler)"
74.7.227.215 - - [14/Nov/2025:22:18:28 -0700] "GET /products/28ik18243 HTTP/1.1" 200 96782 "-" "Mozilla/5.0 AppleWebKit/537.36 (KHTML, like Gecko; compatible; GPTBot/1.3; +https://openai.com/gptbot)"
57.141.2.76 - - [14/Nov/2025:22:18:28 -0700] "GET /product1444001649?kg=1441599586 HTTP/1.1" 200 96782 "-" "meta-externalagent/1.1 (+https://developers.facebook.com/docs/sharing/webmasters/crawler)"
74.7.227.215 - - [14/Nov/2025:22:18:28 -0700] "GET /products/48ot48143 HTTP/1.1" 200 96782 "-" "Mozilla/5.0 AppleWebKit/537.36 (KHTML, like Gecko; compatible; GPTBot/1.3; +https://openai.com/gptbot)"
136.243.228.182 - - [14/Nov/2025:22:18:29 -0700] "GET /product1076223744?kg=1074433624 HTTP/1.1" 200 96782 "-" "Mozilla/5.0 (compatible; DataForSeoBot/1.0; +https://dataforseo.com/dataforseo-bot)"
74.7.227.215 - - [14/Nov/2025:22:18:29 -0700] "GET /products/250yc8599 HTTP/1.1" 200 96782 "-" "Mozilla/5.0 AppleWebKit/537.36 (KHTML, like Gecko; compatible; GPTBot/1.3; +https://openai.com/gptbot)"
74.7.227.215 - - [14/Nov/2025:22:18:30 -0700] "GET /products/75xk10400 HTTP/1.1" 200 96782 "-" "Mozilla/5.0 AppleWebKit/537.36 (KHTML, like Gecko; compatible; GPTBot/1.3; +https://openai.com/gptbot)"
57.141.2.33 - - [14/Nov/2025:22:18:31 -0700] "GET /product997544185?kg=0995884978 HTTP/1.1" 200 96782 "-" "meta-externalagent/1.1 (+https://developers.facebook.com/docs/sharing/webmasters/crawler)"
74.7.227.215 - - [14/Nov/2025:22:18:31 -0700] "GET /products/75ew34157 HTTP/1.1" 200 96782 "-" "Mozilla/5.0 AppleWebKit/537.36 (KHTML, like Gecko; compatible; GPTBot/1.3; +https://openai.com/gptbot)"
57.141.2.96 - - [14/Nov/2025:22:18:31 -0700] "GET /product914153420?kg=0912632968 HTTP/1.1" 200 96782 "-" "meta-externalagent/1.1 (+https://developers.facebook.com/docs/sharing/webmasters/crawler)"
74.7.227.215 - - [14/Nov/2025:22:18:32 -0700] "GET /products/219oz7150 HTTP/1.1" 200 96782 "-" "Mozilla/5.0 AppleWebKit/537.36 (KHTML, like Gecko; compatible; GPTBot/1.3; +https://openai.com/gptbot)"
57.141.2.5 - - [14/Nov/2025:22:18:32 -0700] "GET /product733384656?kg=0732164984 HTTP/1.1" 200 96782 "-" "meta-externalagent/1.1 (+https://developers.facebook.com/docs/sharing/webmasters/crawler)"
74.7.227.215 - - [14/Nov/2025:22:18:33 -0700] "GET /products/84eg43919 HTTP/1.1" 200 96782 "-" "Mozilla/5.0 AppleWebKit/537.36 (KHTML, like Gecko; compatible; GPTBot/1.3; +https://openai.com/gptbot)"
57.141.2.9 - - [14/Nov/2025:22:18:33 -0700] "GET /product698292837?kg=0697131554 HTTP/1.1" 200 96782 "-" "meta-externalagent/1.1 (+https://developers.facebook.com/docs/sharing/webmasters/crawler)"
136.243.228.182 - - [14/Nov/2025:22:18:33 -0700] "GET /product1076392250?kg=1074601848 HTTP/1.1" 200 96782 "-" "Mozilla/5.0 (compatible; DataForSeoBot/1.0; +https://dataforseo.com/dataforseo-bot)"
74.7.227.215 - - [14/Nov/2025:22:18:34 -0700] "GET /products/30hl46740?fileloc=/home/bt667/public_html/license.txt&path=/home/bt667/public_html HTTP/1.1" 200 32416 "-" "Mozilla/5.0 AppleWebKit/537.36 (KHTML, like Gecko; compatible; GPTBot/1.3; +https://openai.com/gptbot)"
74.7.227.215 - - [14/Nov/2025:22:18:35 -0700] "GET /products/186yr6605 HTTP/1.1" 200 96782 "-" "Mozilla/5.0 AppleWebKit/537.36 (KHTML, like Gecko; compatible; GPTBot/1.3; +https://openai.com/gptbot)"
57.141.2.89 - - [14/Nov/2025:22:18:35 -0700] "GET /product675612219?kg=0674488674 HTTP/1.1" 200 96782 "-" "meta-externalagent/1.1 (+https://developers.facebook.com/docs/sharing/webmasters/crawler)"
57.141.2.5 - - [14/Nov/2025:22:18:36 -0700] "GET /product534605254?kg=0533716328 HTTP/1.1" 200 96782 "-" "meta-externalagent/1.1 (+https://developers.facebook.com/docs/sharing/webmasters/crawler)"
74.7.227.215 - - [14/Nov/2025:22:18:35 -0700] "GET /products/35pi15114 HTTP/1.1" 200 96782 "-" "Mozilla/5.0 AppleWebKit/537.36 (KHTML, like Gecko; compatible; GPTBot/1.3; +https://openai.com/gptbot)"
74.7.227.215 - - [14/Nov/2025:22:18:36 -0700] "GET /products/29yr42901 HTTP/1.1" 200 96782 "-" "Mozilla/5.0 AppleWebKit/537.36 (KHTML, like Gecko; compatible; GPTBot/1.3; +https://openai.com/gptbot)"
57.141.2.5 - - [14/Nov/2025:22:18:36 -0700] "GET /product269133760?kg=0268686552 HTTP/1.1" 200 96782 "-" "meta-externalagent/1.1 (+https://developers.facebook.com/docs/sharing/webmasters/crawler)"
74.7.227.215 - - [14/Nov/2025:22:18:37 -0700] "GET /products/48ot48143?fileloc=/home/bt667/public_html/tzimp.php&path=/home/bt667/public_html HTTP/1.1" 200 44814 "-" "Mozilla/5.0 AppleWebKit/537.36 (KHTML, like Gecko; compatible; GPTBot/1.3; +https://openai.com/gptbot)"
136.243.228.182 - - [14/Nov/2025:22:18:37 -0700] "GET /product1076258924?kg=1074468744 HTTP/1.1" 200 96782 "-" "Mozilla/5.0 (compatible; DataForSeoBot/1.0; +https://dataforseo.com/dataforseo-bot)"
57.141.2.29 - - [14/Nov/2025:22:18:38 -0700] "GET /product215811726?kg=0215453240 HTTP/1.1" 200 96782 "-" "meta-externalagent/1.1 (+https://developers.facebook.com/docs/sharing/webmasters/crawler)"
74.7.227.215 - - [14/Nov/2025:22:18:39 -0700] "GET /products/250yc8599?path=/home/bt667/public_html/024fc HTTP/1.1" 200 14266 "-" "Mozilla/5.0 AppleWebKit/537.36 (KHTML, like Gecko; compatible; GPTBot/1.3; +https://openai.com/gptbot)"
57.141.2.64 - - [14/Nov/2025:22:18:39 -0700] "GET /product1128387719?kg=1126510802 HTTP/1.1" 200 96782 "-" "meta-externalagent/1.1 (+https://developers.facebook.com/docs/sharing/webmasters/crawler)"
74.7.227.215 - - [14/Nov/2025:22:18:39 -0700] "GET /products/268za5522 HTTP/1.1" 200 96782 "-" "Mozilla/5.0 AppleWebKit/537.36 (KHTML, like Gecko; compatible; GPTBot/1.3; +https://openai.com/gptbot)"
57.141.2.17 - - [14/Nov/2025:22:18:40 -0700] "GET /product730514296?kg=0729299400 HTTP/1.1" 200 96782 "-" "meta-externalagent/1.1 (+https://developers.facebook.com/docs/sharing/webmasters/crawler)"
74.7.227.215 - - [14/Nov/2025:22:18:40 -0700] "GET /products/75ew34157?path=/home HTTP/1.1" 200 12634 "-" "Mozilla/5.0 AppleWebKit/537.36 (KHTML, like Gecko; compatible; GPTBot/1.3; +https://openai.com/gptbot)"
74.7.227.215 - - [14/Nov/2025:22:18:41 -0700] "GET /products/99uj21501 HTTP/1.1" 200 96782 "-" "Mozilla/5.0 AppleWebKit/537.36 (KHTML, like Gecko; compatible; GPTBot/1.3; +https://openai.com/gptbot)"
136.243.228.182 - - [14/Nov/2025:22:18:42 -0700] "GET /product1076031634?kg=1074241832 HTTP/1.1" 200 96782 "-" "Mozilla/5.0 (compatible; DataForSeoBot/1.0; +https://dataforseo.com/dataforseo-bot)"
74.7.227.215 - - [14/Nov/2025:22:18:42 -0700] "GET /products/28jn20271 HTTP/1.1" 200 96782 "-" "Mozilla/5.0 AppleWebKit/537.36 (KHTML, like Gecko; compatible; GPTBot/1.3; +https://openai.com/gptbot)"
74.7.227.215 - - [14/Nov/2025:22:18:43 -0700] "GET /products/32ds32057 HTTP/1.1" 200 96782 "-" "Mozilla/5.0 AppleWebKit/537.36 (KHTML, like Gecko; compatible; GPTBot/1.3; +https://openai.com/gptbot)"
74.7.227.215 - - [14/Nov/2025:22:18:45 -0700] "GET /products/86fv32216 HTTP/1.1" 200 96782 "-" "Mozilla/5.0 AppleWebKit/537.36 (KHTML, like Gecko; compatible; GPTBot/1.3; +https://openai.com/gptbot)"
136.243.228.182 - - [14/Nov/2025:22:18:45 -0700] "GET /product1076416192?kg=1074625752 HTTP/1.1" 200 96782 "-" "Mozilla/5.0 (compatible; DataForSeoBot/1.0; +https://dataforseo.com/dataforseo-bot)"
57.141.2.76 - - [14/Nov/2025:22:18:46 -0700] "GET /product13347136?kg=0013325528 HTTP/1.1" 200 96782 "-" "meta-externalagent/1.1 (+https://developers.facebook.com/docs/sharing/webmasters/crawler)"
74.7.227.215 - - [14/Nov/2025:22:18:46 -0700] "GET /products/84fn18832 HTTP/1.1" 200 96782 "-" "Mozilla/5.0 AppleWebKit/537.36 (KHTML, like Gecko; compatible; GPTBot/1.3; +https://openai.com/gptbot)"
57.141.2.92 - - [14/Nov/2025:22:18:46 -0700] "GET /product151852723?kg=0151600658 HTTP/1.1" 200 96782 "-" "meta-externalagent/1.1 (+https://developers.facebook.com/docs/sharing/webmasters/crawler)"
74.7.227.215 - - [14/Nov/2025:22:18:47 -0700] "GET /products/298mo2746 HTTP/1.1" 200 96782 "-" "Mozilla/5.0 AppleWebKit/537.36 (KHTML, like Gecko; compatible; GPTBot/1.3; +https://openai.com/gptbot)"
74.7.227.215 - - [14/Nov/2025:22:18:48 -0700] "GET /products/29mk33009 HTTP/1.1" 200 96782 "-" "Mozilla/5.0 AppleWebKit/537.36 (KHTML, like Gecko; compatible; GPTBot/1.3; +https://openai.com/gptbot)"
57.141.2.34 - - [14/Nov/2025:22:18:48 -0700] "GET /product266255623?kg=0265813202 HTTP/1.1" 200 96782 "-" "meta-externalagent/1.1 (+https://developers.facebook.com/docs/sharing/webmasters/crawler)"
57.141.2.30 - - [14/Nov/2025:22:18:49 -0700] "GET /product182734178?kg=0182430728 HTTP/1.1" 200 96782 "-" "meta-externalagent/1.1 (+https://developers.facebook.com/docs/sharing/webmasters/crawler)"
74.7.227.215 - - [14/Nov/2025:22:18:49 -0700] "GET /products/267zq1517 HTTP/1.1" 200 96782 "-" "Mozilla/5.0 AppleWebKit/537.36 (KHTML, like Gecko; compatible; GPTBot/1.3; +https://openai.com/gptbot)"
136.243.228.182 - - [14/Nov/2025:22:18:49 -0700] "GET /product1076258778?kg=1074468600 HTTP/1.1" 200 96782 "-" "Mozilla/5.0 (compatible; DataForSeoBot/1.0; +https://dataforseo.com/dataforseo-bot)"
57.141.2.21 - - [14/Nov/2025:22:18:49 -0700] "GET /product605182377?kg=0604176018 HTTP/1.1" 200 96782 "-" "meta-externalagent/1.1 (+https://developers.facebook.com/docs/sharing/webmasters/crawler)"
57.141.2.22 - - [14/Nov/2025:22:18:50 -0700] "GET /product998837814?kg=0997176456 HTTP/1.1" 200 96782 "-" "meta-externalagent/1.1 (+https://developers.facebook.com/docs/sharing/webmasters/crawler)"
74.7.227.215 - - [14/Nov/2025:22:18:50 -0700] "GET /products/25zk15314 HTTP/1.1" 200 96782 "-" "Mozilla/5.0 AppleWebKit/537.36 (KHTML, like Gecko; compatible; GPTBot/1.3; +https://openai.com/gptbot)"
85.208.96.207 - - [14/Nov/2025:22:18:51 -0700] "GET /product749366939?kg=0748120674 HTTP/1.1" 200 96782 "-" "Mozilla/5.0 (compatible; SemrushBot/7~bl; +http://www.semrush.com/bot.html)"
74.7.227.215 - - [14/Nov/2025:22:18:51 -0700] "GET /products/268za5522?fileloc=/home/bt667/public_html/index.php0&path=/home/bt667/public_html HTTP/1.1" 200 51916 "-" "Mozilla/5.0 AppleWebKit/537.36 (KHTML, like Gecko; compatible; GPTBot/1.3; +https://openai.com/gptbot)"
57.141.2.82 - - [14/Nov/2025:22:18:52 -0700] "GET /product679355409?kg=0678225634 HTTP/1.1" 200 96782 "-" "meta-externalagent/1.1 (+https://developers.facebook.com/docs/sharing/webmasters/crawler)"
74.7.227.215 - - [14/Nov/2025:22:18:52 -0700] "GET /products/148za9011 HTTP/1.1" 200 96782 "-" "Mozilla/5.0 AppleWebKit/537.36 (KHTML, like Gecko; compatible; GPTBot/1.3; +https://openai.com/gptbot)"
74.7.227.215 - - [14/Nov/2025:22:18:53 -0700] "GET /products/89wu11973 HTTP/1.1" 200 96782 "-" "Mozilla/5.0 AppleWebKit/537.36 (KHTML, like Gecko; compatible; GPTBot/1.3; +https://openai.com/gptbot)"
57.141.2.16 - - [14/Nov/2025:22:18:53 -0700] "GET /product805936665?kg=0804596274 HTTP/1.1" 200 96782 "-" "meta-externalagent/1.1 (+https://developers.facebook.com/docs/sharing/webmasters/crawler)"
136.243.228.182 - - [14/Nov/2025:22:18:53 -0700] "GET /product1076360900?kg=1074570552 HTTP/1.1" 200 96782 "-" "Mozilla/5.0 (compatible; DataForSeoBot/1.0; +https://dataforseo.com/dataforseo-bot)"
57.141.2.3 - - [14/Nov/2025:22:18:54 -0700] "GET /product760379012?kg=0759114424 HTTP/1.1" 200 96782 "-" "meta-externalagent/1.1 (+https://developers.facebook.com/docs/sharing/webmasters/crawler)"
74.7.227.215 - - [14/Nov/2025:22:18:54 -0700] "GET /products/32ds32057?path=/home HTTP/1.1" 200 12634 "-" "Mozilla/5.0 AppleWebKit/537.36 (KHTML, like Gecko; compatible; GPTBot/1.3; +https://openai.com/gptbot)"
74.7.227.215 - - [14/Nov/2025:22:18:55 -0700] "GET /products/38zu19164 HTTP/1.1" 200 96782 "-" "Mozilla/5.0 AppleWebKit/537.36 (KHTML, like Gecko; compatible; GPTBot/1.3; +https://openai.com/gptbot)"
57.141.2.18 - - [14/Nov/2025:22:18:55 -0700] "GET /product812222796?kg=0810871944 HTTP/1.1" 200 96782 "-" "meta-externalagent/1.1 (+https://developers.facebook.com/docs/sharing/webmasters/crawler)"
74.7.227.215 - - [14/Nov/2025:22:18:56 -0700] "GET /products/73fi38911 HTTP/1.1" 200 96782 "-" "Mozilla/5.0 AppleWebKit/537.36 (KHTML, like Gecko; compatible; GPTBot/1.3; +https://openai.com/gptbot)"
57.141.2.8 - - [14/Nov/2025:22:18:56 -0700] "GET /product785950376?kg=0784643240 HTTP/1.1" 200 96782 "-" "meta-externalagent/1.1 (+https://developers.facebook.com/docs/sharing/webmasters/crawler)"
57.141.2.4 - - [14/Nov/2025:22:18:57 -0700] "GET /product800259603?kg=0798928658 HTTP/1.1" 200 96782 "-" "meta-externalagent/1.1 (+https://developers.facebook.com/docs/sharing/webmasters/crawler)"
74.7.227.215 - - [14/Nov/2025:22:18:57 -0700] "GET /products/96bx26846 HTTP/1.1" 200 96782 "-" "Mozilla/5.0 AppleWebKit/537.36 (KHTML, like Gecko; compatible; GPTBot/1.3; +https://openai.com/gptbot)"
74.7.227.215 - - [14/Nov/2025:22:18:58 -0700] "GET /products/66eb11421 HTTP/1.1" 200 96782 "-" "Mozilla/5.0 AppleWebKit/537.36 (KHTML, like Gecko; compatible; GPTBot/1.3; +https://openai.com/gptbot)"
57.141.2.75 - - [14/Nov/2025:22:18:58 -0700] "GET /product684098042?kg=0682960376 HTTP/1.1" 200 96782 "-" "meta-externalagent/1.1 (+https://developers.facebook.com/docs/sharing/webmasters/crawler)"
136.243.228.182 - - [14/Nov/2025:22:18:58 -0700] "GET /product1076245380?kg=1074455224 HTTP/1.1" 200 96782 "-" "Mozilla/5.0 (compatible; DataForSeoBot/1.0; +https://dataforseo.com/dataforseo-bot)"
74.7.227.215 - - [14/Nov/2025:22:18:59 -0700] "GET /products/29mk33009?fileloc=/home/bt667/public_html/wp-comments-post.php&path=/home/bt667/public_html HTTP/1.1" 200 15012 "-" "Mozilla/5.0 AppleWebKit/537.36 (KHTML, like Gecko; compatible; GPTBot/1.3; +https://openai.com/gptbot)"
57.141.2.86 - - [14/Nov/2025:22:19:00 -0700] "GET /product269089971?kg=0268642834 HTTP/1.1" 200 96782 "-" "meta-externalagent/1.1 (+https://developers.facebook.com/docs/sharing/webmasters/crawler)"
74.7.227.215 - - [14/Nov/2025:22:19:00 -0700] "GET /products/267zq1517?path=/home HTTP/1.1" 200 12634 "-" "Mozilla/5.0 AppleWebKit/537.36 (KHTML, like Gecko; compatible; GPTBot/1.3; +https://openai.com/gptbot)"
57.141.2.76 - - [14/Nov/2025:22:19:00 -0700] "GET /product538473000?kg=0537577640 HTTP/1.1" 200 96782 "-" "meta-externalagent/1.1 (+https://developers.facebook.com/docs/sharing/webmasters/crawler)"
74.7.227.215 - - [14/Nov/2025:22:19:01 -0700] "GET /products/153rn2930 HTTP/1.1" 200 96782 "-" "Mozilla/5.0 AppleWebKit/537.36 (KHTML, like Gecko; compatible; GPTBot/1.3; +https://openai.com/gptbot)"
136.243.228.182 - - [14/Nov/2025:22:19:02 -0700] "GET /product1076285827?kg=1074495602 HTTP/1.1" 200 96782 "-" "Mozilla/5.0 (compatible; DataForSeoBot/1.0; +https://dataforseo.com/dataforseo-bot)"
74.7.227.215 - - [14/Nov/2025:22:19:02 -0700] "GET /products/246jn4467 HTTP/1.1" 200 96782 "-" "Mozilla/5.0 AppleWebKit/537.36 (KHTML, like Gecko; compatible; GPTBot/1.3; +https://openai.com/gptbot)"
57.141.2.70 - - [14/Nov/2025:22:19:02 -0700] "GET /product745022420?kg=0743783384 HTTP/1.1" 200 96782 "-" "meta-externalagent/1.1 (+https://developers.facebook.com/docs/sharing/webmasters/crawler)"
57.141.2.60 - - [14/Nov/2025:22:19:02 -0700] "GET /product1300207022?kg=1298044216 HTTP/1.1" 200 96782 "-" "meta-externalagent/1.1 (+https://developers.facebook.com/docs/sharing/webmasters/crawler)"
74.7.227.215 - - [14/Nov/2025:22:19:03 -0700] "GET /products/89wu11973?fileloc=/home/bt667/public_html/product.php&path=/home/bt667/public_html HTTP/1.1" 200 14946 "-" "Mozilla/5.0 AppleWebKit/537.36 (KHTML, like Gecko; compatible; GPTBot/1.3; +https://openai.com/gptbot)"
57.141.2.75 - - [14/Nov/2025:22:19:03 -0700] "GET /product1138041546?kg=1136148568 HTTP/1.1" 200 96782 "-" "meta-externalagent/1.1 (+https://developers.facebook.com/docs/sharing/webmasters/crawler)"
57.141.2.6 - - [14/Nov/2025:22:19:04 -0700] "GET /product114431552?kg=0114241752 HTTP/1.1" 200 96782 "-" "meta-externalagent/1.1 (+https://developers.facebook.com/docs/sharing/webmasters/crawler)"
74.7.227.215 - - [14/Nov/2025:22:19:04 -0700] "GET /products/31dx38754 HTTP/1.1" 200 96782 "-" "Mozilla/5.0 AppleWebKit/537.36 (KHTML, like Gecko; compatible; GPTBot/1.3; +https://openai.com/gptbot)"
136.243.228.182 - - [14/Nov/2025:22:19:05 -0700] "GET /product1076318457?kg=1074528178 HTTP/1.1" 200 96782 "-" "Mozilla/5.0 (compatible; DataForSeoBot/1.0; +https://dataforseo.com/dataforseo-bot)"
57.141.2.49 - - [14/Nov/2025:22:19:05 -0700] "GET /product779805297?kg=0778508386 HTTP/1.1" 200 96782 "-" "meta-externalagent/1.1 (+https://developers.facebook.com/docs/sharing/webmasters/crawler)"
74.7.227.215 - - [14/Nov/2025:22:19:06 -0700] "GET /products/88zp30178 HTTP/1.1" 200 96782 "-" "Mozilla/5.0 AppleWebKit/537.36 (KHTML, like Gecko; compatible; GPTBot/1.3; +https://openai.com/gptbot)"
185.191.171.18 - - [14/Nov/2025:22:19:07 -0700] "GET /product602627?kg=0000602226 HTTP/1.1" 200 96782 "-" "Mozilla/5.0 (compatible; SemrushBot/7~bl; +http://www.semrush.com/bot.html)"
57.141.2.70 - - [14/Nov/2025:22:19:07 -0700] "GET /product386710285?kg=0386067442 HTTP/1.1" 200 96782 "-" "meta-externalagent/1.1 (+https://developers.facebook.com/docs/sharing/webmasters/crawler)"
74.7.227.215 - - [14/Nov/2025:22:19:07 -0700] "GET /products/58fw35534 HTTP/1.1" 200 96782 "-" "Mozilla/5.0 AppleWebKit/537.36 (KHTML, like Gecko; compatible; GPTBot/1.3; +https://openai.com/gptbot)"
57.141.2.89 - - [14/Nov/2025:22:19:08 -0700] "GET /product1448316404?kg=1445907160 HTTP/1.1" 200 96782 "-" "meta-externalagent/1.1 (+https://developers.facebook.com/docs/sharing/webmasters/crawler)"
57.141.2.2 - - [14/Nov/2025:22:19:09 -0700] "GET /product13268439?kg=0013246962 HTTP/1.1" 200 96782 "-" "meta-externalagent/1.1 (+https://developers.facebook.com/docs/sharing/webmasters/crawler)"
74.7.227.215 - - [14/Nov/2025:22:19:10 -0700] "GET /products/96bx26846?fileloc=/home/bt667/public_html/index.php0&path=/home/bt667/public_html HTTP/1.1" 200 51916 "-" "Mozilla/5.0 AppleWebKit/537.36 (KHTML, like Gecko; compatible; GPTBot/1.3; +https://openai.com/gptbot)"
136.243.228.182 - - [14/Nov/2025:22:19:09 -0700] "GET /product1076364604?kg=1074574248 HTTP/1.1" 200 96782 "-" "Mozilla/5.0 (compatible; DataForSeoBot/1.0; +https://dataforseo.com/dataforseo-bot)"
57.141.2.70 - - [14/Nov/2025:22:19:10 -0700] "GET /product1196904754?kg=1194913832 HTTP/1.1" 200 96782 "-" "meta-externalagent/1.1 (+https://developers.facebook.com/docs/sharing/webmasters/crawler)"
74.7.227.37 - - [14/Nov/2025:22:19:11 -0700] "GET /product341371428?fileloc=/home/bt667/public_html/mvp_oct-30_2025.zip&path=/home/bt667/public_html HTTP/1.1" 500 2653 "-" "Mozilla/5.0 AppleWebKit/537.36 (KHTML, like Gecko; compatible; GPTBot/1.3; +https://openai.com/gptbot)"
57.141.2.21 - - [14/Nov/2025:22:19:10 -0700] "GET /product369432278?kg=0368818184 HTTP/1.1" 200 96782 "-" "meta-externalagent/1.1 (+https://developers.facebook.com/docs/sharing/webmasters/crawler)"
57.141.2.61 - - [14/Nov/2025:22:19:12 -0700] "GET /product371080823?kg=0370463986 HTTP/1.1" 200 96782 "-" "meta-externalagent/1.1 (+https://developers.facebook.com/docs/sharing/webmasters/crawler)"
74.7.227.215 - - [14/Nov/2025:22:19:12 -0700] "GET /products/145sy2593 HTTP/1.1" 200 96782 "-" "Mozilla/5.0 AppleWebKit/537.36 (KHTML, like Gecko; compatible; GPTBot/1.3; +https://openai.com/gptbot)"
57.141.2.7 - - [14/Nov/2025:22:19:12 -0700] "GET /product430009522?kg=0429294632 HTTP/1.1" 200 96782 "-" "meta-externalagent/1.1 (+https://developers.facebook.com/docs/sharing/webmasters/crawler)"
74.7.227.215 - - [14/Nov/2025:22:19:13 -0700] "GET /products/66eb11421?path=/home/bt667/public_html/.git HTTP/1.1" 200 14155 "-" "Mozilla/5.0 AppleWebKit/537.36 (KHTML, like Gecko; compatible; GPTBot/1.3; +https://openai.com/gptbot)"
57.141.2.91 - - [14/Nov/2025:22:19:13 -0700] "GET /product633796568?kg=0632742600 HTTP/1.1" 200 96782 "-" "meta-externalagent/1.1 (+https://developers.facebook.com/docs/sharing/webmasters/crawler)"
74.7.227.215 - - [14/Nov/2025:22:19:14 -0700] "GET /products/44lm22550 HTTP/1.1" 200 96782 "-" "Mozilla/5.0 AppleWebKit/537.36 (KHTML, like Gecko; compatible; GPTBot/1.3; +https://openai.com/gptbot)"
57.141.2.34 - - [14/Nov/2025:22:19:14 -0700] "GET /product231341305?kg=0230956978 HTTP/1.1" 200 96782 "-" "meta-externalagent/1.1 (+https://developers.facebook.com/docs/sharing/webmasters/crawler)"
136.243.228.182 - - [14/Nov/2025:22:19:14 -0700] "GET /product1076105687?kg=1074315762 HTTP/1.1" 200 96782 "-" "Mozilla/5.0 (compatible; DataForSeoBot/1.0; +https://dataforseo.com/dataforseo-bot)"
74.7.227.215 - - [14/Nov/2025:22:19:15 -0700] "GET /products/77uf32036 HTTP/1.1" 200 96782 "-" "Mozilla/5.0 AppleWebKit/537.36 (KHTML, like Gecko; compatible; GPTBot/1.3; +https://openai.com/gptbot)"
74.7.227.215 - - [14/Nov/2025:22:19:15 -0700] "GET /products/246jn4467?fileloc=/home/bt667/public_html/themes.php&path=/home/bt667/public_html HTTP/1.1" 200 90749 "-" "Mozilla/5.0 AppleWebKit/537.36 (KHTML, like Gecko; compatible; GPTBot/1.3; +https://openai.com/gptbot)"
74.7.227.215 - - [14/Nov/2025:22:19:16 -0700] "GET /products/205gb2494 HTTP/1.1" 200 96782 "-" "Mozilla/5.0 AppleWebKit/537.36 (KHTML, like Gecko; compatible; GPTBot/1.3; +https://openai.com/gptbot)"
57.141.2.11 - - [14/Nov/2025:22:19:17 -0700] "GET /product216051737?kg=0215692850 HTTP/1.1" 200 96782 "-" "meta-externalagent/1.1 (+https://developers.facebook.com/docs/sharing/webmasters/crawler)"
74.7.227.215 - - [14/Nov/2025:22:19:17 -0700] "GET /products/70wq11387 HTTP/1.1" 200 96782 "-" "Mozilla/5.0 AppleWebKit/537.36 (KHTML, like Gecko; compatible; GPTBot/1.3; +https://openai.com/gptbot)"
57.141.2.33 - - [14/Nov/2025:22:19:17 -0700] "GET /product109274988?kg=0109093768 HTTP/1.1" 200 96782 "-" "meta-externalagent/1.1 (+https://developers.facebook.com/docs/sharing/webmasters/crawler)"
57.141.2.98 - - [14/Nov/2025:22:19:18 -0700] "GET /product1031114505?kg=1029399442 HTTP/1.1" 200 96782 "-" "meta-externalagent/1.1 (+https://developers.facebook.com/docs/sharing/webmasters/crawler)"
74.7.227.215 - - [14/Nov/2025:22:19:18 -0700] "GET /products/67yf46683 HTTP/1.1" 200 96782 "-" "Mozilla/5.0 AppleWebKit/537.36 (KHTML, like Gecko; compatible; GPTBot/1.3; +https://openai.com/gptbot)"
136.243.228.182 - - [14/Nov/2025:22:19:18 -0700] "GET /product1076135527?kg=1074345554 HTTP/1.1" 200 96782 "-" "Mozilla/5.0 (compatible; DataForSeoBot/1.0; +https://dataforseo.com/dataforseo-bot)"
57.141.2.20 - - [14/Nov/2025:22:19:18 -0700] "GET /product114414173?kg=0114224402 HTTP/1.1" 200 96782 "-" "meta-externalagent/1.1 (+https://developers.facebook.com/docs/sharing/webmasters/crawler)"
74.7.227.215 - - [14/Nov/2025:22:19:19 -0700] "GET /products/58fw35534?path=/home/bt667/public_html/wp-includes HTTP/1.1" 200 440196 "-" "Mozilla/5.0 AppleWebKit/537.36 (KHTML, like Gecko; compatible; GPTBot/1.3; +https://openai.com/gptbot)"
57.141.2.77 - - [14/Nov/2025:22:19:20 -0700] "GET /product698292154?kg=0697130872 HTTP/1.1" 200 96782 "-" "meta-externalagent/1.1 (+https://developers.facebook.com/docs/sharing/webmasters/crawler)"
74.7.227.215 - - [14/Nov/2025:22:19:20 -0700] "GET /products/285zl5028 HTTP/1.1" 200 96782 "-" "Mozilla/5.0 AppleWebKit/537.36 (KHTML, like Gecko; compatible; GPTBot/1.3; +https://openai.com/gptbot)"
74.7.227.215 - - [14/Nov/2025:22:19:21 -0700] "GET /products/81rd30485 HTTP/1.1" 200 96782 "-" "Mozilla/5.0 AppleWebKit/537.36 (KHTML, like Gecko; compatible; GPTBot/1.3; +https://openai.com/gptbot)"
57.141.2.2 - - [14/Nov/2025:22:19:21 -0700] "GET /product679528431?kg=0678398370 HTTP/1.1" 200 96782 "-" "meta-externalagent/1.1 (+https://developers.facebook.com/docs/sharing/webmasters/crawler)"
57.141.2.5 - - [14/Nov/2025:22:19:22 -0700] "GET /product67438192?kg=0067326584 HTTP/1.1" 200 96782 "-" "meta-externalagent/1.1 (+https://developers.facebook.com/docs/sharing/webmasters/crawler)"
74.7.227.215 - - [14/Nov/2025:22:19:22 -0700] "GET /products/155ov1492 HTTP/1.1" 200 96782 "-" "Mozilla/5.0 AppleWebKit/537.36 (KHTML, like Gecko; compatible; GPTBot/1.3; +https://openai.com/gptbot)"
136.243.228.182 - - [14/Nov/2025:22:19:22 -0700] "GET /product1076536458?kg=1074745816 HTTP/1.1" 200 96782 "-" "Mozilla/5.0 (compatible; DataForSeoBot/1.0; +https://dataforseo.com/dataforseo-bot)"
74.7.227.215 - - [14/Nov/2025:22:19:23 -0700] "GET /products/52yv39009 HTTP/1.1" 200 96782 "-" "Mozilla/5.0 AppleWebKit/537.36 (KHTML, like Gecko; compatible; GPTBot/1.3; +https://openai.com/gptbot)"
85.208.96.197 - - [14/Nov/2025:22:19:23 -0700] "GET /product871320?kg=0000870472 HTTP/1.1" 200 96782 "-" "Mozilla/5.0 (compatible; SemrushBot/7~bl; +http://www.semrush.com/bot.html)"
57.141.2.11 - - [14/Nov/2025:22:19:23 -0700] "GET /product958626855?kg=0957032402 HTTP/1.1" 200 96782 "-" "meta-externalagent/1.1 (+https://developers.facebook.com/docs/sharing/webmasters/crawler)"
57.141.2.34 - - [14/Nov/2025:22:19:24 -0700] "GET /product788263755?kg=0786952770 HTTP/1.1" 200 96782 "-" "meta-externalagent/1.1 (+https://developers.facebook.com/docs/sharing/webmasters/crawler)"
74.7.227.215 - - [14/Nov/2025:22:19:24 -0700] "GET /products/78ab47408 HTTP/1.1" 200 96782 "-" "Mozilla/5.0 AppleWebKit/537.36 (KHTML, like Gecko; compatible; GPTBot/1.3; +https://openai.com/gptbot)"
74.7.227.215 - - [14/Nov/2025:22:19:25 -0700] "GET /products/10kd22916 HTTP/1.1" 200 96782 "-" "Mozilla/5.0 AppleWebKit/537.36 (KHTML, like Gecko; compatible; GPTBot/1.3; +https://openai.com/gptbot)"
57.141.2.58 - - [14/Nov/2025:22:19:25 -0700] "GET /product26688737?kg=0026644930 HTTP/1.1" 200 96782 "-" "meta-externalagent/1.1 (+https://developers.facebook.com/docs/sharing/webmasters/crawler)"
136.243.228.182 - - [14/Nov/2025:22:19:26 -0700] "GET /product1076324145?kg=1074533858 HTTP/1.1" 200 96782 "-" "Mozilla/5.0 (compatible; DataForSeoBot/1.0; +https://dataforseo.com/dataforseo-bot)"
74.7.227.215 - - [14/Nov/2025:22:19:26 -0700] "GET /products/55bn24321 HTTP/1.1" 200 96782 "-" "Mozilla/5.0 AppleWebKit/537.36 (KHTML, like Gecko; compatible; GPTBot/1.3; +https://openai.com/gptbot)"
57.141.2.22 - - [14/Nov/2025:22:19:26 -0700] "GET /product776987987?kg=0775695762 HTTP/1.1" 200 96782 "-" "meta-externalagent/1.1 (+https://developers.facebook.com/docs/sharing/webmasters/crawler)"
74.7.227.215 - - [14/Nov/2025:22:19:27 -0700] "GET /products/228fl5717 HTTP/1.1" 200 96782 "-" "Mozilla/5.0 AppleWebKit/537.36 (KHTML, like Gecko; compatible; GPTBot/1.3; +https://openai.com/gptbot)"
74.7.227.215 - - [14/Nov/2025:22:19:28 -0700] "GET /products/71zo11064 HTTP/1.1" 200 96782 "-" "Mozilla/5.0 AppleWebKit/537.36 (KHTML, like Gecko; compatible; GPTBot/1.3; +https://openai.com/gptbot)"
57.141.2.64 - - [14/Nov/2025:22:19:28 -0700] "GET /product1400881263?kg=1398550946 HTTP/1.1" 200 96782 "-" "meta-externalagent/1.1 (+https://developers.facebook.com/docs/sharing/webmasters/crawler)"
74.7.227.215 - - [14/Nov/2025:22:19:29 -0700] "GET /products/49ns46691 HTTP/1.1" 200 96782 "-" "Mozilla/5.0 AppleWebKit/537.36 (KHTML, like Gecko; compatible; GPTBot/1.3; +https://openai.com/gptbot)"
74.7.227.215 - - [14/Nov/2025:22:19:30 -0700] "GET /products/58fw35534?fileloc=/home/bt667/public_html/wp-includes/vars.php&path=/home/bt667/public_html/wp-includes HTTP/1.1" 200 19968 "-" "Mozilla/5.0 AppleWebKit/537.36 (KHTML, like Gecko; compatible; GPTBot/1.3; +https://openai.com/gptbot)"
136.243.228.182 - - [14/Nov/2025:22:19:30 -0700] "GET /product1076037660?kg=1074247848 HTTP/1.1" 200 96782 "-" "Mozilla/5.0 (compatible; DataForSeoBot/1.0; +https://dataforseo.com/dataforseo-bot)"
74.7.227.215 - - [14/Nov/2025:22:19:31 -0700] "GET /products/253sn6692 HTTP/1.1" 200 96782 "-" "Mozilla/5.0 AppleWebKit/537.36 (KHTML, like Gecko; compatible; GPTBot/1.3; +https://openai.com/gptbot)"
74.7.227.215 - - [14/Nov/2025:22:19:32 -0700] "GET /products/30uc16922 HTTP/1.1" 200 96782 "-" "Mozilla/5.0 AppleWebKit/537.36 (KHTML, like Gecko; compatible; GPTBot/1.3; +https://openai.com/gptbot)"
74.7.227.215 - - [14/Nov/2025:22:19:32 -0700] "GET /products/52yv39009?path=/home/bt667/public_html/wp-includes HTTP/1.1" 200 440196 "-" "Mozilla/5.0 AppleWebKit/537.36 (KHTML, like Gecko; compatible; GPTBot/1.3; +https://openai.com/gptbot)"
