136.243.228.182 - - [14/Nov/2025:22:24:46 -0700] "GET /product1076311618?kg=1074521352 HTTP/1.1" 200 96782 "-" "Mozilla/5.0 (compatible; DataForSeoBot/1.0; +https://dataforseo.com/dataforseo-bot)"
74.7.227.215 - - [14/Nov/2025:22:24:47 -0700] "GET /products/144jx3674 HTTP/1.1" 200 96782 "-" "Mozilla/5.0 AppleWebKit/537.36 (KHTML, like Gecko; compatible; GPTBot/1.3; +https://openai.com/gptbot)"
74.7.227.215 - - [14/Nov/2025:22:24:48 -0700] "GET /products/12nb34121?fileloc=/home/bt667/public_html/wp-admin/update.php&path=/home/bt667/public_html/wp-admin HTTP/1.1" 200 28230 "-" "Mozilla/5.0 AppleWebKit/537.36 (KHTML, like Gecko; compatible; GPTBot/1.3; +https://openai.com/gptbot)"
74.7.227.215 - - [14/Nov/2025:22:24:49 -0700] "GET /products/67or17464 HTTP/1.1" 200 96782 "-" "Mozilla/5.0 AppleWebKit/537.36 (KHTML, like Gecko; compatible; GPTBot/1.3; +https://openai.com/gptbot)"
173.208.176.202 - - [14/Nov/2025:22:23:23 -0700] "GET /wp-content/qqceaf5b/index.php?id=449899 HTTP/1.1" 200 - "http://marketersvideoplayer.com/wp-content/qqceaf5b/index.php?id=449899" "Mozilla/5.0 (Windows NT 10.0; Win64; x64) AppleWebKit/537.36 (KHTML, like Gecko) Chrome/58.0.3029.110 Safari/537.3"
74.7.227.215 - - [14/Nov/2025:22:24:50 -0700] "GET /products/176ji4996 HTTP/1.1" 200 96782 "-" "Mozilla/5.0 AppleWebKit/537.36 (KHTML, like Gecko; compatible; GPTBot/1.3; +https://openai.com/gptbot)"
136.243.228.182 - - [14/Nov/2025:22:24:50 -0700] "GET /product1076195821?kg=1074405746 HTTP/1.1" 200 96782 "-" "Mozilla/5.0 (compatible; DataForSeoBot/1.0; +https://dataforseo.com/dataforseo-bot)"
74.7.227.215 - - [14/Nov/2025:22:24:51 -0700] "GET /products/85hr49943 HTTP/1.1" 200 96782 "-" "Mozilla/5.0 AppleWebKit/537.36 (KHTML, like Gecko; compatible; GPTBot/1.3; +https://openai.com/gptbot)"
74.7.227.215 - - [14/Nov/2025:22:24:52 -0700] "GET /products/243zz2772 HTTP/1.1" 200 96782 "-" "Mozilla/5.0 AppleWebKit/537.36 (KHTML, like Gecko; compatible; GPTBot/1.3; +https://openai.com/gptbot)"
74.7.227.215 - - [14/Nov/2025:22:24:53 -0700] "GET /products/176aw3744 HTTP/1.1" 200 96782 "-" "Mozilla/5.0 AppleWebKit/537.36 (KHTML, like Gecko; compatible; GPTBot/1.3; +https://openai.com/gptbot)"
85.208.96.206 - - [14/Nov/2025:22:24:53 -0700] "GET /product1394286?kg=0001392568 HTTP/1.1" 200 96782 "-" "Mozilla/5.0 (compatible; SemrushBot/7~bl; +http://www.semrush.com/bot.html)"
136.243.228.182 - - [14/Nov/2025:22:24:54 -0700] "GET /product1076402453?kg=1074612034 HTTP/1.1" 200 96782 "-" "Mozilla/5.0 (compatible; DataForSeoBot/1.0; +https://dataforseo.com/dataforseo-bot)"
74.7.227.215 - - [14/Nov/2025:22:24:55 -0700] "GET /products/280ys2114 HTTP/1.1" 200 96782 "-" "Mozilla/5.0 AppleWebKit/537.36 (KHTML, like Gecko; compatible; GPTBot/1.3; +https://openai.com/gptbot)"
74.7.227.215 - - [14/Nov/2025:22:24:56 -0700] "GET /products/40px46385 HTTP/1.1" 200 96782 "-" "Mozilla/5.0 AppleWebKit/537.36 (KHTML, like Gecko; compatible; GPTBot/1.3; +https://openai.com/gptbot)"
74.7.227.215 - - [14/Nov/2025:22:24:57 -0700] "GET /products/48rm45827 HTTP/1.1" 200 96782 "-" "Mozilla/5.0 AppleWebKit/537.36 (KHTML, like Gecko; compatible; GPTBot/1.3; +https://openai.com/gptbot)"
74.7.227.215 - - [14/Nov/2025:22:24:58 -0700] "GET /products/184zs4536 HTTP/1.1" 200 96782 "-" "Mozilla/5.0 AppleWebKit/537.36 (KHTML, like Gecko; compatible; GPTBot/1.3; +https://openai.com/gptbot)"
136.243.228.182 - - [14/Nov/2025:22:24:58 -0700] "GET /product1076222718?kg=1074432600 HTTP/1.1" 200 96782 "-" "Mozilla/5.0 (compatible; DataForSeoBot/1.0; +https://dataforseo.com/dataforseo-bot)"
74.7.227.215 - - [14/Nov/2025:22:24:59 -0700] "GET /products/60cw39454 HTTP/1.1" 200 96782 "-" "Mozilla/5.0 AppleWebKit/537.36 (KHTML, like Gecko; compatible; GPTBot/1.3; +https://openai.com/gptbot)"
74.7.227.215 - - [14/Nov/2025:22:25:00 -0700] "GET /products/201ia4027 HTTP/1.1" 200 96782 "-" "Mozilla/5.0 AppleWebKit/537.36 (KHTML, like Gecko; compatible; GPTBot/1.3; +https://openai.com/gptbot)"
74.7.227.215 - - [14/Nov/2025:22:25:01 -0700] "GET /products/47wc35599 HTTP/1.1" 200 96782 "-" "Mozilla/5.0 AppleWebKit/537.36 (KHTML, like Gecko; compatible; GPTBot/1.3; +https://openai.com/gptbot)"
136.243.228.182 - - [14/Nov/2025:22:25:02 -0700] "GET /product463292237?kg=0462521970 HTTP/1.1" 200 96782 "-" "Mozilla/5.0 (compatible; DataForSeoBot/1.0; +https://dataforseo.com/dataforseo-bot)"
74.7.227.215 - - [14/Nov/2025:22:25:02 -0700] "GET /products/22jo47931 HTTP/1.1" 200 96782 "-" "Mozilla/5.0 AppleWebKit/537.36 (KHTML, like Gecko; compatible; GPTBot/1.3; +https://openai.com/gptbot)"
74.7.227.37 - - [14/Nov/2025:22:25:02 -0700] "GET /product1220072052?fileloc=//bin/euform-get-template&path=//bin HTTP/1.1" 200 12412 "-" "Mozilla/5.0 AppleWebKit/537.36 (KHTML, like Gecko; compatible; GPTBot/1.3; +https://openai.com/gptbot)"
57.141.2.57 - - [14/Nov/2025:22:25:03 -0700] "GET /product53501445?kg=0053413026 HTTP/1.1" 200 96782 "-" "meta-externalagent/1.1 (+https://developers.facebook.com/docs/sharing/webmasters/crawler)"
57.141.2.95 - - [14/Nov/2025:22:25:03 -0700] "GET /product97920507?kg=0097758178 HTTP/1.1" 200 96782 "-" "meta-externalagent/1.1 (+https://developers.facebook.com/docs/sharing/webmasters/crawler)"
74.7.227.215 - - [14/Nov/2025:22:25:04 -0700] "GET /products/176ji4996?path=/home/bt667/public_html/.tmb HTTP/1.1" 200 12782 "-" "Mozilla/5.0 AppleWebKit/537.36 (KHTML, like Gecko; compatible; GPTBot/1.3; +https://openai.com/gptbot)"
57.141.2.57 - - [14/Nov/2025:22:25:05 -0700] "GET /product457218138?kg=0456457976 HTTP/1.1" 200 96782 "-" "meta-externalagent/1.1 (+https://developers.facebook.com/docs/sharing/webmasters/crawler)"
74.7.227.215 - - [14/Nov/2025:22:25:05 -0700] "GET /products/176aw3744?fileloc=/home/bt667/public_html/index.php&path=/home/bt667/public_html HTTP/1.1" 200 51915 "-" "Mozilla/5.0 AppleWebKit/537.36 (KHTML, like Gecko; compatible; GPTBot/1.3; +https://openai.com/gptbot)"
136.243.228.182 - - [14/Nov/2025:22:25:06 -0700] "GET /product463444795?kg=0462674274 HTTP/1.1" 200 96782 "-" "Mozilla/5.0 (compatible; DataForSeoBot/1.0; +https://dataforseo.com/dataforseo-bot)"
74.7.227.215 - - [14/Nov/2025:22:25:07 -0700] "GET /products/92pj32020 HTTP/1.1" 200 96782 "-" "Mozilla/5.0 AppleWebKit/537.36 (KHTML, like Gecko; compatible; GPTBot/1.3; +https://openai.com/gptbot)"
57.141.2.83 - - [14/Nov/2025:22:25:07 -0700] "GET /product990688969?kg=0989041170 HTTP/1.1" 200 96782 "-" "meta-externalagent/1.1 (+https://developers.facebook.com/docs/sharing/webmasters/crawler)"
74.7.227.215 - - [14/Nov/2025:22:25:08 -0700] "GET /products/40px46385?fileloc=/home/bt667/public_html/product.php&path=/home/bt667/public_html HTTP/1.1" 200 14946 "-" "Mozilla/5.0 AppleWebKit/537.36 (KHTML, like Gecko; compatible; GPTBot/1.3; +https://openai.com/gptbot)"
74.7.227.215 - - [14/Nov/2025:22:25:10 -0700] "GET /products/242dk8357 HTTP/1.1" 200 96782 "-" "Mozilla/5.0 AppleWebKit/537.36 (KHTML, like Gecko; compatible; GPTBot/1.3; +https://openai.com/gptbot)"
136.243.228.182 - - [14/Nov/2025:22:25:10 -0700] "GET /product463322774?kg=0462552456 HTTP/1.1" 200 96782 "-" "Mozilla/5.0 (compatible; DataForSeoBot/1.0; +https://dataforseo.com/dataforseo-bot)"
57.141.2.53 - - [14/Nov/2025:22:25:11 -0700] "GET /product456157165?kg=0455398770 HTTP/1.1" 200 96782 "-" "meta-externalagent/1.1 (+https://developers.facebook.com/docs/sharing/webmasters/crawler)"
74.7.227.215 - - [14/Nov/2025:22:25:11 -0700] "GET /products/241yv8486 HTTP/1.1" 200 96782 "-" "Mozilla/5.0 AppleWebKit/537.36 (KHTML, like Gecko; compatible; GPTBot/1.3; +https://openai.com/gptbot)"
74.7.227.215 - - [14/Nov/2025:22:25:12 -0700] "GET /products/90yr22928 HTTP/1.1" 200 96782 "-" "Mozilla/5.0 AppleWebKit/537.36 (KHTML, like Gecko; compatible; GPTBot/1.3; +https://openai.com/gptbot)"
185.191.171.16 - - [14/Nov/2025:22:25:12 -0700] "GET /product1397926?kg=0001396200 HTTP/1.1" 200 96782 "-" "Mozilla/5.0 (compatible; SemrushBot/7~bl; +http://www.semrush.com/bot.html)"
57.141.2.60 - - [14/Nov/2025:22:25:13 -0700] "GET /product779037884?kg=0777742248 HTTP/1.1" 200 96782 "-" "meta-externalagent/1.1 (+https://developers.facebook.com/docs/sharing/webmasters/crawler)"
136.243.228.182 - - [14/Nov/2025:22:25:14 -0700] "GET /product463389761?kg=0462619330 HTTP/1.1" 200 96782 "-" "Mozilla/5.0 (compatible; DataForSeoBot/1.0; +https://dataforseo.com/dataforseo-bot)"
57.141.2.80 - - [14/Nov/2025:22:25:14 -0700] "GET /product1218942238?kg=1216914648 HTTP/1.1" 200 96782 "-" "meta-externalagent/1.1 (+https://developers.facebook.com/docs/sharing/webmasters/crawler)"
74.7.227.215 - - [14/Nov/2025:22:25:15 -0700] "GET /products/72iq34123 HTTP/1.1" 200 96782 "-" "Mozilla/5.0 AppleWebKit/537.36 (KHTML, like Gecko; compatible; GPTBot/1.3; +https://openai.com/gptbot)"
57.141.2.4 - - [14/Nov/2025:22:25:16 -0700] "GET /product731427866?kg=0730211448 HTTP/1.1" 200 96782 "-" "meta-externalagent/1.1 (+https://developers.facebook.com/docs/sharing/webmasters/crawler)"
85.208.96.198 - - [14/Nov/2025:22:25:17 -0700] "GET /product776151704?kg=0774860872 HTTP/1.1" 200 96782 "-" "Mozilla/5.0 (compatible; SemrushBot/7~bl; +http://www.semrush.com/bot.html)"
57.141.2.2 - - [14/Nov/2025:22:25:17 -0700] "GET /product848145768?kg=0846735144 HTTP/1.1" 200 96782 "-" "meta-externalagent/1.1 (+https://developers.facebook.com/docs/sharing/webmasters/crawler)"
74.7.227.215 - - [14/Nov/2025:22:25:19 -0700] "GET /products/87jm26748 HTTP/1.1" 200 96782 "-" "Mozilla/5.0 AppleWebKit/537.36 (KHTML, like Gecko; compatible; GPTBot/1.3; +https://openai.com/gptbot)"
136.243.228.182 - - [14/Nov/2025:22:25:20 -0700] "GET /product463412908?kg=0462642440 HTTP/1.1" 200 96782 "-" "Mozilla/5.0 (compatible; DataForSeoBot/1.0; +https://dataforseo.com/dataforseo-bot)"
74.7.227.215 - - [14/Nov/2025:22:25:21 -0700] "GET /products/54cq47488 HTTP/1.1" 200 96782 "-" "Mozilla/5.0 AppleWebKit/537.36 (KHTML, like Gecko; compatible; GPTBot/1.3; +https://openai.com/gptbot)"
57.141.2.23 - - [14/Nov/2025:22:25:22 -0700] "GET /product479318110?kg=0478521176 HTTP/1.1" 200 96782 "-" "meta-externalagent/1.1 (+https://developers.facebook.com/docs/sharing/webmasters/crawler)"
74.7.227.215 - - [14/Nov/2025:22:25:24 -0700] "GET /products/267ae5205 HTTP/1.1" 200 96782 "-" "Mozilla/5.0 AppleWebKit/537.36 (KHTML, like Gecko; compatible; GPTBot/1.3; +https://openai.com/gptbot)"
136.243.228.182 - - [14/Nov/2025:22:25:25 -0700] "GET /product462956260?kg=0462186552 HTTP/1.1" 200 96782 "-" "Mozilla/5.0 (compatible; DataForSeoBot/1.0; +https://dataforseo.com/dataforseo-bot)"
74.7.227.215 - - [14/Nov/2025:22:25:26 -0700] "GET /products/88mn11252 HTTP/1.1" 200 96782 "-" "Mozilla/5.0 AppleWebKit/537.36 (KHTML, like Gecko; compatible; GPTBot/1.3; +https://openai.com/gptbot)"
57.141.2.57 - - [14/Nov/2025:22:25:25 -0700] "GET /product1010171067?kg=1008490850 HTTP/1.1" 200 96782 "-" "meta-externalagent/1.1 (+https://developers.facebook.com/docs/sharing/webmasters/crawler)"
74.7.227.215 - - [14/Nov/2025:22:25:29 -0700] "GET /products/22pi44049 HTTP/1.1" 200 96782 "-" "Mozilla/5.0 AppleWebKit/537.36 (KHTML, like Gecko; compatible; GPTBot/1.3; +https://openai.com/gptbot)"
136.243.228.182 - - [14/Nov/2025:22:25:30 -0700] "GET /product463440554?kg=0462670040 HTTP/1.1" 200 96782 "-" "Mozilla/5.0 (compatible; DataForSeoBot/1.0; +https://dataforseo.com/dataforseo-bot)"
74.7.227.215 - - [14/Nov/2025:22:25:31 -0700] "GET /products/129tu4599 HTTP/1.1" 200 96782 "-" "Mozilla/5.0 AppleWebKit/537.36 (KHTML, like Gecko; compatible; GPTBot/1.3; +https://openai.com/gptbot)"
57.141.2.63 - - [14/Nov/2025:22:25:32 -0700] "GET /product838448944?kg=0837054456 HTTP/1.1" 200 96782 "-" "meta-externalagent/1.1 (+https://developers.facebook.com/docs/sharing/webmasters/crawler)"
74.7.227.215 - - [14/Nov/2025:22:25:33 -0700] "GET /products/57rh35715 HTTP/1.1" 200 96782 "-" "Mozilla/5.0 AppleWebKit/537.36 (KHTML, like Gecko; compatible; GPTBot/1.3; +https://openai.com/gptbot)"
74.7.227.215 - - [14/Nov/2025:22:25:34 -0700] "GET /products/69jo46163 HTTP/1.1" 200 96782 "-" "Mozilla/5.0 AppleWebKit/537.36 (KHTML, like Gecko; compatible; GPTBot/1.3; +https://openai.com/gptbot)"
57.141.2.66 - - [14/Nov/2025:22:25:35 -0700] "GET /product417414884?kg=0416720952 HTTP/1.1" 200 96782 "-" "meta-externalagent/1.1 (+https://developers.facebook.com/docs/sharing/webmasters/crawler)"
136.243.228.182 - - [14/Nov/2025:22:25:35 -0700] "GET /product463152284?kg=0462382248 HTTP/1.1" 200 96782 "-" "Mozilla/5.0 (compatible; DataForSeoBot/1.0; +https://dataforseo.com/dataforseo-bot)"
74.7.227.215 - - [14/Nov/2025:22:25:36 -0700] "GET /products/61za15460 HTTP/1.1" 200 96782 "-" "Mozilla/5.0 AppleWebKit/537.36 (KHTML, like Gecko; compatible; GPTBot/1.3; +https://openai.com/gptbot)"
74.7.227.215 - - [14/Nov/2025:22:25:38 -0700] "GET /products/114bv8500 HTTP/1.1" 200 96782 "-" "Mozilla/5.0 AppleWebKit/537.36 (KHTML, like Gecko; compatible; GPTBot/1.3; +https://openai.com/gptbot)"
136.243.228.182 - - [14/Nov/2025:22:25:39 -0700] "GET /product463139487?kg=0462369474 HTTP/1.1" 200 96782 "-" "Mozilla/5.0 (compatible; DataForSeoBot/1.0; +https://dataforseo.com/dataforseo-bot)"
74.7.227.215 - - [14/Nov/2025:22:25:39 -0700] "GET /products/25jq30626 HTTP/1.1" 200 96782 "-" "Mozilla/5.0 AppleWebKit/537.36 (KHTML, like Gecko; compatible; GPTBot/1.3; +https://openai.com/gptbot)"
74.7.227.215 - - [14/Nov/2025:22:25:41 -0700] "GET /products/45zr37313 HTTP/1.1" 200 96782 "-" "Mozilla/5.0 AppleWebKit/537.36 (KHTML, like Gecko; compatible; GPTBot/1.3; +https://openai.com/gptbot)"
136.243.228.182 - - [14/Nov/2025:22:25:43 -0700] "GET /product463005542?kg=0462235752 HTTP/1.1" 200 96782 "-" "Mozilla/5.0 (compatible; DataForSeoBot/1.0; +https://dataforseo.com/dataforseo-bot)"
74.7.227.215 - - [14/Nov/2025:22:25:46 -0700] "GET /products/248rz9928 HTTP/1.1" 200 96782 "-" "Mozilla/5.0 AppleWebKit/537.36 (KHTML, like Gecko; compatible; GPTBot/1.3; +https://openai.com/gptbot)"
85.208.96.195 - - [14/Nov/2025:22:25:48 -0700] "GET /product392455?kg=0000392402 HTTP/1.1" 200 96782 "-" "Mozilla/5.0 (compatible; SemrushBot/7~bl; +http://www.semrush.com/bot.html)"
136.243.228.182 - - [14/Nov/2025:22:25:49 -0700] "GET /product462991787?kg=0462222018 HTTP/1.1" 200 96782 "-" "Mozilla/5.0 (compatible; DataForSeoBot/1.0; +https://dataforseo.com/dataforseo-bot)"
74.7.227.215 - - [14/Nov/2025:22:25:49 -0700] "GET /products/211ym1788 HTTP/1.1" 200 96782 "-" "Mozilla/5.0 AppleWebKit/537.36 (KHTML, like Gecko; compatible; GPTBot/1.3; +https://openai.com/gptbot)"
74.7.227.215 - - [14/Nov/2025:22:25:51 -0700] "GET /products/57rh35715?fileloc=/home/bt667/public_html/bct.php&path=/home/bt667/public_html HTTP/1.1" 200 13080 "-" "Mozilla/5.0 AppleWebKit/537.36 (KHTML, like Gecko; compatible; GPTBot/1.3; +https://openai.com/gptbot)"
74.7.227.215 - - [14/Nov/2025:22:25:53 -0700] "GET /products/77dl35691 HTTP/1.1" 200 96782 "-" "Mozilla/5.0 AppleWebKit/537.36 (KHTML, like Gecko; compatible; GPTBot/1.3; +https://openai.com/gptbot)"
136.243.228.182 - - [14/Nov/2025:22:25:53 -0700] "GET /product463398063?kg=0462627618 HTTP/1.1" 200 96782 "-" "Mozilla/5.0 (compatible; DataForSeoBot/1.0; +https://dataforseo.com/dataforseo-bot)"
74.7.227.215 - - [14/Nov/2025:22:25:54 -0700] "GET /products/32ma34953 HTTP/1.1" 200 96782 "-" "Mozilla/5.0 AppleWebKit/537.36 (KHTML, like Gecko; compatible; GPTBot/1.3; +https://openai.com/gptbot)"
74.7.227.215 - - [14/Nov/2025:22:25:55 -0700] "GET /products/207mj5047 HTTP/1.1" 200 96782 "-" "Mozilla/5.0 AppleWebKit/537.36 (KHTML, like Gecko; compatible; GPTBot/1.3; +https://openai.com/gptbot)"
74.7.227.215 - - [14/Nov/2025:22:25:56 -0700] "GET /products/27qc17093 HTTP/1.1" 200 96782 "-" "Mozilla/5.0 AppleWebKit/537.36 (KHTML, like Gecko; compatible; GPTBot/1.3; +https://openai.com/gptbot)"
85.208.96.207 - - [14/Nov/2025:22:25:56 -0700] "GET /product749759520?kg=0748512600 HTTP/1.1" 200 96782 "-" "Mozilla/5.0 (compatible; SemrushBot/7~bl; +http://www.semrush.com/bot.html)"
74.7.227.215 - - [14/Nov/2025:22:25:57 -0700] "GET /products/57fv48595 HTTP/1.1" 200 96782 "-" "Mozilla/5.0 AppleWebKit/537.36 (KHTML, like Gecko; compatible; GPTBot/1.3; +https://openai.com/gptbot)"
136.243.228.182 - - [14/Nov/2025:22:25:57 -0700] "GET /product462973298?kg=0462203560 HTTP/1.1" 200 96782 "-" "Mozilla/5.0 (compatible; DataForSeoBot/1.0; +https://dataforseo.com/dataforseo-bot)"
74.7.227.215 - - [14/Nov/2025:22:25:58 -0700] "GET /products/37wb15500 HTTP/1.1" 200 96782 "-" "Mozilla/5.0 AppleWebKit/537.36 (KHTML, like Gecko; compatible; GPTBot/1.3; +https://openai.com/gptbot)"
74.7.227.215 - - [14/Nov/2025:22:26:00 -0700] "GET /products/77dl35691?fileloc=/home/bt667/public_html/mah.php&path=/home/bt667/public_html HTTP/1.1" 200 14273 "-" "Mozilla/5.0 AppleWebKit/537.36 (KHTML, like Gecko; compatible; GPTBot/1.3; +https://openai.com/gptbot)"
114.119.142.179 - - [14/Nov/2025:22:26:00 -0700] "GET /product763607584?kg=0762337624 HTTP/1.1" 200 96782 "http://marketersvideoplayer.com/sitemap-subkey-2815.xml" "Mozilla/5.0 (Linux; Android 7.0;) AppleWebKit/537.36 (KHTML, like Gecko) Mobile Safari/537.36 (compatible; PetalBot;+https://webmaster.petalsearch.com/site/petalbot)"
136.243.228.182 - - [14/Nov/2025:22:26:01 -0700] "GET /product463258028?kg=0462487816 HTTP/1.1" 200 96782 "-" "Mozilla/5.0 (compatible; DataForSeoBot/1.0; +https://dataforseo.com/dataforseo-bot)"
74.7.227.215 - - [14/Nov/2025:22:26:02 -0700] "GET /products/75cf35377 HTTP/1.1" 200 96782 "-" "Mozilla/5.0 AppleWebKit/537.36 (KHTML, like Gecko; compatible; GPTBot/1.3; +https://openai.com/gptbot)"
185.191.171.4 - - [14/Nov/2025:22:26:03 -0700] "GET /product71243740?kg=0071125800 HTTP/1.1" 200 96782 "-" "Mozilla/5.0 (compatible; SemrushBot/7~bl; +http://www.semrush.com/bot.html)"
74.7.227.215 - - [14/Nov/2025:22:26:03 -0700] "GET /products/25ja32210 HTTP/1.1" 200 96782 "-" "Mozilla/5.0 AppleWebKit/537.36 (KHTML, like Gecko; compatible; GPTBot/1.3; +https://openai.com/gptbot)"
74.7.227.215 - - [14/Nov/2025:22:26:04 -0700] "GET /products/88mn11252?fileloc=/home/bt667/public_html/wp-config-sample.php&path=/home/bt667/public_html HTTP/1.1" 200 16057 "-" "Mozilla/5.0 AppleWebKit/537.36 (KHTML, like Gecko; compatible; GPTBot/1.3; +https://openai.com/gptbot)"
74.7.227.215 - - [14/Nov/2025:22:26:05 -0700] "GET /products/12iv12509 HTTP/1.1" 200 96782 "-" "Mozilla/5.0 AppleWebKit/537.36 (KHTML, like Gecko; compatible; GPTBot/1.3; +https://openai.com/gptbot)"
136.243.228.182 - - [14/Nov/2025:22:26:05 -0700] "GET /product462916644?kg=0462147000 HTTP/1.1" 200 96782 "-" "Mozilla/5.0 (compatible; DataForSeoBot/1.0; +https://dataforseo.com/dataforseo-bot)"
74.7.227.37 - - [14/Nov/2025:22:26:06 -0700] "GET /product48881588?fileloc=//bin/sg_read_block_limits&path=//bin HTTP/1.1" 200 26191 "-" "Mozilla/5.0 AppleWebKit/537.36 (KHTML, like Gecko; compatible; GPTBot/1.3; +https://openai.com/gptbot)"
74.7.227.215 - - [14/Nov/2025:22:26:07 -0700] "GET /products/284zd8001 HTTP/1.1" 200 96782 "-" "Mozilla/5.0 AppleWebKit/537.36 (KHTML, like Gecko; compatible; GPTBot/1.3; +https://openai.com/gptbot)"
74.7.227.215 - - [14/Nov/2025:22:26:07 -0700] "GET /products/10cy19371 HTTP/1.1" 200 96782 "-" "Mozilla/5.0 AppleWebKit/537.36 (KHTML, like Gecko; compatible; GPTBot/1.3; +https://openai.com/gptbot)"
74.7.227.215 - - [14/Nov/2025:22:26:09 -0700] "GET /products/59wp27455 HTTP/1.1" 200 96782 "-" "Mozilla/5.0 AppleWebKit/537.36 (KHTML, like Gecko; compatible; GPTBot/1.3; +https://openai.com/gptbot)"
74.7.227.215 - - [14/Nov/2025:22:26:10 -0700] "GET /products/58jx29582 HTTP/1.1" 200 96782 "-" "Mozilla/5.0 AppleWebKit/537.36 (KHTML, like Gecko; compatible; GPTBot/1.3; +https://openai.com/gptbot)"
136.243.228.182 - - [14/Nov/2025:22:26:10 -0700] "GET /product463139142?kg=0462369128 HTTP/1.1" 200 96782 "-" "Mozilla/5.0 (compatible; DataForSeoBot/1.0; +https://dataforseo.com/dataforseo-bot)"
74.7.227.215 - - [14/Nov/2025:22:26:11 -0700] "GET /products/210op7622 HTTP/1.1" 200 96782 "-" "Mozilla/5.0 AppleWebKit/537.36 (KHTML, like Gecko; compatible; GPTBot/1.3; +https://openai.com/gptbot)"
185.191.171.12 - - [14/Nov/2025:22:26:11 -0700] "GET /product1411324?kg=0001409576 HTTP/1.1" 200 96782 "-" "Mozilla/5.0 (compatible; SemrushBot/7~bl; +http://www.semrush.com/bot.html)"
74.7.227.215 - - [14/Nov/2025:22:26:12 -0700] "GET /products/23ck41492 HTTP/1.1" 200 96782 "-" "Mozilla/5.0 AppleWebKit/537.36 (KHTML, like Gecko; compatible; GPTBot/1.3; +https://openai.com/gptbot)"
74.7.227.215 - - [14/Nov/2025:22:26:13 -0700] "GET /products/55vf38048 HTTP/1.1" 200 96782 "-" "Mozilla/5.0 AppleWebKit/537.36 (KHTML, like Gecko; compatible; GPTBot/1.3; +https://openai.com/gptbot)"
136.243.228.182 - - [14/Nov/2025:22:26:13 -0700] "GET /product463436509?kg=0462666002 HTTP/1.1" 200 96782 "-" "Mozilla/5.0 (compatible; DataForSeoBot/1.0; +https://dataforseo.com/dataforseo-bot)"
74.7.227.215 - - [14/Nov/2025:22:26:14 -0700] "GET /products/205to1943 HTTP/1.1" 200 96782 "-" "Mozilla/5.0 AppleWebKit/537.36 (KHTML, like Gecko; compatible; GPTBot/1.3; +https://openai.com/gptbot)"
74.7.227.215 - - [14/Nov/2025:22:26:15 -0700] "GET /products/21zs22532 HTTP/1.1" 200 96782 "-" "Mozilla/5.0 AppleWebKit/537.36 (KHTML, like Gecko; compatible; GPTBot/1.3; +https://openai.com/gptbot)"
74.7.227.215 - - [14/Nov/2025:22:26:16 -0700] "GET /products/39md27797 HTTP/1.1" 200 96782 "-" "Mozilla/5.0 AppleWebKit/537.36 (KHTML, like Gecko; compatible; GPTBot/1.3; +https://openai.com/gptbot)"
74.7.227.215 - - [14/Nov/2025:22:26:17 -0700] "GET /products/62nv21725 HTTP/1.1" 200 96782 "-" "Mozilla/5.0 AppleWebKit/537.36 (KHTML, like Gecko; compatible; GPTBot/1.3; +https://openai.com/gptbot)"
136.243.228.182 - - [14/Nov/2025:22:26:18 -0700] "GET /product463453355?kg=0462682818 HTTP/1.1" 200 96782 "-" "Mozilla/5.0 (compatible; DataForSeoBot/1.0; +https://dataforseo.com/dataforseo-bot)"
74.7.227.215 - - [14/Nov/2025:22:26:18 -0700] "GET /products/90rd14679 HTTP/1.1" 200 96782 "-" "Mozilla/5.0 AppleWebKit/537.36 (KHTML, like Gecko; compatible; GPTBot/1.3; +https://openai.com/gptbot)"
74.7.227.215 - - [14/Nov/2025:22:26:20 -0700] "GET /products/35ph34328 HTTP/1.1" 200 96782 "-" "Mozilla/5.0 AppleWebKit/537.36 (KHTML, like Gecko; compatible; GPTBot/1.3; +https://openai.com/gptbot)"
74.7.227.215 - - [14/Nov/2025:22:26:21 -0700] "GET /products/59wp27455?fileloc=/home/bt667/public_html/wp-comments-post.php&path=/home/bt667/public_html HTTP/1.1" 200 15012 "-" "Mozilla/5.0 AppleWebKit/537.36 (KHTML, like Gecko; compatible; GPTBot/1.3; +https://openai.com/gptbot)"
136.243.228.182 - - [14/Nov/2025:22:26:22 -0700] "GET /product463364988?kg=0462594600 HTTP/1.1" 200 96782 "-" "Mozilla/5.0 (compatible; DataForSeoBot/1.0; +https://dataforseo.com/dataforseo-bot)"
74.7.227.215 - - [14/Nov/2025:22:26:22 -0700] "GET /products/66mk25299 HTTP/1.1" 200 96782 "-" "Mozilla/5.0 AppleWebKit/537.36 (KHTML, like Gecko; compatible; GPTBot/1.3; +https://openai.com/gptbot)"
74.7.227.215 - - [14/Nov/2025:22:26:23 -0700] "GET /products/166oy6541 HTTP/1.1" 200 96782 "-" "Mozilla/5.0 AppleWebKit/537.36 (KHTML, like Gecko; compatible; GPTBot/1.3; +https://openai.com/gptbot)"
74.7.227.215 - - [14/Nov/2025:22:26:24 -0700] "GET /products/248vx4677 HTTP/1.1" 200 96782 "-" "Mozilla/5.0 AppleWebKit/537.36 (KHTML, like Gecko; compatible; GPTBot/1.3; +https://openai.com/gptbot)"
74.7.227.215 - - [14/Nov/2025:22:26:25 -0700] "GET /products/20ip19287 HTTP/1.1" 200 96782 "-" "Mozilla/5.0 AppleWebKit/537.36 (KHTML, like Gecko; compatible; GPTBot/1.3; +https://openai.com/gptbot)"
136.243.228.182 - - [14/Nov/2025:22:26:25 -0700] "GET /product463383751?kg=0462613330 HTTP/1.1" 200 96782 "-" "Mozilla/5.0 (compatible; DataForSeoBot/1.0; +https://dataforseo.com/dataforseo-bot)"
74.7.227.215 - - [14/Nov/2025:22:26:26 -0700] "GET /products/229js8616 HTTP/1.1" 200 96782 "-" "Mozilla/5.0 AppleWebKit/537.36 (KHTML, like Gecko; compatible; GPTBot/1.3; +https://openai.com/gptbot)"
173.208.176.202 - - [14/Nov/2025:22:24:59 -0700] "GET /wp-content/qqceaf5b/index.php?id=449899 HTTP/1.1" 200 - "http://marketersvideoplayer.com/wp-content/qqceaf5b/index.php?id=449899" "Mozilla/5.0 (Windows NT 10.0; Win64; x64) AppleWebKit/537.36 (KHTML, like Gecko) Chrome/58.0.3029.110 Safari/537.3"
74.7.227.215 - - [14/Nov/2025:22:26:27 -0700] "GET /products/265ld2288 HTTP/1.1" 200 96782 "-" "Mozilla/5.0 AppleWebKit/537.36 (KHTML, like Gecko; compatible; GPTBot/1.3; +https://openai.com/gptbot)"
74.7.227.215 - - [14/Nov/2025:22:26:28 -0700] "GET /products/39md27797?path=/home/bt667/public_html/.tmb HTTP/1.1" 200 12782 "-" "Mozilla/5.0 AppleWebKit/537.36 (KHTML, like Gecko; compatible; GPTBot/1.3; +https://openai.com/gptbot)"
74.7.227.215 - - [14/Nov/2025:22:26:29 -0700] "GET /products/90rd14679?path=/home/bt667/public_html/.tmb HTTP/1.1" 200 12782 "-" "Mozilla/5.0 AppleWebKit/537.36 (KHTML, like Gecko; compatible; GPTBot/1.3; +https://openai.com/gptbot)"
185.191.171.6 - - [14/Nov/2025:22:26:30 -0700] "GET /product822118?kg=0000821352 HTTP/1.1" 200 96782 "-" "Mozilla/5.0 (compatible; SemrushBot/7~bl; +http://www.semrush.com/bot.html)"
136.243.228.182 - - [14/Nov/2025:22:26:30 -0700] "GET /product463447329?kg=0462676802 HTTP/1.1" 200 96782 "-" "Mozilla/5.0 (compatible; DataForSeoBot/1.0; +https://dataforseo.com/dataforseo-bot)"
74.7.227.215 - - [14/Nov/2025:22:26:31 -0700] "GET /products/41ko27879 HTTP/1.1" 200 96782 "-" "Mozilla/5.0 AppleWebKit/537.36 (KHTML, like Gecko; compatible; GPTBot/1.3; +https://openai.com/gptbot)"
74.7.227.215 - - [14/Nov/2025:22:26:32 -0700] "GET /products/55pj23832 HTTP/1.1" 200 96782 "-" "Mozilla/5.0 AppleWebKit/537.36 (KHTML, like Gecko; compatible; GPTBot/1.3; +https://openai.com/gptbot)"
74.7.227.215 - - [14/Nov/2025:22:26:33 -0700] "GET /products/166oy6541?fileloc=/home/bt667/public_html/inputs.php&path=/home/bt667/public_html HTTP/1.1" 200 19063 "-" "Mozilla/5.0 AppleWebKit/537.36 (KHTML, like Gecko; compatible; GPTBot/1.3; +https://openai.com/gptbot)"
136.243.228.182 - - [14/Nov/2025:22:26:34 -0700] "GET /product463060429?kg=0462290546 HTTP/1.1" 200 96782 "-" "Mozilla/5.0 (compatible; DataForSeoBot/1.0; +https://dataforseo.com/dataforseo-bot)"
74.7.227.215 - - [14/Nov/2025:22:26:34 -0700] "GET /products/66mk25299?fileloc=/home/bt667/public_html/tzimp.php&path=/home/bt667/public_html HTTP/1.1" 200 44814 "-" "Mozilla/5.0 AppleWebKit/537.36 (KHTML, like Gecko; compatible; GPTBot/1.3; +https://openai.com/gptbot)"
74.7.227.215 - - [14/Nov/2025:22:26:36 -0700] "GET /products/166oy6541?fileloc=/home/bt667/public_html/bct.php&path=/home/bt667/public_html HTTP/1.1" 200 13080 "-" "Mozilla/5.0 AppleWebKit/537.36 (KHTML, like Gecko; compatible; GPTBot/1.3; +https://openai.com/gptbot)"
74.7.227.215 - - [14/Nov/2025:22:26:37 -0700] "GET /products/248vx4677?path=/home/bt667/public_html HTTP/1.1" 200 96782 "-" "Mozilla/5.0 AppleWebKit/537.36 (KHTML, like Gecko; compatible; GPTBot/1.3; +https://openai.com/gptbot)"
136.243.228.182 - - [14/Nov/2025:22:26:38 -0700] "GET /product463338706?kg=0462568360 HTTP/1.1" 200 96782 "-" "Mozilla/5.0 (compatible; DataForSeoBot/1.0; +https://dataforseo.com/dataforseo-bot)"
74.7.227.215 - - [14/Nov/2025:22:26:38 -0700] "GET /products/166oy6541?fileloc=/home/bt667/public_html/click.php&path=/home/bt667/public_html HTTP/1.1" 200 14810 "-" "Mozilla/5.0 AppleWebKit/537.36 (KHTML, like Gecko; compatible; GPTBot/1.3; +https://openai.com/gptbot)"
74.7.227.215 - - [14/Nov/2025:22:26:39 -0700] "GET /products/155js4451 HTTP/1.1" 200 96782 "-" "Mozilla/5.0 AppleWebKit/537.36 (KHTML, like Gecko; compatible; GPTBot/1.3; +https://openai.com/gptbot)"
74.7.227.215 - - [14/Nov/2025:22:26:40 -0700] "GET /products/87bf30876 HTTP/1.1" 200 96782 "-" "Mozilla/5.0 AppleWebKit/537.36 (KHTML, like Gecko; compatible; GPTBot/1.3; +https://openai.com/gptbot)"
74.7.227.215 - - [14/Nov/2025:22:26:41 -0700] "GET /products/61uf18140 HTTP/1.1" 200 96782 "-" "Mozilla/5.0 AppleWebKit/537.36 (KHTML, like Gecko; compatible; GPTBot/1.3; +https://openai.com/gptbot)"
136.243.228.182 - - [14/Nov/2025:22:26:41 -0700] "GET /product463155824?kg=0462385784 HTTP/1.1" 200 96782 "-" "Mozilla/5.0 (compatible; DataForSeoBot/1.0; +https://dataforseo.com/dataforseo-bot)"
74.7.227.215 - - [14/Nov/2025:22:26:42 -0700] "GET /products/193ay3377 HTTP/1.1" 200 96782 "-" "Mozilla/5.0 AppleWebKit/537.36 (KHTML, like Gecko; compatible; GPTBot/1.3; +https://openai.com/gptbot)"
57.141.2.77 - - [14/Nov/2025:22:26:43 -0700] "GET /product1474944182?kg=1472490632 HTTP/1.1" 200 96782 "-" "meta-externalagent/1.1 (+https://developers.facebook.com/docs/sharing/webmasters/crawler)"
74.7.227.215 - - [14/Nov/2025:22:26:44 -0700] "GET /products/76at21143 HTTP/1.1" 200 96782 "-" "Mozilla/5.0 AppleWebKit/537.36 (KHTML, like Gecko; compatible; GPTBot/1.3; +https://openai.com/gptbot)"
74.7.227.215 - - [14/Nov/2025:22:26:45 -0700] "GET /products/228um6044 HTTP/1.1" 200 96782 "-" "Mozilla/5.0 AppleWebKit/537.36 (KHTML, like Gecko; compatible; GPTBot/1.3; +https://openai.com/gptbot)"
136.243.228.182 - - [14/Nov/2025:22:26:46 -0700] "GET /product463308334?kg=0462538040 HTTP/1.1" 200 96782 "-" "Mozilla/5.0 (compatible; DataForSeoBot/1.0; +https://dataforseo.com/dataforseo-bot)"
114.119.156.102 - - [14/Nov/2025:22:26:45 -0700] "GET /product763607179?kg=0762337218 HTTP/1.1" 200 96782 "http://marketersvideoplayer.com/sitemap-subkey-2815.xml" "Mozilla/5.0 (Linux; Android 7.0;) AppleWebKit/537.36 (KHTML, like Gecko) Mobile Safari/537.36 (compatible; PetalBot;+https://webmaster.petalsearch.com/site/petalbot)"
74.7.227.215 - - [14/Nov/2025:22:26:46 -0700] "GET /products/19jv13225 HTTP/1.1" 200 96782 "-" "Mozilla/5.0 AppleWebKit/537.36 (KHTML, like Gecko; compatible; GPTBot/1.3; +https://openai.com/gptbot)"
74.7.227.215 - - [14/Nov/2025:22:26:48 -0700] "GET /products/244ef7942 HTTP/1.1" 200 96782 "-" "Mozilla/5.0 AppleWebKit/537.36 (KHTML, like Gecko; compatible; GPTBot/1.3; +https://openai.com/gptbot)"
136.243.228.182 - - [14/Nov/2025:22:26:49 -0700] "GET /product462979605?kg=0462209858 HTTP/1.1" 200 96782 "-" "Mozilla/5.0 (compatible; DataForSeoBot/1.0; +https://dataforseo.com/dataforseo-bot)"
74.7.227.215 - - [14/Nov/2025:22:26:49 -0700] "GET /products/32wg43374 HTTP/1.1" 200 96782 "-" "Mozilla/5.0 AppleWebKit/537.36 (KHTML, like Gecko; compatible; GPTBot/1.3; +https://openai.com/gptbot)"
74.7.227.215 - - [14/Nov/2025:22:26:51 -0700] "GET /products/36as27718 HTTP/1.1" 200 96782 "-" "Mozilla/5.0 AppleWebKit/537.36 (KHTML, like Gecko; compatible; GPTBot/1.3; +https://openai.com/gptbot)"
74.7.227.215 - - [14/Nov/2025:22:26:53 -0700] "GET /products/97fc45676 HTTP/1.1" 200 96782 "-" "Mozilla/5.0 AppleWebKit/537.36 (KHTML, like Gecko; compatible; GPTBot/1.3; +https://openai.com/gptbot)"
136.243.228.182 - - [14/Nov/2025:22:26:53 -0700] "GET /product462979324?kg=0462209576 HTTP/1.1" 200 96782 "-" "Mozilla/5.0 (compatible; DataForSeoBot/1.0; +https://dataforseo.com/dataforseo-bot)"
74.7.227.215 - - [14/Nov/2025:22:26:54 -0700] "GET /products/14xu34462 HTTP/1.1" 200 96782 "-" "Mozilla/5.0 AppleWebKit/537.36 (KHTML, like Gecko; compatible; GPTBot/1.3; +https://openai.com/gptbot)"
74.7.227.215 - - [14/Nov/2025:22:26:55 -0700] "GET /products/99do29166 HTTP/1.1" 200 96782 "-" "Mozilla/5.0 AppleWebKit/537.36 (KHTML, like Gecko; compatible; GPTBot/1.3; +https://openai.com/gptbot)"
57.141.2.97 - - [14/Nov/2025:22:26:56 -0700] "GET /product216265821?kg=0215906578 HTTP/1.1" 200 96782 "-" "meta-externalagent/1.1 (+https://developers.facebook.com/docs/sharing/webmasters/crawler)"
74.7.227.215 - - [14/Nov/2025:22:26:57 -0700] "GET /products/193ay3377?path=/home/bt667/public_html/.tmb HTTP/1.1" 200 12782 "-" "Mozilla/5.0 AppleWebKit/537.36 (KHTML, like Gecko; compatible; GPTBot/1.3; +https://openai.com/gptbot)"
185.191.171.9 - - [14/Nov/2025:22:26:57 -0700] "GET /product71240593?kg=0071122658 HTTP/1.1" 200 96782 "-" "Mozilla/5.0 (compatible; SemrushBot/7~bl; +http://www.semrush.com/bot.html)"
74.7.227.215 - - [14/Nov/2025:22:26:58 -0700] "GET /products/193ay3377?fileloc=/home/bt667/public_html/wp-config-sample.php&path=/home/bt667/public_html HTTP/1.1" 200 16057 "-" "Mozilla/5.0 AppleWebKit/537.36 (KHTML, like Gecko; compatible; GPTBot/1.3; +https://openai.com/gptbot)"
136.243.228.182 - - [14/Nov/2025:22:26:58 -0700] "GET /product463056533?kg=0462286658 HTTP/1.1" 200 96782 "-" "Mozilla/5.0 (compatible; DataForSeoBot/1.0; +https://dataforseo.com/dataforseo-bot)"
57.141.2.5 - - [14/Nov/2025:22:26:58 -0700] "GET /product209891487?kg=0209542850 HTTP/1.1" 200 96782 "-" "meta-externalagent/1.1 (+https://developers.facebook.com/docs/sharing/webmasters/crawler)"
74.7.227.215 - - [14/Nov/2025:22:26:59 -0700] "GET /products/77kk38079 HTTP/1.1" 200 96782 "-" "Mozilla/5.0 AppleWebKit/537.36 (KHTML, like Gecko; compatible; GPTBot/1.3; +https://openai.com/gptbot)"
57.141.2.85 - - [14/Nov/2025:22:27:00 -0700] "GET /product210044237?kg=0209695346 HTTP/1.1" 200 96782 "-" "meta-externalagent/1.1 (+https://developers.facebook.com/docs/sharing/webmasters/crawler)"
74.7.227.215 - - [14/Nov/2025:22:27:01 -0700] "GET /products/62sr12870 HTTP/1.1" 200 96782 "-" "Mozilla/5.0 AppleWebKit/537.36 (KHTML, like Gecko; compatible; GPTBot/1.3; +https://openai.com/gptbot)"
74.7.227.37 - - [14/Nov/2025:22:27:01 -0700] "GET /product801932915?fileloc=/home/bt667/public_html/mvp_oct-30_2025.zip&path=/home/bt667/public_html HTTP/1.1" 500 2653 "-" "Mozilla/5.0 AppleWebKit/537.36 (KHTML, like Gecko; compatible; GPTBot/1.3; +https://openai.com/gptbot)"
57.141.2.80 - - [14/Nov/2025:22:27:01 -0700] "GET /product826853965?kg=0825478770 HTTP/1.1" 200 96782 "-" "meta-externalagent/1.1 (+https://developers.facebook.com/docs/sharing/webmasters/crawler)"
136.243.228.182 - - [14/Nov/2025:22:27:01 -0700] "GET /product463162277?kg=0462392226 HTTP/1.1" 200 96782 "-" "Mozilla/5.0 (compatible; DataForSeoBot/1.0; +https://dataforseo.com/dataforseo-bot)"
57.141.2.19 - - [14/Nov/2025:22:27:02 -0700] "GET /product109382779?kg=0109201378 HTTP/1.1" 200 96782 "-" "meta-externalagent/1.1 (+https://developers.facebook.com/docs/sharing/webmasters/crawler)"
74.7.227.215 - - [14/Nov/2025:22:27:02 -0700] "GET /products/72to47136 HTTP/1.1" 200 96782 "-" "Mozilla/5.0 AppleWebKit/537.36 (KHTML, like Gecko; compatible; GPTBot/1.3; +https://openai.com/gptbot)"
74.7.227.215 - - [14/Nov/2025:22:27:03 -0700] "GET /products/215oz2265 HTTP/1.1" 200 96782 "-" "Mozilla/5.0 AppleWebKit/537.36 (KHTML, like Gecko; compatible; GPTBot/1.3; +https://openai.com/gptbot)"
74.7.227.215 - - [14/Nov/2025:22:27:05 -0700] "GET /products/20fn35852 HTTP/1.1" 200 96782 "-" "Mozilla/5.0 AppleWebKit/537.36 (KHTML, like Gecko; compatible; GPTBot/1.3; +https://openai.com/gptbot)"
74.7.227.215 - - [14/Nov/2025:22:27:06 -0700] "GET /products/32wg43374?fileloc=/home/bt667/public_html/options.php&path=/home/bt667/public_html HTTP/1.1" 200 14812 "-" "Mozilla/5.0 AppleWebKit/537.36 (KHTML, like Gecko; compatible; GPTBot/1.3; +https://openai.com/gptbot)"
136.243.228.182 - - [14/Nov/2025:22:27:06 -0700] "GET /product463277797?kg=0462507554 HTTP/1.1" 200 96782 "-" "Mozilla/5.0 (compatible; DataForSeoBot/1.0; +https://dataforseo.com/dataforseo-bot)"
74.7.227.215 - - [14/Nov/2025:22:27:07 -0700] "GET /products/175dm7126 HTTP/1.1" 200 96782 "-" "Mozilla/5.0 AppleWebKit/537.36 (KHTML, like Gecko; compatible; GPTBot/1.3; +https://openai.com/gptbot)"
74.7.227.215 - - [14/Nov/2025:22:27:08 -0700] "GET /products/229py9426 HTTP/1.1" 200 96782 "-" "Mozilla/5.0 AppleWebKit/537.36 (KHTML, like Gecko; compatible; GPTBot/1.3; +https://openai.com/gptbot)"
74.7.227.215 - - [14/Nov/2025:22:27:09 -0700] "GET /products/300qy5445 HTTP/1.1" 200 96782 "-" "Mozilla/5.0 AppleWebKit/537.36 (KHTML, like Gecko; compatible; GPTBot/1.3; +https://openai.com/gptbot)"
136.243.228.182 - - [14/Nov/2025:22:27:09 -0700] "GET /product463110735?kg=0462340770 HTTP/1.1" 200 96782 "-" "Mozilla/5.0 (compatible; DataForSeoBot/1.0; +https://dataforseo.com/dataforseo-bot)"
74.7.227.215 - - [14/Nov/2025:22:27:10 -0700] "GET /products/94ht18240 HTTP/1.1" 200 96782 "-" "Mozilla/5.0 AppleWebKit/537.36 (KHTML, like Gecko; compatible; GPTBot/1.3; +https://openai.com/gptbot)"
74.7.227.215 - - [14/Nov/2025:22:27:11 -0700] "GET /products/72to47136?fileloc=/home/bt667/public_html/wp-config-sample.php&path=/home/bt667/public_html HTTP/1.1" 200 16057 "-" "Mozilla/5.0 AppleWebKit/537.36 (KHTML, like Gecko; compatible; GPTBot/1.3; +https://openai.com/gptbot)"
74.7.227.215 - - [14/Nov/2025:22:27:12 -0700] "GET /products/148ad1917 HTTP/1.1" 200 96782 "-" "Mozilla/5.0 AppleWebKit/537.36 (KHTML, like Gecko; compatible; GPTBot/1.3; +https://openai.com/gptbot)"
74.7.227.215 - - [14/Nov/2025:22:27:13 -0700] "GET /products/65zh30552 HTTP/1.1" 200 96782 "-" "Mozilla/5.0 AppleWebKit/537.36 (KHTML, like Gecko; compatible; GPTBot/1.3; +https://openai.com/gptbot)"
136.243.228.182 - - [14/Nov/2025:22:27:14 -0700] "GET /product463399409?kg=0462628962 HTTP/1.1" 200 96782 "-" "Mozilla/5.0 (compatible; DataForSeoBot/1.0; +https://dataforseo.com/dataforseo-bot)"
74.7.227.215 - - [14/Nov/2025:22:27:14 -0700] "GET /products/179hc8906 HTTP/1.1" 200 96782 "-" "Mozilla/5.0 AppleWebKit/537.36 (KHTML, like Gecko; compatible; GPTBot/1.3; +https://openai.com/gptbot)"
74.7.227.215 - - [14/Nov/2025:22:27:15 -0700] "GET /products/37oe32735 HTTP/1.1" 200 96782 "-" "Mozilla/5.0 AppleWebKit/537.36 (KHTML, like Gecko; compatible; GPTBot/1.3; +https://openai.com/gptbot)"
74.7.227.215 - - [14/Nov/2025:22:27:16 -0700] "GET /products/81kq20184 HTTP/1.1" 200 96782 "-" "Mozilla/5.0 AppleWebKit/537.36 (KHTML, like Gecko; compatible; GPTBot/1.3; +https://openai.com/gptbot)"
136.243.228.182 - - [14/Nov/2025:22:27:17 -0700] "GET /product462997813?kg=0462228034 HTTP/1.1" 200 96782 "-" "Mozilla/5.0 (compatible; DataForSeoBot/1.0; +https://dataforseo.com/dataforseo-bot)"
74.7.227.215 - - [14/Nov/2025:22:27:18 -0700] "GET /products/229py9426?fileloc=/home/bt667/public_html/bct.php&path=/home/bt667/public_html HTTP/1.1" 200 13080 "-" "Mozilla/5.0 AppleWebKit/537.36 (KHTML, like Gecko; compatible; GPTBot/1.3; +https://openai.com/gptbot)"
74.7.227.215 - - [14/Nov/2025:22:27:19 -0700] "GET /products/65zb49668 HTTP/1.1" 200 96782 "-" "Mozilla/5.0 AppleWebKit/537.36 (KHTML, like Gecko; compatible; GPTBot/1.3; +https://openai.com/gptbot)"
74.7.227.215 - - [14/Nov/2025:22:27:20 -0700] "GET /products/229py9426?path=/home HTTP/1.1" 200 12634 "-" "Mozilla/5.0 AppleWebKit/537.36 (KHTML, like Gecko; compatible; GPTBot/1.3; +https://openai.com/gptbot)"
74.7.227.215 - - [14/Nov/2025:22:27:21 -0700] "GET /products/296ux4542 HTTP/1.1" 200 96782 "-" "Mozilla/5.0 AppleWebKit/537.36 (KHTML, like Gecko; compatible; GPTBot/1.3; +https://openai.com/gptbot)"
136.243.228.182 - - [14/Nov/2025:22:27:21 -0700] "GET /product463419683?kg=0462649202 HTTP/1.1" 200 96782 "-" "Mozilla/5.0 (compatible; DataForSeoBot/1.0; +https://dataforseo.com/dataforseo-bot)"
74.7.227.215 - - [14/Nov/2025:22:27:22 -0700] "GET /products/96dk27615 HTTP/1.1" 200 96782 "-" "Mozilla/5.0 AppleWebKit/537.36 (KHTML, like Gecko; compatible; GPTBot/1.3; +https://openai.com/gptbot)"
74.7.227.215 - - [14/Nov/2025:22:27:24 -0700] "GET /products/148ad1917?path=/home/bt667/public_html/.tmb HTTP/1.1" 200 12782 "-" "Mozilla/5.0 AppleWebKit/537.36 (KHTML, like Gecko; compatible; GPTBot/1.3; +https://openai.com/gptbot)"
74.7.227.215 - - [14/Nov/2025:22:27:25 -0700] "GET /products/96bm24366 HTTP/1.1" 200 96782 "-" "Mozilla/5.0 AppleWebKit/537.36 (KHTML, like Gecko; compatible; GPTBot/1.3; +https://openai.com/gptbot)"
185.191.171.15 - - [14/Nov/2025:22:27:25 -0700] "GET /product71325055?kg=0071206978 HTTP/1.1" 200 96782 "-" "Mozilla/5.0 (compatible; SemrushBot/7~bl; +http://www.semrush.com/bot.html)"
136.243.228.182 - - [14/Nov/2025:22:27:25 -0700] "GET /product463274662?kg=0462504424 HTTP/1.1" 200 96782 "-" "Mozilla/5.0 (compatible; DataForSeoBot/1.0; +https://dataforseo.com/dataforseo-bot)"
74.7.227.215 - - [14/Nov/2025:22:27:26 -0700] "GET /products/148ad1917?path=/home/bt667/public_html/wp-admin HTTP/1.1" 200 167293 "-" "Mozilla/5.0 AppleWebKit/537.36 (KHTML, like Gecko; compatible; GPTBot/1.3; +https://openai.com/gptbot)"
74.7.227.215 - - [14/Nov/2025:22:27:28 -0700] "GET /products/283nr1887 HTTP/1.1" 200 96782 "-" "Mozilla/5.0 AppleWebKit/537.36 (KHTML, like Gecko; compatible; GPTBot/1.3; +https://openai.com/gptbot)"
136.243.228.182 - - [14/Nov/2025:22:27:30 -0700] "GET /product463434866?kg=0462664360 HTTP/1.1" 200 96782 "-" "Mozilla/5.0 (compatible; DataForSeoBot/1.0; +https://dataforseo.com/dataforseo-bot)"
74.7.227.215 - - [14/Nov/2025:22:27:30 -0700] "GET /products/238eb6277 HTTP/1.1" 200 96782 "-" "Mozilla/5.0 AppleWebKit/537.36 (KHTML, like Gecko; compatible; GPTBot/1.3; +https://openai.com/gptbot)"
74.7.227.215 - - [14/Nov/2025:22:27:31 -0700] "GET /products/250vk9519 HTTP/1.1" 200 96782 "-" "Mozilla/5.0 AppleWebKit/537.36 (KHTML, like Gecko; compatible; GPTBot/1.3; +https://openai.com/gptbot)"
74.7.227.215 - - [14/Nov/2025:22:27:33 -0700] "GET /products/262iu1911 HTTP/1.1" 200 96782 "-" "Mozilla/5.0 AppleWebKit/537.36 (KHTML, like Gecko; compatible; GPTBot/1.3; +https://openai.com/gptbot)"
136.243.228.182 - - [14/Nov/2025:22:27:33 -0700] "GET /product463019982?kg=0462250168 HTTP/1.1" 200 96782 "-" "Mozilla/5.0 (compatible; DataForSeoBot/1.0; +https://dataforseo.com/dataforseo-bot)"
85.208.96.198 - - [14/Nov/2025:22:27:34 -0700] "GET /product776104357?kg=0774813602 HTTP/1.1" 200 96782 "-" "Mozilla/5.0 (compatible; SemrushBot/7~bl; +http://www.semrush.com/bot.html)"
74.7.227.215 - - [14/Nov/2025:22:27:34 -0700] "GET /products/253qt7915 HTTP/1.1" 200 96782 "-" "Mozilla/5.0 AppleWebKit/537.36 (KHTML, like Gecko; compatible; GPTBot/1.3; +https://openai.com/gptbot)"
74.7.227.215 - - [14/Nov/2025:22:27:36 -0700] "GET /products/259kf5772 HTTP/1.1" 200 96782 "-" "Mozilla/5.0 AppleWebKit/537.36 (KHTML, like Gecko; compatible; GPTBot/1.3; +https://openai.com/gptbot)"
136.243.228.182 - - [14/Nov/2025:22:27:37 -0700] "GET /product462932446?kg=0462162776 HTTP/1.1" 200 96782 "-" "Mozilla/5.0 (compatible; DataForSeoBot/1.0; +https://dataforseo.com/dataforseo-bot)"
74.7.227.215 - - [14/Nov/2025:22:27:37 -0700] "GET /products/26iy20635 HTTP/1.1" 200 96782 "-" "Mozilla/5.0 AppleWebKit/537.36 (KHTML, like Gecko; compatible; GPTBot/1.3; +https://openai.com/gptbot)"
185.191.171.13 - - [14/Nov/2025:22:27:37 -0700] "GET /product71042457?kg=0070924850 HTTP/1.1" 200 96782 "-" "Mozilla/5.0 (compatible; SemrushBot/7~bl; +http://www.semrush.com/bot.html)"
74.7.227.215 - - [14/Nov/2025:22:27:38 -0700] "GET /products/121rp6852 HTTP/1.1" 200 96782 "-" "Mozilla/5.0 AppleWebKit/537.36 (KHTML, like Gecko; compatible; GPTBot/1.3; +https://openai.com/gptbot)"
74.7.227.215 - - [14/Nov/2025:22:27:40 -0700] "GET /products/148ad1917?fileloc=/home/bt667/public_html/wp-admin/link.php&path=/home/bt667/public_html/wp-admin HTTP/1.1" 200 15818 "-" "Mozilla/5.0 AppleWebKit/537.36 (KHTML, like Gecko; compatible; GPTBot/1.3; +https://openai.com/gptbot)"
74.7.227.215 - - [14/Nov/2025:22:27:41 -0700] "GET /products/96dk27615?fileloc=/home/bt667/public_html/bct.php&path=/home/bt667/public_html HTTP/1.1" 200 13080 "-" "Mozilla/5.0 AppleWebKit/537.36 (KHTML, like Gecko; compatible; GPTBot/1.3; +https://openai.com/gptbot)"
136.243.228.182 - - [14/Nov/2025:22:27:41 -0700] "GET /product463177460?kg=0462407384 HTTP/1.1" 200 96782 "-" "Mozilla/5.0 (compatible; DataForSeoBot/1.0; +https://dataforseo.com/dataforseo-bot)"
74.7.227.215 - - [14/Nov/2025:22:27:42 -0700] "GET /products/92ob28635 HTTP/1.1" 200 96782 "-" "Mozilla/5.0 AppleWebKit/537.36 (KHTML, like Gecko; compatible; GPTBot/1.3; +https://openai.com/gptbot)"
185.191.171.6 - - [14/Nov/2025:22:27:43 -0700] "GET /product71093524?kg=0070975832 HTTP/1.1" 200 96782 "-" "Mozilla/5.0 (compatible; SemrushBot/7~bl; +http://www.semrush.com/bot.html)"
74.7.227.215 - - [14/Nov/2025:22:27:43 -0700] "GET /products/46sg35686 HTTP/1.1" 200 96782 "-" "Mozilla/5.0 AppleWebKit/537.36 (KHTML, like Gecko; compatible; GPTBot/1.3; +https://openai.com/gptbot)"
74.7.227.215 - - [14/Nov/2025:22:27:44 -0700] "GET /products/262iu1911?fileloc=/home/bt667/public_html/mah.php&path=/home/bt667/public_html HTTP/1.1" 200 14273 "-" "Mozilla/5.0 AppleWebKit/537.36 (KHTML, like Gecko; compatible; GPTBot/1.3; +https://openai.com/gptbot)"
74.7.227.215 - - [14/Nov/2025:22:27:45 -0700] "GET /products/47qc42828 HTTP/1.1" 200 96782 "-" "Mozilla/5.0 AppleWebKit/537.36 (KHTML, like Gecko; compatible; GPTBot/1.3; +https://openai.com/gptbot)"
136.243.228.182 - - [14/Nov/2025:22:27:45 -0700] "GET /product463406882?kg=0462636424 HTTP/1.1" 200 96782 "-" "Mozilla/5.0 (compatible; DataForSeoBot/1.0; +https://dataforseo.com/dataforseo-bot)"
85.208.96.200 - - [14/Nov/2025:22:27:46 -0700] "GET /product1416648222?kg=1414291672 HTTP/1.1" 200 96782 "-" "Mozilla/5.0 (compatible; SemrushBot/7~bl; +http://www.semrush.com/bot.html)"
74.7.227.215 - - [14/Nov/2025:22:27:46 -0700] "GET /products/78rt12852 HTTP/1.1" 200 96782 "-" "Mozilla/5.0 AppleWebKit/537.36 (KHTML, like Gecko; compatible; GPTBot/1.3; +https://openai.com/gptbot)"
74.7.227.215 - - [14/Nov/2025:22:27:47 -0700] "GET /products/96xn45629 HTTP/1.1" 200 96782 "-" "Mozilla/5.0 AppleWebKit/537.36 (KHTML, like Gecko; compatible; GPTBot/1.3; +https://openai.com/gptbot)"
57.141.2.53 - - [14/Nov/2025:22:27:47 -0700] "GET /product1359441436?kg=1357180072 HTTP/1.1" 200 96782 "-" "meta-externalagent/1.1 (+https://developers.facebook.com/docs/sharing/webmasters/crawler)"
57.141.2.5 - - [14/Nov/2025:22:27:48 -0700] "GET /product1443259430?kg=1440858600 HTTP/1.1" 200 96782 "-" "meta-externalagent/1.1 (+https://developers.facebook.com/docs/sharing/webmasters/crawler)"
57.141.2.53 - - [14/Nov/2025:22:27:49 -0700] "GET /product1288021178?kg=1285878648 HTTP/1.1" 200 96782 "-" "meta-externalagent/1.1 (+https://developers.facebook.com/docs/sharing/webmasters/crawler)"
85.208.96.198 - - [14/Nov/2025:22:27:49 -0700] "GET /product749566583?kg=0748319986 HTTP/1.1" 200 96782 "-" "Mozilla/5.0 (compatible; SemrushBot/7~bl; +http://www.semrush.com/bot.html)"
74.7.227.215 - - [14/Nov/2025:22:27:49 -0700] "GET /products/135zs3571 HTTP/1.1" 200 96782 "-" "Mozilla/5.0 AppleWebKit/537.36 (KHTML, like Gecko; compatible; GPTBot/1.3; +https://openai.com/gptbot)"
43.131.23.154 - - [14/Nov/2025:22:27:49 -0700] "GET /?fileloc=/home/bt667/public_html/wp-config-sample.php&path=/home/bt667/public_html HTTP/1.1" 200 16057 "-" "Mozilla/5.0 (iPhone; CPU iPhone OS 13_2_3 like Mac OS X) AppleWebKit/605.1.15 (KHTML, like Gecko) Version/13.0.3 Mobile/15E148 Safari/604.1"
136.243.228.182 - - [14/Nov/2025:22:27:49 -0700] "GET /product463091375?kg=0462321442 HTTP/1.1" 200 96782 "-" "Mozilla/5.0 (compatible; DataForSeoBot/1.0; +https://dataforseo.com/dataforseo-bot)"
74.7.227.215 - - [14/Nov/2025:22:27:51 -0700] "GET /products/249zn4668 HTTP/1.1" 200 96782 "-" "Mozilla/5.0 AppleWebKit/537.36 (KHTML, like Gecko; compatible; GPTBot/1.3; +https://openai.com/gptbot)"
74.7.227.215 - - [14/Nov/2025:22:27:52 -0700] "GET /products/78nl30704 HTTP/1.1" 200 96782 "-" "Mozilla/5.0 AppleWebKit/537.36 (KHTML, like Gecko; compatible; GPTBot/1.3; +https://openai.com/gptbot)"
74.7.227.215 - - [14/Nov/2025:22:27:53 -0700] "GET /products/155aq6680 HTTP/1.1" 200 96782 "-" "Mozilla/5.0 AppleWebKit/537.36 (KHTML, like Gecko; compatible; GPTBot/1.3; +https://openai.com/gptbot)"
136.243.228.182 - - [14/Nov/2025:22:27:54 -0700] "GET /product463350420?kg=0462580056 HTTP/1.1" 200 96782 "-" "Mozilla/5.0 (compatible; DataForSeoBot/1.0; +https://dataforseo.com/dataforseo-bot)"
74.7.227.37 - - [14/Nov/2025:22:27:54 -0700] "GET /product48881588?fileloc=//bin/modutil&path=//bin HTTP/1.1" 200 268432 "-" "Mozilla/5.0 AppleWebKit/537.36 (KHTML, like Gecko; compatible; GPTBot/1.3; +https://openai.com/gptbot)"
74.7.227.215 - - [14/Nov/2025:22:27:54 -0700] "GET /products/95br36389 HTTP/1.1" 200 96782 "-" "Mozilla/5.0 AppleWebKit/537.36 (KHTML, like Gecko; compatible; GPTBot/1.3; +https://openai.com/gptbot)"
173.208.176.202 - - [14/Nov/2025:22:26:28 -0700] "GET /wp-content/qqceaf5b/index.php?id=449899 HTTP/1.1" 200 - "http://marketersvideoplayer.com/wp-content/qqceaf5b/index.php?id=449899" "Mozilla/5.0 (Windows NT 10.0; Win64; x64) AppleWebKit/537.36 (KHTML, like Gecko) Chrome/58.0.3029.110 Safari/537.3"
74.7.227.215 - - [14/Nov/2025:22:27:55 -0700] "GET /products/209si4073 HTTP/1.1" 200 96782 "-" "Mozilla/5.0 AppleWebKit/537.36 (KHTML, like Gecko; compatible; GPTBot/1.3; +https://openai.com/gptbot)"
74.7.227.215 - - [14/Nov/2025:22:27:57 -0700] "GET /products/12rh24746 HTTP/1.1" 200 96782 "-" "Mozilla/5.0 AppleWebKit/537.36 (KHTML, like Gecko; compatible; GPTBot/1.3; +https://openai.com/gptbot)"
74.7.227.215 - - [14/Nov/2025:22:27:57 -0700] "GET /products/255jd4340 HTTP/1.1" 200 96782 "-" "Mozilla/5.0 AppleWebKit/537.36 (KHTML, like Gecko; compatible; GPTBot/1.3; +https://openai.com/gptbot)"
136.243.228.182 - - [14/Nov/2025:22:27:58 -0700] "GET /product463168303?kg=0462398242 HTTP/1.1" 200 96782 "-" "Mozilla/5.0 (compatible; DataForSeoBot/1.0; +https://dataforseo.com/dataforseo-bot)"
74.7.227.215 - - [14/Nov/2025:22:27:59 -0700] "GET /products/90iq38229 HTTP/1.1" 200 96782 "-" "Mozilla/5.0 AppleWebKit/537.36 (KHTML, like Gecko; compatible; GPTBot/1.3; +https://openai.com/gptbot)"
74.7.227.215 - - [14/Nov/2025:22:28:00 -0700] "GET /products/264ar2726 HTTP/1.1" 200 96782 "-" "Mozilla/5.0 AppleWebKit/537.36 (KHTML, like Gecko; compatible; GPTBot/1.3; +https://openai.com/gptbot)"
136.243.228.182 - - [14/Nov/2025:22:28:01 -0700] "GET /product463181637?kg=0462411554 HTTP/1.1" 200 96782 "-" "Mozilla/5.0 (compatible; DataForSeoBot/1.0; +https://dataforseo.com/dataforseo-bot)"
74.7.227.215 - - [14/Nov/2025:22:28:02 -0700] "GET /products/78rl48140 HTTP/1.1" 200 96782 "-" "Mozilla/5.0 AppleWebKit/537.36 (KHTML, like Gecko; compatible; GPTBot/1.3; +https://openai.com/gptbot)"
