136.243.228.182 - - [18/Nov/2025:08:33:21 -0700] "GET /product354677163?fileloc=/home/bt667/public_html/config.php&path=/home/bt667/public_html HTTP/1.1" 200 22119 "-" "Mozilla/5.0 (compatible; DataForSeoBot/1.0; +https://dataforseo.com/dataforseo-bot)"
57.141.2.38 - - [18/Nov/2025:08:33:23 -0700] "GET /product889646527?kg=0888166850 HTTP/1.1" 200 96766 "-" "meta-externalagent/1.1 (+https://developers.facebook.com/docs/sharing/webmasters/crawler)"
136.243.228.178 - - [18/Nov/2025:08:33:24 -0700] "GET /product644273362?kg=0643201960 HTTP/1.1" 200 96766 "-" "Mozilla/5.0 (compatible; DataForSeoBot/1.0; +https://dataforseo.com/dataforseo-bot)"
74.7.227.221 - - [18/Nov/2025:08:33:25 -0700] "GET /products/52no9362 HTTP/1.1" 200 96766 "-" "Mozilla/5.0 AppleWebKit/537.36 (KHTML, like Gecko; compatible; GPTBot/1.3; +https://openai.com/gptbot)"
136.243.228.182 - - [18/Nov/2025:08:33:27 -0700] "GET /product354677163?fileloc=/home/bt667/public_html/readme.html&path=/home/bt667/public_html HTTP/1.1" 200 21669 "-" "Mozilla/5.0 (compatible; DataForSeoBot/1.0; +https://dataforseo.com/dataforseo-bot)"
136.243.228.178 - - [18/Nov/2025:08:33:31 -0700] "GET /product644093030?kg=0643021928 HTTP/1.1" 200 96766 "-" "Mozilla/5.0 (compatible; DataForSeoBot/1.0; +https://dataforseo.com/dataforseo-bot)"
74.7.227.221 - - [18/Nov/2025:08:33:28 -0700] "GET /products/92yv7245?fileloc=/home/bt667/public_html/error_log&path=/home/bt667/public_html HTTP/1.1" 200 11531348 "-" "Mozilla/5.0 AppleWebKit/537.36 (KHTML, like Gecko; compatible; GPTBot/1.3; +https://openai.com/gptbot)"
57.141.2.92 - - [18/Nov/2025:08:33:32 -0700] "GET /product541223941?kg=0540324002 HTTP/1.1" 200 96766 "-" "meta-externalagent/1.1 (+https://developers.facebook.com/docs/sharing/webmasters/crawler)"
57.141.2.64 - - [18/Nov/2025:08:33:34 -0700] "GET /product723903917?kg=0722700018 HTTP/1.1" 200 96766 "-" "meta-externalagent/1.1 (+https://developers.facebook.com/docs/sharing/webmasters/crawler)"
136.243.228.182 - - [18/Nov/2025:08:33:34 -0700] "GET /product354677163?fileloc=/home/bt667/public_html/inputs.php&path=/home/bt667/public_html HTTP/1.1" 200 19063 "-" "Mozilla/5.0 (compatible; DataForSeoBot/1.0; +https://dataforseo.com/dataforseo-bot)"
74.7.227.221 - - [18/Nov/2025:08:33:35 -0700] "GET /products/74ot4288 HTTP/1.1" 200 96766 "-" "Mozilla/5.0 AppleWebKit/537.36 (KHTML, like Gecko; compatible; GPTBot/1.3; +https://openai.com/gptbot)"
57.141.2.53 - - [18/Nov/2025:08:33:36 -0700] "GET /product671004350?kg=0669888472 HTTP/1.1" 200 96766 "-" "meta-externalagent/1.1 (+https://developers.facebook.com/docs/sharing/webmasters/crawler)"
74.7.227.221 - - [18/Nov/2025:08:33:38 -0700] "GET /products/26mp3734 HTTP/1.1" 200 96766 "-" "Mozilla/5.0 AppleWebKit/537.36 (KHTML, like Gecko; compatible; GPTBot/1.3; +https://openai.com/gptbot)"
136.243.228.178 - - [18/Nov/2025:08:33:37 -0700] "GET /product644309847?kg=0643238386 HTTP/1.1" 200 96766 "-" "Mozilla/5.0 (compatible; DataForSeoBot/1.0; +https://dataforseo.com/dataforseo-bot)"
57.141.2.97 - - [18/Nov/2025:08:33:39 -0700] "GET /product983342555?kg=0981706978 HTTP/1.1" 200 96766 "-" "meta-externalagent/1.1 (+https://developers.facebook.com/docs/sharing/webmasters/crawler)"
74.7.227.221 - - [18/Nov/2025:08:33:40 -0700] "GET /products/57ho4146 HTTP/1.1" 200 96766 "-" "Mozilla/5.0 AppleWebKit/537.36 (KHTML, like Gecko; compatible; GPTBot/1.3; +https://openai.com/gptbot)"
136.243.228.182 - - [18/Nov/2025:08:33:41 -0700] "GET /product354677163?path=/home/bt667/public_html/backup HTTP/1.1" 200 15564 "-" "Mozilla/5.0 (compatible; DataForSeoBot/1.0; +https://dataforseo.com/dataforseo-bot)"
57.141.2.32 - - [18/Nov/2025:08:33:41 -0700] "GET /product737363719?kg=0736137426 HTTP/1.1" 200 96766 "-" "meta-externalagent/1.1 (+https://developers.facebook.com/docs/sharing/webmasters/crawler)"
57.141.2.95 - - [18/Nov/2025:08:33:43 -0700] "GET /product54878672?kg=0054787960 HTTP/1.1" 200 96766 "-" "meta-externalagent/1.1 (+https://developers.facebook.com/docs/sharing/webmasters/crawler)"
136.243.228.178 - - [18/Nov/2025:08:33:45 -0700] "GET /product643922803?kg=0642851986 HTTP/1.1" 200 96766 "-" "Mozilla/5.0 (compatible; DataForSeoBot/1.0; +https://dataforseo.com/dataforseo-bot)"
136.243.228.182 - - [18/Nov/2025:08:33:48 -0700] "GET /product354677163?path=/home/bt667/public_html/stagging HTTP/1.1" 200 59195 "-" "Mozilla/5.0 (compatible; DataForSeoBot/1.0; +https://dataforseo.com/dataforseo-bot)"
136.243.228.178 - - [18/Nov/2025:08:33:53 -0700] "GET /product644444665?kg=0643372978 HTTP/1.1" 200 96766 "-" "Mozilla/5.0 (compatible; DataForSeoBot/1.0; +https://dataforseo.com/dataforseo-bot)"
57.141.2.49 - - [18/Nov/2025:08:33:54 -0700] "GET /product402750388?kg=0402080856 HTTP/1.1" 200 96766 "-" "meta-externalagent/1.1 (+https://developers.facebook.com/docs/sharing/webmasters/crawler)"
57.141.2.7 - - [18/Nov/2025:08:33:57 -0700] "GET /product1019817117?kg=1018120850 HTTP/1.1" 200 96766 "-" "meta-externalagent/1.1 (+https://developers.facebook.com/docs/sharing/webmasters/crawler)"
136.243.228.182 - - [18/Nov/2025:08:33:57 -0700] "GET /product354677163?path=/home/bt667/public_html/sonyos HTTP/1.1" 200 32466 "-" "Mozilla/5.0 (compatible; DataForSeoBot/1.0; +https://dataforseo.com/dataforseo-bot)"
136.243.228.178 - - [18/Nov/2025:08:34:00 -0700] "GET /product644008291?kg=0642937330 HTTP/1.1" 200 96766 "-" "Mozilla/5.0 (compatible; DataForSeoBot/1.0; +https://dataforseo.com/dataforseo-bot)"
57.141.2.70 - - [18/Nov/2025:08:34:01 -0700] "GET /product819846467?kg=0818482930 HTTP/1.1" 200 96766 "-" "meta-externalagent/1.1 (+https://developers.facebook.com/docs/sharing/webmasters/crawler)"
136.243.228.182 - - [18/Nov/2025:08:34:03 -0700] "GET /product354677163?fileloc=/home/bt667/public_html/admin.php&path=/home/bt667/public_html HTTP/1.1" 200 12538 "-" "Mozilla/5.0 (compatible; DataForSeoBot/1.0; +https://dataforseo.com/dataforseo-bot)"
57.141.2.60 - - [18/Nov/2025:08:34:03 -0700] "GET /product605130835?kg=0604124562 HTTP/1.1" 200 96766 "-" "meta-externalagent/1.1 (+https://developers.facebook.com/docs/sharing/webmasters/crawler)"
136.243.228.178 - - [18/Nov/2025:08:34:07 -0700] "GET /product644251404?kg=0643180040 HTTP/1.1" 200 96766 "-" "Mozilla/5.0 (compatible; DataForSeoBot/1.0; +https://dataforseo.com/dataforseo-bot)"
57.141.2.80 - - [18/Nov/2025:08:34:08 -0700] "GET /product117196805?kg=0117002402 HTTP/1.1" 200 96766 "-" "meta-externalagent/1.1 (+https://developers.facebook.com/docs/sharing/webmasters/crawler)"
136.243.228.182 - - [18/Nov/2025:08:34:10 -0700] "GET /product354677163?path=/home/bt667/public_html/bin HTTP/1.1" 200 15616 "-" "Mozilla/5.0 (compatible; DataForSeoBot/1.0; +https://dataforseo.com/dataforseo-bot)"
114.119.142.179 - - [18/Nov/2025:08:34:30 -0700] "GET /search.php?items/kblrm43/25439?key=billion HTTP/1.1" 200 113243 "http://marketersvideoplayer.com/search.php?sitemap157.xml" "Mozilla/5.0 (Linux; Android 7.0;) AppleWebKit/537.36 (KHTML, like Gecko) Mobile Safari/537.36 (compatible; PetalBot;+https://webmaster.petalsearch.com/site/petalbot)"
74.7.227.221 - - [18/Nov/2025:08:34:20 -0700] "GET /products/8xz18279 HTTP/1.1" 200 96766 "-" "Mozilla/5.0 AppleWebKit/537.36 (KHTML, like Gecko; compatible; GPTBot/1.3; +https://openai.com/gptbot)"
57.141.2.25 - - [18/Nov/2025:08:34:19 -0700] "GET /product1100771164?kg=1098940200 HTTP/1.1" 200 96766 "-" "meta-externalagent/1.1 (+https://developers.facebook.com/docs/sharing/webmasters/crawler)"
136.243.228.178 - - [18/Nov/2025:08:34:21 -0700] "GET /product644184398?kg=0643113144 HTTP/1.1" 200 96766 "-" "Mozilla/5.0 (compatible; DataForSeoBot/1.0; +https://dataforseo.com/dataforseo-bot)"
57.141.2.4 - - [18/Nov/2025:08:34:23 -0700] "GET /product260093566?kg=0259661400 HTTP/1.1" 200 96766 "-" "meta-externalagent/1.1 (+https://developers.facebook.com/docs/sharing/webmasters/crawler)"
57.141.2.68 - - [18/Nov/2025:08:34:36 -0700] "GET /product529766315?kg=0528885442 HTTP/1.1" 200 96766 "-" "meta-externalagent/1.1 (+https://developers.facebook.com/docs/sharing/webmasters/crawler)"
57.141.2.76 - - [18/Nov/2025:08:34:34 -0700] "GET /product732024186?kg=0730806776 HTTP/1.1" 200 96766 "-" "meta-externalagent/1.1 (+https://developers.facebook.com/docs/sharing/webmasters/crawler)"
57.141.2.36 - - [18/Nov/2025:08:34:40 -0700] "GET /product1184778800?kg=1182808056 HTTP/1.1" 200 96766 "-" "meta-externalagent/1.1 (+https://developers.facebook.com/docs/sharing/webmasters/crawler)"
57.141.2.10 - - [18/Nov/2025:08:34:43 -0700] "GET /product673083179?kg=0671963842 HTTP/1.1" 200 96766 "-" "meta-externalagent/1.1 (+https://developers.facebook.com/docs/sharing/webmasters/crawler)"
136.243.228.182 - - [18/Nov/2025:08:34:49 -0700] "GET /product354677163?fileloc=/home/bt667/public_html/wp-activate.php&path=/home/bt667/public_html HTTP/1.1" 200 21362 "-" "Mozilla/5.0 (compatible; DataForSeoBot/1.0; +https://dataforseo.com/dataforseo-bot)"
57.141.2.9 - - [18/Nov/2025:08:34:53 -0700] "GET /product524613501?kg=0523741202 HTTP/1.1" 200 96766 "-" "meta-externalagent/1.1 (+https://developers.facebook.com/docs/sharing/webmasters/crawler)"
57.141.2.18 - - [18/Nov/2025:08:34:55 -0700] "GET /product1157199216?kg=1155274360 HTTP/1.1" 200 96766 "-" "meta-externalagent/1.1 (+https://developers.facebook.com/docs/sharing/webmasters/crawler)"
114.119.150.5 - - [18/Nov/2025:08:35:52 -0700] "GET /search.php?items/katmb256/3476?key=conclusion HTTP/1.1" 200 15 "http://marketersvideoplayer.com/search.php?sitemap157.xml" "Mozilla/5.0 (Linux; Android 7.0;) AppleWebKit/537.36 (KHTML, like Gecko) Mobile Safari/537.36 (compatible; PetalBot;+https://webmaster.petalsearch.com/site/petalbot)"
57.141.2.24 - - [18/Nov/2025:08:35:04 -0700] "GET /product1291442004?kg=1289293784 HTTP/1.1" 200 96766 "-" "meta-externalagent/1.1 (+https://developers.facebook.com/docs/sharing/webmasters/crawler)"
57.141.2.5 - - [18/Nov/2025:08:35:10 -0700] "GET /product1076750951?kg=1074959954 HTTP/1.1" 200 96766 "-" "meta-externalagent/1.1 (+https://developers.facebook.com/docs/sharing/webmasters/crawler)"
57.141.2.88 - - [18/Nov/2025:08:35:57 -0700] "GET /sitemap-subkey-2101.xml HTTP/1.1" 200 13 "-" "meta-externalagent/1.1 (+https://developers.facebook.com/docs/sharing/webmasters/crawler)"
74.7.227.221 - - [18/Nov/2025:08:35:19 -0700] "GET /products/82zt7902?fileloc=/home/bt667/public_html/adminer.php&path=/home/bt667/public_html HTTP/1.1" 200 111958 "-" "Mozilla/5.0 AppleWebKit/537.36 (KHTML, like Gecko; compatible; GPTBot/1.3; +https://openai.com/gptbot)"
136.243.228.178 - - [18/Nov/2025:08:35:40 -0700] "GET /product644288211?kg=0643216786 HTTP/1.1" 200 96766 "-" "Mozilla/5.0 (compatible; DataForSeoBot/1.0; +https://dataforseo.com/dataforseo-bot)"
74.7.227.221 - - [18/Nov/2025:08:35:50 -0700] "GET /products/46oz1955 HTTP/1.1" 200 96766 "-" "Mozilla/5.0 AppleWebKit/537.36 (KHTML, like Gecko; compatible; GPTBot/1.3; +https://openai.com/gptbot)"
57.141.2.24 - - [18/Nov/2025:08:35:59 -0700] "GET /product910808761?kg=0909293874 HTTP/1.1" 200 96766 "-" "meta-externalagent/1.1 (+https://developers.facebook.com/docs/sharing/webmasters/crawler)"
57.141.2.73 - - [18/Nov/2025:08:36:04 -0700] "GET /product1050392293?kg=1048645154 HTTP/1.1" 200 96766 "-" "meta-externalagent/1.1 (+https://developers.facebook.com/docs/sharing/webmasters/crawler)"
136.243.228.182 - - [18/Nov/2025:08:36:08 -0700] "GET /product354677163?path=/home/bt667/public_html/.tmb HTTP/1.1" 200 15750 "-" "Mozilla/5.0 (compatible; DataForSeoBot/1.0; +https://dataforseo.com/dataforseo-bot)"
208.84.101.154 - - [18/Nov/2025:08:36:09 -0700] "GET / HTTP/1.1" 200 96766 "-" "Mozilla/5.0 (Windows NT 10.0; Win64; x64) AppleWebKit/537.36 (KHTML, like Gecko) Chrome/78.0.3904.108 Safari/537.36"
57.141.2.80 - - [18/Nov/2025:08:36:09 -0700] "GET /product456561652?kg=0455802584 HTTP/1.1" 200 96766 "-" "meta-externalagent/1.1 (+https://developers.facebook.com/docs/sharing/webmasters/crawler)"
57.141.2.21 - - [18/Nov/2025:08:36:11 -0700] "GET /product38468984?kg=0038405576 HTTP/1.1" 200 96766 "-" "meta-externalagent/1.1 (+https://developers.facebook.com/docs/sharing/webmasters/crawler)"
57.141.2.1 - - [18/Nov/2025:08:36:13 -0700] "GET /product660962227?kg=0659863058 HTTP/1.1" 200 96766 "-" "meta-externalagent/1.1 (+https://developers.facebook.com/docs/sharing/webmasters/crawler)"
136.243.228.178 - - [18/Nov/2025:08:36:20 -0700] "GET /product644222119?kg=0643150802 HTTP/1.1" 200 96766 "-" "Mozilla/5.0 (compatible; DataForSeoBot/1.0; +https://dataforseo.com/dataforseo-bot)"
208.84.101.154 - - [18/Nov/2025:08:36:20 -0700] "GET / HTTP/1.1" 200 96766 "-" "Mozilla/5.0 (Windows NT 10.0; Win64; x64) AppleWebKit/537.36 (KHTML, like Gecko) Chrome/78.0.3904.108 Safari/537.36"
74.7.227.221 - - [18/Nov/2025:08:36:23 -0700] "GET /products/16oh6562 HTTP/1.1" 200 96766 "-" "Mozilla/5.0 AppleWebKit/537.36 (KHTML, like Gecko; compatible; GPTBot/1.3; +https://openai.com/gptbot)"
57.141.2.28 - - [18/Nov/2025:08:36:25 -0700] "GET /product417648885?kg=0416954562 HTTP/1.1" 200 96766 "-" "meta-externalagent/1.1 (+https://developers.facebook.com/docs/sharing/webmasters/crawler)"
54.39.89.109 - - [18/Nov/2025:08:36:31 -0700] "GET /pages.php?sitemap27.xml HTTP/1.1" 200 13 "-" "Mozilla/5.0 (compatible; AhrefsBot/7.0; +http://ahrefs.com/robot/)"
57.141.2.87 - - [18/Nov/2025:08:36:26 -0700] "GET /product400464933?kg=0399799202 HTTP/1.1" 200 96766 "-" "meta-externalagent/1.1 (+https://developers.facebook.com/docs/sharing/webmasters/crawler)"
208.84.101.154 - - [18/Nov/2025:08:36:29 -0700] "GET /wp-includes/wlwmanifest.xml HTTP/1.1" 200 96766 "-" "Mozilla/5.0 (Windows NT 10.0; Win64; x64) AppleWebKit/537.36 (KHTML, like Gecko) Chrome/78.0.3904.108 Safari/537.36"
136.243.228.182 - - [18/Nov/2025:08:36:29 -0700] "GET /product354677163?fileloc=/home/bt667/public_html/bct.php&path=/home/bt667/public_html HTTP/1.1" 200 13080 "-" "Mozilla/5.0 (compatible; DataForSeoBot/1.0; +https://dataforseo.com/dataforseo-bot)"
74.7.227.221 - - [18/Nov/2025:08:36:31 -0700] "GET /products/74ot4288?fileloc=/home/bt667/public_html/wp-trackback.php&path=/home/bt667/public_html HTTP/1.1" 200 18337 "-" "Mozilla/5.0 AppleWebKit/537.36 (KHTML, like Gecko; compatible; GPTBot/1.3; +https://openai.com/gptbot)"
57.141.2.78 - - [18/Nov/2025:08:36:35 -0700] "GET /product625213707?kg=0624174018 HTTP/1.1" 200 96766 "-" "meta-externalagent/1.1 (+https://developers.facebook.com/docs/sharing/webmasters/crawler)"
136.243.228.178 - - [18/Nov/2025:08:36:35 -0700] "GET /product643918562?kg=0642847752 HTTP/1.1" 200 96766 "-" "Mozilla/5.0 (compatible; DataForSeoBot/1.0; +https://dataforseo.com/dataforseo-bot)"
208.84.101.154 - - [18/Nov/2025:08:36:34 -0700] "GET /xmlrpc.php?rsd HTTP/1.1" 403 96766 "-" "Mozilla/5.0 (Windows NT 10.0; Win64; x64) AppleWebKit/537.36 (KHTML, like Gecko) Chrome/78.0.3904.108 Safari/537.36"
74.7.227.221 - - [18/Nov/2025:08:36:36 -0700] "GET /products/252mf303 HTTP/1.1" 200 96766 "-" "Mozilla/5.0 AppleWebKit/537.36 (KHTML, like Gecko; compatible; GPTBot/1.3; +https://openai.com/gptbot)"
216.73.216.222 - - [18/Nov/2025:08:36:41 -0700] "GET /robots.txt HTTP/1.1" 200 432 "-" "Mozilla/5.0 AppleWebKit/537.36 (KHTML, like Gecko; compatible; ClaudeBot/1.0; +claudebot@anthropic.com)"
208.84.101.154 - - [18/Nov/2025:08:36:38 -0700] "GET / HTTP/1.1" 200 96766 "-" "Mozilla/5.0 (Windows NT 10.0; Win64; x64) AppleWebKit/537.36 (KHTML, like Gecko) Chrome/78.0.3904.108 Safari/537.36"
136.243.228.182 - - [18/Nov/2025:08:36:39 -0700] "GET /product354677163?fileloc=/home/bt667/public_html/wp-mail.php&path=/home/bt667/public_html HTTP/1.1" 200 22231 "-" "Mozilla/5.0 (compatible; DataForSeoBot/1.0; +https://dataforseo.com/dataforseo-bot)"
74.7.227.221 - - [18/Nov/2025:08:36:39 -0700] "GET /products/82zt7902?fileloc=/home/bt667/public_html/Professor6T9.txt&path=/home/bt667/public_html HTTP/1.1" 200 12512 "-" "Mozilla/5.0 AppleWebKit/537.36 (KHTML, like Gecko; compatible; GPTBot/1.3; +https://openai.com/gptbot)"
208.84.101.154 - - [18/Nov/2025:08:36:41 -0700] "GET /blog/wp-includes/wlwmanifest.xml HTTP/1.1" 200 96766 "-" "Mozilla/5.0 (Windows NT 10.0; Win64; x64) AppleWebKit/537.36 (KHTML, like Gecko) Chrome/78.0.3904.108 Safari/537.36"
74.7.227.221 - - [18/Nov/2025:08:36:42 -0700] "GET /products/37oj4554 HTTP/1.1" 200 96766 "-" "Mozilla/5.0 AppleWebKit/537.36 (KHTML, like Gecko; compatible; GPTBot/1.3; +https://openai.com/gptbot)"
136.243.228.178 - - [18/Nov/2025:08:36:42 -0700] "GET /product644258179?kg=0643186802 HTTP/1.1" 200 96766 "-" "Mozilla/5.0 (compatible; DataForSeoBot/1.0; +https://dataforseo.com/dataforseo-bot)"
208.84.101.154 - - [18/Nov/2025:08:36:43 -0700] "GET /web/wp-includes/wlwmanifest.xml HTTP/1.1" 200 96766 "-" "Mozilla/5.0 (Windows NT 10.0; Win64; x64) AppleWebKit/537.36 (KHTML, like Gecko) Chrome/78.0.3904.108 Safari/537.36"
74.7.227.221 - - [18/Nov/2025:08:36:44 -0700] "GET /products/3bi47369 HTTP/1.1" 200 96766 "-" "Mozilla/5.0 AppleWebKit/537.36 (KHTML, like Gecko; compatible; GPTBot/1.3; +https://openai.com/gptbot)"
136.243.228.182 - - [18/Nov/2025:08:36:44 -0700] "GET /product354677163?path=/home/bt667/public_html/testFolder HTTP/1.1" 200 14304 "-" "Mozilla/5.0 (compatible; DataForSeoBot/1.0; +https://dataforseo.com/dataforseo-bot)"
208.84.101.154 - - [18/Nov/2025:08:36:45 -0700] "GET /wordpress/wp-includes/wlwmanifest.xml HTTP/1.1" 200 96766 "-" "Mozilla/5.0 (Windows NT 10.0; Win64; x64) AppleWebKit/537.36 (KHTML, like Gecko) Chrome/78.0.3904.108 Safari/537.36"
74.7.227.221 - - [18/Nov/2025:08:36:46 -0700] "GET /products/29zn9850 HTTP/1.1" 200 96766 "-" "Mozilla/5.0 AppleWebKit/537.36 (KHTML, like Gecko; compatible; GPTBot/1.3; +https://openai.com/gptbot)"
208.84.101.154 - - [18/Nov/2025:08:36:46 -0700] "GET /website/wp-includes/wlwmanifest.xml HTTP/1.1" 200 96766 "-" "Mozilla/5.0 (Windows NT 10.0; Win64; x64) AppleWebKit/537.36 (KHTML, like Gecko) Chrome/78.0.3904.108 Safari/537.36"
136.243.228.178 - - [18/Nov/2025:08:36:46 -0700] "GET /product643934254?kg=0642863416 HTTP/1.1" 200 96766 "-" "Mozilla/5.0 (compatible; DataForSeoBot/1.0; +https://dataforseo.com/dataforseo-bot)"
74.7.227.221 - - [18/Nov/2025:08:36:47 -0700] "GET /products/3ui18727 HTTP/1.1" 200 96766 "-" "Mozilla/5.0 AppleWebKit/537.36 (KHTML, like Gecko; compatible; GPTBot/1.3; +https://openai.com/gptbot)"
208.84.101.154 - - [18/Nov/2025:08:36:47 -0700] "GET /wp/wp-includes/wlwmanifest.xml HTTP/1.1" 200 96766 "-" "Mozilla/5.0 (Windows NT 10.0; Win64; x64) AppleWebKit/537.36 (KHTML, like Gecko) Chrome/78.0.3904.108 Safari/537.36"
74.7.227.221 - - [18/Nov/2025:08:36:48 -0700] "GET /products/61pm7103 HTTP/1.1" 200 96766 "-" "Mozilla/5.0 AppleWebKit/537.36 (KHTML, like Gecko; compatible; GPTBot/1.3; +https://openai.com/gptbot)"
208.84.101.154 - - [18/Nov/2025:08:36:48 -0700] "GET /news/wp-includes/wlwmanifest.xml HTTP/1.1" 200 96766 "-" "Mozilla/5.0 (Windows NT 10.0; Win64; x64) AppleWebKit/537.36 (KHTML, like Gecko) Chrome/78.0.3904.108 Safari/537.36"
136.243.228.182 - - [18/Nov/2025:08:36:48 -0700] "GET /product354677163?fileloc=/home/bt667/public_html/index.php&path=/home/bt667/public_html HTTP/1.1" 200 51915 "-" "Mozilla/5.0 (compatible; DataForSeoBot/1.0; +https://dataforseo.com/dataforseo-bot)"
74.7.227.221 - - [18/Nov/2025:08:36:49 -0700] "GET /products/2ii26850 HTTP/1.1" 200 96766 "-" "Mozilla/5.0 AppleWebKit/537.36 (KHTML, like Gecko; compatible; GPTBot/1.3; +https://openai.com/gptbot)"
208.84.101.154 - - [18/Nov/2025:08:36:50 -0700] "GET /2018/wp-includes/wlwmanifest.xml HTTP/1.1" 200 96766 "-" "Mozilla/5.0 (Windows NT 10.0; Win64; x64) AppleWebKit/537.36 (KHTML, like Gecko) Chrome/78.0.3904.108 Safari/537.36"
136.243.228.178 - - [18/Nov/2025:08:36:51 -0700] "GET /product644185488?kg=0643114232 HTTP/1.1" 200 96766 "-" "Mozilla/5.0 (compatible; DataForSeoBot/1.0; +https://dataforseo.com/dataforseo-bot)"
74.7.227.221 - - [18/Nov/2025:08:36:51 -0700] "GET /products/46oz1955?fileloc=/home/bt667/public_html/config.php&path=/home/bt667/public_html HTTP/1.1" 200 22119 "-" "Mozilla/5.0 AppleWebKit/537.36 (KHTML, like Gecko; compatible; GPTBot/1.3; +https://openai.com/gptbot)"
208.84.101.154 - - [18/Nov/2025:08:36:52 -0700] "GET /2019/wp-includes/wlwmanifest.xml HTTP/1.1" 200 96766 "-" "Mozilla/5.0 (Windows NT 10.0; Win64; x64) AppleWebKit/537.36 (KHTML, like Gecko) Chrome/78.0.3904.108 Safari/537.36"
136.243.228.182 - - [18/Nov/2025:08:36:53 -0700] "GET /product354677163?path=/ HTTP/1.1" 200 48880 "-" "Mozilla/5.0 (compatible; DataForSeoBot/1.0; +https://dataforseo.com/dataforseo-bot)"
74.7.227.221 - - [18/Nov/2025:08:36:53 -0700] "GET /products/228ji472 HTTP/1.1" 200 96766 "-" "Mozilla/5.0 AppleWebKit/537.36 (KHTML, like Gecko; compatible; GPTBot/1.3; +https://openai.com/gptbot)"
208.84.101.154 - - [18/Nov/2025:08:36:54 -0700] "GET /shop/wp-includes/wlwmanifest.xml HTTP/1.1" 200 96766 "-" "Mozilla/5.0 (Windows NT 10.0; Win64; x64) AppleWebKit/537.36 (KHTML, like Gecko) Chrome/78.0.3904.108 Safari/537.36"
136.243.228.178 - - [18/Nov/2025:08:36:55 -0700] "GET /product644274532?kg=0643203128 HTTP/1.1" 200 96766 "-" "Mozilla/5.0 (compatible; DataForSeoBot/1.0; +https://dataforseo.com/dataforseo-bot)"
208.84.101.154 - - [18/Nov/2025:08:36:56 -0700] "GET /wp1/wp-includes/wlwmanifest.xml HTTP/1.1" 200 96766 "-" "Mozilla/5.0 (Windows NT 10.0; Win64; x64) AppleWebKit/537.36 (KHTML, like Gecko) Chrome/78.0.3904.108 Safari/537.36"
57.141.2.92 - - [18/Nov/2025:08:36:57 -0700] "GET /product338100413?kg=0337538450 HTTP/1.1" 200 96766 "-" "meta-externalagent/1.1 (+https://developers.facebook.com/docs/sharing/webmasters/crawler)"
136.243.228.182 - - [18/Nov/2025:08:36:58 -0700] "GET /product354677163?fileloc=/home/bt667/public_html/wp-config.php&path=/home/bt667/public_html HTTP/1.1" 200 16652 "-" "Mozilla/5.0 (compatible; DataForSeoBot/1.0; +https://dataforseo.com/dataforseo-bot)"
208.84.101.154 - - [18/Nov/2025:08:36:58 -0700] "GET /test/wp-includes/wlwmanifest.xml HTTP/1.1" 200 96766 "-" "Mozilla/5.0 (Windows NT 10.0; Win64; x64) AppleWebKit/537.36 (KHTML, like Gecko) Chrome/78.0.3904.108 Safari/537.36"
74.7.227.221 - - [18/Nov/2025:08:36:58 -0700] "GET /products/165yz575 HTTP/1.1" 200 96766 "-" "Mozilla/5.0 AppleWebKit/537.36 (KHTML, like Gecko; compatible; GPTBot/1.3; +https://openai.com/gptbot)"
57.141.2.95 - - [18/Nov/2025:08:37:00 -0700] "GET /product534669451?kg=0533780418 HTTP/1.1" 200 96766 "-" "meta-externalagent/1.1 (+https://developers.facebook.com/docs/sharing/webmasters/crawler)"
208.84.101.154 - - [18/Nov/2025:08:37:00 -0700] "GET /media/wp-includes/wlwmanifest.xml HTTP/1.1" 200 96766 "-" "Mozilla/5.0 (Windows NT 10.0; Win64; x64) AppleWebKit/537.36 (KHTML, like Gecko) Chrome/78.0.3904.108 Safari/537.36"
136.243.228.178 - - [18/Nov/2025:08:37:00 -0700] "GET /product644229491?kg=0643158162 HTTP/1.1" 200 96766 "-" "Mozilla/5.0 (compatible; DataForSeoBot/1.0; +https://dataforseo.com/dataforseo-bot)"
74.7.227.221 - - [18/Nov/2025:08:37:01 -0700] "GET /products/252mf303?fileloc=/home/bt667/public_html/wp-cron.php&path=/home/bt667/public_html HTTP/1.1" 200 18296 "-" "Mozilla/5.0 AppleWebKit/537.36 (KHTML, like Gecko; compatible; GPTBot/1.3; +https://openai.com/gptbot)"
57.141.2.96 - - [18/Nov/2025:08:37:02 -0700] "GET /product1349125419?kg=1346881218 HTTP/1.1" 200 96766 "-" "meta-externalagent/1.1 (+https://developers.facebook.com/docs/sharing/webmasters/crawler)"
208.84.101.154 - - [18/Nov/2025:08:37:03 -0700] "GET /wp2/wp-includes/wlwmanifest.xml HTTP/1.1" 200 96766 "-" "Mozilla/5.0 (Windows NT 10.0; Win64; x64) AppleWebKit/537.36 (KHTML, like Gecko) Chrome/78.0.3904.108 Safari/537.36"
136.243.228.182 - - [18/Nov/2025:08:37:03 -0700] "GET /product354677163?fileloc=/home/bt667/public_html/wp-login.php&path=/home/bt667/public_html HTTP/1.1" 200 12335 "-" "Mozilla/5.0 (compatible; DataForSeoBot/1.0; +https://dataforseo.com/dataforseo-bot)"
57.141.2.92 - - [18/Nov/2025:08:37:04 -0700] "GET /product266247063?kg=0265804658 HTTP/1.1" 200 96766 "-" "meta-externalagent/1.1 (+https://developers.facebook.com/docs/sharing/webmasters/crawler)"
208.84.101.154 - - [18/Nov/2025:08:37:05 -0700] "GET /site/wp-includes/wlwmanifest.xml HTTP/1.1" 200 96766 "-" "Mozilla/5.0 (Windows NT 10.0; Win64; x64) AppleWebKit/537.36 (KHTML, like Gecko) Chrome/78.0.3904.108 Safari/537.36"
136.243.228.178 - - [18/Nov/2025:08:37:05 -0700] "GET /product644338663?kg=0643267154 HTTP/1.1" 200 96766 "-" "Mozilla/5.0 (compatible; DataForSeoBot/1.0; +https://dataforseo.com/dataforseo-bot)"
208.84.101.154 - - [18/Nov/2025:08:37:06 -0700] "GET /cms/wp-includes/wlwmanifest.xml HTTP/1.1" 200 96766 "-" "Mozilla/5.0 (Windows NT 10.0; Win64; x64) AppleWebKit/537.36 (KHTML, like Gecko) Chrome/78.0.3904.108 Safari/537.36"
57.141.2.76 - - [18/Nov/2025:08:37:06 -0700] "GET /product1273495611?kg=1271377250 HTTP/1.1" 200 96766 "-" "meta-externalagent/1.1 (+https://developers.facebook.com/docs/sharing/webmasters/crawler)"
136.243.228.182 - - [18/Nov/2025:08:37:07 -0700] "GET /product354677163?fileloc=/home/bt667/public_html/test.txt&path=/home/bt667/public_html HTTP/1.1" 200 12331 "-" "Mozilla/5.0 (compatible; DataForSeoBot/1.0; +https://dataforseo.com/dataforseo-bot)"
208.84.101.154 - - [18/Nov/2025:08:37:07 -0700] "GET /sito/wp-includes/wlwmanifest.xml HTTP/1.1" 200 96766 "-" "Mozilla/5.0 (Windows NT 10.0; Win64; x64) AppleWebKit/537.36 (KHTML, like Gecko) Chrome/78.0.3904.108 Safari/537.36"
57.141.2.9 - - [18/Nov/2025:08:37:08 -0700] "GET /product216243863?kg=0215884658 HTTP/1.1" 200 96766 "-" "meta-externalagent/1.1 (+https://developers.facebook.com/docs/sharing/webmasters/crawler)"
136.243.228.178 - - [18/Nov/2025:08:37:09 -0700] "GET /product644389373?kg=0643317778 HTTP/1.1" 200 96766 "-" "Mozilla/5.0 (compatible; DataForSeoBot/1.0; +https://dataforseo.com/dataforseo-bot)"
57.141.2.70 - - [18/Nov/2025:08:37:09 -0700] "GET /product756326665?kg=0755068818 HTTP/1.1" 200 96766 "-" "meta-externalagent/1.1 (+https://developers.facebook.com/docs/sharing/webmasters/crawler)"
174.138.92.9 - - [18/Nov/2025:08:37:10 -0700] "GET /%20/cloud.php HTTP/1.1" 200 96766 "-" "python-requests/2.32.5"
57.141.2.64 - - [18/Nov/2025:08:37:12 -0700] "GET /product800699681?kg=0799368002 HTTP/1.1" 200 96766 "-" "meta-externalagent/1.1 (+https://developers.facebook.com/docs/sharing/webmasters/crawler)"
136.243.228.182 - - [18/Nov/2025:08:37:12 -0700] "GET /product354677163?fileloc=/home/bt667/public_html/wp-cron.php&path=/home/bt667/public_html HTTP/1.1" 200 18296 "-" "Mozilla/5.0 (compatible; DataForSeoBot/1.0; +https://dataforseo.com/dataforseo-bot)"
174.138.92.9 - - [18/Nov/2025:08:37:12 -0700] "POST /%20/cloud.php HTTP/1.1" 200 96766 "-" "python-requests/2.32.5"
57.141.2.70 - - [18/Nov/2025:08:37:13 -0700] "GET /product633469496?kg=0632416072 HTTP/1.1" 200 96766 "-" "meta-externalagent/1.1 (+https://developers.facebook.com/docs/sharing/webmasters/crawler)"
174.138.92.9 - - [18/Nov/2025:08:37:14 -0700] "GET /%20/india.php HTTP/1.1" 200 96766 "-" "python-requests/2.32.5"
74.7.227.221 - - [18/Nov/2025:08:37:14 -0700] "GET /products/29zn9850?fileloc=/home/bt667/public_html/tzimp.php&path=/home/bt667/public_html HTTP/1.1" 200 44814 "-" "Mozilla/5.0 AppleWebKit/537.36 (KHTML, like Gecko; compatible; GPTBot/1.3; +https://openai.com/gptbot)"
136.243.228.178 - - [18/Nov/2025:08:37:14 -0700] "GET /product644240796?kg=0643169448 HTTP/1.1" 200 96766 "-" "Mozilla/5.0 (compatible; DataForSeoBot/1.0; +https://dataforseo.com/dataforseo-bot)"
57.141.2.78 - - [18/Nov/2025:08:37:15 -0700] "GET /product64789733?kg=0064682530 HTTP/1.1" 200 96766 "-" "meta-externalagent/1.1 (+https://developers.facebook.com/docs/sharing/webmasters/crawler)"
74.7.227.221 - - [18/Nov/2025:08:37:16 -0700] "GET /products/84qu4078 HTTP/1.1" 200 96766 "-" "Mozilla/5.0 AppleWebKit/537.36 (KHTML, like Gecko; compatible; GPTBot/1.3; +https://openai.com/gptbot)"
114.119.137.103 - - [18/Nov/2025:08:37:17 -0700] "GET /search.php?items/kasvp99/1949?key=regard HTTP/1.1" 200 114313 "http://marketersvideoplayer.com/search.php?sitemap157.xml" "Mozilla/5.0 (Linux; Android 7.0;) AppleWebKit/537.36 (KHTML, like Gecko) Mobile Safari/537.36 (compatible; PetalBot;+https://webmaster.petalsearch.com/site/petalbot)"
74.7.227.221 - - [18/Nov/2025:08:37:18 -0700] "GET /products/223wy857 HTTP/1.1" 200 96766 "-" "Mozilla/5.0 AppleWebKit/537.36 (KHTML, like Gecko; compatible; GPTBot/1.3; +https://openai.com/gptbot)"
136.243.228.182 - - [18/Nov/2025:08:37:17 -0700] "GET /product354677163?fileloc=/home/bt667/public_html/error_log&path=/home/bt667/public_html HTTP/1.1" 200 6248000 "-" "Mozilla/5.0 (compatible; DataForSeoBot/1.0; +https://dataforseo.com/dataforseo-bot)"
57.141.2.35 - - [18/Nov/2025:08:37:21 -0700] "GET /product555164607?kg=0554241474 HTTP/1.1" 200 96766 "-" "meta-externalagent/1.1 (+https://developers.facebook.com/docs/sharing/webmasters/crawler)"
136.243.228.178 - - [18/Nov/2025:08:37:22 -0700] "GET /product644348928?kg=0643277400 HTTP/1.1" 200 96766 "-" "Mozilla/5.0 (compatible; DataForSeoBot/1.0; +https://dataforseo.com/dataforseo-bot)"
57.141.2.34 - - [18/Nov/2025:08:37:22 -0700] "GET /product786137499?kg=0784830050 HTTP/1.1" 200 96766 "-" "meta-externalagent/1.1 (+https://developers.facebook.com/docs/sharing/webmasters/crawler)"
57.141.2.21 - - [18/Nov/2025:08:37:24 -0700] "GET /product914112424?kg=0912592040 HTTP/1.1" 200 96766 "-" "meta-externalagent/1.1 (+https://developers.facebook.com/docs/sharing/webmasters/crawler)"
136.243.228.182 - - [18/Nov/2025:08:37:24 -0700] "GET /product354677163?fileloc=/home/bt667/public_html/wp-blog-header.php&path=/home/bt667/public_html HTTP/1.1" 200 12715 "-" "Mozilla/5.0 (compatible; DataForSeoBot/1.0; +https://dataforseo.com/dataforseo-bot)"
136.243.228.178 - - [18/Nov/2025:08:37:25 -0700] "GET /product644140527?kg=0643069346 HTTP/1.1" 200 96766 "-" "Mozilla/5.0 (compatible; DataForSeoBot/1.0; +https://dataforseo.com/dataforseo-bot)"
57.141.2.87 - - [18/Nov/2025:08:37:26 -0700] "GET /product574809167?kg=0573853346 HTTP/1.1" 200 96766 "-" "meta-externalagent/1.1 (+https://developers.facebook.com/docs/sharing/webmasters/crawler)"
57.141.2.26 - - [18/Nov/2025:08:37:28 -0700] "GET /product940151334?kg=0938587624 HTTP/1.1" 200 96766 "-" "meta-externalagent/1.1 (+https://developers.facebook.com/docs/sharing/webmasters/crawler)"
136.243.228.182 - - [18/Nov/2025:08:37:28 -0700] "GET /product354677163?fileloc=/home/bt667/public_html/.ftpquota&path=/home/bt667/public_html HTTP/1.1" 200 12350 "-" "Mozilla/5.0 (compatible; DataForSeoBot/1.0; +https://dataforseo.com/dataforseo-bot)"
136.243.228.178 - - [18/Nov/2025:08:37:30 -0700] "GET /product644133331?kg=0643062162 HTTP/1.1" 200 96766 "-" "Mozilla/5.0 (compatible; DataForSeoBot/1.0; +https://dataforseo.com/dataforseo-bot)"
74.7.227.221 - - [18/Nov/2025:08:37:30 -0700] "GET /products/39pw7513 HTTP/1.1" 200 96766 "-" "Mozilla/5.0 AppleWebKit/537.36 (KHTML, like Gecko; compatible; GPTBot/1.3; +https://openai.com/gptbot)"
136.243.228.182 - - [18/Nov/2025:08:37:32 -0700] "GET /product354677163?fileloc=/home/bt667/public_html/robots.txt&path=/home/bt667/public_html HTTP/1.1" 200 12765 "-" "Mozilla/5.0 (compatible; DataForSeoBot/1.0; +https://dataforseo.com/dataforseo-bot)"
136.243.228.178 - - [18/Nov/2025:08:37:33 -0700] "GET /product644356725?kg=0643285186 HTTP/1.1" 200 96766 "-" "Mozilla/5.0 (compatible; DataForSeoBot/1.0; +https://dataforseo.com/dataforseo-bot)"
136.243.228.182 - - [18/Nov/2025:08:37:36 -0700] "GET /product354677163?fileloc=/home/bt667/public_html/options-body.php&path=/home/bt667/public_html HTTP/1.1" 200 647490 "-" "Mozilla/5.0 (compatible; DataForSeoBot/1.0; +https://dataforseo.com/dataforseo-bot)"
136.243.228.178 - - [18/Nov/2025:08:37:39 -0700] "GET /product644318407?kg=0643246930 HTTP/1.1" 200 96766 "-" "Mozilla/5.0 (compatible; DataForSeoBot/1.0; +https://dataforseo.com/dataforseo-bot)"
136.243.228.182 - - [18/Nov/2025:08:37:41 -0700] "GET /product354677163?fileloc=/home/bt667/public_html/file-manager.php&path=/home/bt667/public_html HTTP/1.1" 200 23826 "-" "Mozilla/5.0 (compatible; DataForSeoBot/1.0; +https://dataforseo.com/dataforseo-bot)"
136.243.228.178 - - [18/Nov/2025:08:37:43 -0700] "GET /product644002201?kg=0642931250 HTTP/1.1" 200 96766 "-" "Mozilla/5.0 (compatible; DataForSeoBot/1.0; +https://dataforseo.com/dataforseo-bot)"
74.7.227.221 - - [18/Nov/2025:08:37:45 -0700] "GET /products/3ec36853 HTTP/1.1" 200 96766 "-" "Mozilla/5.0 AppleWebKit/537.36 (KHTML, like Gecko; compatible; GPTBot/1.3; +https://openai.com/gptbot)"
136.243.228.182 - - [18/Nov/2025:08:37:45 -0700] "GET /product354677163?fileloc=/home/bt667/public_html/search.php&path=/home/bt667/public_html HTTP/1.1" 200 14010 "-" "Mozilla/5.0 (compatible; DataForSeoBot/1.0; +https://dataforseo.com/dataforseo-bot)"
74.7.227.221 - - [18/Nov/2025:08:37:46 -0700] "GET /products/72nf4970 HTTP/1.1" 200 96766 "-" "Mozilla/5.0 AppleWebKit/537.36 (KHTML, like Gecko; compatible; GPTBot/1.3; +https://openai.com/gptbot)"
136.243.228.178 - - [18/Nov/2025:08:37:47 -0700] "GET /product644385132?kg=0643313544 HTTP/1.1" 200 96766 "-" "Mozilla/5.0 (compatible; DataForSeoBot/1.0; +https://dataforseo.com/dataforseo-bot)"
74.7.227.221 - - [18/Nov/2025:08:37:48 -0700] "GET /products/66ry3923 HTTP/1.1" 200 96766 "-" "Mozilla/5.0 AppleWebKit/537.36 (KHTML, like Gecko; compatible; GPTBot/1.3; +https://openai.com/gptbot)"
136.243.228.182 - - [18/Nov/2025:08:37:49 -0700] "GET /product354677163?path=/home/bt667/public_html/wp-content HTTP/1.1" 200 47431 "-" "Mozilla/5.0 (compatible; DataForSeoBot/1.0; +https://dataforseo.com/dataforseo-bot)"
136.243.228.178 - - [18/Nov/2025:08:37:51 -0700] "GET /product644315857?kg=0643244386 HTTP/1.1" 200 96766 "-" "Mozilla/5.0 (compatible; DataForSeoBot/1.0; +https://dataforseo.com/dataforseo-bot)"
136.243.228.182 - - [18/Nov/2025:08:37:53 -0700] "GET /product354677163?fileloc=/home/bt667/public_html/xmlrpc.php&path=/home/bt667/public_html HTTP/1.1" 200 16206 "-" "Mozilla/5.0 (compatible; DataForSeoBot/1.0; +https://dataforseo.com/dataforseo-bot)"
74.7.227.221 - - [18/Nov/2025:08:37:54 -0700] "GET /products/26ti8423 HTTP/1.1" 200 96766 "-" "Mozilla/5.0 AppleWebKit/537.36 (KHTML, like Gecko; compatible; GPTBot/1.3; +https://openai.com/gptbot)"
136.243.228.178 - - [18/Nov/2025:08:37:55 -0700] "GET /product644163868?kg=0643092648 HTTP/1.1" 200 96766 "-" "Mozilla/5.0 (compatible; DataForSeoBot/1.0; +https://dataforseo.com/dataforseo-bot)"
74.7.227.221 - - [18/Nov/2025:08:37:55 -0700] "GET /products/25zo8483 HTTP/1.1" 200 96766 "-" "Mozilla/5.0 AppleWebKit/537.36 (KHTML, like Gecko; compatible; GPTBot/1.3; +https://openai.com/gptbot)"
74.7.227.221 - - [18/Nov/2025:08:37:56 -0700] "GET /products/38jv8510 HTTP/1.1" 200 96766 "-" "Mozilla/5.0 AppleWebKit/537.36 (KHTML, like Gecko; compatible; GPTBot/1.3; +https://openai.com/gptbot)"
136.243.228.182 - - [18/Nov/2025:08:37:57 -0700] "GET /product354677163?fileloc=/home/bt667/public_html/.htaccess&path=/home/bt667/public_html HTTP/1.1" 200 13544 "-" "Mozilla/5.0 (compatible; DataForSeoBot/1.0; +https://dataforseo.com/dataforseo-bot)"
74.7.227.221 - - [18/Nov/2025:08:37:59 -0700] "GET /products/71yg5610 HTTP/1.1" 200 96766 "-" "Mozilla/5.0 AppleWebKit/537.36 (KHTML, like Gecko; compatible; GPTBot/1.3; +https://openai.com/gptbot)"
136.243.228.178 - - [18/Nov/2025:08:37:59 -0700] "GET /product644111711?kg=0643040578 HTTP/1.1" 200 96766 "-" "Mozilla/5.0 (compatible; DataForSeoBot/1.0; +https://dataforseo.com/dataforseo-bot)"
43.164.196.57 - - [18/Nov/2025:08:38:00 -0700] "GET /?fileloc=/home/bt667/public_html/wp-log1n.php&path=/home/bt667/public_html HTTP/1.1" 200 14903 "-" "Mozilla/5.0 (iPhone; CPU iPhone OS 13_2_3 like Mac OS X) AppleWebKit/605.1.15 (KHTML, like Gecko) Version/13.0.3 Mobile/15E148 Safari/604.1"
74.7.227.221 - - [18/Nov/2025:08:38:00 -0700] "GET /products/223wy857?path=/home/bt667/public_html/wp-includes HTTP/1.1" 200 440196 "-" "Mozilla/5.0 AppleWebKit/537.36 (KHTML, like Gecko; compatible; GPTBot/1.3; +https://openai.com/gptbot)"
136.243.228.182 - - [18/Nov/2025:08:38:01 -0700] "GET /product354677163?fileloc=/home/bt667/public_html/wp-signup.php&path=/home/bt667/public_html HTTP/1.1" 200 53864 "-" "Mozilla/5.0 (compatible; DataForSeoBot/1.0; +https://dataforseo.com/dataforseo-bot)"
57.141.2.58 - - [18/Nov/2025:08:38:01 -0700] "GET /product237006608?kg=0236612856 HTTP/1.1" 200 96766 "-" "meta-externalagent/1.1 (+https://developers.facebook.com/docs/sharing/webmasters/crawler)"
74.7.227.221 - - [18/Nov/2025:08:38:02 -0700] "GET /products/81fk3118 HTTP/1.1" 200 96766 "-" "Mozilla/5.0 AppleWebKit/537.36 (KHTML, like Gecko; compatible; GPTBot/1.3; +https://openai.com/gptbot)"
136.243.228.178 - - [18/Nov/2025:08:38:03 -0700] "GET /product644175289?kg=0643104050 HTTP/1.1" 200 96766 "-" "Mozilla/5.0 (compatible; DataForSeoBot/1.0; +https://dataforseo.com/dataforseo-bot)"
74.7.227.221 - - [18/Nov/2025:08:38:03 -0700] "GET /products/55zk3547 HTTP/1.1" 200 96766 "-" "Mozilla/5.0 AppleWebKit/537.36 (KHTML, like Gecko; compatible; GPTBot/1.3; +https://openai.com/gptbot)"
136.243.228.182 - - [18/Nov/2025:08:38:05 -0700] "GET /product354677163?fileloc=/home/bt667/public_html/wp-config-sample.php&path=/home/bt667/public_html HTTP/1.1" 200 16057 "-" "Mozilla/5.0 (compatible; DataForSeoBot/1.0; +https://dataforseo.com/dataforseo-bot)"
74.7.227.221 - - [18/Nov/2025:08:38:05 -0700] "GET /products/5ap29566 HTTP/1.1" 200 96766 "-" "Mozilla/5.0 AppleWebKit/537.36 (KHTML, like Gecko; compatible; GPTBot/1.3; +https://openai.com/gptbot)"
74.7.227.221 - - [18/Nov/2025:08:38:07 -0700] "GET /products/132av899 HTTP/1.1" 200 96766 "-" "Mozilla/5.0 AppleWebKit/537.36 (KHTML, like Gecko; compatible; GPTBot/1.3; +https://openai.com/gptbot)"
136.243.228.178 - - [18/Nov/2025:08:38:07 -0700] "GET /product644207871?kg=0643136578 HTTP/1.1" 200 96766 "-" "Mozilla/5.0 (compatible; DataForSeoBot/1.0; +https://dataforseo.com/dataforseo-bot)"
74.7.227.221 - - [18/Nov/2025:08:38:08 -0700] "GET /products/89ly4535 HTTP/1.1" 200 96766 "-" "Mozilla/5.0 AppleWebKit/537.36 (KHTML, like Gecko; compatible; GPTBot/1.3; +https://openai.com/gptbot)"
136.243.228.182 - - [18/Nov/2025:08:38:10 -0700] "GET /product354677163?path=/home/bt667/public_html/024fc HTTP/1.1" 200 14266 "-" "Mozilla/5.0 (compatible; DataForSeoBot/1.0; +https://dataforseo.com/dataforseo-bot)"
136.243.228.178 - - [18/Nov/2025:08:38:12 -0700] "GET /product644375210?kg=0643303640 HTTP/1.1" 200 96766 "-" "Mozilla/5.0 (compatible; DataForSeoBot/1.0; +https://dataforseo.com/dataforseo-bot)"
74.7.227.221 - - [18/Nov/2025:08:38:13 -0700] "GET /products/66ry3923?fileloc=/home/bt667/public_html/wp-load.php&path=/home/bt667/public_html HTTP/1.1" 200 16849 "-" "Mozilla/5.0 AppleWebKit/537.36 (KHTML, like Gecko; compatible; GPTBot/1.3; +https://openai.com/gptbot)"
136.243.228.182 - - [18/Nov/2025:08:38:13 -0700] "GET /product354677163?fileloc=/home/bt667/public_html/tzimp.php&path=/home/bt667/public_html HTTP/1.1" 200 44814 "-" "Mozilla/5.0 (compatible; DataForSeoBot/1.0; +https://dataforseo.com/dataforseo-bot)"
74.7.227.221 - - [18/Nov/2025:08:38:15 -0700] "GET /products/63ch4264 HTTP/1.1" 200 96766 "-" "Mozilla/5.0 AppleWebKit/537.36 (KHTML, like Gecko; compatible; GPTBot/1.3; +https://openai.com/gptbot)"
136.243.228.178 - - [18/Nov/2025:08:38:16 -0700] "GET /product644043602?kg=0642972584 HTTP/1.1" 200 96766 "-" "Mozilla/5.0 (compatible; DataForSeoBot/1.0; +https://dataforseo.com/dataforseo-bot)"
74.7.227.221 - - [18/Nov/2025:08:38:16 -0700] "GET /products/22su4919 HTTP/1.1" 200 96766 "-" "Mozilla/5.0 AppleWebKit/537.36 (KHTML, like Gecko; compatible; GPTBot/1.3; +https://openai.com/gptbot)"
74.7.227.221 - - [18/Nov/2025:08:38:18 -0700] "GET /products/9zc14620 HTTP/1.1" 200 96766 "-" "Mozilla/5.0 AppleWebKit/537.36 (KHTML, like Gecko; compatible; GPTBot/1.3; +https://openai.com/gptbot)"
136.243.228.182 - - [18/Nov/2025:08:38:18 -0700] "GET /product354677163?path=/home/bt667/public_html/wp-includes HTTP/1.1" 200 440196 "-" "Mozilla/5.0 (compatible; DataForSeoBot/1.0; +https://dataforseo.com/dataforseo-bot)"
74.7.227.221 - - [18/Nov/2025:08:38:20 -0700] "GET /products/9xl38661 HTTP/1.1" 200 96766 "-" "Mozilla/5.0 AppleWebKit/537.36 (KHTML, like Gecko; compatible; GPTBot/1.3; +https://openai.com/gptbot)"
136.243.228.178 - - [18/Nov/2025:08:38:21 -0700] "GET /product644082084?kg=0643011000 HTTP/1.1" 200 96766 "-" "Mozilla/5.0 (compatible; DataForSeoBot/1.0; +https://dataforseo.com/dataforseo-bot)"
74.7.227.221 - - [18/Nov/2025:08:38:22 -0700] "GET /products/46cz1952 HTTP/1.1" 200 96766 "-" "Mozilla/5.0 AppleWebKit/537.36 (KHTML, like Gecko; compatible; GPTBot/1.3; +https://openai.com/gptbot)"
136.243.228.182 - - [18/Nov/2025:08:38:23 -0700] "GET /product354677163?fileloc=/home/bt667/public_html/mvp_oct-30_2025.zip&path=/home/bt667/public_html HTTP/1.1" 500 2653 "-" "Mozilla/5.0 (compatible; DataForSeoBot/1.0; +https://dataforseo.com/dataforseo-bot)"
74.7.227.221 - - [18/Nov/2025:08:38:23 -0700] "GET /products/34lp5381 HTTP/1.1" 200 96766 "-" "Mozilla/5.0 AppleWebKit/537.36 (KHTML, like Gecko; compatible; GPTBot/1.3; +https://openai.com/gptbot)"
74.7.227.221 - - [18/Nov/2025:08:38:25 -0700] "GET /products/223wy857?fileloc=/home/bt667/public_html/wp-includes/class-wp-application-passwords.php&path=/home/bt667/public_html/wp-includes HTTP/1.1" 200 30263 "-" "Mozilla/5.0 AppleWebKit/537.36 (KHTML, like Gecko; compatible; GPTBot/1.3; +https://openai.com/gptbot)"
136.243.228.178 - - [18/Nov/2025:08:38:25 -0700] "GET /product643955874?kg=0642885000 HTTP/1.1" 200 96766 "-" "Mozilla/5.0 (compatible; DataForSeoBot/1.0; +https://dataforseo.com/dataforseo-bot)"
74.7.227.221 - - [18/Nov/2025:08:38:26 -0700] "GET /products/40ww2815 HTTP/1.1" 200 96766 "-" "Mozilla/5.0 AppleWebKit/537.36 (KHTML, like Gecko; compatible; GPTBot/1.3; +https://openai.com/gptbot)"
136.243.228.182 - - [18/Nov/2025:08:38:27 -0700] "GET /product354677163?fileloc=/home/bt667/public_html/wp-settings.php&path=/home/bt667/public_html HTTP/1.1" 200 45813 "-" "Mozilla/5.0 (compatible; DataForSeoBot/1.0; +https://dataforseo.com/dataforseo-bot)"
74.7.227.221 - - [18/Nov/2025:08:38:27 -0700] "GET /products/223wy857?fileloc=/home/bt667/public_html/wp-includes/class-wp-http-requests-hooks.php&path=/home/bt667/public_html/wp-includes HTTP/1.1" 200 14512 "-" "Mozilla/5.0 AppleWebKit/537.36 (KHTML, like Gecko; compatible; GPTBot/1.3; +https://openai.com/gptbot)"
74.7.227.221 - - [18/Nov/2025:08:38:28 -0700] "GET /products/25vg5574 HTTP/1.1" 200 96766 "-" "Mozilla/5.0 AppleWebKit/537.36 (KHTML, like Gecko; compatible; GPTBot/1.3; +https://openai.com/gptbot)"
136.243.228.178 - - [18/Nov/2025:08:38:28 -0700] "GET /product644231276?kg=0643159944 HTTP/1.1" 200 96766 "-" "Mozilla/5.0 (compatible; DataForSeoBot/1.0; +https://dataforseo.com/dataforseo-bot)"
74.7.227.221 - - [18/Nov/2025:08:38:30 -0700] "GET /products/81ef6058 HTTP/1.1" 200 96766 "-" "Mozilla/5.0 AppleWebKit/537.36 (KHTML, like Gecko; compatible; GPTBot/1.3; +https://openai.com/gptbot)"
136.243.228.182 - - [18/Nov/2025:08:38:31 -0700] "GET /product354677163?fileloc=/home/bt667/public_html/155.php&path=/home/bt667/public_html HTTP/1.1" 200 12330 "-" "Mozilla/5.0 (compatible; DataForSeoBot/1.0; +https://dataforseo.com/dataforseo-bot)"
74.7.227.221 - - [18/Nov/2025:08:38:32 -0700] "GET /products/5ew34227 HTTP/1.1" 200 96766 "-" "Mozilla/5.0 AppleWebKit/537.36 (KHTML, like Gecko; compatible; GPTBot/1.3; +https://openai.com/gptbot)"
136.243.228.178 - - [18/Nov/2025:08:38:33 -0700] "GET /product644117399?kg=0643046258 HTTP/1.1" 200 96766 "-" "Mozilla/5.0 (compatible; DataForSeoBot/1.0; +https://dataforseo.com/dataforseo-bot)"
74.7.227.221 - - [18/Nov/2025:08:38:33 -0700] "GET /products/12tx9003 HTTP/1.1" 200 96766 "-" "Mozilla/5.0 AppleWebKit/537.36 (KHTML, like Gecko; compatible; GPTBot/1.3; +https://openai.com/gptbot)"
74.7.227.221 - - [18/Nov/2025:08:38:34 -0700] "GET /products/90ux1243 HTTP/1.1" 200 96766 "-" "Mozilla/5.0 AppleWebKit/537.36 (KHTML, like Gecko; compatible; GPTBot/1.3; +https://openai.com/gptbot)"
74.7.227.221 - - [18/Nov/2025:08:38:35 -0700] "GET /products/132av899?fileloc=/home/bt667/public_html/php.ini&path=/home/bt667/public_html HTTP/1.1" 200 12392 "-" "Mozilla/5.0 AppleWebKit/537.36 (KHTML, like Gecko; compatible; GPTBot/1.3; +https://openai.com/gptbot)"
136.243.228.182 - - [18/Nov/2025:08:38:36 -0700] "GET /product354677163?path=/home HTTP/1.1" 200 12634 "-" "Mozilla/5.0 (compatible; DataForSeoBot/1.0; +https://dataforseo.com/dataforseo-bot)"
74.7.227.221 - - [18/Nov/2025:08:38:36 -0700] "GET /products/6yj40149 HTTP/1.1" 200 96766 "-" "Mozilla/5.0 AppleWebKit/537.36 (KHTML, like Gecko; compatible; GPTBot/1.3; +https://openai.com/gptbot)"
74.7.227.221 - - [18/Nov/2025:08:38:37 -0700] "GET /products/34lp5381?path=/home/bt667/public_html/.tmb HTTP/1.1" 200 15750 "-" "Mozilla/5.0 AppleWebKit/537.36 (KHTML, like Gecko; compatible; GPTBot/1.3; +https://openai.com/gptbot)"
136.243.228.178 - - [18/Nov/2025:08:38:37 -0700] "GET /product643948694?kg=0642877832 HTTP/1.1" 200 96766 "-" "Mozilla/5.0 (compatible; DataForSeoBot/1.0; +https://dataforseo.com/dataforseo-bot)"
74.7.227.221 - - [18/Nov/2025:08:38:39 -0700] "GET /products/40ww2815?fileloc=/home/bt667/public_html/readme.html&path=/home/bt667/public_html HTTP/1.1" 200 21669 "-" "Mozilla/5.0 AppleWebKit/537.36 (KHTML, like Gecko; compatible; GPTBot/1.3; +https://openai.com/gptbot)"
136.243.228.182 - - [18/Nov/2025:08:38:40 -0700] "GET /product354677163?fileloc=/home/bt667/public_html/php.ini&path=/home/bt667/public_html HTTP/1.1" 200 12392 "-" "Mozilla/5.0 (compatible; DataForSeoBot/1.0; +https://dataforseo.com/dataforseo-bot)"
74.7.227.221 - - [18/Nov/2025:08:38:41 -0700] "GET /products/5zc48697 HTTP/1.1" 200 96766 "-" "Mozilla/5.0 AppleWebKit/537.36 (KHTML, like Gecko; compatible; GPTBot/1.3; +https://openai.com/gptbot)"
57.141.2.16 - - [18/Nov/2025:08:38:41 -0700] "GET /product1267636556?kg=1265527944 HTTP/1.1" 200 96766 "-" "meta-externalagent/1.1 (+https://developers.facebook.com/docs/sharing/webmasters/crawler)"
74.7.227.221 - - [18/Nov/2025:08:38:42 -0700] "GET /products/6ll48899 HTTP/1.1" 200 96766 "-" "Mozilla/5.0 AppleWebKit/537.36 (KHTML, like Gecko; compatible; GPTBot/1.3; +https://openai.com/gptbot)"
136.243.228.178 - - [18/Nov/2025:08:38:41 -0700] "GET /product644124579?kg=0643053426 HTTP/1.1" 200 96766 "-" "Mozilla/5.0 (compatible; DataForSeoBot/1.0; +https://dataforseo.com/dataforseo-bot)"
74.7.227.221 - - [18/Nov/2025:08:38:43 -0700] "GET /products/92mf9286 HTTP/1.1" 200 96766 "-" "Mozilla/5.0 AppleWebKit/537.36 (KHTML, like Gecko; compatible; GPTBot/1.3; +https://openai.com/gptbot)"
136.243.228.182 - - [18/Nov/2025:08:38:43 -0700] "GET /product354677163?fileloc=/home/bt667/public_html/Professor6T9.txt&path=/home/bt667/public_html HTTP/1.1" 200 12512 "-" "Mozilla/5.0 (compatible; DataForSeoBot/1.0; +https://dataforseo.com/dataforseo-bot)"
114.119.137.103 - - [18/Nov/2025:08:38:44 -0700] "GET /search.php?items/kargs13/47079?key=youth HTTP/1.1" 200 113602 "http://marketersvideoplayer.com/search.php?sitemap157.xml" "Mozilla/5.0 (Linux; Android 7.0;) AppleWebKit/537.36 (KHTML, like Gecko) Mobile Safari/537.36 (compatible; PetalBot;+https://webmaster.petalsearch.com/site/petalbot)"
74.7.227.221 - - [18/Nov/2025:08:38:44 -0700] "GET /products/7dv46401 HTTP/1.1" 200 96766 "-" "Mozilla/5.0 AppleWebKit/537.36 (KHTML, like Gecko; compatible; GPTBot/1.3; +https://openai.com/gptbot)"
136.243.228.178 - - [18/Nov/2025:08:38:45 -0700] "GET /product644290487?kg=0643219058 HTTP/1.1" 200 96766 "-" "Mozilla/5.0 (compatible; DataForSeoBot/1.0; +https://dataforseo.com/dataforseo-bot)"
57.141.2.4 - - [18/Nov/2025:08:38:45 -0700] "GET /product67651615?kg=0067539650 HTTP/1.1" 200 96766 "-" "meta-externalagent/1.1 (+https://developers.facebook.com/docs/sharing/webmasters/crawler)"
74.7.227.221 - - [18/Nov/2025:08:38:46 -0700] "GET /products/62lo5698 HTTP/1.1" 200 96766 "-" "Mozilla/5.0 AppleWebKit/537.36 (KHTML, like Gecko; compatible; GPTBot/1.3; +https://openai.com/gptbot)"
136.243.228.182 - - [18/Nov/2025:08:38:47 -0700] "GET /product354677163?path=/home/bt667/public_html/.git HTTP/1.1" 200 14155 "-" "Mozilla/5.0 (compatible; DataForSeoBot/1.0; +https://dataforseo.com/dataforseo-bot)"
74.7.227.221 - - [18/Nov/2025:08:38:47 -0700] "GET /products/163pe612 HTTP/1.1" 200 96766 "-" "Mozilla/5.0 AppleWebKit/537.36 (KHTML, like Gecko; compatible; GPTBot/1.3; +https://openai.com/gptbot)"
74.7.227.221 - - [18/Nov/2025:08:38:48 -0700] "GET /products/37nm6961 HTTP/1.1" 200 96766 "-" "Mozilla/5.0 AppleWebKit/537.36 (KHTML, like Gecko; compatible; GPTBot/1.3; +https://openai.com/gptbot)"
136.243.228.178 - - [18/Nov/2025:08:38:49 -0700] "GET /product644399572?kg=0643327960 HTTP/1.1" 200 96766 "-" "Mozilla/5.0 (compatible; DataForSeoBot/1.0; +https://dataforseo.com/dataforseo-bot)"
74.7.227.221 - - [18/Nov/2025:08:38:50 -0700] "GET /products/15rh6023 HTTP/1.1" 200 96766 "-" "Mozilla/5.0 AppleWebKit/537.36 (KHTML, like Gecko; compatible; GPTBot/1.3; +https://openai.com/gptbot)"
74.7.227.221 - - [18/Nov/2025:08:38:51 -0700] "GET /products/4gb27679 HTTP/1.1" 200 96766 "-" "Mozilla/5.0 AppleWebKit/537.36 (KHTML, like Gecko; compatible; GPTBot/1.3; +https://openai.com/gptbot)"
136.243.228.182 - - [18/Nov/2025:08:38:51 -0700] "GET /product354677163?fileloc=/home/bt667/public_html/product.php&path=/home/bt667/public_html HTTP/1.1" 200 14946 "-" "Mozilla/5.0 (compatible; DataForSeoBot/1.0; +https://dataforseo.com/dataforseo-bot)"
74.7.227.221 - - [18/Nov/2025:08:38:52 -0700] "GET /products/64pt8996 HTTP/1.1" 200 96766 "-" "Mozilla/5.0 AppleWebKit/537.36 (KHTML, like Gecko; compatible; GPTBot/1.3; +https://openai.com/gptbot)"
74.7.227.221 - - [18/Nov/2025:08:38:53 -0700] "GET /products/20qw8492 HTTP/1.1" 200 96766 "-" "Mozilla/5.0 AppleWebKit/537.36 (KHTML, like Gecko; compatible; GPTBot/1.3; +https://openai.com/gptbot)"
