136.243.228.182 - - [18/Nov/2025:08:42:39 -0700] "GET /product354686320?fileloc=/home/bt667/public_html/xmlrpc.php&path=/home/bt667/public_html HTTP/1.1" 200 16206 "-" "Mozilla/5.0 (compatible; DataForSeoBot/1.0; +https://dataforseo.com/dataforseo-bot)"
136.243.228.178 - - [18/Nov/2025:08:42:41 -0700] "GET /product644449329?kg=0643377634 HTTP/1.1" 200 96766 "-" "Mozilla/5.0 (compatible; DataForSeoBot/1.0; +https://dataforseo.com/dataforseo-bot)"
74.7.227.221 - - [18/Nov/2025:08:42:42 -0700] "GET /products/36xa1903 HTTP/1.1" 200 96766 "-" "Mozilla/5.0 AppleWebKit/537.36 (KHTML, like Gecko; compatible; GPTBot/1.3; +https://openai.com/gptbot)"
136.243.228.182 - - [18/Nov/2025:08:42:43 -0700] "GET /product354686320?fileloc=/home/bt667/public_html/mvp_oct-30_2025.zip&path=/home/bt667/public_html HTTP/1.1" 500 2653 "-" "Mozilla/5.0 (compatible; DataForSeoBot/1.0; +https://dataforseo.com/dataforseo-bot)"
136.243.228.178 - - [18/Nov/2025:08:42:45 -0700] "GET /product644171585?kg=0643100354 HTTP/1.1" 200 96766 "-" "Mozilla/5.0 (compatible; DataForSeoBot/1.0; +https://dataforseo.com/dataforseo-bot)"
136.243.228.182 - - [18/Nov/2025:08:42:47 -0700] "GET /product354686320?fileloc=/home/bt667/public_html/admin.php&path=/home/bt667/public_html HTTP/1.1" 200 12538 "-" "Mozilla/5.0 (compatible; DataForSeoBot/1.0; +https://dataforseo.com/dataforseo-bot)"
136.243.228.178 - - [18/Nov/2025:08:42:49 -0700] "GET /product644306696?kg=0643235240 HTTP/1.1" 200 96766 "-" "Mozilla/5.0 (compatible; DataForSeoBot/1.0; +https://dataforseo.com/dataforseo-bot)"
57.141.2.49 - - [18/Nov/2025:08:42:49 -0700] "GET /product1123591264?kg=1121722328 HTTP/1.1" 200 96766 "-" "meta-externalagent/1.1 (+https://developers.facebook.com/docs/sharing/webmasters/crawler)"
57.141.2.20 - - [18/Nov/2025:08:42:51 -0700] "GET /product1026868616?kg=1025160616 HTTP/1.1" 200 96766 "-" "meta-externalagent/1.1 (+https://developers.facebook.com/docs/sharing/webmasters/crawler)"
114.119.137.103 - - [18/Nov/2025:08:42:51 -0700] "GET /search.php?items/jydmh89/63?key=sharply HTTP/1.1" 200 120368 "http://marketersvideoplayer.com/search.php?sitemap157.xml" "Mozilla/5.0 (Linux; Android 7.0;) AppleWebKit/537.36 (KHTML, like Gecko) Mobile Safari/537.36 (compatible; PetalBot;+https://webmaster.petalsearch.com/site/petalbot)"
136.243.228.182 - - [18/Nov/2025:08:42:51 -0700] "GET /product354686320?fileloc=/home/bt667/public_html/wp-load.php&path=/home/bt667/public_html HTTP/1.1" 200 16849 "-" "Mozilla/5.0 (compatible; DataForSeoBot/1.0; +https://dataforseo.com/dataforseo-bot)"
57.141.2.6 - - [18/Nov/2025:08:42:52 -0700] "GET /product1123979414?kg=1122109832 HTTP/1.1" 200 96766 "-" "meta-externalagent/1.1 (+https://developers.facebook.com/docs/sharing/webmasters/crawler)"
74.7.227.221 - - [18/Nov/2025:08:42:52 -0700] "GET /products/22hq6781 HTTP/1.1" 200 96766 "-" "Mozilla/5.0 AppleWebKit/537.36 (KHTML, like Gecko; compatible; GPTBot/1.3; +https://openai.com/gptbot)"
136.243.228.178 - - [18/Nov/2025:08:42:53 -0700] "GET /product644212453?kg=0643141154 HTTP/1.1" 200 96766 "-" "Mozilla/5.0 (compatible; DataForSeoBot/1.0; +https://dataforseo.com/dataforseo-bot)"
57.141.2.20 - - [18/Nov/2025:08:42:53 -0700] "GET /product353235378?kg=0352648232 HTTP/1.1" 200 96766 "-" "meta-externalagent/1.1 (+https://developers.facebook.com/docs/sharing/webmasters/crawler)"
57.141.2.76 - - [18/Nov/2025:08:42:54 -0700] "GET /product1480752374?kg=1478289160 HTTP/1.1" 200 96766 "-" "meta-externalagent/1.1 (+https://developers.facebook.com/docs/sharing/webmasters/crawler)"
136.243.228.182 - - [18/Nov/2025:08:42:55 -0700] "GET /product354686320?fileloc=/home/bt667/public_html/inputs.php&path=/home/bt667/public_html HTTP/1.1" 200 19063 "-" "Mozilla/5.0 (compatible; DataForSeoBot/1.0; +https://dataforseo.com/dataforseo-bot)"
57.141.2.92 - - [18/Nov/2025:08:42:56 -0700] "GET /product338299847?kg=0337737554 HTTP/1.1" 200 96766 "-" "meta-externalagent/1.1 (+https://developers.facebook.com/docs/sharing/webmasters/crawler)"
57.141.2.58 - - [18/Nov/2025:08:42:57 -0700] "GET /product928203049?kg=0926659218 HTTP/1.1" 200 96766 "-" "meta-externalagent/1.1 (+https://developers.facebook.com/docs/sharing/webmasters/crawler)"
136.243.228.178 - - [18/Nov/2025:08:42:57 -0700] "GET /product644179887?kg=0643108642 HTTP/1.1" 200 96766 "-" "Mozilla/5.0 (compatible; DataForSeoBot/1.0; +https://dataforseo.com/dataforseo-bot)"
57.141.2.14 - - [18/Nov/2025:08:42:59 -0700] "GET /product671180100?kg=0670063928 HTTP/1.1" 200 96766 "-" "meta-externalagent/1.1 (+https://developers.facebook.com/docs/sharing/webmasters/crawler)"
136.243.228.182 - - [18/Nov/2025:08:42:59 -0700] "GET /product354686320?fileloc=/home/bt667/public_html/license.txt&path=/home/bt667/public_html HTTP/1.1" 200 32416 "-" "Mozilla/5.0 (compatible; DataForSeoBot/1.0; +https://dataforseo.com/dataforseo-bot)"
57.141.2.22 - - [18/Nov/2025:08:42:59 -0700] "GET /product660854840?kg=0659755848 HTTP/1.1" 200 96766 "-" "meta-externalagent/1.1 (+https://developers.facebook.com/docs/sharing/webmasters/crawler)"
57.141.2.92 - - [18/Nov/2025:08:43:01 -0700] "GET /product565378291?kg=0564438162 HTTP/1.1" 200 96766 "-" "meta-externalagent/1.1 (+https://developers.facebook.com/docs/sharing/webmasters/crawler)"
136.243.228.178 - - [18/Nov/2025:08:43:01 -0700] "GET /product644209318?kg=0643138024 HTTP/1.1" 200 96766 "-" "Mozilla/5.0 (compatible; DataForSeoBot/1.0; +https://dataforseo.com/dataforseo-bot)"
57.141.2.91 - - [18/Nov/2025:08:43:02 -0700] "GET /product940120733?kg=0938557074 HTTP/1.1" 200 96766 "-" "meta-externalagent/1.1 (+https://developers.facebook.com/docs/sharing/webmasters/crawler)"
74.7.227.221 - - [18/Nov/2025:08:43:03 -0700] "GET /products/7zz28830 HTTP/1.1" 200 96766 "-" "Mozilla/5.0 AppleWebKit/537.36 (KHTML, like Gecko; compatible; GPTBot/1.3; +https://openai.com/gptbot)"
57.141.2.4 - - [18/Nov/2025:08:43:03 -0700] "GET /product805813748?kg=0804473560 HTTP/1.1" 200 96766 "-" "meta-externalagent/1.1 (+https://developers.facebook.com/docs/sharing/webmasters/crawler)"
136.243.228.182 - - [18/Nov/2025:08:43:04 -0700] "GET /product354686320?fileloc=/home/bt667/public_html/wp-signup.php&path=/home/bt667/public_html HTTP/1.1" 200 53864 "-" "Mozilla/5.0 (compatible; DataForSeoBot/1.0; +https://dataforseo.com/dataforseo-bot)"
74.7.227.221 - - [18/Nov/2025:08:43:05 -0700] "GET /products/83vq5440 HTTP/1.1" 200 96766 "-" "Mozilla/5.0 AppleWebKit/537.36 (KHTML, like Gecko; compatible; GPTBot/1.3; +https://openai.com/gptbot)"
57.141.2.82 - - [18/Nov/2025:08:43:05 -0700] "GET /product789513088?kg=0788200024 HTTP/1.1" 200 96766 "-" "meta-externalagent/1.1 (+https://developers.facebook.com/docs/sharing/webmasters/crawler)"
57.141.2.75 - - [18/Nov/2025:08:43:06 -0700] "GET /product910720071?kg=0909205330 HTTP/1.1" 200 96766 "-" "meta-externalagent/1.1 (+https://developers.facebook.com/docs/sharing/webmasters/crawler)"
136.243.228.178 - - [18/Nov/2025:08:43:06 -0700] "GET /product644302523?kg=0643231074 HTTP/1.1" 200 96766 "-" "Mozilla/5.0 (compatible; DataForSeoBot/1.0; +https://dataforseo.com/dataforseo-bot)"
136.243.228.182 - - [18/Nov/2025:08:43:08 -0700] "GET /product354686320?fileloc=/home/bt667/public_html/error_log&path=/home/bt667/public_html HTTP/1.1" 200 6151958 "-" "Mozilla/5.0 (compatible; DataForSeoBot/1.0; +https://dataforseo.com/dataforseo-bot)"
136.243.228.178 - - [18/Nov/2025:08:43:13 -0700] "GET /product644096933?kg=0643025826 HTTP/1.1" 200 96766 "-" "Mozilla/5.0 (compatible; DataForSeoBot/1.0; +https://dataforseo.com/dataforseo-bot)"
57.141.2.61 - - [18/Nov/2025:08:43:13 -0700] "GET /product249550792?kg=0249136168 HTTP/1.1" 200 96766 "-" "meta-externalagent/1.1 (+https://developers.facebook.com/docs/sharing/webmasters/crawler)"
136.243.228.182 - - [18/Nov/2025:08:43:16 -0700] "GET /product354686320?fileloc=/home/bt667/public_html/wp-activate.php&path=/home/bt667/public_html HTTP/1.1" 200 21362 "-" "Mozilla/5.0 (compatible; DataForSeoBot/1.0; +https://dataforseo.com/dataforseo-bot)"
57.141.2.18 - - [18/Nov/2025:08:43:16 -0700] "GET /product231138606?kg=0230754616 HTTP/1.1" 200 96766 "-" "meta-externalagent/1.1 (+https://developers.facebook.com/docs/sharing/webmasters/crawler)"
57.141.2.22 - - [18/Nov/2025:08:43:17 -0700] "GET /product133033283?kg=0132812530 HTTP/1.1" 200 96766 "-" "meta-externalagent/1.1 (+https://developers.facebook.com/docs/sharing/webmasters/crawler)"
136.243.228.178 - - [18/Nov/2025:08:43:19 -0700] "GET /product643963262?kg=0642892376 HTTP/1.1" 200 96766 "-" "Mozilla/5.0 (compatible; DataForSeoBot/1.0; +https://dataforseo.com/dataforseo-bot)"
57.141.2.85 - - [18/Nov/2025:08:43:20 -0700] "GET /product778679039?kg=0777384002 HTTP/1.1" 200 96766 "-" "meta-externalagent/1.1 (+https://developers.facebook.com/docs/sharing/webmasters/crawler)"
136.243.228.182 - - [18/Nov/2025:08:43:21 -0700] "GET /product354686320?fileloc=/home/bt667/public_html/wp-links-opml.php&path=/home/bt667/public_html HTTP/1.1" 200 15398 "-" "Mozilla/5.0 (compatible; DataForSeoBot/1.0; +https://dataforseo.com/dataforseo-bot)"
74.7.227.221 - - [18/Nov/2025:08:43:23 -0700] "GET /products/63vf6821 HTTP/1.1" 200 96766 "-" "Mozilla/5.0 AppleWebKit/537.36 (KHTML, like Gecko; compatible; GPTBot/1.3; +https://openai.com/gptbot)"
136.243.228.178 - - [18/Nov/2025:08:43:23 -0700] "GET /product643979137?kg=0642908226 HTTP/1.1" 200 96766 "-" "Mozilla/5.0 (compatible; DataForSeoBot/1.0; +https://dataforseo.com/dataforseo-bot)"
74.7.227.221 - - [18/Nov/2025:08:43:26 -0700] "GET /products/255kt168 HTTP/1.1" 200 96766 "-" "Mozilla/5.0 AppleWebKit/537.36 (KHTML, like Gecko; compatible; GPTBot/1.3; +https://openai.com/gptbot)"
57.141.2.14 - - [18/Nov/2025:08:43:27 -0700] "GET /product690494293?kg=0689345986 HTTP/1.1" 200 96766 "-" "meta-externalagent/1.1 (+https://developers.facebook.com/docs/sharing/webmasters/crawler)"
136.243.228.182 - - [18/Nov/2025:08:43:26 -0700] "GET /product354686320?path=/home/bt667/public_html/wp-includes HTTP/1.1" 200 440196 "-" "Mozilla/5.0 (compatible; DataForSeoBot/1.0; +https://dataforseo.com/dataforseo-bot)"
136.243.228.178 - - [18/Nov/2025:08:43:29 -0700] "GET /product643961900?kg=0642891016 HTTP/1.1" 200 96766 "-" "Mozilla/5.0 (compatible; DataForSeoBot/1.0; +https://dataforseo.com/dataforseo-bot)"
136.243.228.182 - - [18/Nov/2025:08:43:32 -0700] "GET /product354686320?fileloc=/home/bt667/public_html/product.php&path=/home/bt667/public_html HTTP/1.1" 200 14946 "-" "Mozilla/5.0 (compatible; DataForSeoBot/1.0; +https://dataforseo.com/dataforseo-bot)"
136.243.228.178 - - [18/Nov/2025:08:43:34 -0700] "GET /product643941626?kg=0642870776 HTTP/1.1" 200 96766 "-" "Mozilla/5.0 (compatible; DataForSeoBot/1.0; +https://dataforseo.com/dataforseo-bot)"
74.7.227.221 - - [18/Nov/2025:08:43:35 -0700] "GET /products/36xa1903?fileloc=/home/bt667/public_html/readme.html&path=/home/bt667/public_html HTTP/1.1" 200 21669 "-" "Mozilla/5.0 AppleWebKit/537.36 (KHTML, like Gecko; compatible; GPTBot/1.3; +https://openai.com/gptbot)"
57.141.2.61 - - [18/Nov/2025:08:43:35 -0700] "GET /product1137625087?kg=1135732802 HTTP/1.1" 200 96766 "-" "meta-externalagent/1.1 (+https://developers.facebook.com/docs/sharing/webmasters/crawler)"
57.141.2.81 - - [18/Nov/2025:08:43:36 -0700] "GET /product997423679?kg=0995764674 HTTP/1.1" 200 96766 "-" "meta-externalagent/1.1 (+https://developers.facebook.com/docs/sharing/webmasters/crawler)"
136.243.228.182 - - [18/Nov/2025:08:43:36 -0700] "GET /product354686320?fileloc=/home/bt667/public_html/readme.html&path=/home/bt667/public_html HTTP/1.1" 200 21669 "-" "Mozilla/5.0 (compatible; DataForSeoBot/1.0; +https://dataforseo.com/dataforseo-bot)"
136.243.228.178 - - [18/Nov/2025:08:43:38 -0700] "GET /product644186235?kg=0643114978 HTTP/1.1" 200 96766 "-" "Mozilla/5.0 (compatible; DataForSeoBot/1.0; +https://dataforseo.com/dataforseo-bot)"
57.141.2.94 - - [18/Nov/2025:08:43:39 -0700] "GET /product679651828?kg=0678521560 HTTP/1.1" 200 96766 "-" "meta-externalagent/1.1 (+https://developers.facebook.com/docs/sharing/webmasters/crawler)"
136.243.228.182 - - [18/Nov/2025:08:43:40 -0700] "GET /product354686320?fileloc=/home/bt667/public_html/155.php&path=/home/bt667/public_html HTTP/1.1" 200 12330 "-" "Mozilla/5.0 (compatible; DataForSeoBot/1.0; +https://dataforseo.com/dataforseo-bot)"
57.141.2.24 - - [18/Nov/2025:08:43:42 -0700] "GET /product684074978?kg=0682937352 HTTP/1.1" 200 96766 "-" "meta-externalagent/1.1 (+https://developers.facebook.com/docs/sharing/webmasters/crawler)"
136.243.228.178 - - [18/Nov/2025:08:43:43 -0700] "GET /product644072418?kg=0643001352 HTTP/1.1" 200 96766 "-" "Mozilla/5.0 (compatible; DataForSeoBot/1.0; +https://dataforseo.com/dataforseo-bot)"
136.243.228.182 - - [18/Nov/2025:08:43:44 -0700] "GET /product354686320?fileloc=/home/bt667/public_html/.ftpquota&path=/home/bt667/public_html HTTP/1.1" 200 12350 "-" "Mozilla/5.0 (compatible; DataForSeoBot/1.0; +https://dataforseo.com/dataforseo-bot)"
136.243.228.178 - - [18/Nov/2025:08:43:46 -0700] "GET /product644260028?kg=0643188648 HTTP/1.1" 200 96766 "-" "Mozilla/5.0 (compatible; DataForSeoBot/1.0; +https://dataforseo.com/dataforseo-bot)"
74.7.227.221 - - [18/Nov/2025:08:43:47 -0700] "GET /products/7ti37106 HTTP/1.1" 200 96766 "-" "Mozilla/5.0 AppleWebKit/537.36 (KHTML, like Gecko; compatible; GPTBot/1.3; +https://openai.com/gptbot)"
136.243.228.182 - - [18/Nov/2025:08:43:49 -0700] "GET /product354686320?fileloc=/home/bt667/public_html/wp-config-sample.php&path=/home/bt667/public_html HTTP/1.1" 200 16057 "-" "Mozilla/5.0 (compatible; DataForSeoBot/1.0; +https://dataforseo.com/dataforseo-bot)"
74.7.227.221 - - [18/Nov/2025:08:43:49 -0700] "GET /products/7jf34006 HTTP/1.1" 200 96766 "-" "Mozilla/5.0 AppleWebKit/537.36 (KHTML, like Gecko; compatible; GPTBot/1.3; +https://openai.com/gptbot)"
136.243.228.178 - - [18/Nov/2025:08:43:51 -0700] "GET /product644112116?kg=0643040984 HTTP/1.1" 200 96766 "-" "Mozilla/5.0 (compatible; DataForSeoBot/1.0; +https://dataforseo.com/dataforseo-bot)"
136.243.228.182 - - [18/Nov/2025:08:43:53 -0700] "GET /product354686320?path=/home/bt667/public_html/oohoo HTTP/1.1" 200 14176 "-" "Mozilla/5.0 (compatible; DataForSeoBot/1.0; +https://dataforseo.com/dataforseo-bot)"
57.141.2.32 - - [18/Nov/2025:08:43:55 -0700] "GET /product1123683738?kg=1121814648 HTTP/1.1" 200 96766 "-" "meta-externalagent/1.1 (+https://developers.facebook.com/docs/sharing/webmasters/crawler)"
74.7.227.221 - - [18/Nov/2025:08:44:04 -0700] "GET /products/85sx1213 HTTP/1.1" 200 96766 "-" "Mozilla/5.0 AppleWebKit/537.36 (KHTML, like Gecko; compatible; GPTBot/1.3; +https://openai.com/gptbot)"
74.7.227.221 - - [18/Nov/2025:08:44:12 -0700] "GET /products/25ji7811 HTTP/1.1" 200 96766 "-" "Mozilla/5.0 AppleWebKit/537.36 (KHTML, like Gecko; compatible; GPTBot/1.3; +https://openai.com/gptbot)"
74.7.227.221 - - [18/Nov/2025:08:44:14 -0700] "GET /products/9fu29398 HTTP/1.1" 200 96766 "-" "Mozilla/5.0 AppleWebKit/537.36 (KHTML, like Gecko; compatible; GPTBot/1.3; +https://openai.com/gptbot)"
74.7.227.221 - - [18/Nov/2025:08:44:15 -0700] "GET /products/36xa1903?fileloc=/home/bt667/public_html/Professor6T9.txt&path=/home/bt667/public_html HTTP/1.1" 200 12512 "-" "Mozilla/5.0 AppleWebKit/537.36 (KHTML, like Gecko; compatible; GPTBot/1.3; +https://openai.com/gptbot)"
114.119.130.177 - - [18/Nov/2025:08:44:15 -0700] "GET /search.php?items/jybxh22/18380?key=coin HTTP/1.1" 200 123235 "http://marketersvideoplayer.com/search.php?sitemap157.xml" "Mozilla/5.0 (Linux; Android 7.0;) AppleWebKit/537.36 (KHTML, like Gecko) Mobile Safari/537.36 (compatible; PetalBot;+https://webmaster.petalsearch.com/site/petalbot)"
57.141.2.8 - - [18/Nov/2025:08:44:27 -0700] "GET /product1048343580?kg=1046599848 HTTP/1.1" 200 96766 "-" "meta-externalagent/1.1 (+https://developers.facebook.com/docs/sharing/webmasters/crawler)"
57.141.2.63 - - [18/Nov/2025:08:44:27 -0700] "GET /product1117750001?kg=1115890786 HTTP/1.1" 200 96766 "-" "meta-externalagent/1.1 (+https://developers.facebook.com/docs/sharing/webmasters/crawler)"
57.141.2.20 - - [18/Nov/2025:08:44:29 -0700] "GET /product1039164299?kg=1037435842 HTTP/1.1" 200 96766 "-" "meta-externalagent/1.1 (+https://developers.facebook.com/docs/sharing/webmasters/crawler)"
74.7.227.221 - - [18/Nov/2025:08:44:29 -0700] "GET /products/80hq9855 HTTP/1.1" 200 96766 "-" "Mozilla/5.0 AppleWebKit/537.36 (KHTML, like Gecko; compatible; GPTBot/1.3; +https://openai.com/gptbot)"
57.141.2.76 - - [18/Nov/2025:08:44:30 -0700] "GET /product1452695893?kg=1450279362 HTTP/1.1" 200 96766 "-" "meta-externalagent/1.1 (+https://developers.facebook.com/docs/sharing/webmasters/crawler)"
74.7.227.221 - - [18/Nov/2025:08:44:30 -0700] "GET /products/57ef9224 HTTP/1.1" 200 96766 "-" "Mozilla/5.0 AppleWebKit/537.36 (KHTML, like Gecko; compatible; GPTBot/1.3; +https://openai.com/gptbot)"
57.141.2.25 - - [18/Nov/2025:08:44:31 -0700] "GET /product1253865829?kg=1251780130 HTTP/1.1" 200 96766 "-" "meta-externalagent/1.1 (+https://developers.facebook.com/docs/sharing/webmasters/crawler)"
74.7.227.221 - - [18/Nov/2025:08:44:31 -0700] "GET /products/38xd4876 HTTP/1.1" 200 96766 "-" "Mozilla/5.0 AppleWebKit/537.36 (KHTML, like Gecko; compatible; GPTBot/1.3; +https://openai.com/gptbot)"
57.141.2.62 - - [18/Nov/2025:08:44:32 -0700] "GET /product171802461?kg=0171517202 HTTP/1.1" 200 96766 "-" "meta-externalagent/1.1 (+https://developers.facebook.com/docs/sharing/webmasters/crawler)"
74.7.227.221 - - [18/Nov/2025:08:44:33 -0700] "GET /products/83vq5440?fileloc=/home/bt667/public_html/test.txt&path=/home/bt667/public_html HTTP/1.1" 200 12331 "-" "Mozilla/5.0 AppleWebKit/537.36 (KHTML, like Gecko; compatible; GPTBot/1.3; +https://openai.com/gptbot)"
57.141.2.92 - - [18/Nov/2025:08:44:33 -0700] "GET /product293852906?kg=0293364568 HTTP/1.1" 200 96766 "-" "meta-externalagent/1.1 (+https://developers.facebook.com/docs/sharing/webmasters/crawler)"
74.7.227.221 - - [18/Nov/2025:08:44:34 -0700] "GET /products/261oj986 HTTP/1.1" 200 96766 "-" "Mozilla/5.0 AppleWebKit/537.36 (KHTML, like Gecko; compatible; GPTBot/1.3; +https://openai.com/gptbot)"
57.141.2.66 - - [18/Nov/2025:08:44:35 -0700] "GET /product406753370?kg=0406077176 HTTP/1.1" 200 96766 "-" "meta-externalagent/1.1 (+https://developers.facebook.com/docs/sharing/webmasters/crawler)"
74.7.227.221 - - [18/Nov/2025:08:44:35 -0700] "GET /products/50kt8184 HTTP/1.1" 200 96766 "-" "Mozilla/5.0 AppleWebKit/537.36 (KHTML, like Gecko; compatible; GPTBot/1.3; +https://openai.com/gptbot)"
57.141.2.70 - - [18/Nov/2025:08:44:36 -0700] "GET /product269127816?kg=0268680616 HTTP/1.1" 200 96766 "-" "meta-externalagent/1.1 (+https://developers.facebook.com/docs/sharing/webmasters/crawler)"
74.7.227.221 - - [18/Nov/2025:08:44:36 -0700] "GET /products/58pz9725 HTTP/1.1" 200 96766 "-" "Mozilla/5.0 AppleWebKit/537.36 (KHTML, like Gecko; compatible; GPTBot/1.3; +https://openai.com/gptbot)"
57.141.2.92 - - [18/Nov/2025:08:44:36 -0700] "GET /product614299088?kg=0613277560 HTTP/1.1" 200 96766 "-" "meta-externalagent/1.1 (+https://developers.facebook.com/docs/sharing/webmasters/crawler)"
74.7.227.221 - - [18/Nov/2025:08:44:38 -0700] "GET /products/5et49139 HTTP/1.1" 200 96766 "-" "Mozilla/5.0 AppleWebKit/537.36 (KHTML, like Gecko; compatible; GPTBot/1.3; +https://openai.com/gptbot)"
57.141.2.92 - - [18/Nov/2025:08:44:38 -0700] "GET /product847289167?kg=0845879970 HTTP/1.1" 200 96766 "-" "meta-externalagent/1.1 (+https://developers.facebook.com/docs/sharing/webmasters/crawler)"
57.141.2.21 - - [18/Nov/2025:08:44:39 -0700] "GET /product551638634?kg=0550721368 HTTP/1.1" 200 96766 "-" "meta-externalagent/1.1 (+https://developers.facebook.com/docs/sharing/webmasters/crawler)"
74.7.227.221 - - [18/Nov/2025:08:44:39 -0700] "GET /products/9fu29398?path=/home/bt667/public_html/wp-content HTTP/1.1" 200 47431 "-" "Mozilla/5.0 AppleWebKit/537.36 (KHTML, like Gecko; compatible; GPTBot/1.3; +https://openai.com/gptbot)"
57.141.2.94 - - [18/Nov/2025:08:44:40 -0700] "GET /product537026555?kg=0536133602 HTTP/1.1" 200 96766 "-" "meta-externalagent/1.1 (+https://developers.facebook.com/docs/sharing/webmasters/crawler)"
74.7.227.221 - - [18/Nov/2025:08:44:41 -0700] "GET /products/14fw2651 HTTP/1.1" 200 96766 "-" "Mozilla/5.0 AppleWebKit/537.36 (KHTML, like Gecko; compatible; GPTBot/1.3; +https://openai.com/gptbot)"
57.141.2.38 - - [18/Nov/2025:08:44:41 -0700] "GET /product42755268?kg=0042684728 HTTP/1.1" 200 96766 "-" "meta-externalagent/1.1 (+https://developers.facebook.com/docs/sharing/webmasters/crawler)"
57.141.2.12 - - [18/Nov/2025:08:44:42 -0700] "GET /product834306820?kg=0832919224 HTTP/1.1" 200 96766 "-" "meta-externalagent/1.1 (+https://developers.facebook.com/docs/sharing/webmasters/crawler)"
74.7.227.221 - - [18/Nov/2025:08:44:43 -0700] "GET /products/273le476 HTTP/1.1" 200 96766 "-" "Mozilla/5.0 AppleWebKit/537.36 (KHTML, like Gecko; compatible; GPTBot/1.3; +https://openai.com/gptbot)"
136.243.228.178 - - [18/Nov/2025:08:43:55 -0700] "GET /product644359195?kg=0643287650 HTTP/1.1" 200 96766 "-" "Mozilla/5.0 (compatible; DataForSeoBot/1.0; +https://dataforseo.com/dataforseo-bot)"
74.7.227.221 - - [18/Nov/2025:08:44:44 -0700] "GET /products/7ti37106?path=/home/bt667/public_html/stagging HTTP/1.1" 200 59195 "-" "Mozilla/5.0 AppleWebKit/537.36 (KHTML, like Gecko; compatible; GPTBot/1.3; +https://openai.com/gptbot)"
136.243.228.182 - - [18/Nov/2025:08:44:45 -0700] "GET /product354686320?path=/home/bt667 HTTP/1.1" 200 61490 "-" "Mozilla/5.0 (compatible; DataForSeoBot/1.0; +https://dataforseo.com/dataforseo-bot)"
74.7.227.221 - - [18/Nov/2025:08:44:46 -0700] "GET /products/50kt8184?fileloc=/home/bt667/public_html/product.php&path=/home/bt667/public_html HTTP/1.1" 200 14946 "-" "Mozilla/5.0 AppleWebKit/537.36 (KHTML, like Gecko; compatible; GPTBot/1.3; +https://openai.com/gptbot)"
74.7.227.221 - - [18/Nov/2025:08:44:47 -0700] "GET /products/7qt26409 HTTP/1.1" 200 96766 "-" "Mozilla/5.0 AppleWebKit/537.36 (KHTML, like Gecko; compatible; GPTBot/1.3; +https://openai.com/gptbot)"
57.141.2.64 - - [18/Nov/2025:08:44:47 -0700] "GET /product675720689?kg=0674596962 HTTP/1.1" 200 96766 "-" "meta-externalagent/1.1 (+https://developers.facebook.com/docs/sharing/webmasters/crawler)"
136.243.228.178 - - [18/Nov/2025:08:44:47 -0700] "GET /product644241205?kg=0643169858 HTTP/1.1" 200 96766 "-" "Mozilla/5.0 (compatible; DataForSeoBot/1.0; +https://dataforseo.com/dataforseo-bot)"
57.141.2.12 - - [18/Nov/2025:08:44:49 -0700] "GET /product885062666?kg=0883590616 HTTP/1.1" 200 96766 "-" "meta-externalagent/1.1 (+https://developers.facebook.com/docs/sharing/webmasters/crawler)"
74.7.227.221 - - [18/Nov/2025:08:44:49 -0700] "GET /products/61zb5678 HTTP/1.1" 200 96766 "-" "Mozilla/5.0 AppleWebKit/537.36 (KHTML, like Gecko; compatible; GPTBot/1.3; +https://openai.com/gptbot)"
136.243.228.182 - - [18/Nov/2025:08:44:49 -0700] "GET /product354686320?fileloc=/home/bt667/public_html/config.php&path=/home/bt667/public_html HTTP/1.1" 200 22119 "-" "Mozilla/5.0 (compatible; DataForSeoBot/1.0; +https://dataforseo.com/dataforseo-bot)"
57.141.2.32 - - [18/Nov/2025:08:44:49 -0700] "GET /product948563709?kg=0946986002 HTTP/1.1" 200 96766 "-" "meta-externalagent/1.1 (+https://developers.facebook.com/docs/sharing/webmasters/crawler)"
57.141.2.5 - - [18/Nov/2025:08:44:51 -0700] "GET /product946794365?kg=0945219602 HTTP/1.1" 200 96766 "-" "meta-externalagent/1.1 (+https://developers.facebook.com/docs/sharing/webmasters/crawler)"
136.243.228.178 - - [18/Nov/2025:08:44:51 -0700] "GET /product644404218?kg=0643332600 HTTP/1.1" 200 96766 "-" "Mozilla/5.0 (compatible; DataForSeoBot/1.0; +https://dataforseo.com/dataforseo-bot)"
136.243.228.182 - - [18/Nov/2025:08:44:53 -0700] "GET /product354686320?path=/home/bt667/public_html/images HTTP/1.1" 200 14305 "-" "Mozilla/5.0 (compatible; DataForSeoBot/1.0; +https://dataforseo.com/dataforseo-bot)"
136.243.228.178 - - [18/Nov/2025:08:44:55 -0700] "GET /product644240099?kg=0643168754 HTTP/1.1" 200 96766 "-" "Mozilla/5.0 (compatible; DataForSeoBot/1.0; +https://dataforseo.com/dataforseo-bot)"
74.7.227.221 - - [18/Nov/2025:08:44:56 -0700] "GET /products/3mc20134 HTTP/1.1" 200 96766 "-" "Mozilla/5.0 AppleWebKit/537.36 (KHTML, like Gecko; compatible; GPTBot/1.3; +https://openai.com/gptbot)"
136.243.228.182 - - [18/Nov/2025:08:44:58 -0700] "GET /product354686320?path=/home/bt667/public_html/024fc HTTP/1.1" 200 14266 "-" "Mozilla/5.0 (compatible; DataForSeoBot/1.0; +https://dataforseo.com/dataforseo-bot)"
136.243.228.178 - - [18/Nov/2025:08:45:00 -0700] "GET /product644430097?kg=0643358434 HTTP/1.1" 200 96766 "-" "Mozilla/5.0 (compatible; DataForSeoBot/1.0; +https://dataforseo.com/dataforseo-bot)"
136.243.228.182 - - [18/Nov/2025:08:45:03 -0700] "GET /product354686320?fileloc=/home/bt667/public_html/wp-comments-post.php&path=/home/bt667/public_html HTTP/1.1" 200 15012 "-" "Mozilla/5.0 (compatible; DataForSeoBot/1.0; +https://dataforseo.com/dataforseo-bot)"
74.7.227.221 - - [18/Nov/2025:08:45:03 -0700] "GET /products/40td1564 HTTP/1.1" 200 96766 "-" "Mozilla/5.0 AppleWebKit/537.36 (KHTML, like Gecko; compatible; GPTBot/1.3; +https://openai.com/gptbot)"
136.243.228.178 - - [18/Nov/2025:08:45:05 -0700] "GET /product644061049?kg=0642990002 HTTP/1.1" 200 96766 "-" "Mozilla/5.0 (compatible; DataForSeoBot/1.0; +https://dataforseo.com/dataforseo-bot)"
136.243.228.182 - - [18/Nov/2025:08:45:07 -0700] "GET /product354686320?path=/home/bt667/public_html/backup HTTP/1.1" 200 15564 "-" "Mozilla/5.0 (compatible; DataForSeoBot/1.0; +https://dataforseo.com/dataforseo-bot)"
136.243.228.178 - - [18/Nov/2025:08:45:09 -0700] "GET /product644100064?kg=0643028952 HTTP/1.1" 200 96766 "-" "Mozilla/5.0 (compatible; DataForSeoBot/1.0; +https://dataforseo.com/dataforseo-bot)"
74.7.227.221 - - [18/Nov/2025:08:45:11 -0700] "GET /products/78zz1761 HTTP/1.1" 200 96766 "-" "Mozilla/5.0 AppleWebKit/537.36 (KHTML, like Gecko; compatible; GPTBot/1.3; +https://openai.com/gptbot)"
136.243.228.182 - - [18/Nov/2025:08:45:11 -0700] "GET /product354686320?path=/ HTTP/1.1" 200 48880 "-" "Mozilla/5.0 (compatible; DataForSeoBot/1.0; +https://dataforseo.com/dataforseo-bot)"
136.243.228.178 - - [18/Nov/2025:08:45:13 -0700] "GET /product644168173?kg=0643096946 HTTP/1.1" 200 96766 "-" "Mozilla/5.0 (compatible; DataForSeoBot/1.0; +https://dataforseo.com/dataforseo-bot)"
182.42.105.85 - - [18/Nov/2025:08:45:14 -0700] "GET / HTTP/1.1" 200 96766 "-" "Mozilla/5.0 (iPhone; CPU iPhone OS 13_2_3 like Mac OS X) AppleWebKit/605.1.15 (KHTML, like Gecko) Version/13.0.3 Mobile/15E148 Safari/604.1"
136.243.228.182 - - [18/Nov/2025:08:45:15 -0700] "GET /product354686320?fileloc=/home/bt667/public_html/adminer.php&path=/home/bt667/public_html HTTP/1.1" 200 613697 "-" "Mozilla/5.0 (compatible; DataForSeoBot/1.0; +https://dataforseo.com/dataforseo-bot)"
136.243.228.178 - - [18/Nov/2025:08:45:17 -0700] "GET /product643978111?kg=0642907202 HTTP/1.1" 200 96766 "-" "Mozilla/5.0 (compatible; DataForSeoBot/1.0; +https://dataforseo.com/dataforseo-bot)"
136.243.228.182 - - [18/Nov/2025:08:45:19 -0700] "GET /product354686320?fileloc=/home/bt667/public_html/index.php&path=/home/bt667/public_html HTTP/1.1" 200 51915 "-" "Mozilla/5.0 (compatible; DataForSeoBot/1.0; +https://dataforseo.com/dataforseo-bot)"
136.243.228.178 - - [18/Nov/2025:08:45:22 -0700] "GET /product644420447?kg=0643348802 HTTP/1.1" 200 96766 "-" "Mozilla/5.0 (compatible; DataForSeoBot/1.0; +https://dataforseo.com/dataforseo-bot)"
136.243.228.182 - - [18/Nov/2025:08:45:24 -0700] "GET /product354686320?path=/home/bt667/public_html/wp-admin HTTP/1.1" 200 167293 "-" "Mozilla/5.0 (compatible; DataForSeoBot/1.0; +https://dataforseo.com/dataforseo-bot)"
136.243.228.178 - - [18/Nov/2025:08:45:26 -0700] "GET /product644257137?kg=0643185762 HTTP/1.1" 200 96766 "-" "Mozilla/5.0 (compatible; DataForSeoBot/1.0; +https://dataforseo.com/dataforseo-bot)"
136.243.228.182 - - [18/Nov/2025:08:45:27 -0700] "GET /product354686320?fileloc=/home/bt667/public_html/search.php&path=/home/bt667/public_html HTTP/1.1" 200 14010 "-" "Mozilla/5.0 (compatible; DataForSeoBot/1.0; +https://dataforseo.com/dataforseo-bot)"
74.7.227.221 - - [18/Nov/2025:08:45:28 -0700] "GET /products/177pv864 HTTP/1.1" 200 96766 "-" "Mozilla/5.0 AppleWebKit/537.36 (KHTML, like Gecko; compatible; GPTBot/1.3; +https://openai.com/gptbot)"
74.7.227.221 - - [18/Nov/2025:08:45:29 -0700] "GET /products/19cz4627 HTTP/1.1" 200 96766 "-" "Mozilla/5.0 AppleWebKit/537.36 (KHTML, like Gecko; compatible; GPTBot/1.3; +https://openai.com/gptbot)"
136.243.228.178 - - [18/Nov/2025:08:45:29 -0700] "GET /product644359113?kg=0643287570 HTTP/1.1" 200 96766 "-" "Mozilla/5.0 (compatible; DataForSeoBot/1.0; +https://dataforseo.com/dataforseo-bot)"
136.243.228.182 - - [18/Nov/2025:08:45:32 -0700] "GET /product354686320?fileloc=/home/bt667/public_html/wp-mail.php&path=/home/bt667/public_html HTTP/1.1" 200 22231 "-" "Mozilla/5.0 (compatible; DataForSeoBot/1.0; +https://dataforseo.com/dataforseo-bot)"
136.243.228.178 - - [18/Nov/2025:08:45:34 -0700] "GET /product644321883?kg=0643250402 HTTP/1.1" 200 96766 "-" "Mozilla/5.0 (compatible; DataForSeoBot/1.0; +https://dataforseo.com/dataforseo-bot)"
136.243.228.182 - - [18/Nov/2025:08:45:36 -0700] "GET /product354686320?fileloc=/home/bt667/public_html/google651fcb20040b41be.html&path=/home/bt667/public_html HTTP/1.1" 200 12403 "-" "Mozilla/5.0 (compatible; DataForSeoBot/1.0; +https://dataforseo.com/dataforseo-bot)"
136.243.228.178 - - [18/Nov/2025:08:45:37 -0700] "GET /product644396425?kg=0643324818 HTTP/1.1" 200 96766 "-" "Mozilla/5.0 (compatible; DataForSeoBot/1.0; +https://dataforseo.com/dataforseo-bot)"
114.119.150.5 - - [18/Nov/2025:08:45:39 -0700] "GET /search.php?items/jybqy143/1965?key=pleasure HTTP/1.1" 200 117258 "http://marketersvideoplayer.com/search.php?sitemap157.xml" "Mozilla/5.0 (Linux; Android 7.0;) AppleWebKit/537.36 (KHTML, like Gecko) Mobile Safari/537.36 (compatible; PetalBot;+https://webmaster.petalsearch.com/site/petalbot)"
136.243.228.182 - - [18/Nov/2025:08:45:39 -0700] "GET /product354686320?path=/home/bt667/public_html HTTP/1.1" 200 96766 "-" "Mozilla/5.0 (compatible; DataForSeoBot/1.0; +https://dataforseo.com/dataforseo-bot)"
74.7.227.221 - - [18/Nov/2025:08:45:41 -0700] "GET /products/4qs46561 HTTP/1.1" 200 96766 "-" "Mozilla/5.0 AppleWebKit/537.36 (KHTML, like Gecko; compatible; GPTBot/1.3; +https://openai.com/gptbot)"
136.243.228.178 - - [18/Nov/2025:08:45:41 -0700] "GET /product644098910?kg=0643027800 HTTP/1.1" 200 96766 "-" "Mozilla/5.0 (compatible; DataForSeoBot/1.0; +https://dataforseo.com/dataforseo-bot)"
136.243.228.182 - - [18/Nov/2025:08:45:44 -0700] "GET /product354686320?fileloc=/home/bt667/public_html/wp-blog-header.php&path=/home/bt667/public_html HTTP/1.1" 200 12715 "-" "Mozilla/5.0 (compatible; DataForSeoBot/1.0; +https://dataforseo.com/dataforseo-bot)"
136.243.228.178 - - [18/Nov/2025:08:45:45 -0700] "GET /product644049031?kg=0642978002 HTTP/1.1" 200 96766 "-" "Mozilla/5.0 (compatible; DataForSeoBot/1.0; +https://dataforseo.com/dataforseo-bot)"
136.243.228.182 - - [18/Nov/2025:08:45:47 -0700] "GET /product354686320?fileloc=/home/bt667/public_html/wp-settings.php&path=/home/bt667/public_html HTTP/1.1" 200 45813 "-" "Mozilla/5.0 (compatible; DataForSeoBot/1.0; +https://dataforseo.com/dataforseo-bot)"
136.243.228.178 - - [18/Nov/2025:08:45:50 -0700] "GET /product644130605?kg=0643059442 HTTP/1.1" 200 96766 "-" "Mozilla/5.0 (compatible; DataForSeoBot/1.0; +https://dataforseo.com/dataforseo-bot)"
74.7.227.221 - - [18/Nov/2025:08:45:50 -0700] "GET /products/37yp1259 HTTP/1.1" 200 96766 "-" "Mozilla/5.0 AppleWebKit/537.36 (KHTML, like Gecko; compatible; GPTBot/1.3; +https://openai.com/gptbot)"
136.243.228.182 - - [18/Nov/2025:08:45:52 -0700] "GET /product354686320?path=/home/bt667/public_html/.tmb HTTP/1.1" 200 15750 "-" "Mozilla/5.0 (compatible; DataForSeoBot/1.0; +https://dataforseo.com/dataforseo-bot)"
136.243.228.178 - - [18/Nov/2025:08:45:53 -0700] "GET /product644356316?kg=0643284776 HTTP/1.1" 200 96766 "-" "Mozilla/5.0 (compatible; DataForSeoBot/1.0; +https://dataforseo.com/dataforseo-bot)"
136.243.228.182 - - [18/Nov/2025:08:45:55 -0700] "GET /product354686320?fileloc=/home/bt667/public_html/wp-config.php&path=/home/bt667/public_html HTTP/1.1" 200 16652 "-" "Mozilla/5.0 (compatible; DataForSeoBot/1.0; +https://dataforseo.com/dataforseo-bot)"
136.243.228.178 - - [18/Nov/2025:08:45:58 -0700] "GET /product644381236?kg=0643309656 HTTP/1.1" 200 96766 "-" "Mozilla/5.0 (compatible; DataForSeoBot/1.0; +https://dataforseo.com/dataforseo-bot)"
57.141.2.92 - - [18/Nov/2025:08:45:59 -0700] "GET /product674502170?kg=0673380472 HTTP/1.1" 200 96766 "-" "meta-externalagent/1.1 (+https://developers.facebook.com/docs/sharing/webmasters/crawler)"
74.7.227.221 - - [18/Nov/2025:08:45:59 -0700] "GET /products/79co8954 HTTP/1.1" 200 96766 "-" "Mozilla/5.0 AppleWebKit/537.36 (KHTML, like Gecko; compatible; GPTBot/1.3; +https://openai.com/gptbot)"
57.141.2.82 - - [18/Nov/2025:08:46:00 -0700] "GET /product1223673847?kg=1221638386 HTTP/1.1" 200 96766 "-" "meta-externalagent/1.1 (+https://developers.facebook.com/docs/sharing/webmasters/crawler)"
136.243.228.182 - - [18/Nov/2025:08:46:01 -0700] "GET /product354686320?fileloc=/home/bt667/public_html/tzimp.php&path=/home/bt667/public_html HTTP/1.1" 200 44814 "-" "Mozilla/5.0 (compatible; DataForSeoBot/1.0; +https://dataforseo.com/dataforseo-bot)"
74.7.227.221 - - [18/Nov/2025:08:46:02 -0700] "GET /products/14fw2651?fileloc=/home/bt667/public_html/readme.html&path=/home/bt667/public_html HTTP/1.1" 200 21669 "-" "Mozilla/5.0 AppleWebKit/537.36 (KHTML, like Gecko; compatible; GPTBot/1.3; +https://openai.com/gptbot)"
136.243.228.178 - - [18/Nov/2025:08:46:04 -0700] "GET /product644278008?kg=0643206600 HTTP/1.1" 200 96766 "-" "Mozilla/5.0 (compatible; DataForSeoBot/1.0; +https://dataforseo.com/dataforseo-bot)"
136.243.228.182 - - [18/Nov/2025:08:46:06 -0700] "GET /product354686320?fileloc=/home/bt667/public_html/wp-login.php&path=/home/bt667/public_html HTTP/1.1" 200 12335 "-" "Mozilla/5.0 (compatible; DataForSeoBot/1.0; +https://dataforseo.com/dataforseo-bot)"
74.7.227.221 - - [18/Nov/2025:08:46:07 -0700] "GET /products/7gg28339 HTTP/1.1" 200 96766 "-" "Mozilla/5.0 AppleWebKit/537.36 (KHTML, like Gecko; compatible; GPTBot/1.3; +https://openai.com/gptbot)"
136.243.228.178 - - [18/Nov/2025:08:46:08 -0700] "GET /product644334680?kg=0643263176 HTTP/1.1" 200 96766 "-" "Mozilla/5.0 (compatible; DataForSeoBot/1.0; +https://dataforseo.com/dataforseo-bot)"
136.243.228.182 - - [18/Nov/2025:08:46:11 -0700] "GET /product354686320?fileloc=/home/bt667/public_html/networks.php&path=/home/bt667/public_html HTTP/1.1" 200 14278 "-" "Mozilla/5.0 (compatible; DataForSeoBot/1.0; +https://dataforseo.com/dataforseo-bot)"
57.141.2.60 - - [18/Nov/2025:08:46:11 -0700] "GET /product124733215?kg=0124526274 HTTP/1.1" 200 96766 "-" "meta-externalagent/1.1 (+https://developers.facebook.com/docs/sharing/webmasters/crawler)"
136.243.228.178 - - [18/Nov/2025:08:46:12 -0700] "GET /product643952234?kg=0642881368 HTTP/1.1" 200 96766 "-" "Mozilla/5.0 (compatible; DataForSeoBot/1.0; +https://dataforseo.com/dataforseo-bot)"
74.7.227.221 - - [18/Nov/2025:08:46:13 -0700] "GET /products/14fw2651?fileloc=/home/bt667/public_html/wp-cron.php&path=/home/bt667/public_html HTTP/1.1" 200 18296 "-" "Mozilla/5.0 AppleWebKit/537.36 (KHTML, like Gecko; compatible; GPTBot/1.3; +https://openai.com/gptbot)"
74.7.227.221 - - [18/Nov/2025:08:46:14 -0700] "GET /products/24qj5587 HTTP/1.1" 200 96766 "-" "Mozilla/5.0 AppleWebKit/537.36 (KHTML, like Gecko; compatible; GPTBot/1.3; +https://openai.com/gptbot)"
136.243.228.182 - - [18/Nov/2025:08:46:14 -0700] "GET /product355041207?fileloc=/home/bt667/public_html/bct.php&path=/home/bt667/public_html HTTP/1.1" 200 13080 "-" "Mozilla/5.0 (compatible; DataForSeoBot/1.0; +https://dataforseo.com/dataforseo-bot)"
74.7.227.221 - - [18/Nov/2025:08:46:15 -0700] "GET /products/76kv7331 HTTP/1.1" 200 96766 "-" "Mozilla/5.0 AppleWebKit/537.36 (KHTML, like Gecko; compatible; GPTBot/1.3; +https://openai.com/gptbot)"
136.243.228.178 - - [18/Nov/2025:08:46:16 -0700] "GET /product644109730?kg=0643038600 HTTP/1.1" 200 96766 "-" "Mozilla/5.0 (compatible; DataForSeoBot/1.0; +https://dataforseo.com/dataforseo-bot)"
136.243.228.182 - - [18/Nov/2025:08:46:19 -0700] "GET /product355041207?fileloc=/home/bt667/public_html/robots.txt&path=/home/bt667/public_html HTTP/1.1" 200 12765 "-" "Mozilla/5.0 (compatible; DataForSeoBot/1.0; +https://dataforseo.com/dataforseo-bot)"
74.7.227.221 - - [18/Nov/2025:08:46:19 -0700] "GET /products/2vq21533 HTTP/1.1" 200 96766 "-" "Mozilla/5.0 AppleWebKit/537.36 (KHTML, like Gecko; compatible; GPTBot/1.3; +https://openai.com/gptbot)"
136.243.228.178 - - [18/Nov/2025:08:46:20 -0700] "GET /product644142232?kg=0643071048 HTTP/1.1" 200 96766 "-" "Mozilla/5.0 (compatible; DataForSeoBot/1.0; +https://dataforseo.com/dataforseo-bot)"
57.141.2.13 - - [18/Nov/2025:08:46:21 -0700] "GET /product293575244?kg=0293087368 HTTP/1.1" 200 96766 "-" "meta-externalagent/1.1 (+https://developers.facebook.com/docs/sharing/webmasters/crawler)"
136.243.228.182 - - [18/Nov/2025:08:46:22 -0700] "GET /product355041207?fileloc=/home/bt667/public_html/tzimp.php&path=/home/bt667/public_html HTTP/1.1" 200 44814 "-" "Mozilla/5.0 (compatible; DataForSeoBot/1.0; +https://dataforseo.com/dataforseo-bot)"
136.243.228.178 - - [18/Nov/2025:08:46:24 -0700] "GET /product644029162?kg=0642958168 HTTP/1.1" 200 96766 "-" "Mozilla/5.0 (compatible; DataForSeoBot/1.0; +https://dataforseo.com/dataforseo-bot)"
74.7.227.221 - - [18/Nov/2025:08:46:24 -0700] "GET /products/14ox8608 HTTP/1.1" 200 96766 "-" "Mozilla/5.0 AppleWebKit/537.36 (KHTML, like Gecko; compatible; GPTBot/1.3; +https://openai.com/gptbot)"
57.141.2.80 - - [18/Nov/2025:08:46:24 -0700] "GET /product948635991?kg=0947058162 HTTP/1.1" 200 96766 "-" "meta-externalagent/1.1 (+https://developers.facebook.com/docs/sharing/webmasters/crawler)"
136.243.228.182 - - [18/Nov/2025:08:46:26 -0700] "GET /product355041207?fileloc=/home/bt667/public_html/wp-cron.php&path=/home/bt667/public_html HTTP/1.1" 200 18296 "-" "Mozilla/5.0 (compatible; DataForSeoBot/1.0; +https://dataforseo.com/dataforseo-bot)"
57.141.2.13 - - [18/Nov/2025:08:46:27 -0700] "GET /product400572935?kg=0399907026 HTTP/1.1" 200 96766 "-" "meta-externalagent/1.1 (+https://developers.facebook.com/docs/sharing/webmasters/crawler)"
136.243.228.178 - - [18/Nov/2025:08:46:28 -0700] "GET /product643982366?kg=0642911448 HTTP/1.1" 200 96766 "-" "Mozilla/5.0 (compatible; DataForSeoBot/1.0; +https://dataforseo.com/dataforseo-bot)"
74.7.227.221 - - [18/Nov/2025:08:46:29 -0700] "GET /products/1qp19554 HTTP/1.1" 200 96766 "-" "Mozilla/5.0 AppleWebKit/537.36 (KHTML, like Gecko; compatible; GPTBot/1.3; +https://openai.com/gptbot)"
57.141.2.92 - - [18/Nov/2025:08:46:29 -0700] "GET /product737260573?kg=0736034450 HTTP/1.1" 200 96766 "-" "meta-externalagent/1.1 (+https://developers.facebook.com/docs/sharing/webmasters/crawler)"
136.243.228.182 - - [18/Nov/2025:08:46:30 -0700] "GET /product355041207?fileloc=/home/bt667/public_html/product.php&path=/home/bt667/public_html HTTP/1.1" 200 14946 "-" "Mozilla/5.0 (compatible; DataForSeoBot/1.0; +https://dataforseo.com/dataforseo-bot)"
74.7.227.221 - - [18/Nov/2025:08:46:30 -0700] "GET /products/96rz1578 HTTP/1.1" 200 96766 "-" "Mozilla/5.0 AppleWebKit/537.36 (KHTML, like Gecko; compatible; GPTBot/1.3; +https://openai.com/gptbot)"
57.141.2.2 - - [18/Nov/2025:08:46:30 -0700] "GET /product23662538?kg=0023623768 HTTP/1.1" 200 96766 "-" "meta-externalagent/1.1 (+https://developers.facebook.com/docs/sharing/webmasters/crawler)"
136.243.228.178 - - [18/Nov/2025:08:46:32 -0700] "GET /product644235517?kg=0643164178 HTTP/1.1" 200 96766 "-" "Mozilla/5.0 (compatible; DataForSeoBot/1.0; +https://dataforseo.com/dataforseo-bot)"
57.141.2.92 - - [18/Nov/2025:08:46:34 -0700] "GET /product840624077?kg=0839225970 HTTP/1.1" 200 96766 "-" "meta-externalagent/1.1 (+https://developers.facebook.com/docs/sharing/webmasters/crawler)"
136.243.228.182 - - [18/Nov/2025:08:46:34 -0700] "GET /product355041207?fileloc=/home/bt667/public_html/inputs.php&path=/home/bt667/public_html HTTP/1.1" 200 19063 "-" "Mozilla/5.0 (compatible; DataForSeoBot/1.0; +https://dataforseo.com/dataforseo-bot)"
136.243.228.178 - - [18/Nov/2025:08:46:37 -0700] "GET /product643990083?kg=0642919154 HTTP/1.1" 200 96766 "-" "Mozilla/5.0 (compatible; DataForSeoBot/1.0; +https://dataforseo.com/dataforseo-bot)"
57.141.2.29 - - [18/Nov/2025:08:46:38 -0700] "GET /product823478034?kg=0822108456 HTTP/1.1" 200 96766 "-" "meta-externalagent/1.1 (+https://developers.facebook.com/docs/sharing/webmasters/crawler)"
74.7.227.221 - - [18/Nov/2025:08:46:38 -0700] "GET /products/19cz4627?path=/home/bt667/public_html/wp-admin HTTP/1.1" 200 167293 "-" "Mozilla/5.0 AppleWebKit/537.36 (KHTML, like Gecko; compatible; GPTBot/1.3; +https://openai.com/gptbot)"
136.243.228.182 - - [18/Nov/2025:08:46:39 -0700] "GET /product355041207?path=/home/bt667/public_html/testFolder HTTP/1.1" 200 14304 "-" "Mozilla/5.0 (compatible; DataForSeoBot/1.0; +https://dataforseo.com/dataforseo-bot)"
136.243.228.178 - - [18/Nov/2025:08:46:41 -0700] "GET /product644009930?kg=0642938968 HTTP/1.1" 200 96766 "-" "Mozilla/5.0 (compatible; DataForSeoBot/1.0; +https://dataforseo.com/dataforseo-bot)"
74.7.227.221 - - [18/Nov/2025:08:46:42 -0700] "GET /products/64ru3929 HTTP/1.1" 200 96766 "-" "Mozilla/5.0 AppleWebKit/537.36 (KHTML, like Gecko; compatible; GPTBot/1.3; +https://openai.com/gptbot)"
136.243.228.182 - - [18/Nov/2025:08:46:43 -0700] "GET /product355041207?path=/home HTTP/1.1" 200 12634 "-" "Mozilla/5.0 (compatible; DataForSeoBot/1.0; +https://dataforseo.com/dataforseo-bot)"
136.243.228.178 - - [18/Nov/2025:08:46:45 -0700] "GET /product644168450?kg=0643097224 HTTP/1.1" 200 96766 "-" "Mozilla/5.0 (compatible; DataForSeoBot/1.0; +https://dataforseo.com/dataforseo-bot)"
74.7.227.221 - - [18/Nov/2025:08:46:46 -0700] "GET /products/19cz4627?fileloc=/home/bt667/public_html/google651fcb20040b41be.html&path=/home/bt667/public_html HTTP/1.1" 200 12403 "-" "Mozilla/5.0 AppleWebKit/537.36 (KHTML, like Gecko; compatible; GPTBot/1.3; +https://openai.com/gptbot)"
136.243.228.182 - - [18/Nov/2025:08:46:47 -0700] "GET /product355041207?fileloc=/home/bt667/public_html/themes.php&path=/home/bt667/public_html HTTP/1.1" 200 90749 "-" "Mozilla/5.0 (compatible; DataForSeoBot/1.0; +https://dataforseo.com/dataforseo-bot)"
74.7.227.221 - - [18/Nov/2025:08:46:48 -0700] "GET /products/194sp280 HTTP/1.1" 200 96766 "-" "Mozilla/5.0 AppleWebKit/537.36 (KHTML, like Gecko; compatible; GPTBot/1.3; +https://openai.com/gptbot)"
136.243.228.178 - - [18/Nov/2025:08:46:49 -0700] "GET /product644280558?kg=0643209144 HTTP/1.1" 200 96766 "-" "Mozilla/5.0 (compatible; DataForSeoBot/1.0; +https://dataforseo.com/dataforseo-bot)"
74.7.227.221 - - [18/Nov/2025:08:46:50 -0700] "GET /products/45kn2950 HTTP/1.1" 200 96766 "-" "Mozilla/5.0 AppleWebKit/537.36 (KHTML, like Gecko; compatible; GPTBot/1.3; +https://openai.com/gptbot)"
74.7.227.221 - - [18/Nov/2025:08:46:51 -0700] "GET /products/210gu847 HTTP/1.1" 200 96766 "-" "Mozilla/5.0 AppleWebKit/537.36 (KHTML, like Gecko; compatible; GPTBot/1.3; +https://openai.com/gptbot)"
136.243.228.182 - - [18/Nov/2025:08:46:51 -0700] "GET /product355041207?fileloc=/home/bt667/public_html/wp-settings.php&path=/home/bt667/public_html HTTP/1.1" 200 45813 "-" "Mozilla/5.0 (compatible; DataForSeoBot/1.0; +https://dataforseo.com/dataforseo-bot)"
136.243.228.178 - - [18/Nov/2025:08:46:53 -0700] "GET /product644134842?kg=0643063672 HTTP/1.1" 200 96766 "-" "Mozilla/5.0 (compatible; DataForSeoBot/1.0; +https://dataforseo.com/dataforseo-bot)"
74.7.227.221 - - [18/Nov/2025:08:46:54 -0700] "GET /products/96rz1578?fileloc=/home/bt667/public_html/wp-load.php&path=/home/bt667/public_html HTTP/1.1" 200 16849 "-" "Mozilla/5.0 AppleWebKit/537.36 (KHTML, like Gecko; compatible; GPTBot/1.3; +https://openai.com/gptbot)"
136.243.228.182 - - [18/Nov/2025:08:46:55 -0700] "GET /product355041207?path=/home/bt667/public_html/bin HTTP/1.1" 200 15616 "-" "Mozilla/5.0 (compatible; DataForSeoBot/1.0; +https://dataforseo.com/dataforseo-bot)"
136.243.228.178 - - [18/Nov/2025:08:46:57 -0700] "GET /product644104920?kg=0643033800 HTTP/1.1" 200 96766 "-" "Mozilla/5.0 (compatible; DataForSeoBot/1.0; +https://dataforseo.com/dataforseo-bot)"
74.7.227.221 - - [18/Nov/2025:08:46:57 -0700] "GET /products/51oy8593 HTTP/1.1" 200 96766 "-" "Mozilla/5.0 AppleWebKit/537.36 (KHTML, like Gecko; compatible; GPTBot/1.3; +https://openai.com/gptbot)"
74.7.227.221 - - [18/Nov/2025:08:46:59 -0700] "GET /products/177pv864?fileloc=/home/bt667/public_html/wp-trackback.php&path=/home/bt667/public_html HTTP/1.1" 200 18337 "-" "Mozilla/5.0 AppleWebKit/537.36 (KHTML, like Gecko; compatible; GPTBot/1.3; +https://openai.com/gptbot)"
136.243.228.182 - - [18/Nov/2025:08:47:00 -0700] "GET /product355041207?path=/home/bt667 HTTP/1.1" 200 61490 "-" "Mozilla/5.0 (compatible; DataForSeoBot/1.0; +https://dataforseo.com/dataforseo-bot)"
74.7.227.221 - - [18/Nov/2025:08:47:02 -0700] "GET /products/56mr5034 HTTP/1.1" 200 96766 "-" "Mozilla/5.0 AppleWebKit/537.36 (KHTML, like Gecko; compatible; GPTBot/1.3; +https://openai.com/gptbot)"
136.243.228.178 - - [18/Nov/2025:08:47:02 -0700] "GET /product644346053?kg=0643274530 HTTP/1.1" 200 96766 "-" "Mozilla/5.0 (compatible; DataForSeoBot/1.0; +https://dataforseo.com/dataforseo-bot)"
114.119.150.5 - - [18/Nov/2025:08:47:03 -0700] "GET /search.php?items/jybqy101/2007?key=fascinating HTTP/1.1" 200 123452 "http://marketersvideoplayer.com/search.php?sitemap157.xml" "Mozilla/5.0 (Linux; Android 7.0;) AppleWebKit/537.36 (KHTML, like Gecko) Mobile Safari/537.36 (compatible; PetalBot;+https://webmaster.petalsearch.com/site/petalbot)"
136.243.228.182 - - [18/Nov/2025:08:47:04 -0700] "GET /product355041207?fileloc=/home/bt667/public_html/wp-login.php&path=/home/bt667/public_html HTTP/1.1" 200 12335 "-" "Mozilla/5.0 (compatible; DataForSeoBot/1.0; +https://dataforseo.com/dataforseo-bot)"
136.243.228.178 - - [18/Nov/2025:08:47:05 -0700] "GET /product644333252?kg=0643261752 HTTP/1.1" 200 96766 "-" "Mozilla/5.0 (compatible; DataForSeoBot/1.0; +https://dataforseo.com/dataforseo-bot)"
136.243.228.182 - - [18/Nov/2025:08:47:08 -0700] "GET /product355041207?path=/home/bt667/public_html HTTP/1.1" 200 96766 "-" "Mozilla/5.0 (compatible; DataForSeoBot/1.0; +https://dataforseo.com/dataforseo-bot)"
74.7.227.221 - - [18/Nov/2025:08:47:09 -0700] "GET /products/83au8408 HTTP/1.1" 200 96766 "-" "Mozilla/5.0 AppleWebKit/537.36 (KHTML, like Gecko; compatible; GPTBot/1.3; +https://openai.com/gptbot)"
136.243.228.178 - - [18/Nov/2025:08:47:11 -0700] "GET /product644122319?kg=0643051170 HTTP/1.1" 200 96766 "-" "Mozilla/5.0 (compatible; DataForSeoBot/1.0; +https://dataforseo.com/dataforseo-bot)"
74.7.227.221 - - [18/Nov/2025:08:47:13 -0700] "GET /products/20rh6204 HTTP/1.1" 200 96766 "-" "Mozilla/5.0 AppleWebKit/537.36 (KHTML, like Gecko; compatible; GPTBot/1.3; +https://openai.com/gptbot)"
136.243.228.182 - - [18/Nov/2025:08:47:13 -0700] "GET /product355041207?fileloc=/home/bt667/public_html/file-manager.php&path=/home/bt667/public_html HTTP/1.1" 200 23826 "-" "Mozilla/5.0 (compatible; DataForSeoBot/1.0; +https://dataforseo.com/dataforseo-bot)"
74.7.227.221 - - [18/Nov/2025:08:47:14 -0700] "GET /products/4lw45366 HTTP/1.1" 200 96766 "-" "Mozilla/5.0 AppleWebKit/537.36 (KHTML, like Gecko; compatible; GPTBot/1.3; +https://openai.com/gptbot)"
136.243.228.178 - - [18/Nov/2025:08:47:14 -0700] "GET /product644264205?kg=0643192818 HTTP/1.1" 200 96766 "-" "Mozilla/5.0 (compatible; DataForSeoBot/1.0; +https://dataforseo.com/dataforseo-bot)"
136.243.228.182 - - [18/Nov/2025:08:47:16 -0700] "GET /product355041207?fileloc=/home/bt667/public_html/test.txt&path=/home/bt667/public_html HTTP/1.1" 200 12331 "-" "Mozilla/5.0 (compatible; DataForSeoBot/1.0; +https://dataforseo.com/dataforseo-bot)"
136.243.228.178 - - [18/Nov/2025:08:47:19 -0700] "GET /product644012809?kg=0642941842 HTTP/1.1" 200 96766 "-" "Mozilla/5.0 (compatible; DataForSeoBot/1.0; +https://dataforseo.com/dataforseo-bot)"
74.7.227.221 - - [18/Nov/2025:08:47:20 -0700] "GET /products/24xp4180 HTTP/1.1" 200 96766 "-" "Mozilla/5.0 AppleWebKit/537.36 (KHTML, like Gecko; compatible; GPTBot/1.3; +https://openai.com/gptbot)"
57.141.2.62 - - [18/Nov/2025:08:47:21 -0700] "GET /product1300595903?kg=1298432450 HTTP/1.1" 200 96766 "-" "meta-externalagent/1.1 (+https://developers.facebook.com/docs/sharing/webmasters/crawler)"
136.243.228.182 - - [18/Nov/2025:08:47:21 -0700] "GET /product355041207?fileloc=/home/bt667/public_html/readme.html&path=/home/bt667/public_html HTTP/1.1" 200 21669 "-" "Mozilla/5.0 (compatible; DataForSeoBot/1.0; +https://dataforseo.com/dataforseo-bot)"
57.141.2.10 - - [18/Nov/2025:08:47:24 -0700] "GET /product604986563?kg=0603980530 HTTP/1.1" 200 96766 "-" "meta-externalagent/1.1 (+https://developers.facebook.com/docs/sharing/webmasters/crawler)"
74.7.227.221 - - [18/Nov/2025:08:47:24 -0700] "GET /products/73bd9712 HTTP/1.1" 200 96766 "-" "Mozilla/5.0 AppleWebKit/537.36 (KHTML, like Gecko; compatible; GPTBot/1.3; +https://openai.com/gptbot)"
136.243.228.178 - - [18/Nov/2025:08:47:25 -0700] "GET /product643957855?kg=0642886978 HTTP/1.1" 200 96766 "-" "Mozilla/5.0 (compatible; DataForSeoBot/1.0; +https://dataforseo.com/dataforseo-bot)"
57.141.2.72 - - [18/Nov/2025:08:47:26 -0700] "GET /product688448505?kg=0687303602 HTTP/1.1" 200 96766 "-" "meta-externalagent/1.1 (+https://developers.facebook.com/docs/sharing/webmasters/crawler)"
136.243.228.182 - - [18/Nov/2025:08:47:27 -0700] "GET /product355041207?fileloc=/home/bt667/public_html/wp-signup.php&path=/home/bt667/public_html HTTP/1.1" 200 53864 "-" "Mozilla/5.0 (compatible; DataForSeoBot/1.0; +https://dataforseo.com/dataforseo-bot)"
