57.141.2.71 - - [18/Nov/2025:07:52:52 -0700] "GET /product831005755?kg=0829623650 HTTP/1.1" 200 96766 "-" "meta-externalagent/1.1 (+https://developers.facebook.com/docs/sharing/webmasters/crawler)"
57.141.2.69 - - [18/Nov/2025:07:52:51 -0700] "GET /product815886933?kg=0814529986 HTTP/1.1" 200 96766 "-" "meta-externalagent/1.1 (+https://developers.facebook.com/docs/sharing/webmasters/crawler)"
57.141.2.92 - - [18/Nov/2025:07:52:53 -0700] "GET /product694674086?kg=0693518824 HTTP/1.1" 200 96766 "-" "meta-externalagent/1.1 (+https://developers.facebook.com/docs/sharing/webmasters/crawler)"
57.141.2.27 - - [18/Nov/2025:07:52:53 -0700] "GET /product67446073?kg=0067334450 HTTP/1.1" 200 96766 "-" "meta-externalagent/1.1 (+https://developers.facebook.com/docs/sharing/webmasters/crawler)"
57.141.2.89 - - [18/Nov/2025:07:52:53 -0700] "GET /product789594403?kg=0788281202 HTTP/1.1" 200 96766 "-" "meta-externalagent/1.1 (+https://developers.facebook.com/docs/sharing/webmasters/crawler)"
74.7.227.221 - - [18/Nov/2025:07:52:54 -0700] "GET /products/3ww44566 HTTP/1.1" 200 96766 "-" "Mozilla/5.0 AppleWebKit/537.36 (KHTML, like Gecko; compatible; GPTBot/1.3; +https://openai.com/gptbot)"
57.141.2.18 - - [18/Nov/2025:07:52:54 -0700] "GET /product1085675214?kg=1083869368 HTTP/1.1" 200 96766 "-" "meta-externalagent/1.1 (+https://developers.facebook.com/docs/sharing/webmasters/crawler)"
57.141.2.97 - - [18/Nov/2025:07:52:55 -0700] "GET /product1131264153?kg=1129382450 HTTP/1.1" 200 96766 "-" "meta-externalagent/1.1 (+https://developers.facebook.com/docs/sharing/webmasters/crawler)"
57.141.2.69 - - [18/Nov/2025:07:52:55 -0700] "GET /product1020574279?kg=1018876754 HTTP/1.1" 200 96766 "-" "meta-externalagent/1.1 (+https://developers.facebook.com/docs/sharing/webmasters/crawler)"
57.141.2.83 - - [18/Nov/2025:07:52:56 -0700] "GET /product371481754?kg=0370864248 HTTP/1.1" 200 96766 "-" "meta-externalagent/1.1 (+https://developers.facebook.com/docs/sharing/webmasters/crawler)"
74.7.227.221 - - [18/Nov/2025:07:52:56 -0700] "GET /products/20lt4778 HTTP/1.1" 200 96766 "-" "Mozilla/5.0 AppleWebKit/537.36 (KHTML, like Gecko; compatible; GPTBot/1.3; +https://openai.com/gptbot)"
57.141.2.93 - - [18/Nov/2025:07:52:57 -0700] "GET /product1362326364?kg=1360060200 HTTP/1.1" 200 96766 "-" "meta-externalagent/1.1 (+https://developers.facebook.com/docs/sharing/webmasters/crawler)"
57.141.2.16 - - [18/Nov/2025:07:52:57 -0700] "GET /product293472930?kg=0292985224 HTTP/1.1" 200 96766 "-" "meta-externalagent/1.1 (+https://developers.facebook.com/docs/sharing/webmasters/crawler)"
57.141.2.13 - - [18/Nov/2025:07:52:58 -0700] "GET /product1336555630?kg=1334332344 HTTP/1.1" 200 96766 "-" "meta-externalagent/1.1 (+https://developers.facebook.com/docs/sharing/webmasters/crawler)"
74.7.227.221 - - [18/Nov/2025:07:52:59 -0700] "GET /products/95mt8551?path=/home/bt667/public_html/stagging HTTP/1.1" 200 59195 "-" "Mozilla/5.0 AppleWebKit/537.36 (KHTML, like Gecko; compatible; GPTBot/1.3; +https://openai.com/gptbot)"
57.141.2.86 - - [18/Nov/2025:07:52:59 -0700] "GET /product674333387?kg=0673211970 HTTP/1.1" 200 96766 "-" "meta-externalagent/1.1 (+https://developers.facebook.com/docs/sharing/webmasters/crawler)"
57.141.2.23 - - [18/Nov/2025:07:53:00 -0700] "GET /product70746096?kg=0070628984 HTTP/1.1" 200 96766 "-" "meta-externalagent/1.1 (+https://developers.facebook.com/docs/sharing/webmasters/crawler)"
57.141.2.58 - - [18/Nov/2025:07:53:00 -0700] "GET /product674563147?kg=0673441346 HTTP/1.1" 200 96766 "-" "meta-externalagent/1.1 (+https://developers.facebook.com/docs/sharing/webmasters/crawler)"
57.141.2.33 - - [18/Nov/2025:07:53:01 -0700] "GET /product940223664?kg=0938659832 HTTP/1.1" 200 96766 "-" "meta-externalagent/1.1 (+https://developers.facebook.com/docs/sharing/webmasters/crawler)"
57.141.2.12 - - [18/Nov/2025:07:53:01 -0700] "GET /product851084642?kg=0849669128 HTTP/1.1" 200 96766 "-" "meta-externalagent/1.1 (+https://developers.facebook.com/docs/sharing/webmasters/crawler)"
57.141.2.33 - - [18/Nov/2025:07:53:03 -0700] "GET /product1243253664?kg=1241185624 HTTP/1.1" 200 96766 "-" "meta-externalagent/1.1 (+https://developers.facebook.com/docs/sharing/webmasters/crawler)"
74.7.227.221 - - [18/Nov/2025:07:53:03 -0700] "GET /products/1dn28329 HTTP/1.1" 200 96766 "-" "Mozilla/5.0 AppleWebKit/537.36 (KHTML, like Gecko; compatible; GPTBot/1.3; +https://openai.com/gptbot)"
57.141.2.19 - - [18/Nov/2025:07:53:03 -0700] "GET /product1117730915?kg=1115871730 HTTP/1.1" 200 96766 "-" "meta-externalagent/1.1 (+https://developers.facebook.com/docs/sharing/webmasters/crawler)"
57.141.2.7 - - [18/Nov/2025:07:53:05 -0700] "GET /product948642422?kg=0947064584 HTTP/1.1" 200 96766 "-" "meta-externalagent/1.1 (+https://developers.facebook.com/docs/sharing/webmasters/crawler)"
57.141.2.12 - - [18/Nov/2025:07:53:07 -0700] "GET /product1128407975?kg=1126531026 HTTP/1.1" 200 96766 "-" "meta-externalagent/1.1 (+https://developers.facebook.com/docs/sharing/webmasters/crawler)"
74.7.227.221 - - [18/Nov/2025:07:53:08 -0700] "GET /products/3ww44566?path=/home/bt667/public_html/wp-content HTTP/1.1" 200 47431 "-" "Mozilla/5.0 AppleWebKit/537.36 (KHTML, like Gecko; compatible; GPTBot/1.3; +https://openai.com/gptbot)"
74.7.227.221 - - [18/Nov/2025:07:53:12 -0700] "GET /products/99bm3702 HTTP/1.1" 200 96766 "-" "Mozilla/5.0 AppleWebKit/537.36 (KHTML, like Gecko; compatible; GPTBot/1.3; +https://openai.com/gptbot)"
57.141.2.6 - - [18/Nov/2025:07:53:15 -0700] "GET /product53154714?kg=0053066872 HTTP/1.1" 200 96766 "-" "meta-externalagent/1.1 (+https://developers.facebook.com/docs/sharing/webmasters/crawler)"
74.7.227.221 - - [18/Nov/2025:07:53:17 -0700] "GET /products/20lt4778?fileloc=/home/bt667/public_html/wp-cron.php&path=/home/bt667/public_html HTTP/1.1" 200 18296 "-" "Mozilla/5.0 AppleWebKit/537.36 (KHTML, like Gecko; compatible; GPTBot/1.3; +https://openai.com/gptbot)"
57.141.2.17 - - [18/Nov/2025:07:53:17 -0700] "GET /product344177643?kg=0343605570 HTTP/1.1" 200 96766 "-" "meta-externalagent/1.1 (+https://developers.facebook.com/docs/sharing/webmasters/crawler)"
74.7.227.221 - - [18/Nov/2025:07:53:21 -0700] "GET /products/20lt4778?path=/home/bt667/public_html/wp-content HTTP/1.1" 200 47431 "-" "Mozilla/5.0 AppleWebKit/537.36 (KHTML, like Gecko; compatible; GPTBot/1.3; +https://openai.com/gptbot)"
57.141.2.91 - - [18/Nov/2025:07:53:22 -0700] "GET /product1026788048?kg=1025080184 HTTP/1.1" 200 96766 "-" "meta-externalagent/1.1 (+https://developers.facebook.com/docs/sharing/webmasters/crawler)"
57.141.2.28 - - [18/Nov/2025:07:53:23 -0700] "GET /product257464177?kg=0257036386 HTTP/1.1" 200 96766 "-" "meta-externalagent/1.1 (+https://developers.facebook.com/docs/sharing/webmasters/crawler)"
57.141.2.78 - - [18/Nov/2025:07:53:23 -0700] "GET /product386453201?kg=0385810786 HTTP/1.1" 200 96766 "-" "meta-externalagent/1.1 (+https://developers.facebook.com/docs/sharing/webmasters/crawler)"
57.141.2.57 - - [18/Nov/2025:07:53:23 -0700] "GET /product417604121?kg=0416909874 HTTP/1.1" 200 96766 "-" "meta-externalagent/1.1 (+https://developers.facebook.com/docs/sharing/webmasters/crawler)"
57.141.2.20 - - [18/Nov/2025:07:53:24 -0700] "GET /product1185049218?kg=1183078024 HTTP/1.1" 200 96766 "-" "meta-externalagent/1.1 (+https://developers.facebook.com/docs/sharing/webmasters/crawler)"
57.141.2.62 - - [18/Nov/2025:07:53:25 -0700] "GET /product154791597?kg=0154534642 HTTP/1.1" 200 96766 "-" "meta-externalagent/1.1 (+https://developers.facebook.com/docs/sharing/webmasters/crawler)"
74.7.227.221 - - [18/Nov/2025:07:53:26 -0700] "GET /products/3pa17351 HTTP/1.1" 200 96766 "-" "Mozilla/5.0 AppleWebKit/537.36 (KHTML, like Gecko; compatible; GPTBot/1.3; +https://openai.com/gptbot)"
57.141.2.49 - - [18/Nov/2025:07:53:26 -0700] "GET /product1380733776?kg=1378436984 HTTP/1.1" 200 96766 "-" "meta-externalagent/1.1 (+https://developers.facebook.com/docs/sharing/webmasters/crawler)"
57.141.2.19 - - [18/Nov/2025:07:53:26 -0700] "GET /product46702684?kg=0046625576 HTTP/1.1" 200 96766 "-" "meta-externalagent/1.1 (+https://developers.facebook.com/docs/sharing/webmasters/crawler)"
57.141.2.88 - - [18/Nov/2025:07:53:26 -0700] "GET /product1370428319?kg=1368148674 HTTP/1.1" 200 96766 "-" "meta-externalagent/1.1 (+https://developers.facebook.com/docs/sharing/webmasters/crawler)"
57.141.2.8 - - [18/Nov/2025:07:53:28 -0700] "GET /product257333321?kg=0256905746 HTTP/1.1" 200 96766 "-" "meta-externalagent/1.1 (+https://developers.facebook.com/docs/sharing/webmasters/crawler)"
57.141.2.73 - - [18/Nov/2025:07:53:28 -0700] "GET /product756239550?kg=0754981848 HTTP/1.1" 200 96766 "-" "meta-externalagent/1.1 (+https://developers.facebook.com/docs/sharing/webmasters/crawler)"
57.141.2.95 - - [18/Nov/2025:07:53:28 -0700] "GET /product932843174?kg=0931291624 HTTP/1.1" 200 96766 "-" "meta-externalagent/1.1 (+https://developers.facebook.com/docs/sharing/webmasters/crawler)"
57.141.2.68 - - [18/Nov/2025:07:53:28 -0700] "GET /product968951414?kg=0967339784 HTTP/1.1" 200 96766 "-" "meta-externalagent/1.1 (+https://developers.facebook.com/docs/sharing/webmasters/crawler)"
57.141.2.97 - - [18/Nov/2025:07:53:29 -0700] "GET /product756329051?kg=0755071202 HTTP/1.1" 200 96766 "-" "meta-externalagent/1.1 (+https://developers.facebook.com/docs/sharing/webmasters/crawler)"
57.141.2.81 - - [18/Nov/2025:07:53:30 -0700] "GET /product673409632?kg=0672289752 HTTP/1.1" 200 96766 "-" "meta-externalagent/1.1 (+https://developers.facebook.com/docs/sharing/webmasters/crawler)"
57.141.2.95 - - [18/Nov/2025:07:53:30 -0700] "GET /product541072537?kg=0540172850 HTTP/1.1" 200 96766 "-" "meta-externalagent/1.1 (+https://developers.facebook.com/docs/sharing/webmasters/crawler)"
74.7.227.221 - - [18/Nov/2025:07:53:30 -0700] "GET /products/3zh33240 HTTP/1.1" 200 96766 "-" "Mozilla/5.0 AppleWebKit/537.36 (KHTML, like Gecko; compatible; GPTBot/1.3; +https://openai.com/gptbot)"
57.141.2.73 - - [18/Nov/2025:07:53:31 -0700] "GET /product976297910?kg=0974674056 HTTP/1.1" 200 96766 "-" "meta-externalagent/1.1 (+https://developers.facebook.com/docs/sharing/webmasters/crawler)"
57.141.2.23 - - [18/Nov/2025:07:53:32 -0700] "GET /product690925064?kg=0689776040 HTTP/1.1" 200 96766 "-" "meta-externalagent/1.1 (+https://developers.facebook.com/docs/sharing/webmasters/crawler)"
57.141.2.6 - - [18/Nov/2025:07:53:32 -0700] "GET /product987476494?kg=0985834040 HTTP/1.1" 200 96766 "-" "meta-externalagent/1.1 (+https://developers.facebook.com/docs/sharing/webmasters/crawler)"
74.7.227.221 - - [18/Nov/2025:07:53:35 -0700] "GET /products/32al2231 HTTP/1.1" 200 96766 "-" "Mozilla/5.0 AppleWebKit/537.36 (KHTML, like Gecko; compatible; GPTBot/1.3; +https://openai.com/gptbot)"
199.182.234.97 - - [18/Nov/2025:07:53:40 -0700] "GET /.well-known/index.php HTTP/1.1" 200 96766 "-" "Mozilla/5.0 (Windows NT 10.0; Win64; x64) AppleWebKit/537.36 (KHTML, like Gecko) Chrome/142.0.0.0 Safari/537.36"
199.182.234.97 - - [18/Nov/2025:07:53:39 -0700] "GET /.well-known/index.php HTTP/1.1" 200 96766 "-" "Mozilla/5.0 (Windows NT 10.0; Win64; x64) AppleWebKit/537.36 (KHTML, like Gecko) Chrome/142.0.0.0 Safari/537.36"
74.7.227.221 - - [18/Nov/2025:07:53:41 -0700] "GET /products/113ep569 HTTP/1.1" 200 96766 "-" "Mozilla/5.0 AppleWebKit/537.36 (KHTML, like Gecko; compatible; GPTBot/1.3; +https://openai.com/gptbot)"
74.7.227.221 - - [18/Nov/2025:07:53:46 -0700] "GET /products/10hq2522 HTTP/1.1" 200 96766 "-" "Mozilla/5.0 AppleWebKit/537.36 (KHTML, like Gecko; compatible; GPTBot/1.3; +https://openai.com/gptbot)"
199.182.234.97 - - [18/Nov/2025:07:53:46 -0700] "GET /favicon.ico HTTP/1.1" 200 96766 "http://mail.marketersvideoplayer.com/.well-known/index.php" "Mozilla/5.0 (Windows NT 10.0; Win64; x64) AppleWebKit/537.36 (KHTML, like Gecko) Chrome/142.0.0.0 Safari/537.36"
57.141.2.94 - - [18/Nov/2025:07:53:47 -0700] "GET /product1026761167?kg=1025053346 HTTP/1.1" 200 96766 "-" "meta-externalagent/1.1 (+https://developers.facebook.com/docs/sharing/webmasters/crawler)"
57.141.2.28 - - [18/Nov/2025:07:53:50 -0700] "GET /product1204106555?kg=1202103650 HTTP/1.1" 200 96766 "-" "meta-externalagent/1.1 (+https://developers.facebook.com/docs/sharing/webmasters/crawler)"
199.182.234.97 - - [18/Nov/2025:07:53:47 -0700] "GET /favicon.ico HTTP/1.1" 200 96766 "http://marketersvideoplayer.com/.well-known/index.php" "Mozilla/5.0 (Windows NT 10.0; Win64; x64) AppleWebKit/537.36 (KHTML, like Gecko) Chrome/142.0.0.0 Safari/537.36"
57.141.2.62 - - [18/Nov/2025:07:53:50 -0700] "GET /product1455781914?kg=1453360248 HTTP/1.1" 200 96766 "-" "meta-externalagent/1.1 (+https://developers.facebook.com/docs/sharing/webmasters/crawler)"
57.141.2.57 - - [18/Nov/2025:07:53:51 -0700] "GET /product230856755?kg=0230473234 HTTP/1.1" 200 96766 "-" "meta-externalagent/1.1 (+https://developers.facebook.com/docs/sharing/webmasters/crawler)"
57.141.2.81 - - [18/Nov/2025:07:53:51 -0700] "GET /product812624136?kg=0811272616 HTTP/1.1" 200 96766 "-" "meta-externalagent/1.1 (+https://developers.facebook.com/docs/sharing/webmasters/crawler)"
57.141.2.28 - - [18/Nov/2025:07:53:51 -0700] "GET /product827017892?kg=0825642424 HTTP/1.1" 200 96766 "-" "meta-externalagent/1.1 (+https://developers.facebook.com/docs/sharing/webmasters/crawler)"
57.141.2.26 - - [18/Nov/2025:07:53:49 -0700] "GET /product968951414?kg=0967339784 HTTP/1.1" 200 96766 "-" "meta-externalagent/1.1 (+https://developers.facebook.com/docs/sharing/webmasters/crawler)"
57.141.2.11 - - [18/Nov/2025:07:53:52 -0700] "GET /product721573692?kg=0720373672 HTTP/1.1" 200 96766 "-" "meta-externalagent/1.1 (+https://developers.facebook.com/docs/sharing/webmasters/crawler)"
74.7.227.221 - - [18/Nov/2025:07:53:53 -0700] "GET /products/4zq42327 HTTP/1.1" 200 96766 "-" "Mozilla/5.0 AppleWebKit/537.36 (KHTML, like Gecko; compatible; GPTBot/1.3; +https://openai.com/gptbot)"
57.141.2.90 - - [18/Nov/2025:07:53:54 -0700] "GET /product830804402?kg=0829422632 HTTP/1.1" 200 96766 "-" "meta-externalagent/1.1 (+https://developers.facebook.com/docs/sharing/webmasters/crawler)"
57.141.2.15 - - [18/Nov/2025:07:53:53 -0700] "GET /product620700828?kg=0619668648 HTTP/1.1" 200 96766 "-" "meta-externalagent/1.1 (+https://developers.facebook.com/docs/sharing/webmasters/crawler)"
57.141.2.58 - - [18/Nov/2025:07:53:54 -0700] "GET /product805798419?kg=0804458258 HTTP/1.1" 200 96766 "-" "meta-externalagent/1.1 (+https://developers.facebook.com/docs/sharing/webmasters/crawler)"
57.141.2.91 - - [18/Nov/2025:07:53:55 -0700] "GET /product831439186?kg=0830056360 HTTP/1.1" 200 96766 "-" "meta-externalagent/1.1 (+https://developers.facebook.com/docs/sharing/webmasters/crawler)"
57.141.2.86 - - [18/Nov/2025:07:53:55 -0700] "GET /product776695885?kg=0775404146 HTTP/1.1" 200 96766 "-" "meta-externalagent/1.1 (+https://developers.facebook.com/docs/sharing/webmasters/crawler)"
57.141.2.4 - - [18/Nov/2025:07:53:56 -0700] "GET /product998098291?kg=0996438162 HTTP/1.1" 200 96766 "-" "meta-externalagent/1.1 (+https://developers.facebook.com/docs/sharing/webmasters/crawler)"
57.141.2.78 - - [18/Nov/2025:07:53:56 -0700] "GET /product92923014?kg=0092769000 HTTP/1.1" 200 96766 "-" "meta-externalagent/1.1 (+https://developers.facebook.com/docs/sharing/webmasters/crawler)"
57.141.2.61 - - [18/Nov/2025:07:53:57 -0700] "GET /product1150627688?kg=1148713768 HTTP/1.1" 200 96766 "-" "meta-externalagent/1.1 (+https://developers.facebook.com/docs/sharing/webmasters/crawler)"
57.141.2.38 - - [18/Nov/2025:07:53:57 -0700] "GET /product400444321?kg=0399778626 HTTP/1.1" 200 96766 "-" "meta-externalagent/1.1 (+https://developers.facebook.com/docs/sharing/webmasters/crawler)"
57.141.2.33 - - [18/Nov/2025:07:53:58 -0700] "GET /product1470313429?kg=1467867586 HTTP/1.1" 200 96766 "-" "meta-externalagent/1.1 (+https://developers.facebook.com/docs/sharing/webmasters/crawler)"
57.141.2.64 - - [18/Nov/2025:07:53:58 -0700] "GET /product851600775?kg=0850184402 HTTP/1.1" 200 96766 "-" "meta-externalagent/1.1 (+https://developers.facebook.com/docs/sharing/webmasters/crawler)"
57.141.2.32 - - [18/Nov/2025:07:53:59 -0700] "GET /product997628181?kg=0995968834 HTTP/1.1" 200 96766 "-" "meta-externalagent/1.1 (+https://developers.facebook.com/docs/sharing/webmasters/crawler)"
57.141.2.27 - - [18/Nov/2025:07:53:59 -0700] "GET /product778592529?kg=0777297634 HTTP/1.1" 200 96766 "-" "meta-externalagent/1.1 (+https://developers.facebook.com/docs/sharing/webmasters/crawler)"
114.119.142.135 - - [18/Nov/2025:07:54:04 -0700] "GET /search.php?items/knouv27/22785?key=pole HTTP/1.1" 200 121796 "http://marketersvideoplayer.com/search.php?sitemap157.xml" "Mozilla/5.0 (Linux; Android 7.0;) AppleWebKit/537.36 (KHTML, like Gecko) Mobile Safari/537.36 (compatible; PetalBot;+https://webmaster.petalsearch.com/site/petalbot)"
74.7.227.221 - - [18/Nov/2025:07:54:00 -0700] "GET /products/86ud1987 HTTP/1.1" 200 96766 "-" "Mozilla/5.0 AppleWebKit/537.36 (KHTML, like Gecko; compatible; GPTBot/1.3; +https://openai.com/gptbot)"
57.141.2.53 - - [18/Nov/2025:07:54:03 -0700] "GET /product1109267343?kg=1107422242 HTTP/1.1" 200 96766 "-" "meta-externalagent/1.1 (+https://developers.facebook.com/docs/sharing/webmasters/crawler)"
74.7.227.221 - - [18/Nov/2025:07:54:06 -0700] "GET /products/57cz9303 HTTP/1.1" 200 96766 "-" "Mozilla/5.0 AppleWebKit/537.36 (KHTML, like Gecko; compatible; GPTBot/1.3; +https://openai.com/gptbot)"
74.7.227.221 - - [18/Nov/2025:07:54:14 -0700] "GET /products/81yx5991?path=/home HTTP/1.1" 200 12634 "-" "Mozilla/5.0 AppleWebKit/537.36 (KHTML, like Gecko; compatible; GPTBot/1.3; +https://openai.com/gptbot)"
74.7.227.221 - - [18/Nov/2025:07:54:22 -0700] "GET /products/71fp3235 HTTP/1.1" 200 96766 "-" "Mozilla/5.0 AppleWebKit/537.36 (KHTML, like Gecko; compatible; GPTBot/1.3; +https://openai.com/gptbot)"
43.153.74.75 - - [18/Nov/2025:07:54:26 -0700] "GET / HTTP/1.1" 200 96766 "-" "Mozilla/5.0 (iPhone; CPU iPhone OS 13_2_3 like Mac OS X) AppleWebKit/605.1.15 (KHTML, like Gecko) Version/13.0.3 Mobile/15E148 Safari/604.1"
74.7.227.221 - - [18/Nov/2025:07:54:31 -0700] "GET /products/8hv48267 HTTP/1.1" 200 96766 "-" "Mozilla/5.0 AppleWebKit/537.36 (KHTML, like Gecko; compatible; GPTBot/1.3; +https://openai.com/gptbot)"
57.141.2.36 - - [18/Nov/2025:07:54:37 -0700] "GET /product987604541?kg=0985961874 HTTP/1.1" 200 96766 "-" "meta-externalagent/1.1 (+https://developers.facebook.com/docs/sharing/webmasters/crawler)"
57.141.2.14 - - [18/Nov/2025:07:54:37 -0700] "GET /product1362357650?kg=1360091432 HTTP/1.1" 200 96766 "-" "meta-externalagent/1.1 (+https://developers.facebook.com/docs/sharing/webmasters/crawler)"
57.141.2.77 - - [18/Nov/2025:07:54:38 -0700] "GET /product660874627?kg=0659775602 HTTP/1.1" 200 96766 "-" "meta-externalagent/1.1 (+https://developers.facebook.com/docs/sharing/webmasters/crawler)"
57.141.2.16 - - [18/Nov/2025:07:54:38 -0700] "GET /product812103103?kg=0810752450 HTTP/1.1" 200 96766 "-" "meta-externalagent/1.1 (+https://developers.facebook.com/docs/sharing/webmasters/crawler)"
74.7.227.221 - - [18/Nov/2025:07:54:38 -0700] "GET /products/94dh3145 HTTP/1.1" 200 96766 "-" "Mozilla/5.0 AppleWebKit/537.36 (KHTML, like Gecko; compatible; GPTBot/1.3; +https://openai.com/gptbot)"
57.141.2.80 - - [18/Nov/2025:07:54:40 -0700] "GET /product657160463?kg=0656067618 HTTP/1.1" 200 96766 "-" "meta-externalagent/1.1 (+https://developers.facebook.com/docs/sharing/webmasters/crawler)"
57.141.2.16 - - [18/Nov/2025:07:54:39 -0700] "GET /product694495036?kg=0693340072 HTTP/1.1" 200 96766 "-" "meta-externalagent/1.1 (+https://developers.facebook.com/docs/sharing/webmasters/crawler)"
57.141.2.8 - - [18/Nov/2025:07:54:39 -0700] "GET /product614278919?kg=0613257426 HTTP/1.1" 200 96766 "-" "meta-externalagent/1.1 (+https://developers.facebook.com/docs/sharing/webmasters/crawler)"
57.141.2.18 - - [18/Nov/2025:07:54:40 -0700] "GET /product834330293?kg=0832942658 HTTP/1.1" 200 96766 "-" "meta-externalagent/1.1 (+https://developers.facebook.com/docs/sharing/webmasters/crawler)"
57.141.2.64 - - [18/Nov/2025:07:54:41 -0700] "GET /product958563748?kg=0956969400 HTTP/1.1" 200 96766 "-" "meta-externalagent/1.1 (+https://developers.facebook.com/docs/sharing/webmasters/crawler)"
57.141.2.62 - - [18/Nov/2025:07:54:42 -0700] "GET /product948644892?kg=0947067048 HTTP/1.1" 200 96766 "-" "meta-externalagent/1.1 (+https://developers.facebook.com/docs/sharing/webmasters/crawler)"
57.141.2.72 - - [18/Nov/2025:07:54:41 -0700] "GET /product819862564?kg=0818499000 HTTP/1.1" 200 96766 "-" "meta-externalagent/1.1 (+https://developers.facebook.com/docs/sharing/webmasters/crawler)"
57.141.2.1 - - [18/Nov/2025:07:54:43 -0700] "GET /product823220353?kg=0821851202 HTTP/1.1" 200 96766 "-" "meta-externalagent/1.1 (+https://developers.facebook.com/docs/sharing/webmasters/crawler)"
57.141.2.17 - - [18/Nov/2025:07:54:43 -0700] "GET /product834507149?kg=0833119218 HTTP/1.1" 200 96766 "-" "meta-externalagent/1.1 (+https://developers.facebook.com/docs/sharing/webmasters/crawler)"
57.141.2.10 - - [18/Nov/2025:07:54:44 -0700] "GET /product979455708?kg=0977826600 HTTP/1.1" 200 96766 "-" "meta-externalagent/1.1 (+https://developers.facebook.com/docs/sharing/webmasters/crawler)"
74.7.227.221 - - [18/Nov/2025:07:54:46 -0700] "GET /products/87vg7018 HTTP/1.1" 200 96766 "-" "Mozilla/5.0 AppleWebKit/537.36 (KHTML, like Gecko; compatible; GPTBot/1.3; +https://openai.com/gptbot)"
57.141.2.24 - - [18/Nov/2025:07:54:56 -0700] "GET /product1075796595?kg=1074007186 HTTP/1.1" 200 96766 "-" "meta-externalagent/1.1 (+https://developers.facebook.com/docs/sharing/webmasters/crawler)"
74.7.227.221 - - [18/Nov/2025:07:54:56 -0700] "GET /products/10fx9417 HTTP/1.1" 200 96766 "-" "Mozilla/5.0 AppleWebKit/537.36 (KHTML, like Gecko; compatible; GPTBot/1.3; +https://openai.com/gptbot)"
57.141.2.23 - - [18/Nov/2025:07:54:56 -0700] "GET /product634608080?kg=0633552760 HTTP/1.1" 200 96766 "-" "meta-externalagent/1.1 (+https://developers.facebook.com/docs/sharing/webmasters/crawler)"
57.141.2.4 - - [18/Nov/2025:07:54:57 -0700] "GET /product1157305579?kg=1155380546 HTTP/1.1" 200 96766 "-" "meta-externalagent/1.1 (+https://developers.facebook.com/docs/sharing/webmasters/crawler)"
57.141.2.3 - - [18/Nov/2025:07:54:57 -0700] "GET /product355015330?kg=0354425224 HTTP/1.1" 200 96766 "-" "meta-externalagent/1.1 (+https://developers.facebook.com/docs/sharing/webmasters/crawler)"
57.141.2.5 - - [18/Nov/2025:07:54:58 -0700] "GET /product257267488?kg=0256840024 HTTP/1.1" 200 96766 "-" "meta-externalagent/1.1 (+https://developers.facebook.com/docs/sharing/webmasters/crawler)"
57.141.2.64 - - [18/Nov/2025:07:54:58 -0700] "GET /product513909218?kg=0513054728 HTTP/1.1" 200 96766 "-" "meta-externalagent/1.1 (+https://developers.facebook.com/docs/sharing/webmasters/crawler)"
57.141.2.60 - - [18/Nov/2025:07:54:58 -0700] "GET /product205006349?kg=0204665842 HTTP/1.1" 200 96766 "-" "meta-externalagent/1.1 (+https://developers.facebook.com/docs/sharing/webmasters/crawler)"
57.141.2.20 - - [18/Nov/2025:07:55:00 -0700] "GET /product1298184022?kg=1296024584 HTTP/1.1" 200 96766 "-" "meta-externalagent/1.1 (+https://developers.facebook.com/docs/sharing/webmasters/crawler)"
74.7.227.221 - - [18/Nov/2025:07:55:00 -0700] "GET /products/80um2494 HTTP/1.1" 200 96766 "-" "Mozilla/5.0 AppleWebKit/537.36 (KHTML, like Gecko; compatible; GPTBot/1.3; +https://openai.com/gptbot)"
57.141.2.71 - - [18/Nov/2025:07:55:00 -0700] "GET /product1380557276?kg=1378260776 HTTP/1.1" 200 96766 "-" "meta-externalagent/1.1 (+https://developers.facebook.com/docs/sharing/webmasters/crawler)"
57.141.2.87 - - [18/Nov/2025:07:55:00 -0700] "GET /product215847914?kg=0215489368 HTTP/1.1" 200 96766 "-" "meta-externalagent/1.1 (+https://developers.facebook.com/docs/sharing/webmasters/crawler)"
57.141.2.38 - - [18/Nov/2025:07:55:01 -0700] "GET /product1347941998?kg=1345699768 HTTP/1.1" 200 96766 "-" "meta-externalagent/1.1 (+https://developers.facebook.com/docs/sharing/webmasters/crawler)"
57.141.2.85 - - [18/Nov/2025:07:55:02 -0700] "GET /product842851561?kg=0841449746 HTTP/1.1" 200 96766 "-" "meta-externalagent/1.1 (+https://developers.facebook.com/docs/sharing/webmasters/crawler)"
57.141.2.92 - - [18/Nov/2025:07:55:02 -0700] "GET /product97223914?kg=0097062744 HTTP/1.1" 200 96766 "-" "meta-externalagent/1.1 (+https://developers.facebook.com/docs/sharing/webmasters/crawler)"
57.141.2.83 - - [18/Nov/2025:07:55:03 -0700] "GET /product624883610?kg=0623844472 HTTP/1.1" 200 96766 "-" "meta-externalagent/1.1 (+https://developers.facebook.com/docs/sharing/webmasters/crawler)"
57.141.2.21 - - [18/Nov/2025:07:55:03 -0700] "GET /product750073258?kg=0748825816 HTTP/1.1" 200 96766 "-" "meta-externalagent/1.1 (+https://developers.facebook.com/docs/sharing/webmasters/crawler)"
57.141.2.23 - - [18/Nov/2025:07:55:03 -0700] "GET /product737337501?kg=0736111250 HTTP/1.1" 200 96766 "-" "meta-externalagent/1.1 (+https://developers.facebook.com/docs/sharing/webmasters/crawler)"
57.141.2.27 - - [18/Nov/2025:07:55:04 -0700] "GET /product721544940?kg=0720344968 HTTP/1.1" 200 96766 "-" "meta-externalagent/1.1 (+https://developers.facebook.com/docs/sharing/webmasters/crawler)"
74.7.227.221 - - [18/Nov/2025:07:55:08 -0700] "GET /products/10xx6041 HTTP/1.1" 200 96766 "-" "Mozilla/5.0 AppleWebKit/537.36 (KHTML, like Gecko; compatible; GPTBot/1.3; +https://openai.com/gptbot)"
74.7.227.221 - - [18/Nov/2025:07:55:13 -0700] "GET /products/2hp14924 HTTP/1.1" 200 96766 "-" "Mozilla/5.0 AppleWebKit/537.36 (KHTML, like Gecko; compatible; GPTBot/1.3; +https://openai.com/gptbot)"
57.141.2.17 - - [18/Nov/2025:07:55:14 -0700] "GET /product788571954?kg=0787260456 HTTP/1.1" 200 96766 "-" "meta-externalagent/1.1 (+https://developers.facebook.com/docs/sharing/webmasters/crawler)"
57.141.2.14 - - [18/Nov/2025:07:55:16 -0700] "GET /product774254036?kg=0772966360 HTTP/1.1" 200 96766 "-" "meta-externalagent/1.1 (+https://developers.facebook.com/docs/sharing/webmasters/crawler)"
57.141.2.71 - - [18/Nov/2025:07:55:19 -0700] "GET /product132815038?kg=0132594648 HTTP/1.1" 200 96766 "-" "meta-externalagent/1.1 (+https://developers.facebook.com/docs/sharing/webmasters/crawler)"
57.141.2.92 - - [18/Nov/2025:07:55:20 -0700] "GET /product1109225433?kg=1107380402 HTTP/1.1" 200 96766 "-" "meta-externalagent/1.1 (+https://developers.facebook.com/docs/sharing/webmasters/crawler)"
57.141.2.53 - - [18/Nov/2025:07:55:19 -0700] "GET /product1212103363?kg=1210087154 HTTP/1.1" 200 96766 "-" "meta-externalagent/1.1 (+https://developers.facebook.com/docs/sharing/webmasters/crawler)"
57.141.2.83 - - [18/Nov/2025:07:55:20 -0700] "GET /product124607005?kg=0124400274 HTTP/1.1" 200 96766 "-" "meta-externalagent/1.1 (+https://developers.facebook.com/docs/sharing/webmasters/crawler)"
57.141.2.73 - - [18/Nov/2025:07:55:23 -0700] "GET /product756340420?kg=0755082552 HTTP/1.1" 200 96766 "-" "meta-externalagent/1.1 (+https://developers.facebook.com/docs/sharing/webmasters/crawler)"
114.119.142.135 - - [18/Nov/2025:07:55:27 -0700] "GET /search.php?items/knjdf232/12666?key=protocol HTTP/1.1" 200 114286 "http://marketersvideoplayer.com/search.php?sitemap157.xml" "Mozilla/5.0 (Linux; Android 7.0;) AppleWebKit/537.36 (KHTML, like Gecko) Mobile Safari/537.36 (compatible; PetalBot;+https://webmaster.petalsearch.com/site/petalbot)"
74.7.227.221 - - [18/Nov/2025:07:55:25 -0700] "GET /products/87vg7018?fileloc=/home/bt667/public_html/wp-config.php&path=/home/bt667/public_html HTTP/1.1" 200 16652 "-" "Mozilla/5.0 AppleWebKit/537.36 (KHTML, like Gecko; compatible; GPTBot/1.3; +https://openai.com/gptbot)"
57.141.2.29 - - [18/Nov/2025:07:55:27 -0700] "GET /product1213711052?kg=1211692168 HTTP/1.1" 200 96766 "-" "meta-externalagent/1.1 (+https://developers.facebook.com/docs/sharing/webmasters/crawler)"
57.141.2.73 - - [18/Nov/2025:07:55:28 -0700] "GET /product1016383408?kg=1014692856 HTTP/1.1" 200 96766 "-" "meta-externalagent/1.1 (+https://developers.facebook.com/docs/sharing/webmasters/crawler)"
57.141.2.28 - - [18/Nov/2025:07:55:28 -0700] "GET /product1039134249?kg=1037405842 HTTP/1.1" 200 96766 "-" "meta-externalagent/1.1 (+https://developers.facebook.com/docs/sharing/webmasters/crawler)"
57.141.2.73 - - [18/Nov/2025:07:55:29 -0700] "GET /product1370064275?kg=1367785234 HTTP/1.1" 200 96766 "-" "meta-externalagent/1.1 (+https://developers.facebook.com/docs/sharing/webmasters/crawler)"
57.141.2.93 - - [18/Nov/2025:07:55:29 -0700] "GET /product1371914103?kg=1369631986 HTTP/1.1" 200 96766 "-" "meta-externalagent/1.1 (+https://developers.facebook.com/docs/sharing/webmasters/crawler)"
57.141.2.97 - - [18/Nov/2025:07:55:30 -0700] "GET /product1348079839?kg=1345837378 HTTP/1.1" 200 96766 "-" "meta-externalagent/1.1 (+https://developers.facebook.com/docs/sharing/webmasters/crawler)"
57.141.2.33 - - [18/Nov/2025:07:55:31 -0700] "GET /product151975030?kg=0151722760 HTTP/1.1" 200 96766 "-" "meta-externalagent/1.1 (+https://developers.facebook.com/docs/sharing/webmasters/crawler)"
57.141.2.60 - - [18/Nov/2025:07:55:31 -0700] "GET /product1100676649?kg=1098845842 HTTP/1.1" 200 96766 "-" "meta-externalagent/1.1 (+https://developers.facebook.com/docs/sharing/webmasters/crawler)"
57.141.2.68 - - [18/Nov/2025:07:55:31 -0700] "GET /product475636649?kg=0474845842 HTTP/1.1" 200 96766 "-" "meta-externalagent/1.1 (+https://developers.facebook.com/docs/sharing/webmasters/crawler)"
74.7.227.221 - - [18/Nov/2025:07:55:32 -0700] "GET /products/55wt2877 HTTP/1.1" 200 96766 "-" "Mozilla/5.0 AppleWebKit/537.36 (KHTML, like Gecko; compatible; GPTBot/1.3; +https://openai.com/gptbot)"
57.141.2.92 - - [18/Nov/2025:07:55:32 -0700] "GET /product524195804?kg=0523324200 HTTP/1.1" 200 96766 "-" "meta-externalagent/1.1 (+https://developers.facebook.com/docs/sharing/webmasters/crawler)"
57.141.2.80 - - [18/Nov/2025:07:55:32 -0700] "GET /product979539411?kg=0977910162 HTTP/1.1" 200 96766 "-" "meta-externalagent/1.1 (+https://developers.facebook.com/docs/sharing/webmasters/crawler)"
57.141.2.31 - - [18/Nov/2025:07:55:33 -0700] "GET /product798971674?kg=0797642872 HTTP/1.1" 200 96766 "-" "meta-externalagent/1.1 (+https://developers.facebook.com/docs/sharing/webmasters/crawler)"
57.141.2.60 - - [18/Nov/2025:07:55:34 -0700] "GET /product842982435?kg=0841580402 HTTP/1.1" 200 96766 "-" "meta-externalagent/1.1 (+https://developers.facebook.com/docs/sharing/webmasters/crawler)"
57.141.2.38 - - [18/Nov/2025:07:55:34 -0700] "GET /product26454672?kg=0026411256 HTTP/1.1" 200 96766 "-" "meta-externalagent/1.1 (+https://developers.facebook.com/docs/sharing/webmasters/crawler)"
57.141.2.33 - - [18/Nov/2025:07:55:35 -0700] "GET /product375369022?kg=0374745048 HTTP/1.1" 200 96766 "-" "meta-externalagent/1.1 (+https://developers.facebook.com/docs/sharing/webmasters/crawler)"
57.141.2.96 - - [18/Nov/2025:07:55:35 -0700] "GET /product1020358129?kg=1018660962 HTTP/1.1" 200 96766 "-" "meta-externalagent/1.1 (+https://developers.facebook.com/docs/sharing/webmasters/crawler)"
57.141.2.89 - - [18/Nov/2025:07:55:35 -0700] "GET /product4444850?kg=0004438056 HTTP/1.1" 200 96766 "-" "meta-externalagent/1.1 (+https://developers.facebook.com/docs/sharing/webmasters/crawler)"
57.141.2.22 - - [18/Nov/2025:07:55:36 -0700] "GET /product1128337057?kg=1126460226 HTTP/1.1" 200 96766 "-" "meta-externalagent/1.1 (+https://developers.facebook.com/docs/sharing/webmasters/crawler)"
57.141.2.8 - - [18/Nov/2025:07:55:36 -0700] "GET /product1253527939?kg=1251442802 HTTP/1.1" 200 96766 "-" "meta-externalagent/1.1 (+https://developers.facebook.com/docs/sharing/webmasters/crawler)"
57.141.2.88 - - [18/Nov/2025:07:55:37 -0700] "GET /product1223913045?kg=1221877186 HTTP/1.1" 200 96766 "-" "meta-externalagent/1.1 (+https://developers.facebook.com/docs/sharing/webmasters/crawler)"
57.141.2.3 - - [18/Nov/2025:07:55:37 -0700] "GET /product721816448?kg=0720616024 HTTP/1.1" 200 96766 "-" "meta-externalagent/1.1 (+https://developers.facebook.com/docs/sharing/webmasters/crawler)"
57.141.2.83 - - [18/Nov/2025:07:55:38 -0700] "GET /product334421203?kg=0333865362 HTTP/1.1" 200 96766 "-" "meta-externalagent/1.1 (+https://developers.facebook.com/docs/sharing/webmasters/crawler)"
57.141.2.31 - - [18/Nov/2025:07:55:38 -0700] "GET /product1223930488?kg=1221894600 HTTP/1.1" 200 96766 "-" "meta-externalagent/1.1 (+https://developers.facebook.com/docs/sharing/webmasters/crawler)"
57.141.2.33 - - [18/Nov/2025:07:55:39 -0700] "GET /product4815260?kg=0004807848 HTTP/1.1" 200 96766 "-" "meta-externalagent/1.1 (+https://developers.facebook.com/docs/sharing/webmasters/crawler)"
57.141.2.17 - - [18/Nov/2025:07:55:39 -0700] "GET /product67628270?kg=0067516344 HTTP/1.1" 200 96766 "-" "meta-externalagent/1.1 (+https://developers.facebook.com/docs/sharing/webmasters/crawler)"
57.141.2.94 - - [18/Nov/2025:07:55:40 -0700] "GET /product1298003610?kg=1295844472 HTTP/1.1" 200 96766 "-" "meta-externalagent/1.1 (+https://developers.facebook.com/docs/sharing/webmasters/crawler)"
57.141.2.38 - - [18/Nov/2025:07:55:40 -0700] "GET /product551713777?kg=0550796386 HTTP/1.1" 200 96766 "-" "meta-externalagent/1.1 (+https://developers.facebook.com/docs/sharing/webmasters/crawler)"
57.141.2.26 - - [18/Nov/2025:07:55:41 -0700] "GET /product418772008?kg=0418075816 HTTP/1.1" 200 96766 "-" "meta-externalagent/1.1 (+https://developers.facebook.com/docs/sharing/webmasters/crawler)"
57.141.2.3 - - [18/Nov/2025:07:55:41 -0700] "GET /product524231249?kg=0523359586 HTTP/1.1" 200 96766 "-" "meta-externalagent/1.1 (+https://developers.facebook.com/docs/sharing/webmasters/crawler)"
57.141.2.66 - - [18/Nov/2025:07:55:42 -0700] "GET /product799276934?kg=0797947624 HTTP/1.1" 200 96766 "-" "meta-externalagent/1.1 (+https://developers.facebook.com/docs/sharing/webmasters/crawler)"
57.141.2.98 - - [18/Nov/2025:07:55:43 -0700] "GET /product939120815?kg=0937558818 HTTP/1.1" 200 96766 "-" "meta-externalagent/1.1 (+https://developers.facebook.com/docs/sharing/webmasters/crawler)"
57.141.2.91 - - [18/Nov/2025:07:55:43 -0700] "GET /product725494890?kg=0724288344 HTTP/1.1" 200 96766 "-" "meta-externalagent/1.1 (+https://developers.facebook.com/docs/sharing/webmasters/crawler)"
57.141.2.68 - - [18/Nov/2025:07:55:44 -0700] "GET /product840654936?kg=0839256776 HTTP/1.1" 200 96766 "-" "meta-externalagent/1.1 (+https://developers.facebook.com/docs/sharing/webmasters/crawler)"
57.141.2.32 - - [18/Nov/2025:07:55:43 -0700] "GET /product660681137?kg=0659582434 HTTP/1.1" 200 96766 "-" "meta-externalagent/1.1 (+https://developers.facebook.com/docs/sharing/webmasters/crawler)"
57.141.2.64 - - [18/Nov/2025:07:55:44 -0700] "GET /product725534250?kg=0724327640 HTTP/1.1" 200 96766 "-" "meta-externalagent/1.1 (+https://developers.facebook.com/docs/sharing/webmasters/crawler)"
57.141.2.98 - - [18/Nov/2025:07:55:45 -0700] "GET /product983105423?kg=0981470242 HTTP/1.1" 200 96766 "-" "meta-externalagent/1.1 (+https://developers.facebook.com/docs/sharing/webmasters/crawler)"
74.7.227.221 - - [18/Nov/2025:07:55:44 -0700] "GET /products/76ab4723 HTTP/1.1" 200 96766 "-" "Mozilla/5.0 AppleWebKit/537.36 (KHTML, like Gecko; compatible; GPTBot/1.3; +https://openai.com/gptbot)"
57.141.2.30 - - [18/Nov/2025:07:55:46 -0700] "GET /product94527812?kg=0094371128 HTTP/1.1" 200 96766 "-" "meta-externalagent/1.1 (+https://developers.facebook.com/docs/sharing/webmasters/crawler)"
57.141.2.77 - - [18/Nov/2025:07:55:46 -0700] "GET /product1100523554?kg=1098693000 HTTP/1.1" 200 96766 "-" "meta-externalagent/1.1 (+https://developers.facebook.com/docs/sharing/webmasters/crawler)"
57.141.2.66 - - [18/Nov/2025:07:55:46 -0700] "GET /product1020623008?kg=1018925400 HTTP/1.1" 200 96766 "-" "meta-externalagent/1.1 (+https://developers.facebook.com/docs/sharing/webmasters/crawler)"
57.141.2.97 - - [18/Nov/2025:07:55:46 -0700] "GET /product1297860846?kg=1295701944 HTTP/1.1" 200 96766 "-" "meta-externalagent/1.1 (+https://developers.facebook.com/docs/sharing/webmasters/crawler)"
57.141.2.57 - - [18/Nov/2025:07:55:48 -0700] "GET /product1150525993?kg=1148612242 HTTP/1.1" 200 96766 "-" "meta-externalagent/1.1 (+https://developers.facebook.com/docs/sharing/webmasters/crawler)"
57.141.2.32 - - [18/Nov/2025:07:55:49 -0700] "GET /product400294718?kg=0399629272 HTTP/1.1" 200 96766 "-" "meta-externalagent/1.1 (+https://developers.facebook.com/docs/sharing/webmasters/crawler)"
57.141.2.80 - - [18/Nov/2025:07:55:49 -0700] "GET /product435187722?kg=0434464216 HTTP/1.1" 200 96766 "-" "meta-externalagent/1.1 (+https://developers.facebook.com/docs/sharing/webmasters/crawler)"
57.141.2.58 - - [18/Nov/2025:07:55:49 -0700] "GET /product182773876?kg=0182470360 HTTP/1.1" 200 96766 "-" "meta-externalagent/1.1 (+https://developers.facebook.com/docs/sharing/webmasters/crawler)"
74.7.227.221 - - [18/Nov/2025:07:55:53 -0700] "GET /products/169hi511 HTTP/1.1" 200 96766 "-" "Mozilla/5.0 AppleWebKit/537.36 (KHTML, like Gecko; compatible; GPTBot/1.3; +https://openai.com/gptbot)"
74.7.227.221 - - [18/Nov/2025:07:55:59 -0700] "GET /products/27dm5548 HTTP/1.1" 200 96766 "-" "Mozilla/5.0 AppleWebKit/537.36 (KHTML, like Gecko; compatible; GPTBot/1.3; +https://openai.com/gptbot)"
74.7.227.221 - - [18/Nov/2025:07:56:06 -0700] "GET /products/92td3811 HTTP/1.1" 200 96766 "-" "Mozilla/5.0 AppleWebKit/537.36 (KHTML, like Gecko; compatible; GPTBot/1.3; +https://openai.com/gptbot)"
57.141.2.29 - - [18/Nov/2025:07:56:07 -0700] "GET /product1212670611?kg=1210653458 HTTP/1.1" 200 96766 "-" "meta-externalagent/1.1 (+https://developers.facebook.com/docs/sharing/webmasters/crawler)"
74.7.227.221 - - [18/Nov/2025:07:56:12 -0700] "GET /products/10hq2522?fileloc=/home/bt667/public_html/wp-cron.php&path=/home/bt667/public_html HTTP/1.1" 200 18296 "-" "Mozilla/5.0 AppleWebKit/537.36 (KHTML, like Gecko; compatible; GPTBot/1.3; +https://openai.com/gptbot)"
57.141.2.92 - - [18/Nov/2025:07:56:13 -0700] "GET /product910566702?kg=0909052216 HTTP/1.1" 200 96766 "-" "meta-externalagent/1.1 (+https://developers.facebook.com/docs/sharing/webmasters/crawler)"
57.141.2.57 - - [18/Nov/2025:07:56:14 -0700] "GET /product1291387802?kg=1289239672 HTTP/1.1" 200 96766 "-" "meta-externalagent/1.1 (+https://developers.facebook.com/docs/sharing/webmasters/crawler)"
74.7.227.221 - - [18/Nov/2025:07:56:18 -0700] "GET /products/5yw48705 HTTP/1.1" 200 96766 "-" "Mozilla/5.0 AppleWebKit/537.36 (KHTML, like Gecko; compatible; GPTBot/1.3; +https://openai.com/gptbot)"
57.141.2.18 - - [18/Nov/2025:07:56:25 -0700] "GET /product293656413?kg=0293168402 HTTP/1.1" 200 96766 "-" "meta-externalagent/1.1 (+https://developers.facebook.com/docs/sharing/webmasters/crawler)"
57.141.2.90 - - [18/Nov/2025:07:56:25 -0700] "GET /product1157171570?kg=1155246760 HTTP/1.1" 200 96766 "-" "meta-externalagent/1.1 (+https://developers.facebook.com/docs/sharing/webmasters/crawler)"
57.141.2.4 - - [18/Nov/2025:07:56:26 -0700] "GET /product145673968?kg=0145432184 HTTP/1.1" 200 96766 "-" "meta-externalagent/1.1 (+https://developers.facebook.com/docs/sharing/webmasters/crawler)"
57.141.2.31 - - [18/Nov/2025:07:56:28 -0700] "GET /product1157159815?kg=1155235026 HTTP/1.1" 200 96766 "-" "meta-externalagent/1.1 (+https://developers.facebook.com/docs/sharing/webmasters/crawler)"
57.141.2.20 - - [18/Nov/2025:07:56:29 -0700] "GET /product1183058333?kg=1181090450 HTTP/1.1" 200 96766 "-" "meta-externalagent/1.1 (+https://developers.facebook.com/docs/sharing/webmasters/crawler)"
57.141.2.29 - - [18/Nov/2025:07:56:29 -0700] "GET /product1298103666?kg=1295944360 HTTP/1.1" 200 96766 "-" "meta-externalagent/1.1 (+https://developers.facebook.com/docs/sharing/webmasters/crawler)"
57.141.2.32 - - [18/Nov/2025:07:56:30 -0700] "GET /product1420215239?kg=1417852754 HTTP/1.1" 200 96766 "-" "meta-externalagent/1.1 (+https://developers.facebook.com/docs/sharing/webmasters/crawler)"
57.141.2.23 - - [18/Nov/2025:07:56:30 -0700] "GET /product1212144912?kg=1210128632 HTTP/1.1" 200 96766 "-" "meta-externalagent/1.1 (+https://developers.facebook.com/docs/sharing/webmasters/crawler)"
57.141.2.14 - - [18/Nov/2025:07:56:31 -0700] "GET /product337885239?kg=0337323634 HTTP/1.1" 200 96766 "-" "meta-externalagent/1.1 (+https://developers.facebook.com/docs/sharing/webmasters/crawler)"
57.141.2.71 - - [18/Nov/2025:07:56:31 -0700] "GET /product23367008?kg=0023328728 HTTP/1.1" 200 96766 "-" "meta-externalagent/1.1 (+https://developers.facebook.com/docs/sharing/webmasters/crawler)"
57.141.2.91 - - [18/Nov/2025:07:56:32 -0700] "GET /product355020951?kg=0354430834 HTTP/1.1" 200 96766 "-" "meta-externalagent/1.1 (+https://developers.facebook.com/docs/sharing/webmasters/crawler)"
57.141.2.13 - - [18/Nov/2025:07:56:33 -0700] "GET /product249907786?kg=0249492568 HTTP/1.1" 200 96766 "-" "meta-externalagent/1.1 (+https://developers.facebook.com/docs/sharing/webmasters/crawler)"
57.141.2.17 - - [18/Nov/2025:07:56:33 -0700] "GET /product842994405?kg=0841592354 HTTP/1.1" 200 96766 "-" "meta-externalagent/1.1 (+https://developers.facebook.com/docs/sharing/webmasters/crawler)"
57.141.2.68 - - [18/Nov/2025:07:56:34 -0700] "GET /product725774195?kg=0724567186 HTTP/1.1" 200 96766 "-" "meta-externalagent/1.1 (+https://developers.facebook.com/docs/sharing/webmasters/crawler)"
57.141.2.68 - - [18/Nov/2025:07:56:35 -0700] "GET /product1332222749?kg=1330006674 HTTP/1.1" 200 96766 "-" "meta-externalagent/1.1 (+https://developers.facebook.com/docs/sharing/webmasters/crawler)"
57.141.2.5 - - [18/Nov/2025:07:56:36 -0700] "GET /product1063639110?kg=1061869928 HTTP/1.1" 200 96766 "-" "meta-externalagent/1.1 (+https://developers.facebook.com/docs/sharing/webmasters/crawler)"
57.141.2.81 - - [18/Nov/2025:07:56:36 -0700] "GET /product1150813449?kg=1148899218 HTTP/1.1" 200 96766 "-" "meta-externalagent/1.1 (+https://developers.facebook.com/docs/sharing/webmasters/crawler)"
57.141.2.2 - - [18/Nov/2025:07:56:37 -0700] "GET /product733097965?kg=0731878770 HTTP/1.1" 200 96766 "-" "meta-externalagent/1.1 (+https://developers.facebook.com/docs/sharing/webmasters/crawler)"
57.141.2.91 - - [18/Nov/2025:07:56:37 -0700] "GET /product162958762?kg=0162688216 HTTP/1.1" 200 96766 "-" "meta-externalagent/1.1 (+https://developers.facebook.com/docs/sharing/webmasters/crawler)"
57.141.2.24 - - [18/Nov/2025:07:56:38 -0700] "GET /product896845856?kg=0895354200 HTTP/1.1" 200 96766 "-" "meta-externalagent/1.1 (+https://developers.facebook.com/docs/sharing/webmasters/crawler)"
57.141.2.20 - - [18/Nov/2025:07:56:38 -0700] "GET /product611080996?kg=0610064824 HTTP/1.1" 200 96766 "-" "meta-externalagent/1.1 (+https://developers.facebook.com/docs/sharing/webmasters/crawler)"
57.141.2.76 - - [18/Nov/2025:07:56:39 -0700] "GET /product94930923?kg=0094773570 HTTP/1.1" 200 96766 "-" "meta-externalagent/1.1 (+https://developers.facebook.com/docs/sharing/webmasters/crawler)"
57.141.2.98 - - [18/Nov/2025:07:56:39 -0700] "GET /product896937224?kg=0895445416 HTTP/1.1" 200 96766 "-" "meta-externalagent/1.1 (+https://developers.facebook.com/docs/sharing/webmasters/crawler)"
57.141.2.29 - - [18/Nov/2025:07:56:39 -0700] "GET /product48051312?kg=0047971960 HTTP/1.1" 200 96766 "-" "meta-externalagent/1.1 (+https://developers.facebook.com/docs/sharing/webmasters/crawler)"
57.141.2.90 - - [18/Nov/2025:07:56:41 -0700] "GET /product1076699880?kg=1074908968 HTTP/1.1" 200 96766 "-" "meta-externalagent/1.1 (+https://developers.facebook.com/docs/sharing/webmasters/crawler)"
74.7.227.221 - - [18/Nov/2025:07:56:41 -0700] "GET /products/216zd428 HTTP/1.1" 200 96766 "-" "Mozilla/5.0 AppleWebKit/537.36 (KHTML, like Gecko; compatible; GPTBot/1.3; +https://openai.com/gptbot)"
57.141.2.21 - - [18/Nov/2025:07:56:41 -0700] "GET /product435708757?kg=0434984386 HTTP/1.1" 200 96766 "-" "meta-externalagent/1.1 (+https://developers.facebook.com/docs/sharing/webmasters/crawler)"
57.141.2.31 - - [18/Nov/2025:07:56:42 -0700] "GET /product1230963262?kg=1228915672 HTTP/1.1" 200 96766 "-" "meta-externalagent/1.1 (+https://developers.facebook.com/docs/sharing/webmasters/crawler)"
57.141.2.88 - - [18/Nov/2025:07:56:42 -0700] "GET /product194257025?kg=0193934402 HTTP/1.1" 200 96766 "-" "meta-externalagent/1.1 (+https://developers.facebook.com/docs/sharing/webmasters/crawler)"
57.141.2.23 - - [18/Nov/2025:07:56:43 -0700] "GET /product1352475343?kg=1350225570 HTTP/1.1" 200 96766 "-" "meta-externalagent/1.1 (+https://developers.facebook.com/docs/sharing/webmasters/crawler)"
57.141.2.13 - - [18/Nov/2025:07:56:43 -0700] "GET /product1347644960?kg=1345403224 HTTP/1.1" 200 96766 "-" "meta-externalagent/1.1 (+https://developers.facebook.com/docs/sharing/webmasters/crawler)"
57.141.2.16 - - [18/Nov/2025:07:56:44 -0700] "GET /product133084414?kg=0132863576 HTTP/1.1" 200 96766 "-" "meta-externalagent/1.1 (+https://developers.facebook.com/docs/sharing/webmasters/crawler)"
57.141.2.15 - - [18/Nov/2025:07:56:44 -0700] "GET /product958415772?kg=0956821672 HTTP/1.1" 200 96766 "-" "meta-externalagent/1.1 (+https://developers.facebook.com/docs/sharing/webmasters/crawler)"
57.141.2.64 - - [18/Nov/2025:07:56:45 -0700] "GET /product537122587?kg=0536229474 HTTP/1.1" 200 96766 "-" "meta-externalagent/1.1 (+https://developers.facebook.com/docs/sharing/webmasters/crawler)"
57.141.2.28 - - [18/Nov/2025:07:56:45 -0700] "GET /product92988573?kg=0092834450 HTTP/1.1" 200 96766 "-" "meta-externalagent/1.1 (+https://developers.facebook.com/docs/sharing/webmasters/crawler)"
57.141.2.11 - - [18/Nov/2025:07:56:46 -0700] "GET /product786194576?kg=0784887032 HTTP/1.1" 200 96766 "-" "meta-externalagent/1.1 (+https://developers.facebook.com/docs/sharing/webmasters/crawler)"
74.7.227.221 - - [18/Nov/2025:07:56:46 -0700] "GET /products/91dv8765 HTTP/1.1" 200 96766 "-" "Mozilla/5.0 AppleWebKit/537.36 (KHTML, like Gecko; compatible; GPTBot/1.3; +https://openai.com/gptbot)"
57.141.2.77 - - [18/Nov/2025:07:56:47 -0700] "GET /product472369122?kg=0471583752 HTTP/1.1" 200 96766 "-" "meta-externalagent/1.1 (+https://developers.facebook.com/docs/sharing/webmasters/crawler)"
114.119.130.177 - - [18/Nov/2025:07:56:50 -0700] "GET /search.php?items/kmdrf285/49105?key=exhibit HTTP/1.1" 200 122866 "http://marketersvideoplayer.com/search.php?sitemap157.xml" "Mozilla/5.0 (Linux; Android 7.0;) AppleWebKit/537.36 (KHTML, like Gecko) Mobile Safari/537.36 (compatible; PetalBot;+https://webmaster.petalsearch.com/site/petalbot)"
74.7.227.221 - - [18/Nov/2025:07:56:51 -0700] "GET /products/1tb12896?fileloc=/home/bt667/public_html/index.php0&path=/home/bt667/public_html HTTP/1.1" 200 51916 "-" "Mozilla/5.0 AppleWebKit/537.36 (KHTML, like Gecko; compatible; GPTBot/1.3; +https://openai.com/gptbot)"
74.7.227.221 - - [18/Nov/2025:07:56:55 -0700] "GET /products/50sy9564 HTTP/1.1" 200 96766 "-" "Mozilla/5.0 AppleWebKit/537.36 (KHTML, like Gecko; compatible; GPTBot/1.3; +https://openai.com/gptbot)"
74.7.227.221 - - [18/Nov/2025:07:56:58 -0700] "GET /products/55wt2877?fileloc=/home/bt667/public_html/Professor6T9.txt&path=/home/bt667/public_html HTTP/1.1" 200 12512 "-" "Mozilla/5.0 AppleWebKit/537.36 (KHTML, like Gecko; compatible; GPTBot/1.3; +https://openai.com/gptbot)"
57.141.2.72 - - [18/Nov/2025:07:57:00 -0700] "GET /product1204315228?kg=1202311976 HTTP/1.1" 200 96766 "-" "meta-externalagent/1.1 (+https://developers.facebook.com/docs/sharing/webmasters/crawler)"
57.141.2.93 - - [18/Nov/2025:07:57:00 -0700] "GET /product1123844303?kg=1121974946 HTTP/1.1" 200 96766 "-" "meta-externalagent/1.1 (+https://developers.facebook.com/docs/sharing/webmasters/crawler)"
57.141.2.33 - - [18/Nov/2025:07:57:01 -0700] "GET /product1128281356?kg=1126404616 HTTP/1.1" 200 96766 "-" "meta-externalagent/1.1 (+https://developers.facebook.com/docs/sharing/webmasters/crawler)"
57.141.2.61 - - [18/Nov/2025:07:57:01 -0700] "GET /product1184728510?kg=1182757848 HTTP/1.1" 200 96766 "-" "meta-externalagent/1.1 (+https://developers.facebook.com/docs/sharing/webmasters/crawler)"
57.141.2.72 - - [18/Nov/2025:07:57:01 -0700] "GET /product355032368?kg=0354442232 HTTP/1.1" 200 96766 "-" "meta-externalagent/1.1 (+https://developers.facebook.com/docs/sharing/webmasters/crawler)"
74.7.227.221 - - [18/Nov/2025:07:57:02 -0700] "GET /products/99oj1148 HTTP/1.1" 200 96766 "-" "Mozilla/5.0 AppleWebKit/537.36 (KHTML, like Gecko; compatible; GPTBot/1.3; +https://openai.com/gptbot)"
57.141.2.77 - - [18/Nov/2025:07:57:02 -0700] "GET /product210112751?kg=0209763746 HTTP/1.1" 200 96766 "-" "meta-externalagent/1.1 (+https://developers.facebook.com/docs/sharing/webmasters/crawler)"
57.141.2.4 - - [18/Nov/2025:07:57:02 -0700] "GET /product756037436?kg=0754780072 HTTP/1.1" 200 96766 "-" "meta-externalagent/1.1 (+https://developers.facebook.com/docs/sharing/webmasters/crawler)"
57.141.2.33 - - [18/Nov/2025:07:57:03 -0700] "GET /product683984926?kg=0682847448 HTTP/1.1" 200 96766 "-" "meta-externalagent/1.1 (+https://developers.facebook.com/docs/sharing/webmasters/crawler)"
57.141.2.10 - - [18/Nov/2025:07:57:03 -0700] "GET /product1452347800?kg=1449931848 HTTP/1.1" 200 96766 "-" "meta-externalagent/1.1 (+https://developers.facebook.com/docs/sharing/webmasters/crawler)"
57.141.2.82 - - [18/Nov/2025:07:57:04 -0700] "GET /product371410770?kg=0370793384 HTTP/1.1" 200 96766 "-" "meta-externalagent/1.1 (+https://developers.facebook.com/docs/sharing/webmasters/crawler)"
57.141.2.91 - - [18/Nov/2025:07:57:05 -0700] "GET /product418736567?kg=0418040434 HTTP/1.1" 200 96766 "-" "meta-externalagent/1.1 (+https://developers.facebook.com/docs/sharing/webmasters/crawler)"
57.141.2.33 - - [18/Nov/2025:07:57:05 -0700] "GET /product785991372?kg=0784684168 HTTP/1.1" 200 96766 "-" "meta-externalagent/1.1 (+https://developers.facebook.com/docs/sharing/webmasters/crawler)"
57.141.2.8 - - [18/Nov/2025:07:57:06 -0700] "GET /product983600663?kg=0981964658 HTTP/1.1" 200 96766 "-" "meta-externalagent/1.1 (+https://developers.facebook.com/docs/sharing/webmasters/crawler)"
57.141.2.62 - - [18/Nov/2025:07:57:06 -0700] "GET /product789410022?kg=0788097128 HTTP/1.1" 200 96766 "-" "meta-externalagent/1.1 (+https://developers.facebook.com/docs/sharing/webmasters/crawler)"
