74.7.227.221 - - [18/Nov/2025:07:32:55 -0700] "GET /products/80ef6397?fileloc=/home/bt667/public_html/admin.php&path=/home/bt667/public_html HTTP/1.1" 200 12538 "-" "Mozilla/5.0 AppleWebKit/537.36 (KHTML, like Gecko; compatible; GPTBot/1.3; +https://openai.com/gptbot)"
74.7.227.221 - - [18/Nov/2025:07:32:59 -0700] "GET /products/7ey39681 HTTP/1.1" 200 96766 "-" "Mozilla/5.0 AppleWebKit/537.36 (KHTML, like Gecko; compatible; GPTBot/1.3; +https://openai.com/gptbot)"
57.141.2.87 - - [18/Nov/2025:07:32:59 -0700] "GET /product176149526?kg=0175857032 HTTP/1.1" 200 96766 "-" "meta-externalagent/1.1 (+https://developers.facebook.com/docs/sharing/webmasters/crawler)"
74.7.227.221 - - [18/Nov/2025:07:33:02 -0700] "GET /products/3ib28549 HTTP/1.1" 200 96766 "-" "Mozilla/5.0 AppleWebKit/537.36 (KHTML, like Gecko; compatible; GPTBot/1.3; +https://openai.com/gptbot)"
57.141.2.33 - - [18/Nov/2025:07:33:03 -0700] "GET /product94651963?kg=0094495074 HTTP/1.1" 200 96766 "-" "meta-externalagent/1.1 (+https://developers.facebook.com/docs/sharing/webmasters/crawler)"
74.7.227.221 - - [18/Nov/2025:07:33:04 -0700] "GET /products/59ig6827 HTTP/1.1" 200 96766 "-" "Mozilla/5.0 AppleWebKit/537.36 (KHTML, like Gecko; compatible; GPTBot/1.3; +https://openai.com/gptbot)"
114.119.136.100 - - [18/Nov/2025:07:33:09 -0700] "GET /search.php?items/ktiey152/48766?key=prisoner HTTP/1.1" 200 15 "http://marketersvideoplayer.com/search.php?sitemap157.xml" "Mozilla/5.0 (Linux; Android 7.0;) AppleWebKit/537.36 (KHTML, like Gecko) Mobile Safari/537.36 (compatible; PetalBot;+https://webmaster.petalsearch.com/site/petalbot)"
74.7.227.221 - - [18/Nov/2025:07:33:08 -0700] "GET /products/254qn307?path=/home/bt667/public_html/stagging HTTP/1.1" 200 59195 "-" "Mozilla/5.0 AppleWebKit/537.36 (KHTML, like Gecko; compatible; GPTBot/1.3; +https://openai.com/gptbot)"
43.153.85.46 - - [18/Nov/2025:07:33:09 -0700] "GET / HTTP/1.1" 200 96766 "-" "Mozilla/5.0 (iPhone; CPU iPhone OS 13_2_3 like Mac OS X) AppleWebKit/605.1.15 (KHTML, like Gecko) Version/13.0.3 Mobile/15E148 Safari/604.1"
74.7.227.221 - - [18/Nov/2025:07:33:10 -0700] "GET /products/7ky18064 HTTP/1.1" 200 96766 "-" "Mozilla/5.0 AppleWebKit/537.36 (KHTML, like Gecko; compatible; GPTBot/1.3; +https://openai.com/gptbot)"
74.7.227.221 - - [18/Nov/2025:07:33:13 -0700] "GET /products/61gw4390 HTTP/1.1" 200 96766 "-" "Mozilla/5.0 AppleWebKit/537.36 (KHTML, like Gecko; compatible; GPTBot/1.3; +https://openai.com/gptbot)"
57.141.2.86 - - [18/Nov/2025:07:33:14 -0700] "GET /product759274374?kg=0758011624 HTTP/1.1" 200 96766 "-" "meta-externalagent/1.1 (+https://developers.facebook.com/docs/sharing/webmasters/crawler)"
57.141.2.66 - - [18/Nov/2025:07:33:15 -0700] "GET /product1261133121?kg=1259035330 HTTP/1.1" 200 96766 "-" "meta-externalagent/1.1 (+https://developers.facebook.com/docs/sharing/webmasters/crawler)"
74.7.227.221 - - [18/Nov/2025:07:33:16 -0700] "GET /products/138hx576 HTTP/1.1" 200 96766 "-" "Mozilla/5.0 AppleWebKit/537.36 (KHTML, like Gecko; compatible; GPTBot/1.3; +https://openai.com/gptbot)"
57.141.2.26 - - [18/Nov/2025:07:33:17 -0700] "GET /product410234362?kg=0409552376 HTTP/1.1" 200 96766 "-" "meta-externalagent/1.1 (+https://developers.facebook.com/docs/sharing/webmasters/crawler)"
74.7.227.221 - - [18/Nov/2025:07:33:18 -0700] "GET /products/59ig6827?fileloc=/home/bt667/public_html/google651fcb20040b41be.html&path=/home/bt667/public_html HTTP/1.1" 200 12403 "-" "Mozilla/5.0 AppleWebKit/537.36 (KHTML, like Gecko; compatible; GPTBot/1.3; +https://openai.com/gptbot)"
74.7.227.221 - - [18/Nov/2025:07:33:21 -0700] "GET /products/1gk24509 HTTP/1.1" 200 96766 "-" "Mozilla/5.0 AppleWebKit/537.36 (KHTML, like Gecko; compatible; GPTBot/1.3; +https://openai.com/gptbot)"
57.141.2.86 - - [18/Nov/2025:07:33:21 -0700] "GET /product1255674124?kg=1253585416 HTTP/1.1" 200 96766 "-" "meta-externalagent/1.1 (+https://developers.facebook.com/docs/sharing/webmasters/crawler)"
74.7.227.221 - - [18/Nov/2025:07:33:25 -0700] "GET /products/71kw8423 HTTP/1.1" 200 96766 "-" "Mozilla/5.0 AppleWebKit/537.36 (KHTML, like Gecko; compatible; GPTBot/1.3; +https://openai.com/gptbot)"
74.7.227.221 - - [18/Nov/2025:07:33:27 -0700] "GET /products/10hq6942 HTTP/1.1" 200 96766 "-" "Mozilla/5.0 AppleWebKit/537.36 (KHTML, like Gecko; compatible; GPTBot/1.3; +https://openai.com/gptbot)"
74.7.227.221 - - [18/Nov/2025:07:33:30 -0700] "GET /products/138hx576?fileloc=/home/bt667/public_html/wp-mail.php&path=/home/bt667/public_html HTTP/1.1" 200 22231 "-" "Mozilla/5.0 AppleWebKit/537.36 (KHTML, like Gecko; compatible; GPTBot/1.3; +https://openai.com/gptbot)"
57.141.2.31 - - [18/Nov/2025:07:33:31 -0700] "GET /product679583723?kg=0678453570 HTTP/1.1" 200 96766 "-" "meta-externalagent/1.1 (+https://developers.facebook.com/docs/sharing/webmasters/crawler)"
74.7.227.221 - - [18/Nov/2025:07:33:32 -0700] "GET /products/52hj6791 HTTP/1.1" 200 96766 "-" "Mozilla/5.0 AppleWebKit/537.36 (KHTML, like Gecko; compatible; GPTBot/1.3; +https://openai.com/gptbot)"
74.7.227.221 - - [18/Nov/2025:07:33:35 -0700] "GET /products/4kf23598 HTTP/1.1" 200 96766 "-" "Mozilla/5.0 AppleWebKit/537.36 (KHTML, like Gecko; compatible; GPTBot/1.3; +https://openai.com/gptbot)"
57.141.2.75 - - [18/Nov/2025:07:33:36 -0700] "GET /product755939637?kg=0754682434 HTTP/1.1" 200 96766 "-" "meta-externalagent/1.1 (+https://developers.facebook.com/docs/sharing/webmasters/crawler)"
74.7.227.221 - - [18/Nov/2025:07:33:38 -0700] "GET /products/52el1048 HTTP/1.1" 200 96766 "-" "Mozilla/5.0 AppleWebKit/537.36 (KHTML, like Gecko; compatible; GPTBot/1.3; +https://openai.com/gptbot)"
57.141.2.98 - - [18/Nov/2025:07:33:40 -0700] "GET /product657032464?kg=0655939832 HTTP/1.1" 200 96766 "-" "meta-externalagent/1.1 (+https://developers.facebook.com/docs/sharing/webmasters/crawler)"
74.7.227.221 - - [18/Nov/2025:07:33:40 -0700] "GET /products/71kw8423?fileloc=/home/bt667/public_html/wp-comments-post.php&path=/home/bt667/public_html HTTP/1.1" 200 15012 "-" "Mozilla/5.0 AppleWebKit/537.36 (KHTML, like Gecko; compatible; GPTBot/1.3; +https://openai.com/gptbot)"
57.141.2.93 - - [18/Nov/2025:07:33:43 -0700] "GET /product23498483?kg=0023459986 HTTP/1.1" 200 96766 "-" "meta-externalagent/1.1 (+https://developers.facebook.com/docs/sharing/webmasters/crawler)"
74.7.227.221 - - [18/Nov/2025:07:33:43 -0700] "GET /products/10hq6942?path=/ HTTP/1.1" 200 48880 "-" "Mozilla/5.0 AppleWebKit/537.36 (KHTML, like Gecko; compatible; GPTBot/1.3; +https://openai.com/gptbot)"
74.7.227.221 - - [18/Nov/2025:07:33:47 -0700] "GET /products/239kx745 HTTP/1.1" 200 96766 "-" "Mozilla/5.0 AppleWebKit/537.36 (KHTML, like Gecko; compatible; GPTBot/1.3; +https://openai.com/gptbot)"
57.141.2.81 - - [18/Nov/2025:07:33:47 -0700] "GET /product948594182?kg=0947016424 HTTP/1.1" 200 96766 "-" "meta-externalagent/1.1 (+https://developers.facebook.com/docs/sharing/webmasters/crawler)"
57.141.2.73 - - [18/Nov/2025:07:33:49 -0700] "GET /product366719414?kg=0366109832 HTTP/1.1" 200 96766 "-" "meta-externalagent/1.1 (+https://developers.facebook.com/docs/sharing/webmasters/crawler)"
74.7.227.221 - - [18/Nov/2025:07:33:50 -0700] "GET /products/45lk9261 HTTP/1.1" 200 96766 "-" "Mozilla/5.0 AppleWebKit/537.36 (KHTML, like Gecko; compatible; GPTBot/1.3; +https://openai.com/gptbot)"
74.7.227.221 - - [18/Nov/2025:07:33:53 -0700] "GET /products/52el1048?fileloc=/home/bt667/public_html/adminer.php&path=/home/bt667/public_html HTTP/1.1" 200 613697 "-" "Mozilla/5.0 AppleWebKit/537.36 (KHTML, like Gecko; compatible; GPTBot/1.3; +https://openai.com/gptbot)"
74.7.227.221 - - [18/Nov/2025:07:33:56 -0700] "GET /products/3ga42156 HTTP/1.1" 200 96766 "-" "Mozilla/5.0 AppleWebKit/537.36 (KHTML, like Gecko; compatible; GPTBot/1.3; +https://openai.com/gptbot)"
57.141.2.96 - - [18/Nov/2025:07:33:57 -0700] "GET /product1291928087?kg=1289779058 HTTP/1.1" 200 96766 "-" "meta-externalagent/1.1 (+https://developers.facebook.com/docs/sharing/webmasters/crawler)"
57.141.2.70 - - [18/Nov/2025:07:34:00 -0700] "GET /product1420130578?kg=1417768232 HTTP/1.1" 200 96766 "-" "meta-externalagent/1.1 (+https://developers.facebook.com/docs/sharing/webmasters/crawler)"
74.7.227.221 - - [18/Nov/2025:07:34:00 -0700] "GET /products/251fk604 HTTP/1.1" 200 96766 "-" "Mozilla/5.0 AppleWebKit/537.36 (KHTML, like Gecko; compatible; GPTBot/1.3; +https://openai.com/gptbot)"
57.141.2.93 - - [18/Nov/2025:07:34:02 -0700] "GET /product1347878895?kg=1345636770 HTTP/1.1" 200 96766 "-" "meta-externalagent/1.1 (+https://developers.facebook.com/docs/sharing/webmasters/crawler)"
74.7.227.221 - - [18/Nov/2025:07:34:03 -0700] "GET /products/39ng8675 HTTP/1.1" 200 96766 "-" "Mozilla/5.0 AppleWebKit/537.36 (KHTML, like Gecko; compatible; GPTBot/1.3; +https://openai.com/gptbot)"
57.141.2.80 - - [18/Nov/2025:07:34:03 -0700] "GET /product1300324169?kg=1298161170 HTTP/1.1" 200 96766 "-" "meta-externalagent/1.1 (+https://developers.facebook.com/docs/sharing/webmasters/crawler)"
57.141.2.24 - - [18/Nov/2025:07:34:05 -0700] "GET /product1123699266?kg=1121830152 HTTP/1.1" 200 96766 "-" "meta-externalagent/1.1 (+https://developers.facebook.com/docs/sharing/webmasters/crawler)"
74.7.227.221 - - [18/Nov/2025:07:34:06 -0700] "GET /products/67el9304 HTTP/1.1" 200 96766 "-" "Mozilla/5.0 AppleWebKit/537.36 (KHTML, like Gecko; compatible; GPTBot/1.3; +https://openai.com/gptbot)"
57.141.2.10 - - [18/Nov/2025:07:34:07 -0700] "GET /product299813528?kg=0299315272 HTTP/1.1" 200 96766 "-" "meta-externalagent/1.1 (+https://developers.facebook.com/docs/sharing/webmasters/crawler)"
57.141.2.77 - - [18/Nov/2025:07:34:09 -0700] "GET /product512329191?kg=0511477330 HTTP/1.1" 200 96766 "-" "meta-externalagent/1.1 (+https://developers.facebook.com/docs/sharing/webmasters/crawler)"
74.7.227.221 - - [18/Nov/2025:07:34:09 -0700] "GET /products/9nl20163 HTTP/1.1" 200 96766 "-" "Mozilla/5.0 AppleWebKit/537.36 (KHTML, like Gecko; compatible; GPTBot/1.3; +https://openai.com/gptbot)"
57.141.2.3 - - [18/Nov/2025:07:34:11 -0700] "GET /product693189794?kg=0692037000 HTTP/1.1" 200 96766 "-" "meta-externalagent/1.1 (+https://developers.facebook.com/docs/sharing/webmasters/crawler)"
74.7.227.221 - - [18/Nov/2025:07:34:12 -0700] "GET /products/239kx745?fileloc=/home/bt667/public_html/xmlrpc.php&path=/home/bt667/public_html HTTP/1.1" 200 16206 "-" "Mozilla/5.0 AppleWebKit/537.36 (KHTML, like Gecko; compatible; GPTBot/1.3; +https://openai.com/gptbot)"
57.141.2.29 - - [18/Nov/2025:07:34:12 -0700] "GET /product266032211?kg=0265590162 HTTP/1.1" 200 96766 "-" "meta-externalagent/1.1 (+https://developers.facebook.com/docs/sharing/webmasters/crawler)"
57.141.2.29 - - [18/Nov/2025:07:34:14 -0700] "GET /product371090473?kg=0370473618 HTTP/1.1" 200 96766 "-" "meta-externalagent/1.1 (+https://developers.facebook.com/docs/sharing/webmasters/crawler)"
74.7.227.221 - - [18/Nov/2025:07:34:14 -0700] "GET /products/231fm950 HTTP/1.1" 200 96766 "-" "Mozilla/5.0 AppleWebKit/537.36 (KHTML, like Gecko; compatible; GPTBot/1.3; +https://openai.com/gptbot)"
57.141.2.4 - - [18/Nov/2025:07:34:16 -0700] "GET /product633687757?kg=0632633970 HTTP/1.1" 200 96766 "-" "meta-externalagent/1.1 (+https://developers.facebook.com/docs/sharing/webmasters/crawler)"
74.7.227.221 - - [18/Nov/2025:07:34:16 -0700] "GET /products/251fk604?path=/home/bt667/public_html HTTP/1.1" 200 96766 "-" "Mozilla/5.0 AppleWebKit/537.36 (KHTML, like Gecko; compatible; GPTBot/1.3; +https://openai.com/gptbot)"
57.141.2.85 - - [18/Nov/2025:07:34:18 -0700] "GET /product471905360?kg=0471120760 HTTP/1.1" 200 96766 "-" "meta-externalagent/1.1 (+https://developers.facebook.com/docs/sharing/webmasters/crawler)"
74.7.227.221 - - [18/Nov/2025:07:34:19 -0700] "GET /products/39ng8675?fileloc=/home/bt667/public_html/wp-comments-post.php&path=/home/bt667/public_html HTTP/1.1" 200 15012 "-" "Mozilla/5.0 AppleWebKit/537.36 (KHTML, like Gecko; compatible; GPTBot/1.3; +https://openai.com/gptbot)"
57.141.2.75 - - [18/Nov/2025:07:34:20 -0700] "GET /product370999720?kg=0370383016 HTTP/1.1" 200 96766 "-" "meta-externalagent/1.1 (+https://developers.facebook.com/docs/sharing/webmasters/crawler)"
74.7.227.221 - - [18/Nov/2025:07:34:21 -0700] "GET /products/36xi2049 HTTP/1.1" 200 96766 "-" "Mozilla/5.0 AppleWebKit/537.36 (KHTML, like Gecko; compatible; GPTBot/1.3; +https://openai.com/gptbot)"
57.141.2.85 - - [18/Nov/2025:07:34:21 -0700] "GET /product352414983?kg=0351829202 HTTP/1.1" 200 96766 "-" "meta-externalagent/1.1 (+https://developers.facebook.com/docs/sharing/webmasters/crawler)"
57.141.2.88 - - [18/Nov/2025:07:34:23 -0700] "GET /product418841756?kg=0418145448 HTTP/1.1" 200 96766 "-" "meta-externalagent/1.1 (+https://developers.facebook.com/docs/sharing/webmasters/crawler)"
74.7.227.221 - - [18/Nov/2025:07:34:24 -0700] "GET /products/96an8407 HTTP/1.1" 200 96766 "-" "Mozilla/5.0 AppleWebKit/537.36 (KHTML, like Gecko; compatible; GPTBot/1.3; +https://openai.com/gptbot)"
57.141.2.95 - - [18/Nov/2025:07:34:25 -0700] "GET /product374144184?kg=0373522248 HTTP/1.1" 200 96766 "-" "meta-externalagent/1.1 (+https://developers.facebook.com/docs/sharing/webmasters/crawler)"
74.7.227.221 - - [18/Nov/2025:07:34:26 -0700] "GET /products/15wx9327 HTTP/1.1" 200 96766 "-" "Mozilla/5.0 AppleWebKit/537.36 (KHTML, like Gecko; compatible; GPTBot/1.3; +https://openai.com/gptbot)"
57.141.2.77 - - [18/Nov/2025:07:34:27 -0700] "GET /product812377061?kg=0811025954 HTTP/1.1" 200 96766 "-" "meta-externalagent/1.1 (+https://developers.facebook.com/docs/sharing/webmasters/crawler)"
57.141.2.32 - - [18/Nov/2025:07:34:28 -0700] "GET /product778604499?kg=0777309586 HTTP/1.1" 200 96766 "-" "meta-externalagent/1.1 (+https://developers.facebook.com/docs/sharing/webmasters/crawler)"
74.7.227.221 - - [18/Nov/2025:07:34:29 -0700] "GET /products/90kn8725 HTTP/1.1" 200 96766 "-" "Mozilla/5.0 AppleWebKit/537.36 (KHTML, like Gecko; compatible; GPTBot/1.3; +https://openai.com/gptbot)"
57.141.2.70 - - [18/Nov/2025:07:34:30 -0700] "GET /product987451446?kg=0985809032 HTTP/1.1" 200 96766 "-" "meta-externalagent/1.1 (+https://developers.facebook.com/docs/sharing/webmasters/crawler)"
74.7.227.221 - - [18/Nov/2025:07:34:31 -0700] "GET /products/57ml2130 HTTP/1.1" 200 96766 "-" "Mozilla/5.0 AppleWebKit/537.36 (KHTML, like Gecko; compatible; GPTBot/1.3; +https://openai.com/gptbot)"
57.141.2.8 - - [18/Nov/2025:07:34:32 -0700] "GET /product940251863?kg=0938687986 HTTP/1.1" 200 96766 "-" "meta-externalagent/1.1 (+https://developers.facebook.com/docs/sharing/webmasters/crawler)"
57.141.2.66 - - [18/Nov/2025:07:34:34 -0700] "GET /product838729629?kg=0837334674 HTTP/1.1" 200 96766 "-" "meta-externalagent/1.1 (+https://developers.facebook.com/docs/sharing/webmasters/crawler)"
74.7.227.221 - - [18/Nov/2025:07:34:34 -0700] "GET /products/75wn2038 HTTP/1.1" 200 96766 "-" "Mozilla/5.0 AppleWebKit/537.36 (KHTML, like Gecko; compatible; GPTBot/1.3; +https://openai.com/gptbot)"
114.119.128.77 - - [18/Nov/2025:07:34:37 -0700] "GET /search.php?items/ksylb239/39793?key=doctrine HTTP/1.1" 200 113260 "http://marketersvideoplayer.com/search.php?sitemap157.xml" "Mozilla/5.0 (Linux; Android 7.0;) AppleWebKit/537.36 (KHTML, like Gecko) Mobile Safari/537.36 (compatible; PetalBot;+https://webmaster.petalsearch.com/site/petalbot)"
57.141.2.89 - - [18/Nov/2025:07:34:35 -0700] "GET /product940179921?kg=0938616162 HTTP/1.1" 200 96766 "-" "meta-externalagent/1.1 (+https://developers.facebook.com/docs/sharing/webmasters/crawler)"
57.141.2.9 - - [18/Nov/2025:07:34:37 -0700] "GET /product933207135?kg=0931654978 HTTP/1.1" 200 96766 "-" "meta-externalagent/1.1 (+https://developers.facebook.com/docs/sharing/webmasters/crawler)"
74.7.227.221 - - [18/Nov/2025:07:34:37 -0700] "GET /products/96an8407?fileloc=/home/bt667/public_html/wp-load.php&path=/home/bt667/public_html HTTP/1.1" 200 16849 "-" "Mozilla/5.0 AppleWebKit/537.36 (KHTML, like Gecko; compatible; GPTBot/1.3; +https://openai.com/gptbot)"
57.141.2.32 - - [18/Nov/2025:07:34:39 -0700] "GET /product889393616?kg=0887914360 HTTP/1.1" 200 96766 "-" "meta-externalagent/1.1 (+https://developers.facebook.com/docs/sharing/webmasters/crawler)"
74.7.227.221 - - [18/Nov/2025:07:34:40 -0700] "GET /products/6ah13472 HTTP/1.1" 200 96766 "-" "Mozilla/5.0 AppleWebKit/537.36 (KHTML, like Gecko; compatible; GPTBot/1.3; +https://openai.com/gptbot)"
57.141.2.18 - - [18/Nov/2025:07:34:41 -0700] "GET /product1187648883?kg=1185673362 HTTP/1.1" 200 96766 "-" "meta-externalagent/1.1 (+https://developers.facebook.com/docs/sharing/webmasters/crawler)"
74.7.227.221 - - [18/Nov/2025:07:34:44 -0700] "GET /products/26xv7490 HTTP/1.1" 200 96766 "-" "Mozilla/5.0 AppleWebKit/537.36 (KHTML, like Gecko; compatible; GPTBot/1.3; +https://openai.com/gptbot)"
57.141.2.64 - - [18/Nov/2025:07:34:44 -0700] "GET /product238104130?kg=0237708552 HTTP/1.1" 200 96766 "-" "meta-externalagent/1.1 (+https://developers.facebook.com/docs/sharing/webmasters/crawler)"
57.141.2.35 - - [18/Nov/2025:07:34:45 -0700] "GET /product533911522?kg=0533023752 HTTP/1.1" 200 96766 "-" "meta-externalagent/1.1 (+https://developers.facebook.com/docs/sharing/webmasters/crawler)"
74.7.227.221 - - [18/Nov/2025:07:34:46 -0700] "GET /products/57ml2130?path=/home/bt667/public_html/024fc HTTP/1.1" 200 14266 "-" "Mozilla/5.0 AppleWebKit/537.36 (KHTML, like Gecko; compatible; GPTBot/1.3; +https://openai.com/gptbot)"
57.141.2.10 - - [18/Nov/2025:07:34:47 -0700] "GET /product614232235?kg=0613210818 HTTP/1.1" 200 96766 "-" "meta-externalagent/1.1 (+https://developers.facebook.com/docs/sharing/webmasters/crawler)"
74.7.227.221 - - [18/Nov/2025:07:34:49 -0700] "GET /products/48mi5763 HTTP/1.1" 200 96766 "-" "Mozilla/5.0 AppleWebKit/537.36 (KHTML, like Gecko; compatible; GPTBot/1.3; +https://openai.com/gptbot)"
57.141.2.49 - - [18/Nov/2025:07:34:52 -0700] "GET /sitemap-subkey-2226.xml HTTP/1.1" 200 15 "-" "meta-externalagent/1.1 (+https://developers.facebook.com/docs/sharing/webmasters/crawler)"
74.7.227.221 - - [18/Nov/2025:07:34:53 -0700] "GET /products/21wk6934 HTTP/1.1" 200 96766 "-" "Mozilla/5.0 AppleWebKit/537.36 (KHTML, like Gecko; compatible; GPTBot/1.3; +https://openai.com/gptbot)"
57.141.2.17 - - [18/Nov/2025:07:34:54 -0700] "GET /sitemap-subkey-1693.xml HTTP/1.1" 200 13 "-" "meta-externalagent/1.1 (+https://developers.facebook.com/docs/sharing/webmasters/crawler)"
74.7.227.221 - - [18/Nov/2025:07:34:55 -0700] "GET /products/6xh24079 HTTP/1.1" 200 96766 "-" "Mozilla/5.0 AppleWebKit/537.36 (KHTML, like Gecko; compatible; GPTBot/1.3; +https://openai.com/gptbot)"
74.7.227.221 - - [18/Nov/2025:07:34:57 -0700] "GET /products/80jy7163 HTTP/1.1" 200 96766 "-" "Mozilla/5.0 AppleWebKit/537.36 (KHTML, like Gecko; compatible; GPTBot/1.3; +https://openai.com/gptbot)"
74.7.227.221 - - [18/Nov/2025:07:34:59 -0700] "GET /products/73ng9815 HTTP/1.1" 200 96766 "-" "Mozilla/5.0 AppleWebKit/537.36 (KHTML, like Gecko; compatible; GPTBot/1.3; +https://openai.com/gptbot)"
74.7.227.221 - - [18/Nov/2025:07:35:01 -0700] "GET /products/62zn9817 HTTP/1.1" 200 96766 "-" "Mozilla/5.0 AppleWebKit/537.36 (KHTML, like Gecko; compatible; GPTBot/1.3; +https://openai.com/gptbot)"
74.7.227.221 - - [18/Nov/2025:07:35:05 -0700] "GET /products/21wk6934?path=/home/bt667/public_html/bin HTTP/1.1" 200 15616 "-" "Mozilla/5.0 AppleWebKit/537.36 (KHTML, like Gecko; compatible; GPTBot/1.3; +https://openai.com/gptbot)"
74.7.227.221 - - [18/Nov/2025:07:35:07 -0700] "GET /products/42xf5376 HTTP/1.1" 200 96766 "-" "Mozilla/5.0 AppleWebKit/537.36 (KHTML, like Gecko; compatible; GPTBot/1.3; +https://openai.com/gptbot)"
74.7.227.221 - - [18/Nov/2025:07:35:09 -0700] "GET /products/5ma23419 HTTP/1.1" 200 96766 "-" "Mozilla/5.0 AppleWebKit/537.36 (KHTML, like Gecko; compatible; GPTBot/1.3; +https://openai.com/gptbot)"
57.141.2.89 - - [18/Nov/2025:07:35:10 -0700] "GET /product434956323?kg=0434233202 HTTP/1.1" 200 96766 "-" "meta-externalagent/1.1 (+https://developers.facebook.com/docs/sharing/webmasters/crawler)"
74.7.227.221 - - [18/Nov/2025:07:35:10 -0700] "GET /products/6xh24079?fileloc=/home/bt667/public_html/search.php&path=/home/bt667/public_html HTTP/1.1" 200 14010 "-" "Mozilla/5.0 AppleWebKit/537.36 (KHTML, like Gecko; compatible; GPTBot/1.3; +https://openai.com/gptbot)"
74.7.227.221 - - [18/Nov/2025:07:35:12 -0700] "GET /products/17yk6203 HTTP/1.1" 200 96766 "-" "Mozilla/5.0 AppleWebKit/537.36 (KHTML, like Gecko; compatible; GPTBot/1.3; +https://openai.com/gptbot)"
74.7.227.221 - - [18/Nov/2025:07:35:13 -0700] "GET /products/82wq5910 HTTP/1.1" 200 96766 "-" "Mozilla/5.0 AppleWebKit/537.36 (KHTML, like Gecko; compatible; GPTBot/1.3; +https://openai.com/gptbot)"
57.141.2.94 - - [18/Nov/2025:07:35:13 -0700] "GET /product1150586982?kg=1148673128 HTTP/1.1" 200 96766 "-" "meta-externalagent/1.1 (+https://developers.facebook.com/docs/sharing/webmasters/crawler)"
74.7.227.221 - - [18/Nov/2025:07:35:14 -0700] "GET /products/27fj4036 HTTP/1.1" 200 96766 "-" "Mozilla/5.0 AppleWebKit/537.36 (KHTML, like Gecko; compatible; GPTBot/1.3; +https://openai.com/gptbot)"
74.7.227.221 - - [18/Nov/2025:07:35:16 -0700] "GET /products/4hk31052 HTTP/1.1" 200 96766 "-" "Mozilla/5.0 AppleWebKit/537.36 (KHTML, like Gecko; compatible; GPTBot/1.3; +https://openai.com/gptbot)"
74.7.227.221 - - [18/Nov/2025:07:35:17 -0700] "GET /products/8kz36914 HTTP/1.1" 200 96766 "-" "Mozilla/5.0 AppleWebKit/537.36 (KHTML, like Gecko; compatible; GPTBot/1.3; +https://openai.com/gptbot)"
74.7.227.221 - - [18/Nov/2025:07:35:19 -0700] "GET /products/5ma23419?path=/home HTTP/1.1" 200 12634 "-" "Mozilla/5.0 AppleWebKit/537.36 (KHTML, like Gecko; compatible; GPTBot/1.3; +https://openai.com/gptbot)"
74.7.227.221 - - [18/Nov/2025:07:35:20 -0700] "GET /products/46yh20452 HTTP/1.1" 200 96766 "-" "Mozilla/5.0 AppleWebKit/537.36 (KHTML, like Gecko; compatible; GPTBot/1.3; +https://openai.com/gptbot)"
74.7.227.221 - - [18/Nov/2025:07:35:23 -0700] "GET /products/29hw7056 HTTP/1.1" 200 96766 "-" "Mozilla/5.0 AppleWebKit/537.36 (KHTML, like Gecko; compatible; GPTBot/1.3; +https://openai.com/gptbot)"
74.7.227.221 - - [18/Nov/2025:07:35:25 -0700] "GET /products/89wa3405 HTTP/1.1" 200 96766 "-" "Mozilla/5.0 AppleWebKit/537.36 (KHTML, like Gecko; compatible; GPTBot/1.3; +https://openai.com/gptbot)"
57.141.2.70 - - [18/Nov/2025:07:35:28 -0700] "GET /product1085936861?kg=1084130578 HTTP/1.1" 200 96766 "-" "meta-externalagent/1.1 (+https://developers.facebook.com/docs/sharing/webmasters/crawler)"
74.7.227.221 - - [18/Nov/2025:07:35:28 -0700] "GET /products/255ja7686 HTTP/1.1" 200 96766 "-" "Mozilla/5.0 AppleWebKit/537.36 (KHTML, like Gecko; compatible; GPTBot/1.3; +https://openai.com/gptbot)"
57.141.2.90 - - [18/Nov/2025:07:35:30 -0700] "GET /product840904630?kg=0839506056 HTTP/1.1" 200 96766 "-" "meta-externalagent/1.1 (+https://developers.facebook.com/docs/sharing/webmasters/crawler)"
74.7.227.221 - - [18/Nov/2025:07:35:32 -0700] "GET /products/83la9172 HTTP/1.1" 200 96766 "-" "Mozilla/5.0 AppleWebKit/537.36 (KHTML, like Gecko; compatible; GPTBot/1.3; +https://openai.com/gptbot)"
74.7.227.221 - - [18/Nov/2025:07:35:36 -0700] "GET /products/4hk31052?fileloc=/home/bt667/public_html/config.php&path=/home/bt667/public_html HTTP/1.1" 200 22119 "-" "Mozilla/5.0 AppleWebKit/537.36 (KHTML, like Gecko; compatible; GPTBot/1.3; +https://openai.com/gptbot)"
74.7.227.221 - - [18/Nov/2025:07:35:39 -0700] "GET /products/23bz5817 HTTP/1.1" 200 96766 "-" "Mozilla/5.0 AppleWebKit/537.36 (KHTML, like Gecko; compatible; GPTBot/1.3; +https://openai.com/gptbot)"
74.7.227.221 - - [18/Nov/2025:07:35:42 -0700] "GET /products/65yq3209 HTTP/1.1" 200 96766 "-" "Mozilla/5.0 AppleWebKit/537.36 (KHTML, like Gecko; compatible; GPTBot/1.3; +https://openai.com/gptbot)"
74.7.227.221 - - [18/Nov/2025:07:35:45 -0700] "GET /products/29hw7056?fileloc=/home/bt667/public_html/index.php0&path=/home/bt667/public_html HTTP/1.1" 200 51916 "-" "Mozilla/5.0 AppleWebKit/537.36 (KHTML, like Gecko; compatible; GPTBot/1.3; +https://openai.com/gptbot)"
57.141.2.28 - - [18/Nov/2025:07:35:48 -0700] "GET /product604921068?kg=0603915144 HTTP/1.1" 200 96766 "-" "meta-externalagent/1.1 (+https://developers.facebook.com/docs/sharing/webmasters/crawler)"
74.7.227.221 - - [18/Nov/2025:07:35:49 -0700] "GET /products/54ay1732 HTTP/1.1" 200 96766 "-" "Mozilla/5.0 AppleWebKit/537.36 (KHTML, like Gecko; compatible; GPTBot/1.3; +https://openai.com/gptbot)"
74.7.227.221 - - [18/Nov/2025:07:35:52 -0700] "GET /products/12aw9684 HTTP/1.1" 200 96766 "-" "Mozilla/5.0 AppleWebKit/537.36 (KHTML, like Gecko; compatible; GPTBot/1.3; +https://openai.com/gptbot)"
74.7.227.221 - - [18/Nov/2025:07:35:55 -0700] "GET /products/3zy42015 HTTP/1.1" 200 96766 "-" "Mozilla/5.0 AppleWebKit/537.36 (KHTML, like Gecko; compatible; GPTBot/1.3; +https://openai.com/gptbot)"
114.119.156.102 - - [18/Nov/2025:07:35:57 -0700] "GET /search.php?items/ksmhc148/32272?key=cycle HTTP/1.1" 200 112684 "http://marketersvideoplayer.com/search.php?sitemap157.xml" "Mozilla/5.0 (Linux; Android 7.0;) AppleWebKit/537.36 (KHTML, like Gecko) Mobile Safari/537.36 (compatible; PetalBot;+https://webmaster.petalsearch.com/site/petalbot)"
57.141.2.33 - - [18/Nov/2025:07:35:56 -0700] "GET /product1287964780?kg=1285822344 HTTP/1.1" 200 96766 "-" "meta-externalagent/1.1 (+https://developers.facebook.com/docs/sharing/webmasters/crawler)"
57.141.2.83 - - [18/Nov/2025:07:35:57 -0700] "GET /product1020722191?kg=1019024418 HTTP/1.1" 200 96766 "-" "meta-externalagent/1.1 (+https://developers.facebook.com/docs/sharing/webmasters/crawler)"
74.7.227.221 - - [18/Nov/2025:07:35:58 -0700] "GET /products/46yh20452?path=/home/bt667/public_html/.tmb HTTP/1.1" 200 15750 "-" "Mozilla/5.0 AppleWebKit/537.36 (KHTML, like Gecko; compatible; GPTBot/1.3; +https://openai.com/gptbot)"
57.141.2.76 - - [18/Nov/2025:07:35:59 -0700] "GET /product352248326?kg=0351662824 HTTP/1.1" 200 96766 "-" "meta-externalagent/1.1 (+https://developers.facebook.com/docs/sharing/webmasters/crawler)"
74.7.227.221 - - [18/Nov/2025:07:36:01 -0700] "GET /products/34og58 HTTP/1.1" 200 96766 "-" "Mozilla/5.0 AppleWebKit/537.36 (KHTML, like Gecko; compatible; GPTBot/1.3; +https://openai.com/gptbot)"
74.7.227.221 - - [18/Nov/2025:07:36:04 -0700] "GET /products/6fi42705 HTTP/1.1" 200 96766 "-" "Mozilla/5.0 AppleWebKit/537.36 (KHTML, like Gecko; compatible; GPTBot/1.3; +https://openai.com/gptbot)"
74.7.227.221 - - [18/Nov/2025:07:36:07 -0700] "GET /products/12aw9684?fileloc=/home/bt667/public_html/php.ini&path=/home/bt667/public_html HTTP/1.1" 200 12392 "-" "Mozilla/5.0 AppleWebKit/537.36 (KHTML, like Gecko; compatible; GPTBot/1.3; +https://openai.com/gptbot)"
74.7.227.221 - - [18/Nov/2025:07:36:09 -0700] "GET /products/9gr951 HTTP/1.1" 200 96766 "-" "Mozilla/5.0 AppleWebKit/537.36 (KHTML, like Gecko; compatible; GPTBot/1.3; +https://openai.com/gptbot)"
74.7.227.221 - - [18/Nov/2025:07:36:11 -0700] "GET /products/5ah133 HTTP/1.1" 200 96766 "-" "Mozilla/5.0 AppleWebKit/537.36 (KHTML, like Gecko; compatible; GPTBot/1.3; +https://openai.com/gptbot)"
57.141.2.23 - - [18/Nov/2025:07:36:13 -0700] "GET /sitemap-subkey-1126.xml HTTP/1.1" 200 13 "-" "meta-externalagent/1.1 (+https://developers.facebook.com/docs/sharing/webmasters/crawler)"
74.7.227.221 - - [18/Nov/2025:07:36:13 -0700] "GET /products/5dx354 HTTP/1.1" 200 96766 "-" "Mozilla/5.0 AppleWebKit/537.36 (KHTML, like Gecko; compatible; GPTBot/1.3; +https://openai.com/gptbot)"
74.7.227.221 - - [18/Nov/2025:07:36:15 -0700] "GET /products/6fi42705?fileloc=/home/bt667/public_html/wp-mail.php&path=/home/bt667/public_html HTTP/1.1" 200 22231 "-" "Mozilla/5.0 AppleWebKit/537.36 (KHTML, like Gecko; compatible; GPTBot/1.3; +https://openai.com/gptbot)"
74.7.227.221 - - [18/Nov/2025:07:36:16 -0700] "GET /products/6fi42705?fileloc=/home/bt667/public_html/Professor6T9.txt&path=/home/bt667/public_html HTTP/1.1" 200 12512 "-" "Mozilla/5.0 AppleWebKit/537.36 (KHTML, like Gecko; compatible; GPTBot/1.3; +https://openai.com/gptbot)"
74.7.227.221 - - [18/Nov/2025:07:36:18 -0700] "GET /products/34og58?fileloc=/home/bt667/public_html/networks.php&path=/home/bt667/public_html HTTP/1.1" 200 14278 "-" "Mozilla/5.0 AppleWebKit/537.36 (KHTML, like Gecko; compatible; GPTBot/1.3; +https://openai.com/gptbot)"
74.7.227.221 - - [18/Nov/2025:07:36:21 -0700] "GET /products/75qh6491 HTTP/1.1" 200 96766 "-" "Mozilla/5.0 AppleWebKit/537.36 (KHTML, like Gecko; compatible; GPTBot/1.3; +https://openai.com/gptbot)"
74.7.227.221 - - [18/Nov/2025:07:36:23 -0700] "GET /products/9gr951?fileloc=/home/bt667/public_html/wp-log1n.php&path=/home/bt667/public_html HTTP/1.1" 200 14903 "-" "Mozilla/5.0 AppleWebKit/537.36 (KHTML, like Gecko; compatible; GPTBot/1.3; +https://openai.com/gptbot)"
74.7.227.221 - - [18/Nov/2025:07:36:25 -0700] "GET /products/19ah5642 HTTP/1.1" 200 96766 "-" "Mozilla/5.0 AppleWebKit/537.36 (KHTML, like Gecko; compatible; GPTBot/1.3; +https://openai.com/gptbot)"
57.141.2.20 - - [18/Nov/2025:07:36:27 -0700] "GET /product524469229?kg=0523597170 HTTP/1.1" 200 96766 "-" "meta-externalagent/1.1 (+https://developers.facebook.com/docs/sharing/webmasters/crawler)"
74.7.227.221 - - [18/Nov/2025:07:36:28 -0700] "GET /products/7rg806 HTTP/1.1" 200 96766 "-" "Mozilla/5.0 AppleWebKit/537.36 (KHTML, like Gecko; compatible; GPTBot/1.3; +https://openai.com/gptbot)"
57.141.2.96 - - [18/Nov/2025:07:36:29 -0700] "GET /product606099503?kg=0605091618 HTTP/1.1" 200 96766 "-" "meta-externalagent/1.1 (+https://developers.facebook.com/docs/sharing/webmasters/crawler)"
57.141.2.9 - - [18/Nov/2025:07:36:31 -0700] "GET /product993917557?kg=0992264386 HTTP/1.1" 200 96766 "-" "meta-externalagent/1.1 (+https://developers.facebook.com/docs/sharing/webmasters/crawler)"
74.7.227.221 - - [18/Nov/2025:07:36:31 -0700] "GET /products/87rr31 HTTP/1.1" 200 96766 "-" "Mozilla/5.0 AppleWebKit/537.36 (KHTML, like Gecko; compatible; GPTBot/1.3; +https://openai.com/gptbot)"
57.141.2.86 - - [18/Nov/2025:07:36:32 -0700] "GET /product983595999?kg=0981960002 HTTP/1.1" 200 96766 "-" "meta-externalagent/1.1 (+https://developers.facebook.com/docs/sharing/webmasters/crawler)"
57.141.2.8 - - [18/Nov/2025:07:36:34 -0700] "GET /product176223968?kg=0175931352 HTTP/1.1" 200 96766 "-" "meta-externalagent/1.1 (+https://developers.facebook.com/docs/sharing/webmasters/crawler)"
57.141.2.9 - - [18/Nov/2025:07:36:35 -0700] "GET /product1204123950?kg=1202121016 HTTP/1.1" 200 96766 "-" "meta-externalagent/1.1 (+https://developers.facebook.com/docs/sharing/webmasters/crawler)"
74.7.227.221 - - [18/Nov/2025:07:36:35 -0700] "GET /products/7ca191 HTTP/1.1" 200 96766 "-" "Mozilla/5.0 AppleWebKit/537.36 (KHTML, like Gecko; compatible; GPTBot/1.3; +https://openai.com/gptbot)"
57.141.2.21 - - [18/Nov/2025:07:36:37 -0700] "GET /product255293237?kg=0254869058 HTTP/1.1" 200 96766 "-" "meta-externalagent/1.1 (+https://developers.facebook.com/docs/sharing/webmasters/crawler)"
74.7.227.221 - - [18/Nov/2025:07:36:38 -0700] "GET /products/3kl300 HTTP/1.1" 200 96766 "-" "Mozilla/5.0 AppleWebKit/537.36 (KHTML, like Gecko; compatible; GPTBot/1.3; +https://openai.com/gptbot)"
57.141.2.68 - - [18/Nov/2025:07:36:38 -0700] "GET /product1386688452?kg=1384381752 HTTP/1.1" 200 96766 "-" "meta-externalagent/1.1 (+https://developers.facebook.com/docs/sharing/webmasters/crawler)"
57.141.2.58 - - [18/Nov/2025:07:36:40 -0700] "GET /product939829376?kg=0938266200 HTTP/1.1" 200 96766 "-" "meta-externalagent/1.1 (+https://developers.facebook.com/docs/sharing/webmasters/crawler)"
74.7.227.221 - - [18/Nov/2025:07:36:41 -0700] "GET /products/81jy71 HTTP/1.1" 200 96766 "-" "Mozilla/5.0 AppleWebKit/537.36 (KHTML, like Gecko; compatible; GPTBot/1.3; +https://openai.com/gptbot)"
57.141.2.20 - - [18/Nov/2025:07:36:41 -0700] "GET /product435021812?kg=0434298584 HTTP/1.1" 200 96766 "-" "meta-externalagent/1.1 (+https://developers.facebook.com/docs/sharing/webmasters/crawler)"
57.141.2.2 - - [18/Nov/2025:07:36:43 -0700] "GET /product95226599?kg=0095068754 HTTP/1.1" 200 96766 "-" "meta-externalagent/1.1 (+https://developers.facebook.com/docs/sharing/webmasters/crawler)"
74.7.227.221 - - [18/Nov/2025:07:36:43 -0700] "GET /products/13qp14 HTTP/1.1" 200 96766 "-" "Mozilla/5.0 AppleWebKit/537.36 (KHTML, like Gecko; compatible; GPTBot/1.3; +https://openai.com/gptbot)"
57.141.2.94 - - [18/Nov/2025:07:36:44 -0700] "GET /product631736374?kg=0630685832 HTTP/1.1" 200 96766 "-" "meta-externalagent/1.1 (+https://developers.facebook.com/docs/sharing/webmasters/crawler)"
57.141.2.68 - - [18/Nov/2025:07:36:46 -0700] "GET /product721966746?kg=0720766072 HTTP/1.1" 200 96766 "-" "meta-externalagent/1.1 (+https://developers.facebook.com/docs/sharing/webmasters/crawler)"
74.7.227.221 - - [18/Nov/2025:07:36:46 -0700] "GET /products/9vk277 HTTP/1.1" 200 96766 "-" "Mozilla/5.0 AppleWebKit/537.36 (KHTML, like Gecko; compatible; GPTBot/1.3; +https://openai.com/gptbot)"
74.7.227.221 - - [18/Nov/2025:07:36:49 -0700] "GET /products/32gd8539 HTTP/1.1" 200 96766 "-" "Mozilla/5.0 AppleWebKit/537.36 (KHTML, like Gecko; compatible; GPTBot/1.3; +https://openai.com/gptbot)"
216.73.216.222 - - [18/Nov/2025:07:36:50 -0700] "GET / HTTP/1.1" 200 96766 "-" "Mozilla/5.0 AppleWebKit/537.36 (KHTML, like Gecko; compatible; ClaudeBot/1.0; +claudebot@anthropic.com)"
74.7.227.221 - - [18/Nov/2025:07:36:53 -0700] "GET /products/5oy986 HTTP/1.1" 200 96766 "-" "Mozilla/5.0 AppleWebKit/537.36 (KHTML, like Gecko; compatible; GPTBot/1.3; +https://openai.com/gptbot)"
74.7.227.221 - - [18/Nov/2025:07:36:54 -0700] "GET /products/83ue1139 HTTP/1.1" 200 96766 "-" "Mozilla/5.0 AppleWebKit/537.36 (KHTML, like Gecko; compatible; GPTBot/1.3; +https://openai.com/gptbot)"
74.7.227.221 - - [18/Nov/2025:07:36:55 -0700] "GET /products/64pj7781 HTTP/1.1" 200 96766 "-" "Mozilla/5.0 AppleWebKit/537.36 (KHTML, like Gecko; compatible; GPTBot/1.3; +https://openai.com/gptbot)"
74.7.227.221 - - [18/Nov/2025:07:36:57 -0700] "GET /products/149ii326 HTTP/1.1" 200 96766 "-" "Mozilla/5.0 AppleWebKit/537.36 (KHTML, like Gecko; compatible; GPTBot/1.3; +https://openai.com/gptbot)"
74.7.227.221 - - [18/Nov/2025:07:36:58 -0700] "GET /products/21hl9924 HTTP/1.1" 200 96766 "-" "Mozilla/5.0 AppleWebKit/537.36 (KHTML, like Gecko; compatible; GPTBot/1.3; +https://openai.com/gptbot)"
74.7.227.221 - - [18/Nov/2025:07:36:59 -0700] "GET /products/123iu4 HTTP/1.1" 200 96766 "-" "Mozilla/5.0 AppleWebKit/537.36 (KHTML, like Gecko; compatible; GPTBot/1.3; +https://openai.com/gptbot)"
74.7.227.221 - - [18/Nov/2025:07:37:00 -0700] "GET /products/5oy986?path=/home/bt667/public_html/images HTTP/1.1" 200 14305 "-" "Mozilla/5.0 AppleWebKit/537.36 (KHTML, like Gecko; compatible; GPTBot/1.3; +https://openai.com/gptbot)"
74.7.227.221 - - [18/Nov/2025:07:37:02 -0700] "GET /products/5na33873 HTTP/1.1" 200 96766 "-" "Mozilla/5.0 AppleWebKit/537.36 (KHTML, like Gecko; compatible; GPTBot/1.3; +https://openai.com/gptbot)"
57.141.2.89 - - [18/Nov/2025:07:37:03 -0700] "GET /product958399821?kg=0956805746 HTTP/1.1" 200 96766 "-" "meta-externalagent/1.1 (+https://developers.facebook.com/docs/sharing/webmasters/crawler)"
74.7.227.221 - - [18/Nov/2025:07:37:06 -0700] "GET /products/73bl6880 HTTP/1.1" 200 96766 "-" "Mozilla/5.0 AppleWebKit/537.36 (KHTML, like Gecko; compatible; GPTBot/1.3; +https://openai.com/gptbot)"
74.7.227.221 - - [18/Nov/2025:07:37:09 -0700] "GET /products/88ti5314 HTTP/1.1" 200 96766 "-" "Mozilla/5.0 AppleWebKit/537.36 (KHTML, like Gecko; compatible; GPTBot/1.3; +https://openai.com/gptbot)"
74.7.227.221 - - [18/Nov/2025:07:37:12 -0700] "GET /products/63bl9061 HTTP/1.1" 200 96766 "-" "Mozilla/5.0 AppleWebKit/537.36 (KHTML, like Gecko; compatible; GPTBot/1.3; +https://openai.com/gptbot)"
74.7.227.221 - - [18/Nov/2025:07:37:16 -0700] "GET /products/6lv37841 HTTP/1.1" 200 96766 "-" "Mozilla/5.0 AppleWebKit/537.36 (KHTML, like Gecko; compatible; GPTBot/1.3; +https://openai.com/gptbot)"
114.119.156.102 - - [18/Nov/2025:07:37:20 -0700] "GET /search.php?items/kryip23/33251?key=blessing HTTP/1.1" 200 111023 "http://marketersvideoplayer.com/search.php?sitemap157.xml" "Mozilla/5.0 (Linux; Android 7.0;) AppleWebKit/537.36 (KHTML, like Gecko) Mobile Safari/537.36 (compatible; PetalBot;+https://webmaster.petalsearch.com/site/petalbot)"
74.7.227.221 - - [18/Nov/2025:07:37:20 -0700] "GET /products/52pa2519 HTTP/1.1" 200 96766 "-" "Mozilla/5.0 AppleWebKit/537.36 (KHTML, like Gecko; compatible; GPTBot/1.3; +https://openai.com/gptbot)"
74.7.227.221 - - [18/Nov/2025:07:37:23 -0700] "GET /products/67ef5372 HTTP/1.1" 200 96766 "-" "Mozilla/5.0 AppleWebKit/537.36 (KHTML, like Gecko; compatible; GPTBot/1.3; +https://openai.com/gptbot)"
74.7.227.221 - - [18/Nov/2025:07:37:26 -0700] "GET /products/70mb9680 HTTP/1.1" 200 96766 "-" "Mozilla/5.0 AppleWebKit/537.36 (KHTML, like Gecko; compatible; GPTBot/1.3; +https://openai.com/gptbot)"
74.7.227.221 - - [18/Nov/2025:07:37:30 -0700] "GET /products/63bl9061?fileloc=/home/bt667/public_html/options-body.php&path=/home/bt667/public_html HTTP/1.1" 200 647490 "-" "Mozilla/5.0 AppleWebKit/537.36 (KHTML, like Gecko; compatible; GPTBot/1.3; +https://openai.com/gptbot)"
74.7.227.221 - - [18/Nov/2025:07:37:34 -0700] "GET /products/58wd6170 HTTP/1.1" 200 96766 "-" "Mozilla/5.0 AppleWebKit/537.36 (KHTML, like Gecko; compatible; GPTBot/1.3; +https://openai.com/gptbot)"
74.7.227.221 - - [18/Nov/2025:07:37:37 -0700] "GET /products/19ol2885 HTTP/1.1" 200 96766 "-" "Mozilla/5.0 AppleWebKit/537.36 (KHTML, like Gecko; compatible; GPTBot/1.3; +https://openai.com/gptbot)"
74.7.227.221 - - [18/Nov/2025:07:37:40 -0700] "GET /products/197wl233 HTTP/1.1" 200 96766 "-" "Mozilla/5.0 AppleWebKit/537.36 (KHTML, like Gecko; compatible; GPTBot/1.3; +https://openai.com/gptbot)"
74.7.227.221 - - [18/Nov/2025:07:37:44 -0700] "GET /products/16hy4961 HTTP/1.1" 200 96766 "-" "Mozilla/5.0 AppleWebKit/537.36 (KHTML, like Gecko; compatible; GPTBot/1.3; +https://openai.com/gptbot)"
57.141.2.91 - - [18/Nov/2025:07:37:45 -0700] "GET /product1075759788?kg=1073970440 HTTP/1.1" 200 96766 "-" "meta-externalagent/1.1 (+https://developers.facebook.com/docs/sharing/webmasters/crawler)"
57.141.2.81 - - [18/Nov/2025:07:37:45 -0700] "GET /product1058287822?kg=1056527544 HTTP/1.1" 200 96766 "-" "meta-externalagent/1.1 (+https://developers.facebook.com/docs/sharing/webmasters/crawler)"
57.141.2.30 - - [18/Nov/2025:07:37:47 -0700] "GET /product1255785133?kg=1253696242 HTTP/1.1" 200 96766 "-" "meta-externalagent/1.1 (+https://developers.facebook.com/docs/sharing/webmasters/crawler)"
74.7.227.221 - - [18/Nov/2025:07:37:47 -0700] "GET /products/27ol3296 HTTP/1.1" 200 96766 "-" "Mozilla/5.0 AppleWebKit/537.36 (KHTML, like Gecko; compatible; GPTBot/1.3; +https://openai.com/gptbot)"
74.7.227.221 - - [18/Nov/2025:07:37:50 -0700] "GET /products/19ol2885?path=/home/bt667/public_html/wp-content HTTP/1.1" 200 47431 "-" "Mozilla/5.0 AppleWebKit/537.36 (KHTML, like Gecko; compatible; GPTBot/1.3; +https://openai.com/gptbot)"
74.7.227.221 - - [18/Nov/2025:07:37:54 -0700] "GET /products/24cv7565 HTTP/1.1" 200 96766 "-" "Mozilla/5.0 AppleWebKit/537.36 (KHTML, like Gecko; compatible; GPTBot/1.3; +https://openai.com/gptbot)"
57.141.2.80 - - [18/Nov/2025:07:37:56 -0700] "GET /product1297795616?kg=1295636824 HTTP/1.1" 200 96766 "-" "meta-externalagent/1.1 (+https://developers.facebook.com/docs/sharing/webmasters/crawler)"
57.141.2.29 - - [18/Nov/2025:07:37:57 -0700] "GET /product738632135?kg=0737403730 HTTP/1.1" 200 96766 "-" "meta-externalagent/1.1 (+https://developers.facebook.com/docs/sharing/webmasters/crawler)"
74.7.227.221 - - [18/Nov/2025:07:37:58 -0700] "GET /products/219yo231 HTTP/1.1" 200 96766 "-" "Mozilla/5.0 AppleWebKit/537.36 (KHTML, like Gecko; compatible; GPTBot/1.3; +https://openai.com/gptbot)"
57.141.2.71 - - [18/Nov/2025:07:37:59 -0700] "GET /product1253571938?kg=1251486728 HTTP/1.1" 200 96766 "-" "meta-externalagent/1.1 (+https://developers.facebook.com/docs/sharing/webmasters/crawler)"
57.141.2.18 - - [18/Nov/2025:07:38:00 -0700] "GET /product1058382474?kg=1056622040 HTTP/1.1" 200 96766 "-" "meta-externalagent/1.1 (+https://developers.facebook.com/docs/sharing/webmasters/crawler)"
74.7.227.221 - - [18/Nov/2025:07:38:02 -0700] "GET /products/296hl589 HTTP/1.1" 200 96766 "-" "Mozilla/5.0 AppleWebKit/537.36 (KHTML, like Gecko; compatible; GPTBot/1.3; +https://openai.com/gptbot)"
57.141.2.60 - - [18/Nov/2025:07:38:01 -0700] "GET /product524157895?kg=0523286354 HTTP/1.1" 200 96766 "-" "meta-externalagent/1.1 (+https://developers.facebook.com/docs/sharing/webmasters/crawler)"
57.141.2.78 - - [18/Nov/2025:07:38:03 -0700] "GET /product816268760?kg=0814911176 HTTP/1.1" 200 96766 "-" "meta-externalagent/1.1 (+https://developers.facebook.com/docs/sharing/webmasters/crawler)"
57.141.2.91 - - [18/Nov/2025:07:38:04 -0700] "GET /product1117933288?kg=1116073768 HTTP/1.1" 200 96766 "-" "meta-externalagent/1.1 (+https://developers.facebook.com/docs/sharing/webmasters/crawler)"
74.7.227.221 - - [18/Nov/2025:07:38:05 -0700] "GET /products/16hy4961?path=/home/bt667/public_html/stagging HTTP/1.1" 200 59195 "-" "Mozilla/5.0 AppleWebKit/537.36 (KHTML, like Gecko; compatible; GPTBot/1.3; +https://openai.com/gptbot)"
57.141.2.35 - - [18/Nov/2025:07:38:06 -0700] "GET /product94860782?kg=0094703544 HTTP/1.1" 200 96766 "-" "meta-externalagent/1.1 (+https://developers.facebook.com/docs/sharing/webmasters/crawler)"
57.141.2.9 - - [18/Nov/2025:07:38:07 -0700] "GET /product799422979?kg=0798093426 HTTP/1.1" 200 96766 "-" "meta-externalagent/1.1 (+https://developers.facebook.com/docs/sharing/webmasters/crawler)"
74.7.227.221 - - [18/Nov/2025:07:38:08 -0700] "GET /products/74tz2127 HTTP/1.1" 200 96766 "-" "Mozilla/5.0 AppleWebKit/537.36 (KHTML, like Gecko; compatible; GPTBot/1.3; +https://openai.com/gptbot)"
57.141.2.30 - - [18/Nov/2025:07:38:09 -0700] "GET /product688538527?kg=0687393474 HTTP/1.1" 200 96766 "-" "meta-externalagent/1.1 (+https://developers.facebook.com/docs/sharing/webmasters/crawler)"
74.7.227.221 - - [18/Nov/2025:07:38:10 -0700] "GET /products/176fl597 HTTP/1.1" 200 96766 "-" "Mozilla/5.0 AppleWebKit/537.36 (KHTML, like Gecko; compatible; GPTBot/1.3; +https://openai.com/gptbot)"
74.7.227.221 - - [18/Nov/2025:07:38:13 -0700] "GET /products/82tx5884 HTTP/1.1" 200 96766 "-" "Mozilla/5.0 AppleWebKit/537.36 (KHTML, like Gecko; compatible; GPTBot/1.3; +https://openai.com/gptbot)"
74.7.227.221 - - [18/Nov/2025:07:38:16 -0700] "GET /products/80er6822 HTTP/1.1" 200 96766 "-" "Mozilla/5.0 AppleWebKit/537.36 (KHTML, like Gecko; compatible; GPTBot/1.3; +https://openai.com/gptbot)"
74.7.227.221 - - [18/Nov/2025:07:38:19 -0700] "GET /products/76oj3119 HTTP/1.1" 200 96766 "-" "Mozilla/5.0 AppleWebKit/537.36 (KHTML, like Gecko; compatible; GPTBot/1.3; +https://openai.com/gptbot)"
74.7.227.221 - - [18/Nov/2025:07:38:22 -0700] "GET /products/9tp20987 HTTP/1.1" 200 96766 "-" "Mozilla/5.0 AppleWebKit/537.36 (KHTML, like Gecko; compatible; GPTBot/1.3; +https://openai.com/gptbot)"
74.7.227.221 - - [18/Nov/2025:07:38:25 -0700] "GET /products/176fl597?fileloc=/home/bt667/public_html/wp-log1n.php&path=/home/bt667/public_html HTTP/1.1" 200 14903 "-" "Mozilla/5.0 AppleWebKit/537.36 (KHTML, like Gecko; compatible; GPTBot/1.3; +https://openai.com/gptbot)"
57.141.2.6 - - [18/Nov/2025:07:38:28 -0700] "GET /product458422510?kg=0457660344 HTTP/1.1" 200 96766 "-" "meta-externalagent/1.1 (+https://developers.facebook.com/docs/sharing/webmasters/crawler)"
74.7.227.221 - - [18/Nov/2025:07:38:28 -0700] "GET /products/90ww1994 HTTP/1.1" 200 96766 "-" "Mozilla/5.0 AppleWebKit/537.36 (KHTML, like Gecko; compatible; GPTBot/1.3; +https://openai.com/gptbot)"
74.7.227.221 - - [18/Nov/2025:07:38:32 -0700] "GET /products/31ox7718 HTTP/1.1" 200 96766 "-" "Mozilla/5.0 AppleWebKit/537.36 (KHTML, like Gecko; compatible; GPTBot/1.3; +https://openai.com/gptbot)"
57.141.2.82 - - [18/Nov/2025:07:38:34 -0700] "GET /product1267349100?kg=1265240968 HTTP/1.1" 200 96766 "-" "meta-externalagent/1.1 (+https://developers.facebook.com/docs/sharing/webmasters/crawler)"
74.7.227.221 - - [18/Nov/2025:07:38:35 -0700] "GET /products/60vs6805 HTTP/1.1" 200 96766 "-" "Mozilla/5.0 AppleWebKit/537.36 (KHTML, like Gecko; compatible; GPTBot/1.3; +https://openai.com/gptbot)"
57.141.2.76 - - [18/Nov/2025:07:38:36 -0700] "GET /product1150428060?kg=1148514472 HTTP/1.1" 200 96766 "-" "meta-externalagent/1.1 (+https://developers.facebook.com/docs/sharing/webmasters/crawler)"
74.7.227.221 - - [18/Nov/2025:07:38:38 -0700] "GET /products/260ul672 HTTP/1.1" 200 96766 "-" "Mozilla/5.0 AppleWebKit/537.36 (KHTML, like Gecko; compatible; GPTBot/1.3; +https://openai.com/gptbot)"
114.119.128.77 - - [18/Nov/2025:07:38:43 -0700] "GET /search.php?items/krubn199/43347?key=mayor HTTP/1.1" 200 15 "http://marketersvideoplayer.com/search.php?sitemap157.xml" "Mozilla/5.0 (Linux; Android 7.0;) AppleWebKit/537.36 (KHTML, like Gecko) Mobile Safari/537.36 (compatible; PetalBot;+https://webmaster.petalsearch.com/site/petalbot)"
74.7.227.221 - - [18/Nov/2025:07:38:41 -0700] "GET /products/9zu19447 HTTP/1.1" 200 96766 "-" "Mozilla/5.0 AppleWebKit/537.36 (KHTML, like Gecko; compatible; GPTBot/1.3; +https://openai.com/gptbot)"
74.7.227.221 - - [18/Nov/2025:07:38:44 -0700] "GET /products/90ww1994?fileloc=/home/bt667/public_html/options-body.php&path=/home/bt667/public_html HTTP/1.1" 200 647490 "-" "Mozilla/5.0 AppleWebKit/537.36 (KHTML, like Gecko; compatible; GPTBot/1.3; +https://openai.com/gptbot)"
74.7.227.221 - - [18/Nov/2025:07:38:47 -0700] "GET /products/31ox7718?path=/home/bt667/public_html/024fc HTTP/1.1" 200 14266 "-" "Mozilla/5.0 AppleWebKit/537.36 (KHTML, like Gecko; compatible; GPTBot/1.3; +https://openai.com/gptbot)"
74.7.227.221 - - [18/Nov/2025:07:38:50 -0700] "GET /products/97ds4725 HTTP/1.1" 200 96766 "-" "Mozilla/5.0 AppleWebKit/537.36 (KHTML, like Gecko; compatible; GPTBot/1.3; +https://openai.com/gptbot)"
74.7.227.221 - - [18/Nov/2025:07:38:53 -0700] "GET /products/31vk7168 HTTP/1.1" 200 96766 "-" "Mozilla/5.0 AppleWebKit/537.36 (KHTML, like Gecko; compatible; GPTBot/1.3; +https://openai.com/gptbot)"
74.7.227.221 - - [18/Nov/2025:07:38:56 -0700] "GET /products/11ov3520 HTTP/1.1" 200 96766 "-" "Mozilla/5.0 AppleWebKit/537.36 (KHTML, like Gecko; compatible; GPTBot/1.3; +https://openai.com/gptbot)"
57.141.2.24 - - [18/Nov/2025:07:38:58 -0700] "GET /product366558362?kg=0365949048 HTTP/1.1" 200 96766 "-" "meta-externalagent/1.1 (+https://developers.facebook.com/docs/sharing/webmasters/crawler)"
74.7.227.221 - - [18/Nov/2025:07:38:59 -0700] "GET /products/4qa30931 HTTP/1.1" 200 96766 "-" "Mozilla/5.0 AppleWebKit/537.36 (KHTML, like Gecko; compatible; GPTBot/1.3; +https://openai.com/gptbot)"
57.141.2.66 - - [18/Nov/2025:07:38:59 -0700] "GET /product979408281?kg=0977779250 HTTP/1.1" 200 96766 "-" "meta-externalagent/1.1 (+https://developers.facebook.com/docs/sharing/webmasters/crawler)"
57.141.2.3 - - [18/Nov/2025:07:39:01 -0700] "GET /product176430323?kg=0176137362 HTTP/1.1" 200 96766 "-" "meta-externalagent/1.1 (+https://developers.facebook.com/docs/sharing/webmasters/crawler)"
74.7.227.221 - - [18/Nov/2025:07:39:02 -0700] "GET /products/18nj3464 HTTP/1.1" 200 96766 "-" "Mozilla/5.0 AppleWebKit/537.36 (KHTML, like Gecko; compatible; GPTBot/1.3; +https://openai.com/gptbot)"
57.141.2.28 - - [18/Nov/2025:07:39:02 -0700] "GET /product1348120353?kg=1345877826 HTTP/1.1" 200 96766 "-" "meta-externalagent/1.1 (+https://developers.facebook.com/docs/sharing/webmasters/crawler)"
74.7.227.221 - - [18/Nov/2025:07:39:09 -0700] "GET /products/6mr14690 HTTP/1.1" 200 96766 "-" "Mozilla/5.0 AppleWebKit/537.36 (KHTML, like Gecko; compatible; GPTBot/1.3; +https://openai.com/gptbot)"
74.7.227.221 - - [18/Nov/2025:07:39:14 -0700] "GET /products/238xr947 HTTP/1.1" 200 96766 "-" "Mozilla/5.0 AppleWebKit/537.36 (KHTML, like Gecko; compatible; GPTBot/1.3; +https://openai.com/gptbot)"
57.141.2.57 - - [18/Nov/2025:07:39:16 -0700] "GET /product1190058699?kg=1188079170 HTTP/1.1" 200 96766 "-" "meta-externalagent/1.1 (+https://developers.facebook.com/docs/sharing/webmasters/crawler)"
74.7.227.221 - - [18/Nov/2025:07:39:18 -0700] "GET /products/11ov3520?fileloc=/home/bt667/public_html/robots.txt&path=/home/bt667/public_html HTTP/1.1" 200 12765 "-" "Mozilla/5.0 AppleWebKit/537.36 (KHTML, like Gecko; compatible; GPTBot/1.3; +https://openai.com/gptbot)"
74.7.227.221 - - [18/Nov/2025:07:39:21 -0700] "GET /products/8ap32741 HTTP/1.1" 200 96766 "-" "Mozilla/5.0 AppleWebKit/537.36 (KHTML, like Gecko; compatible; GPTBot/1.3; +https://openai.com/gptbot)"
74.7.227.221 - - [18/Nov/2025:07:39:24 -0700] "GET /products/8ws27209 HTTP/1.1" 200 96766 "-" "Mozilla/5.0 AppleWebKit/537.36 (KHTML, like Gecko; compatible; GPTBot/1.3; +https://openai.com/gptbot)"
57.141.2.34 - - [18/Nov/2025:07:39:25 -0700] "GET /product1336508736?kg=1334285528 HTTP/1.1" 200 96766 "-" "meta-externalagent/1.1 (+https://developers.facebook.com/docs/sharing/webmasters/crawler)"
74.7.227.221 - - [18/Nov/2025:07:39:27 -0700] "GET /products/40fs9785 HTTP/1.1" 200 96766 "-" "Mozilla/5.0 AppleWebKit/537.36 (KHTML, like Gecko; compatible; GPTBot/1.3; +https://openai.com/gptbot)"
74.7.227.221 - - [18/Nov/2025:07:39:29 -0700] "GET /products/238xr947?fileloc=/home/bt667/public_html/inputs.php&path=/home/bt667/public_html HTTP/1.1" 200 19063 "-" "Mozilla/5.0 AppleWebKit/537.36 (KHTML, like Gecko; compatible; GPTBot/1.3; +https://openai.com/gptbot)"
57.141.2.69 - - [18/Nov/2025:07:39:29 -0700] "GET /product565403339?kg=0564463170 HTTP/1.1" 200 96766 "-" "meta-externalagent/1.1 (+https://developers.facebook.com/docs/sharing/webmasters/crawler)"
74.7.227.221 - - [18/Nov/2025:07:39:31 -0700] "GET /products/82sn8279 HTTP/1.1" 200 96766 "-" "Mozilla/5.0 AppleWebKit/537.36 (KHTML, like Gecko; compatible; GPTBot/1.3; +https://openai.com/gptbot)"
57.141.2.34 - - [18/Nov/2025:07:39:31 -0700] "GET /product778733730?kg=0777438600 HTTP/1.1" 200 96766 "-" "meta-externalagent/1.1 (+https://developers.facebook.com/docs/sharing/webmasters/crawler)"
