57.141.2.80 - - [18/Nov/2025:08:02:49 -0700] "GET /product1224028455?kg=1221992402 HTTP/1.1" 200 96766 "-" "meta-externalagent/1.1 (+https://developers.facebook.com/docs/sharing/webmasters/crawler)"
57.141.2.57 - - [18/Nov/2025:08:02:50 -0700] "GET /product23361601?kg=0023323330 HTTP/1.1" 200 96766 "-" "meta-externalagent/1.1 (+https://developers.facebook.com/docs/sharing/webmasters/crawler)"
57.141.2.92 - - [18/Nov/2025:08:02:50 -0700] "GET /product352568412?kg=0351982376 HTTP/1.1" 200 96766 "-" "meta-externalagent/1.1 (+https://developers.facebook.com/docs/sharing/webmasters/crawler)"
57.141.2.26 - - [18/Nov/2025:08:02:50 -0700] "GET /product1211921178?kg=1209905272 HTTP/1.1" 200 96766 "-" "meta-externalagent/1.1 (+https://developers.facebook.com/docs/sharing/webmasters/crawler)"
57.141.2.34 - - [18/Nov/2025:08:02:51 -0700] "GET /product1371480796?kg=1369199400 HTTP/1.1" 200 96766 "-" "meta-externalagent/1.1 (+https://developers.facebook.com/docs/sharing/webmasters/crawler)"
74.7.227.221 - - [18/Nov/2025:08:02:51 -0700] "GET /products/7ff19674 HTTP/1.1" 200 96766 "-" "Mozilla/5.0 AppleWebKit/537.36 (KHTML, like Gecko; compatible; GPTBot/1.3; +https://openai.com/gptbot)"
57.141.2.7 - - [18/Nov/2025:08:02:52 -0700] "GET /product67178738?kg=0067067560 HTTP/1.1" 200 96766 "-" "meta-externalagent/1.1 (+https://developers.facebook.com/docs/sharing/webmasters/crawler)"
57.141.2.77 - - [18/Nov/2025:08:02:51 -0700] "GET /product690867706?kg=0689718776 HTTP/1.1" 200 96766 "-" "meta-externalagent/1.1 (+https://developers.facebook.com/docs/sharing/webmasters/crawler)"
57.141.2.64 - - [18/Nov/2025:08:02:52 -0700] "GET /product737341041?kg=0736114786 HTTP/1.1" 200 96766 "-" "meta-externalagent/1.1 (+https://developers.facebook.com/docs/sharing/webmasters/crawler)"
57.141.2.1 - - [18/Nov/2025:08:02:53 -0700] "GET /product674321351?kg=0673199954 HTTP/1.1" 200 96766 "-" "meta-externalagent/1.1 (+https://developers.facebook.com/docs/sharing/webmasters/crawler)"
57.141.2.60 - - [18/Nov/2025:08:02:54 -0700] "GET /product946911736?kg=0945336776 HTTP/1.1" 200 96766 "-" "meta-externalagent/1.1 (+https://developers.facebook.com/docs/sharing/webmasters/crawler)"
136.243.228.182 - - [18/Nov/2025:08:02:54 -0700] "GET /product354580254?fileloc=/home/bt667/public_html/license.txt&path=/home/bt667/public_html HTTP/1.1" 200 32416 "-" "Mozilla/5.0 (compatible; DataForSeoBot/1.0; +https://dataforseo.com/dataforseo-bot)"
57.141.2.68 - - [18/Nov/2025:08:02:54 -0700] "GET /product889432976?kg=0887953656 HTTP/1.1" 200 96766 "-" "meta-externalagent/1.1 (+https://developers.facebook.com/docs/sharing/webmasters/crawler)"
57.141.2.33 - - [18/Nov/2025:08:02:57 -0700] "GET /product847218249?kg=0845809170 HTTP/1.1" 200 96766 "-" "meta-externalagent/1.1 (+https://developers.facebook.com/docs/sharing/webmasters/crawler)"
74.7.227.221 - - [18/Nov/2025:08:03:02 -0700] "GET /products/8mq43309?fileloc=/home/bt667/public_html/robots.txt&path=/home/bt667/public_html HTTP/1.1" 200 12765 "-" "Mozilla/5.0 AppleWebKit/537.36 (KHTML, like Gecko; compatible; GPTBot/1.3; +https://openai.com/gptbot)"
136.243.228.178 - - [18/Nov/2025:08:03:05 -0700] "GET /product644341538?kg=0643270024 HTTP/1.1" 200 96766 "-" "Mozilla/5.0 (compatible; DataForSeoBot/1.0; +https://dataforseo.com/dataforseo-bot)"
57.141.2.76 - - [18/Nov/2025:08:03:14 -0700] "GET /product625261947?kg=0624222178 HTTP/1.1" 200 96766 "-" "meta-externalagent/1.1 (+https://developers.facebook.com/docs/sharing/webmasters/crawler)"
74.7.227.221 - - [18/Nov/2025:08:03:12 -0700] "GET /products/17tp3930 HTTP/1.1" 200 96766 "-" "Mozilla/5.0 AppleWebKit/537.36 (KHTML, like Gecko; compatible; GPTBot/1.3; +https://openai.com/gptbot)"
136.243.228.182 - - [18/Nov/2025:08:03:15 -0700] "GET /product354580254?fileloc=/home/bt667/public_html/wp-mail.php&path=/home/bt667/public_html HTTP/1.1" 200 22231 "-" "Mozilla/5.0 (compatible; DataForSeoBot/1.0; +https://dataforseo.com/dataforseo-bot)"
57.141.2.14 - - [18/Nov/2025:08:03:32 -0700] "GET /sitemap-subkey-1873.xml HTTP/1.1" 200 13 "-" "meta-externalagent/1.1 (+https://developers.facebook.com/docs/sharing/webmasters/crawler)"
57.141.2.88 - - [18/Nov/2025:08:03:25 -0700] "GET /product574806014?kg=0573850200 HTTP/1.1" 200 96766 "-" "meta-externalagent/1.1 (+https://developers.facebook.com/docs/sharing/webmasters/crawler)"
57.141.2.88 - - [18/Nov/2025:08:03:26 -0700] "GET /product1277668142?kg=1275542840 HTTP/1.1" 200 96766 "-" "meta-externalagent/1.1 (+https://developers.facebook.com/docs/sharing/webmasters/crawler)"
136.243.228.178 - - [18/Nov/2025:08:03:26 -0700] "GET /product644293618?kg=0643222184 HTTP/1.1" 200 96766 "-" "Mozilla/5.0 (compatible; DataForSeoBot/1.0; +https://dataforseo.com/dataforseo-bot)"
74.7.227.221 - - [18/Nov/2025:08:03:27 -0700] "GET /products/1zh39403 HTTP/1.1" 200 96766 "-" "Mozilla/5.0 AppleWebKit/537.36 (KHTML, like Gecko; compatible; GPTBot/1.3; +https://openai.com/gptbot)"
57.141.2.25 - - [18/Nov/2025:08:03:29 -0700] "GET /product546578102?kg=0545669256 HTTP/1.1" 200 96766 "-" "meta-externalagent/1.1 (+https://developers.facebook.com/docs/sharing/webmasters/crawler)"
57.141.2.87 - - [18/Nov/2025:08:03:29 -0700] "GET /product304348381?kg=0303842578 HTTP/1.1" 200 96766 "-" "meta-externalagent/1.1 (+https://developers.facebook.com/docs/sharing/webmasters/crawler)"
57.141.2.11 - - [18/Nov/2025:08:03:30 -0700] "GET /product1243523659?kg=1241455170 HTTP/1.1" 200 96766 "-" "meta-externalagent/1.1 (+https://developers.facebook.com/docs/sharing/webmasters/crawler)"
136.243.228.182 - - [18/Nov/2025:08:03:36 -0700] "GET /product354580254?fileloc=/home/bt667/public_html/themes.php&path=/home/bt667/public_html HTTP/1.1" 200 90749 "-" "Mozilla/5.0 (compatible; DataForSeoBot/1.0; +https://dataforseo.com/dataforseo-bot)"
74.7.227.221 - - [18/Nov/2025:08:03:37 -0700] "GET /products/60si3340 HTTP/1.1" 200 96766 "-" "Mozilla/5.0 AppleWebKit/537.36 (KHTML, like Gecko; compatible; GPTBot/1.3; +https://openai.com/gptbot)"
114.119.137.103 - - [18/Nov/2025:08:03:52 -0700] "GET /search.php?items/kkylv40/35044?key=specific HTTP/1.1" 200 15 "http://marketersvideoplayer.com/search.php?sitemap157.xml" "Mozilla/5.0 (Linux; Android 7.0;) AppleWebKit/537.36 (KHTML, like Gecko) Mobile Safari/537.36 (compatible; PetalBot;+https://webmaster.petalsearch.com/site/petalbot)"
136.243.228.178 - - [18/Nov/2025:08:03:46 -0700] "GET /product644326693?kg=0643255202 HTTP/1.1" 200 96766 "-" "Mozilla/5.0 (compatible; DataForSeoBot/1.0; +https://dataforseo.com/dataforseo-bot)"
57.141.2.17 - - [18/Nov/2025:08:03:46 -0700] "GET /product612188769?kg=0611170754 HTTP/1.1" 200 96766 "-" "meta-externalagent/1.1 (+https://developers.facebook.com/docs/sharing/webmasters/crawler)"
74.7.227.221 - - [18/Nov/2025:08:03:47 -0700] "GET /products/63pk2542 HTTP/1.1" 200 96766 "-" "Mozilla/5.0 AppleWebKit/537.36 (KHTML, like Gecko; compatible; GPTBot/1.3; +https://openai.com/gptbot)"
57.141.2.5 - - [18/Nov/2025:08:03:49 -0700] "GET /product403263011?kg=0402592626 HTTP/1.1" 200 96766 "-" "meta-externalagent/1.1 (+https://developers.facebook.com/docs/sharing/webmasters/crawler)"
57.141.2.71 - - [18/Nov/2025:08:03:49 -0700] "GET /product630293341?kg=0629245202 HTTP/1.1" 200 96766 "-" "meta-externalagent/1.1 (+https://developers.facebook.com/docs/sharing/webmasters/crawler)"
57.141.2.58 - - [18/Nov/2025:08:03:53 -0700] "GET /product1444126497?kg=1441724226 HTTP/1.1" 200 96766 "-" "meta-externalagent/1.1 (+https://developers.facebook.com/docs/sharing/webmasters/crawler)"
57.141.2.71 - - [18/Nov/2025:08:03:54 -0700] "GET /product1455634767?kg=1453213346 HTTP/1.1" 200 96766 "-" "meta-externalagent/1.1 (+https://developers.facebook.com/docs/sharing/webmasters/crawler)"
57.141.2.58 - - [18/Nov/2025:08:03:54 -0700] "GET /product1199883863?kg=1197887986 HTTP/1.1" 200 96766 "-" "meta-externalagent/1.1 (+https://developers.facebook.com/docs/sharing/webmasters/crawler)"
57.141.2.12 - - [18/Nov/2025:08:03:55 -0700] "GET /product1252311936?kg=1250228824 HTTP/1.1" 200 96766 "-" "meta-externalagent/1.1 (+https://developers.facebook.com/docs/sharing/webmasters/crawler)"
57.141.2.61 - - [18/Nov/2025:08:03:55 -0700] "GET /product334336476?kg=0333780776 HTTP/1.1" 200 96766 "-" "meta-externalagent/1.1 (+https://developers.facebook.com/docs/sharing/webmasters/crawler)"
57.141.2.6 - - [18/Nov/2025:08:03:55 -0700] "GET /product38578775?kg=0038515186 HTTP/1.1" 200 96766 "-" "meta-externalagent/1.1 (+https://developers.facebook.com/docs/sharing/webmasters/crawler)"
57.141.2.87 - - [18/Nov/2025:08:03:57 -0700] "GET /product997592654?kg=0995933368 HTTP/1.1" 200 96766 "-" "meta-externalagent/1.1 (+https://developers.facebook.com/docs/sharing/webmasters/crawler)"
57.141.2.88 - - [18/Nov/2025:08:03:56 -0700] "GET /product885053765?kg=0883581730 HTTP/1.1" 200 96766 "-" "meta-externalagent/1.1 (+https://developers.facebook.com/docs/sharing/webmasters/crawler)"
57.141.2.13 - - [18/Nov/2025:08:03:57 -0700] "GET /product386197792?kg=0385555800 HTTP/1.1" 200 96766 "-" "meta-externalagent/1.1 (+https://developers.facebook.com/docs/sharing/webmasters/crawler)"
57.141.2.32 - - [18/Nov/2025:08:03:57 -0700] "GET /product42788325?kg=0042717730 HTTP/1.1" 200 96766 "-" "meta-externalagent/1.1 (+https://developers.facebook.com/docs/sharing/webmasters/crawler)"
74.7.227.221 - - [18/Nov/2025:08:03:58 -0700] "GET /products/17tp3930?fileloc=/home/bt667/public_html/wp-load.php&path=/home/bt667/public_html HTTP/1.1" 200 16849 "-" "Mozilla/5.0 AppleWebKit/537.36 (KHTML, like Gecko; compatible; GPTBot/1.3; +https://openai.com/gptbot)"
136.243.228.182 - - [18/Nov/2025:08:03:57 -0700] "GET /product354580254?fileloc=/home/bt667/public_html/adminer.php&path=/home/bt667/public_html HTTP/1.1" 200 613697 "-" "Mozilla/5.0 (compatible; DataForSeoBot/1.0; +https://dataforseo.com/dataforseo-bot)"
57.141.2.15 - - [18/Nov/2025:08:03:59 -0700] "GET /product537149143?kg=0536255986 HTTP/1.1" 200 96766 "-" "meta-externalagent/1.1 (+https://developers.facebook.com/docs/sharing/webmasters/crawler)"
57.141.2.8 - - [18/Nov/2025:08:03:59 -0700] "GET /product1123702970?kg=1121833848 HTTP/1.1" 200 96766 "-" "meta-externalagent/1.1 (+https://developers.facebook.com/docs/sharing/webmasters/crawler)"
57.141.2.77 - - [18/Nov/2025:08:03:59 -0700] "GET /product67569831?kg=0067458002 HTTP/1.1" 200 96766 "-" "meta-externalagent/1.1 (+https://developers.facebook.com/docs/sharing/webmasters/crawler)"
57.141.2.95 - - [18/Nov/2025:08:04:00 -0700] "GET /product1243385413?kg=1241317154 HTTP/1.1" 200 96766 "-" "meta-externalagent/1.1 (+https://developers.facebook.com/docs/sharing/webmasters/crawler)"
57.141.2.18 - - [18/Nov/2025:08:04:00 -0700] "GET /product1433042855?kg=1430659026 HTTP/1.1" 200 96766 "-" "meta-externalagent/1.1 (+https://developers.facebook.com/docs/sharing/webmasters/crawler)"
57.141.2.35 - - [18/Nov/2025:08:04:02 -0700] "GET /product997360572?kg=0995701672 HTTP/1.1" 200 96766 "-" "meta-externalagent/1.1 (+https://developers.facebook.com/docs/sharing/webmasters/crawler)"
57.141.2.94 - - [18/Nov/2025:08:04:01 -0700] "GET /product1362287918?kg=1360021816 HTTP/1.1" 200 96766 "-" "meta-externalagent/1.1 (+https://developers.facebook.com/docs/sharing/webmasters/crawler)"
57.141.2.49 - - [18/Nov/2025:08:04:01 -0700] "GET /product236527807?kg=0236134850 HTTP/1.1" 200 96766 "-" "meta-externalagent/1.1 (+https://developers.facebook.com/docs/sharing/webmasters/crawler)"
57.141.2.58 - - [18/Nov/2025:08:04:02 -0700] "GET /product361278385?kg=0360677858 HTTP/1.1" 200 96766 "-" "meta-externalagent/1.1 (+https://developers.facebook.com/docs/sharing/webmasters/crawler)"
57.141.2.27 - - [18/Nov/2025:08:04:02 -0700] "GET /product512379417?kg=0511527474 HTTP/1.1" 200 96766 "-" "meta-externalagent/1.1 (+https://developers.facebook.com/docs/sharing/webmasters/crawler)"
57.141.2.9 - - [18/Nov/2025:08:04:04 -0700] "GET /product299719285?kg=0299221186 HTTP/1.1" 200 96766 "-" "meta-externalagent/1.1 (+https://developers.facebook.com/docs/sharing/webmasters/crawler)"
57.141.2.70 - - [18/Nov/2025:08:04:04 -0700] "GET /product176215003?kg=0175922402 HTTP/1.1" 200 96766 "-" "meta-externalagent/1.1 (+https://developers.facebook.com/docs/sharing/webmasters/crawler)"
57.141.2.60 - - [18/Nov/2025:08:04:04 -0700] "GET /product458004801?kg=0457243330 HTTP/1.1" 200 96766 "-" "meta-externalagent/1.1 (+https://developers.facebook.com/docs/sharing/webmasters/crawler)"
57.141.2.1 - - [18/Nov/2025:08:04:04 -0700] "GET /product1156856063?kg=1154931778 HTTP/1.1" 200 96766 "-" "meta-externalagent/1.1 (+https://developers.facebook.com/docs/sharing/webmasters/crawler)"
57.141.2.8 - - [18/Nov/2025:08:04:05 -0700] "GET /product910329746?kg=0908815656 HTTP/1.1" 200 96766 "-" "meta-externalagent/1.1 (+https://developers.facebook.com/docs/sharing/webmasters/crawler)"
57.141.2.83 - - [18/Nov/2025:08:04:05 -0700] "GET /product346000933?kg=0345425826 HTTP/1.1" 200 96766 "-" "meta-externalagent/1.1 (+https://developers.facebook.com/docs/sharing/webmasters/crawler)"
57.141.2.7 - - [18/Nov/2025:08:04:06 -0700] "GET /product1191300575?kg=1189318978 HTTP/1.1" 200 96766 "-" "meta-externalagent/1.1 (+https://developers.facebook.com/docs/sharing/webmasters/crawler)"
74.7.227.221 - - [18/Nov/2025:08:04:10 -0700] "GET /products/73eu8409?path=/home/bt667/public_html/024fc HTTP/1.1" 200 14266 "-" "Mozilla/5.0 AppleWebKit/537.36 (KHTML, like Gecko; compatible; GPTBot/1.3; +https://openai.com/gptbot)"
136.243.228.178 - - [18/Nov/2025:08:04:10 -0700] "GET /product644005757?kg=0642934802 HTTP/1.1" 200 96766 "-" "Mozilla/5.0 (compatible; DataForSeoBot/1.0; +https://dataforseo.com/dataforseo-bot)"
57.141.2.14 - - [18/Nov/2025:08:04:13 -0700] "GET /product1252128649?kg=1250045842 HTTP/1.1" 200 96766 "-" "meta-externalagent/1.1 (+https://developers.facebook.com/docs/sharing/webmasters/crawler)"
57.141.2.19 - - [18/Nov/2025:08:04:14 -0700] "GET /product1362313288?kg=1360047144 HTTP/1.1" 200 96766 "-" "meta-externalagent/1.1 (+https://developers.facebook.com/docs/sharing/webmasters/crawler)"
57.141.2.35 - - [18/Nov/2025:08:04:14 -0700] "GET /product109077133?kg=0108896242 HTTP/1.1" 200 96766 "-" "meta-externalagent/1.1 (+https://developers.facebook.com/docs/sharing/webmasters/crawler)"
57.141.2.9 - - [18/Nov/2025:08:04:15 -0700] "GET /product1291325378?kg=1289177352 HTTP/1.1" 200 96766 "-" "meta-externalagent/1.1 (+https://developers.facebook.com/docs/sharing/webmasters/crawler)"
57.141.2.53 - - [18/Nov/2025:08:04:15 -0700] "GET /product539783927?kg=0538886386 HTTP/1.1" 200 96766 "-" "meta-externalagent/1.1 (+https://developers.facebook.com/docs/sharing/webmasters/crawler)"
57.141.2.93 - - [18/Nov/2025:08:04:16 -0700] "GET /product257293980?kg=0256866472 HTTP/1.1" 200 96766 "-" "meta-externalagent/1.1 (+https://developers.facebook.com/docs/sharing/webmasters/crawler)"
57.141.2.78 - - [18/Nov/2025:08:04:16 -0700] "GET /product352344065?kg=0351758402 HTTP/1.1" 200 96766 "-" "meta-externalagent/1.1 (+https://developers.facebook.com/docs/sharing/webmasters/crawler)"
57.141.2.73 - - [18/Nov/2025:08:04:17 -0700] "GET /product354546582?kg=0353957256 HTTP/1.1" 200 96766 "-" "meta-externalagent/1.1 (+https://developers.facebook.com/docs/sharing/webmasters/crawler)"
57.141.2.30 - - [18/Nov/2025:08:04:18 -0700] "GET /product375129614?kg=0374506040 HTTP/1.1" 200 96766 "-" "meta-externalagent/1.1 (+https://developers.facebook.com/docs/sharing/webmasters/crawler)"
57.141.2.10 - - [18/Nov/2025:08:04:18 -0700] "GET /product338021632?kg=0337459800 HTTP/1.1" 200 96766 "-" "meta-externalagent/1.1 (+https://developers.facebook.com/docs/sharing/webmasters/crawler)"
57.141.2.91 - - [18/Nov/2025:08:04:19 -0700] "GET /product683961862?kg=0682824424 HTTP/1.1" 200 96766 "-" "meta-externalagent/1.1 (+https://developers.facebook.com/docs/sharing/webmasters/crawler)"
57.141.2.96 - - [18/Nov/2025:08:04:19 -0700] "GET /product70498975?kg=0070382274 HTTP/1.1" 200 96766 "-" "meta-externalagent/1.1 (+https://developers.facebook.com/docs/sharing/webmasters/crawler)"
57.141.2.33 - - [18/Nov/2025:08:04:20 -0700] "GET /product731100712?kg=0729884840 HTTP/1.1" 200 96766 "-" "meta-externalagent/1.1 (+https://developers.facebook.com/docs/sharing/webmasters/crawler)"
57.141.2.68 - - [18/Nov/2025:08:04:20 -0700] "GET /product674363924?kg=0673242456 HTTP/1.1" 200 96766 "-" "meta-externalagent/1.1 (+https://developers.facebook.com/docs/sharing/webmasters/crawler)"
57.141.2.81 - - [18/Nov/2025:08:04:20 -0700] "GET /product940173146?kg=0938609400 HTTP/1.1" 200 96766 "-" "meta-externalagent/1.1 (+https://developers.facebook.com/docs/sharing/webmasters/crawler)"
136.243.228.182 - - [18/Nov/2025:08:04:23 -0700] "GET /product354580254?fileloc=/home/bt667/public_html/product.php&path=/home/bt667/public_html HTTP/1.1" 200 14946 "-" "Mozilla/5.0 (compatible; DataForSeoBot/1.0; +https://dataforseo.com/dataforseo-bot)"
74.7.227.221 - - [18/Nov/2025:08:04:25 -0700] "GET /products/98tv7698 HTTP/1.1" 200 96766 "-" "Mozilla/5.0 AppleWebKit/537.36 (KHTML, like Gecko; compatible; GPTBot/1.3; +https://openai.com/gptbot)"
57.141.2.34 - - [18/Nov/2025:08:04:32 -0700] "GET /product1118059498?kg=1116199768 HTTP/1.1" 200 96766 "-" "meta-externalagent/1.1 (+https://developers.facebook.com/docs/sharing/webmasters/crawler)"
57.141.2.34 - - [18/Nov/2025:08:04:33 -0700] "GET /product830869148?kg=0829487272 HTTP/1.1" 200 96766 "-" "meta-externalagent/1.1 (+https://developers.facebook.com/docs/sharing/webmasters/crawler)"
57.141.2.92 - - [18/Nov/2025:08:04:34 -0700] "GET /product1277198354?kg=1275073832 HTTP/1.1" 200 96766 "-" "meta-externalagent/1.1 (+https://developers.facebook.com/docs/sharing/webmasters/crawler)"
57.141.2.76 - - [18/Nov/2025:08:04:34 -0700] "GET /product1118097347?kg=1116237554 HTTP/1.1" 200 96766 "-" "meta-externalagent/1.1 (+https://developers.facebook.com/docs/sharing/webmasters/crawler)"
136.243.228.178 - - [18/Nov/2025:08:04:36 -0700] "GET /product644369184?kg=0643297624 HTTP/1.1" 200 96766 "-" "Mozilla/5.0 (compatible; DataForSeoBot/1.0; +https://dataforseo.com/dataforseo-bot)"
74.7.227.221 - - [18/Nov/2025:08:04:37 -0700] "GET /products/83qb4515 HTTP/1.1" 200 96766 "-" "Mozilla/5.0 AppleWebKit/537.36 (KHTML, like Gecko; compatible; GPTBot/1.3; +https://openai.com/gptbot)"
57.141.2.96 - - [18/Nov/2025:08:04:40 -0700] "GET /product889264680?kg=0887785640 HTTP/1.1" 200 96766 "-" "meta-externalagent/1.1 (+https://developers.facebook.com/docs/sharing/webmasters/crawler)"
57.141.2.92 - - [18/Nov/2025:08:04:40 -0700] "GET /product830779078?kg=0829397352 HTTP/1.1" 200 96766 "-" "meta-externalagent/1.1 (+https://developers.facebook.com/docs/sharing/webmasters/crawler)"
57.141.2.73 - - [18/Nov/2025:08:04:41 -0700] "GET /product1380443950?kg=1378147640 HTTP/1.1" 200 96766 "-" "meta-externalagent/1.1 (+https://developers.facebook.com/docs/sharing/webmasters/crawler)"
57.141.2.64 - - [18/Nov/2025:08:04:44 -0700] "GET /product293768798?kg=0293280600 HTTP/1.1" 200 96766 "-" "meta-externalagent/1.1 (+https://developers.facebook.com/docs/sharing/webmasters/crawler)"
57.141.2.62 - - [18/Nov/2025:08:04:46 -0700] "GET /product403262602?kg=0402592216 HTTP/1.1" 200 96766 "-" "meta-externalagent/1.1 (+https://developers.facebook.com/docs/sharing/webmasters/crawler)"
57.141.2.82 - - [18/Nov/2025:08:04:49 -0700] "GET /product1128674819?kg=1126797426 HTTP/1.1" 200 96766 "-" "meta-externalagent/1.1 (+https://developers.facebook.com/docs/sharing/webmasters/crawler)"
136.243.228.182 - - [18/Nov/2025:08:04:50 -0700] "GET /product354580254?fileloc=/home/bt667/public_html/file-manager.php&path=/home/bt667/public_html HTTP/1.1" 200 23826 "-" "Mozilla/5.0 (compatible; DataForSeoBot/1.0; +https://dataforseo.com/dataforseo-bot)"
57.141.2.21 - - [18/Nov/2025:08:04:50 -0700] "GET /product948737430?kg=0947159432 HTTP/1.1" 200 96766 "-" "meta-externalagent/1.1 (+https://developers.facebook.com/docs/sharing/webmasters/crawler)"
74.7.227.221 - - [18/Nov/2025:08:04:51 -0700] "GET /products/2ti27492 HTTP/1.1" 200 96766 "-" "Mozilla/5.0 AppleWebKit/537.36 (KHTML, like Gecko; compatible; GPTBot/1.3; +https://openai.com/gptbot)"
57.141.2.83 - - [18/Nov/2025:08:04:53 -0700] "GET /product1076457745?kg=1074667234 HTTP/1.1" 200 96766 "-" "meta-externalagent/1.1 (+https://developers.facebook.com/docs/sharing/webmasters/crawler)"
57.141.2.8 - - [18/Nov/2025:08:04:54 -0700] "GET /product1020601242?kg=1018903672 HTTP/1.1" 200 96766 "-" "meta-externalagent/1.1 (+https://developers.facebook.com/docs/sharing/webmasters/crawler)"
57.141.2.97 - - [18/Nov/2025:08:04:55 -0700] "GET /product29007267?kg=0028959602 HTTP/1.1" 200 96766 "-" "meta-externalagent/1.1 (+https://developers.facebook.com/docs/sharing/webmasters/crawler)"
57.141.2.57 - - [18/Nov/2025:08:04:56 -0700] "GET /product334197469?kg=0333642002 HTTP/1.1" 200 96766 "-" "meta-externalagent/1.1 (+https://developers.facebook.com/docs/sharing/webmasters/crawler)"
114.119.136.100 - - [18/Nov/2025:08:05:13 -0700] "GET /search.php?items/kkrbb221/15873?key=roof HTTP/1.1" 200 114242 "http://marketersvideoplayer.com/search.php?sitemap157.xml" "Mozilla/5.0 (Linux; Android 7.0;) AppleWebKit/537.36 (KHTML, like Gecko) Mobile Safari/537.36 (compatible; PetalBot;+https://webmaster.petalsearch.com/site/petalbot)"
57.141.2.75 - - [18/Nov/2025:08:05:01 -0700] "GET /product1184603598?kg=1182633144 HTTP/1.1" 200 96766 "-" "meta-externalagent/1.1 (+https://developers.facebook.com/docs/sharing/webmasters/crawler)"
57.141.2.60 - - [18/Nov/2025:08:05:31 -0700] "GET /product204807594?kg=0204467416 HTTP/1.1" 500 2431 "-" "meta-externalagent/1.1 (+https://developers.facebook.com/docs/sharing/webmasters/crawler)"
57.141.2.96 - - [18/Nov/2025:08:05:27 -0700] "GET /product632162485?kg=0631111234 HTTP/1.1" 500 2431 "-" "meta-externalagent/1.1 (+https://developers.facebook.com/docs/sharing/webmasters/crawler)"
57.141.2.58 - - [18/Nov/2025:08:05:00 -0700] "GET /product375410411?kg=0374786370 HTTP/1.1" 200 96766 "-" "meta-externalagent/1.1 (+https://developers.facebook.com/docs/sharing/webmasters/crawler)"
136.243.228.178 - - [18/Nov/2025:08:05:06 -0700] "GET /product644397168?kg=0643325560 HTTP/1.1" 200 96766 "-" "Mozilla/5.0 (compatible; DataForSeoBot/1.0; +https://dataforseo.com/dataforseo-bot)"
57.141.2.25 - - [18/Nov/2025:08:05:04 -0700] "GET /product865278349?kg=0863839218 HTTP/1.1" 200 96766 "-" "meta-externalagent/1.1 (+https://developers.facebook.com/docs/sharing/webmasters/crawler)"
57.141.2.6 - - [18/Nov/2025:08:05:05 -0700] "GET /product1109275967?kg=1107430850 HTTP/1.1" 200 96766 "-" "meta-externalagent/1.1 (+https://developers.facebook.com/docs/sharing/webmasters/crawler)"
57.141.2.88 - - [18/Nov/2025:08:05:02 -0700] "GET /product236656323?kg=0236263154 HTTP/1.1" 200 96766 "-" "meta-externalagent/1.1 (+https://developers.facebook.com/docs/sharing/webmasters/crawler)"
57.141.2.18 - - [18/Nov/2025:08:05:07 -0700] "GET /product690793657?kg=0689644850 HTTP/1.1" 200 96766 "-" "meta-externalagent/1.1 (+https://developers.facebook.com/docs/sharing/webmasters/crawler)"
57.141.2.70 - - [18/Nov/2025:08:05:08 -0700] "GET /product575117366?kg=0574161032 HTTP/1.1" 200 96766 "-" "meta-externalagent/1.1 (+https://developers.facebook.com/docs/sharing/webmasters/crawler)"
57.141.2.95 - - [18/Nov/2025:08:05:04 -0700] "GET /product731200640?kg=0729984600 HTTP/1.1" 200 96766 "-" "meta-externalagent/1.1 (+https://developers.facebook.com/docs/sharing/webmasters/crawler)"
57.141.2.17 - - [18/Nov/2025:08:05:12 -0700] "GET /product1353006106?kg=1350755448 HTTP/1.1" 200 96766 "-" "meta-externalagent/1.1 (+https://developers.facebook.com/docs/sharing/webmasters/crawler)"
57.141.2.69 - - [18/Nov/2025:08:05:06 -0700] "GET /product1352487866?kg=1350238072 HTTP/1.1" 200 96766 "-" "meta-externalagent/1.1 (+https://developers.facebook.com/docs/sharing/webmasters/crawler)"
57.141.2.57 - - [18/Nov/2025:08:05:13 -0700] "GET /product1359253631?kg=1356992578 HTTP/1.1" 200 96766 "-" "meta-externalagent/1.1 (+https://developers.facebook.com/docs/sharing/webmasters/crawler)"
57.141.2.82 - - [18/Nov/2025:08:05:11 -0700] "GET /product940201962?kg=0938638168 HTTP/1.1" 200 96766 "-" "meta-externalagent/1.1 (+https://developers.facebook.com/docs/sharing/webmasters/crawler)"
57.141.2.36 - - [18/Nov/2025:08:05:10 -0700] "GET /product1204242203?kg=1202239074 HTTP/1.1" 200 96766 "-" "meta-externalagent/1.1 (+https://developers.facebook.com/docs/sharing/webmasters/crawler)"
57.141.2.75 - - [18/Nov/2025:08:05:14 -0700] "GET /product231270065?kg=0230885858 HTTP/1.1" 200 96766 "-" "meta-externalagent/1.1 (+https://developers.facebook.com/docs/sharing/webmasters/crawler)"
74.7.227.221 - - [18/Nov/2025:08:05:08 -0700] "GET /products/60si3340?fileloc=/home/bt667/public_html/file-manager.php&path=/home/bt667/public_html HTTP/1.1" 200 23826 "-" "Mozilla/5.0 AppleWebKit/537.36 (KHTML, like Gecko; compatible; GPTBot/1.3; +https://openai.com/gptbot)"
57.141.2.10 - - [18/Nov/2025:08:05:15 -0700] "GET /product640084280?kg=0639019848 HTTP/1.1" 200 96766 "-" "meta-externalagent/1.1 (+https://developers.facebook.com/docs/sharing/webmasters/crawler)"
57.141.2.78 - - [18/Nov/2025:08:05:12 -0700] "GET /product285456403?kg=0284982034 HTTP/1.1" 200 96766 "-" "meta-externalagent/1.1 (+https://developers.facebook.com/docs/sharing/webmasters/crawler)"
57.141.2.31 - - [18/Nov/2025:08:05:17 -0700] "GET /product998119927?kg=0996459762 HTTP/1.1" 200 96766 "-" "meta-externalagent/1.1 (+https://developers.facebook.com/docs/sharing/webmasters/crawler)"
57.141.2.18 - - [18/Nov/2025:08:05:14 -0700] "GET /product1139958802?kg=1138062632 HTTP/1.1" 200 96766 "-" "meta-externalagent/1.1 (+https://developers.facebook.com/docs/sharing/webmasters/crawler)"
57.141.2.86 - - [18/Nov/2025:08:05:17 -0700] "GET /product67830647?kg=0067718386 HTTP/1.1" 200 96766 "-" "meta-externalagent/1.1 (+https://developers.facebook.com/docs/sharing/webmasters/crawler)"
57.141.2.62 - - [18/Nov/2025:08:05:16 -0700] "GET /product152103013?kg=0151850530 HTTP/1.1" 200 96766 "-" "meta-externalagent/1.1 (+https://developers.facebook.com/docs/sharing/webmasters/crawler)"
57.141.2.8 - - [18/Nov/2025:08:05:19 -0700] "GET /product495879250?kg=0495054760 HTTP/1.1" 200 96766 "-" "meta-externalagent/1.1 (+https://developers.facebook.com/docs/sharing/webmasters/crawler)"
57.141.2.10 - - [18/Nov/2025:08:05:20 -0700] "GET /product431403387?kg=0430686178 HTTP/1.1" 200 96766 "-" "meta-externalagent/1.1 (+https://developers.facebook.com/docs/sharing/webmasters/crawler)"
57.141.2.31 - - [18/Nov/2025:08:05:22 -0700] "GET /product896979454?kg=0895487576 HTTP/1.1" 200 96766 "-" "meta-externalagent/1.1 (+https://developers.facebook.com/docs/sharing/webmasters/crawler)"
57.141.2.49 - - [18/Nov/2025:08:05:24 -0700] "GET /product690579016?kg=0689430568 HTTP/1.1" 200 96766 "-" "meta-externalagent/1.1 (+https://developers.facebook.com/docs/sharing/webmasters/crawler)"
57.141.2.83 - - [18/Nov/2025:08:06:26 -0700] "GET /sitemap-subkey-2387.xml HTTP/1.1" 200 13 "-" "meta-externalagent/1.1 (+https://developers.facebook.com/docs/sharing/webmasters/crawler)"
57.141.2.63 - - [18/Nov/2025:08:05:25 -0700] "GET /product661018899?kg=0659919634 HTTP/1.1" 200 96766 "-" "meta-externalagent/1.1 (+https://developers.facebook.com/docs/sharing/webmasters/crawler)"
57.141.2.3 - - [18/Nov/2025:08:05:34 -0700] "GET /product512070078?kg=0511218648 HTTP/1.1" 200 96766 "-" "meta-externalagent/1.1 (+https://developers.facebook.com/docs/sharing/webmasters/crawler)"
57.141.2.62 - - [18/Nov/2025:08:05:37 -0700] "GET /product217766959?kg=0217405218 HTTP/1.1" 200 96766 "-" "meta-externalagent/1.1 (+https://developers.facebook.com/docs/sharing/webmasters/crawler)"
74.7.227.221 - - [18/Nov/2025:08:05:47 -0700] "GET /products/182nf334 HTTP/1.1" 200 96766 "-" "Mozilla/5.0 AppleWebKit/537.36 (KHTML, like Gecko; compatible; GPTBot/1.3; +https://openai.com/gptbot)"
57.141.2.7 - - [18/Nov/2025:08:05:55 -0700] "GET /product750033430?kg=0748786056 HTTP/1.1" 200 96766 "-" "meta-externalagent/1.1 (+https://developers.facebook.com/docs/sharing/webmasters/crawler)"
57.141.2.20 - - [18/Nov/2025:08:05:49 -0700] "GET /product565648709?kg=0564708130 HTTP/1.1" 200 96766 "-" "meta-externalagent/1.1 (+https://developers.facebook.com/docs/sharing/webmasters/crawler)"
57.141.2.97 - - [18/Nov/2025:08:05:50 -0700] "GET /product238089011?kg=0237693458 HTTP/1.1" 200 96766 "-" "meta-externalagent/1.1 (+https://developers.facebook.com/docs/sharing/webmasters/crawler)"
57.141.2.21 - - [18/Nov/2025:08:05:44 -0700] "GET /product94493379?kg=0094336754 HTTP/1.1" 200 96766 "-" "meta-externalagent/1.1 (+https://developers.facebook.com/docs/sharing/webmasters/crawler)"
57.141.2.93 - - [18/Nov/2025:08:05:50 -0700] "GET /product1362736264?kg=1360469416 HTTP/1.1" 200 96766 "-" "meta-externalagent/1.1 (+https://developers.facebook.com/docs/sharing/webmasters/crawler)"
114.119.130.177 - - [18/Nov/2025:08:06:36 -0700] "GET /search.php?items/kiopg95/3015?key=odds HTTP/1.1" 200 149435 "http://marketersvideoplayer.com/search.php?sitemap157.xml" "Mozilla/5.0 (Linux; Android 7.0;) AppleWebKit/537.36 (KHTML, like Gecko) Mobile Safari/537.36 (compatible; PetalBot;+https://webmaster.petalsearch.com/site/petalbot)"
136.243.228.182 - - [18/Nov/2025:08:05:56 -0700] "GET /product354580254?fileloc=/home/bt667/public_html/robots.txt&path=/home/bt667/public_html HTTP/1.1" 200 12765 "-" "Mozilla/5.0 (compatible; DataForSeoBot/1.0; +https://dataforseo.com/dataforseo-bot)"
74.7.227.221 - - [18/Nov/2025:08:06:26 -0700] "GET /products/66su1450 HTTP/1.1" 200 96766 "-" "Mozilla/5.0 AppleWebKit/537.36 (KHTML, like Gecko; compatible; GPTBot/1.3; +https://openai.com/gptbot)"
57.141.2.3 - - [18/Nov/2025:08:06:51 -0700] "GET /sitemap-subkey-496.xml HTTP/1.1" 200 13 "-" "meta-externalagent/1.1 (+https://developers.facebook.com/docs/sharing/webmasters/crawler)"
136.243.228.178 - - [18/Nov/2025:08:06:46 -0700] "GET /product644263440?kg=0643192056 HTTP/1.1" 200 96766 "-" "Mozilla/5.0 (compatible; DataForSeoBot/1.0; +https://dataforseo.com/dataforseo-bot)"
74.7.227.221 - - [18/Nov/2025:08:06:55 -0700] "GET /products/34ou5066 HTTP/1.1" 200 96766 "-" "Mozilla/5.0 AppleWebKit/537.36 (KHTML, like Gecko; compatible; GPTBot/1.3; +https://openai.com/gptbot)"
136.243.228.182 - - [18/Nov/2025:08:07:08 -0700] "GET /product354580254?fileloc=/home/bt667/public_html/inputs.php&path=/home/bt667/public_html HTTP/1.1" 200 19063 "-" "Mozilla/5.0 (compatible; DataForSeoBot/1.0; +https://dataforseo.com/dataforseo-bot)"
74.7.227.221 - - [18/Nov/2025:08:07:19 -0700] "GET /products/73df4743 HTTP/1.1" 200 96766 "-" "Mozilla/5.0 AppleWebKit/537.36 (KHTML, like Gecko; compatible; GPTBot/1.3; +https://openai.com/gptbot)"
136.243.228.178 - - [18/Nov/2025:08:07:34 -0700] "GET /product643912131?kg=0642841330 HTTP/1.1" 200 96766 "-" "Mozilla/5.0 (compatible; DataForSeoBot/1.0; +https://dataforseo.com/dataforseo-bot)"
74.7.227.221 - - [18/Nov/2025:08:07:41 -0700] "GET /products/86vo1130 HTTP/1.1" 200 96766 "-" "Mozilla/5.0 AppleWebKit/537.36 (KHTML, like Gecko; compatible; GPTBot/1.3; +https://openai.com/gptbot)"
136.243.228.182 - - [18/Nov/2025:08:07:49 -0700] "GET /product354580254?fileloc=/home/bt667/public_html/.htaccess&path=/home/bt667/public_html HTTP/1.1" 200 13544 "-" "Mozilla/5.0 (compatible; DataForSeoBot/1.0; +https://dataforseo.com/dataforseo-bot)"
114.119.142.135 - - [18/Nov/2025:08:08:01 -0700] "GET /search.php?items/kgvir188/37860?key=offering HTTP/1.1" 200 120852 "http://marketersvideoplayer.com/search.php?sitemap157.xml" "Mozilla/5.0 (Linux; Android 7.0;) AppleWebKit/537.36 (KHTML, like Gecko) Mobile Safari/537.36 (compatible; PetalBot;+https://webmaster.petalsearch.com/site/petalbot)"
74.7.227.221 - - [18/Nov/2025:08:08:04 -0700] "GET /products/50ly1865 HTTP/1.1" 200 96766 "-" "Mozilla/5.0 AppleWebKit/537.36 (KHTML, like Gecko; compatible; GPTBot/1.3; +https://openai.com/gptbot)"
136.243.228.178 - - [18/Nov/2025:08:08:08 -0700] "GET /product643969272?kg=0642898376 HTTP/1.1" 200 96766 "-" "Mozilla/5.0 (compatible; DataForSeoBot/1.0; +https://dataforseo.com/dataforseo-bot)"
136.243.228.182 - - [18/Nov/2025:08:08:25 -0700] "GET /product354580254?fileloc=/home/bt667/public_html/wp-activate.php&path=/home/bt667/public_html HTTP/1.1" 200 21362 "-" "Mozilla/5.0 (compatible; DataForSeoBot/1.0; +https://dataforseo.com/dataforseo-bot)"
74.7.227.221 - - [18/Nov/2025:08:08:26 -0700] "GET /products/84yb5350 HTTP/1.1" 200 96766 "-" "Mozilla/5.0 AppleWebKit/537.36 (KHTML, like Gecko; compatible; GPTBot/1.3; +https://openai.com/gptbot)"
136.243.228.178 - - [18/Nov/2025:08:08:30 -0700] "GET /product644062091?kg=0642991042 HTTP/1.1" 200 96766 "-" "Mozilla/5.0 (compatible; DataForSeoBot/1.0; +https://dataforseo.com/dataforseo-bot)"
136.243.228.182 - - [18/Nov/2025:08:08:34 -0700] "GET /product354580254?fileloc=/home/bt667/public_html/wp-load.php&path=/home/bt667/public_html HTTP/1.1" 200 16849 "-" "Mozilla/5.0 (compatible; DataForSeoBot/1.0; +https://dataforseo.com/dataforseo-bot)"
136.243.228.178 - - [18/Nov/2025:08:08:35 -0700] "GET /product644267745?kg=0643196354 HTTP/1.1" 200 96766 "-" "Mozilla/5.0 (compatible; DataForSeoBot/1.0; +https://dataforseo.com/dataforseo-bot)"
136.243.228.182 - - [18/Nov/2025:08:08:38 -0700] "GET /product354580254?fileloc=/home/bt667/public_html/index.php0&path=/home/bt667/public_html HTTP/1.1" 200 51916 "-" "Mozilla/5.0 (compatible; DataForSeoBot/1.0; +https://dataforseo.com/dataforseo-bot)"
74.7.227.221 - - [18/Nov/2025:08:08:39 -0700] "GET /products/210pk379 HTTP/1.1" 200 96766 "-" "Mozilla/5.0 AppleWebKit/537.36 (KHTML, like Gecko; compatible; GPTBot/1.3; +https://openai.com/gptbot)"
136.243.228.178 - - [18/Nov/2025:08:08:40 -0700] "GET /product644086940?kg=0643015848 HTTP/1.1" 200 96766 "-" "Mozilla/5.0 (compatible; DataForSeoBot/1.0; +https://dataforseo.com/dataforseo-bot)"
74.7.227.221 - - [18/Nov/2025:08:08:42 -0700] "GET /products/6dc18799 HTTP/1.1" 200 96766 "-" "Mozilla/5.0 AppleWebKit/537.36 (KHTML, like Gecko; compatible; GPTBot/1.3; +https://openai.com/gptbot)"
136.243.228.182 - - [18/Nov/2025:08:08:44 -0700] "GET /product354580254?fileloc=/home/bt667/public_html/php.ini&path=/home/bt667/public_html HTTP/1.1" 200 12392 "-" "Mozilla/5.0 (compatible; DataForSeoBot/1.0; +https://dataforseo.com/dataforseo-bot)"
136.243.228.178 - - [18/Nov/2025:08:08:46 -0700] "GET /product644141142?kg=0643069960 HTTP/1.1" 200 96766 "-" "Mozilla/5.0 (compatible; DataForSeoBot/1.0; +https://dataforseo.com/dataforseo-bot)"
136.243.228.182 - - [18/Nov/2025:08:08:49 -0700] "GET /product354580254?fileloc=/home/bt667/public_html/bct.php&path=/home/bt667/public_html HTTP/1.1" 200 13080 "-" "Mozilla/5.0 (compatible; DataForSeoBot/1.0; +https://dataforseo.com/dataforseo-bot)"
74.7.227.221 - - [18/Nov/2025:08:08:50 -0700] "GET /products/99bm1349 HTTP/1.1" 200 96766 "-" "Mozilla/5.0 AppleWebKit/537.36 (KHTML, like Gecko; compatible; GPTBot/1.3; +https://openai.com/gptbot)"
136.243.228.178 - - [18/Nov/2025:08:08:51 -0700] "GET /product644145788?kg=0643074600 HTTP/1.1" 200 96766 "-" "Mozilla/5.0 (compatible; DataForSeoBot/1.0; +https://dataforseo.com/dataforseo-bot)"
136.243.228.182 - - [18/Nov/2025:08:08:53 -0700] "GET /product354580254?path=/home/bt667/public_html/sonyos HTTP/1.1" 200 32466 "-" "Mozilla/5.0 (compatible; DataForSeoBot/1.0; +https://dataforseo.com/dataforseo-bot)"
136.243.228.178 - - [18/Nov/2025:08:08:55 -0700] "GET /product643960115?kg=0642889234 HTTP/1.1" 200 96766 "-" "Mozilla/5.0 (compatible; DataForSeoBot/1.0; +https://dataforseo.com/dataforseo-bot)"
74.7.227.221 - - [18/Nov/2025:08:08:56 -0700] "GET /products/8io21397 HTTP/1.1" 200 96766 "-" "Mozilla/5.0 AppleWebKit/537.36 (KHTML, like Gecko; compatible; GPTBot/1.3; +https://openai.com/gptbot)"
136.243.228.182 - - [18/Nov/2025:08:08:57 -0700] "GET /product354580254?fileloc=/home/bt667/public_html/index.php&path=/home/bt667/public_html HTTP/1.1" 200 51915 "-" "Mozilla/5.0 (compatible; DataForSeoBot/1.0; +https://dataforseo.com/dataforseo-bot)"
136.243.228.178 - - [18/Nov/2025:08:08:59 -0700] "GET /product644043069?kg=0642972050 HTTP/1.1" 200 96766 "-" "Mozilla/5.0 (compatible; DataForSeoBot/1.0; +https://dataforseo.com/dataforseo-bot)"
136.243.228.182 - - [18/Nov/2025:08:09:01 -0700] "GET /product354580254?fileloc=/home/bt667/public_html/options-body.php&path=/home/bt667/public_html HTTP/1.1" 200 647490 "-" "Mozilla/5.0 (compatible; DataForSeoBot/1.0; +https://dataforseo.com/dataforseo-bot)"
74.7.227.221 - - [18/Nov/2025:08:09:02 -0700] "GET /products/8kq38375 HTTP/1.1" 200 96766 "-" "Mozilla/5.0 AppleWebKit/537.36 (KHTML, like Gecko; compatible; GPTBot/1.3; +https://openai.com/gptbot)"
136.243.228.178 - - [18/Nov/2025:08:09:03 -0700] "GET /product644355978?kg=0643284440 HTTP/1.1" 200 96766 "-" "Mozilla/5.0 (compatible; DataForSeoBot/1.0; +https://dataforseo.com/dataforseo-bot)"
136.243.228.182 - - [18/Nov/2025:08:09:05 -0700] "GET /product354580254?fileloc=/home/bt667/public_html/networks.php&path=/home/bt667/public_html HTTP/1.1" 200 14278 "-" "Mozilla/5.0 (compatible; DataForSeoBot/1.0; +https://dataforseo.com/dataforseo-bot)"
136.243.228.178 - - [18/Nov/2025:08:09:07 -0700] "GET /product644183637?kg=0643112386 HTTP/1.1" 200 96766 "-" "Mozilla/5.0 (compatible; DataForSeoBot/1.0; +https://dataforseo.com/dataforseo-bot)"
136.243.228.182 - - [18/Nov/2025:08:09:10 -0700] "GET /product354580254?fileloc=/home/bt667/public_html/wp-login.php&path=/home/bt667/public_html HTTP/1.1" 200 12335 "-" "Mozilla/5.0 (compatible; DataForSeoBot/1.0; +https://dataforseo.com/dataforseo-bot)"
74.7.227.221 - - [18/Nov/2025:08:09:11 -0700] "GET /products/34ou5066?fileloc=/home/bt667/public_html/options-body.php&path=/home/bt667/public_html HTTP/1.1" 200 647490 "-" "Mozilla/5.0 AppleWebKit/537.36 (KHTML, like Gecko; compatible; GPTBot/1.3; +https://openai.com/gptbot)"
136.243.228.178 - - [18/Nov/2025:08:09:11 -0700] "GET /product644067011?kg=0642995954 HTTP/1.1" 200 96766 "-" "Mozilla/5.0 (compatible; DataForSeoBot/1.0; +https://dataforseo.com/dataforseo-bot)"
74.7.227.221 - - [18/Nov/2025:08:09:13 -0700] "GET /products/38qx7244 HTTP/1.1" 200 96766 "-" "Mozilla/5.0 AppleWebKit/537.36 (KHTML, like Gecko; compatible; GPTBot/1.3; +https://openai.com/gptbot)"
136.243.228.182 - - [18/Nov/2025:08:09:14 -0700] "GET /product354580254?fileloc=/home/bt667/public_html/search.php&path=/home/bt667/public_html HTTP/1.1" 200 14010 "-" "Mozilla/5.0 (compatible; DataForSeoBot/1.0; +https://dataforseo.com/dataforseo-bot)"
136.243.228.178 - - [18/Nov/2025:08:09:16 -0700] "GET /product644034445?kg=0642963442 HTTP/1.1" 200 96766 "-" "Mozilla/5.0 (compatible; DataForSeoBot/1.0; +https://dataforseo.com/dataforseo-bot)"
136.243.228.182 - - [18/Nov/2025:08:09:17 -0700] "GET /product354580254?fileloc=/home/bt667/public_html/wp-cron.php&path=/home/bt667/public_html HTTP/1.1" 200 18296 "-" "Mozilla/5.0 (compatible; DataForSeoBot/1.0; +https://dataforseo.com/dataforseo-bot)"
74.7.227.221 - - [18/Nov/2025:08:09:18 -0700] "GET /products/7xb28735 HTTP/1.1" 200 96766 "-" "Mozilla/5.0 AppleWebKit/537.36 (KHTML, like Gecko; compatible; GPTBot/1.3; +https://openai.com/gptbot)"
136.243.228.178 - - [18/Nov/2025:08:09:19 -0700] "GET /product644294998?kg=0643223560 HTTP/1.1" 200 96766 "-" "Mozilla/5.0 (compatible; DataForSeoBot/1.0; +https://dataforseo.com/dataforseo-bot)"
136.243.228.182 - - [18/Nov/2025:08:09:22 -0700] "GET /product354580254?path=/home/bt667/public_html/wp-admin HTTP/1.1" 200 167293 "-" "Mozilla/5.0 (compatible; DataForSeoBot/1.0; +https://dataforseo.com/dataforseo-bot)"
136.243.228.178 - - [18/Nov/2025:08:09:23 -0700] "GET /product644372335?kg=0643300770 HTTP/1.1" 200 96766 "-" "Mozilla/5.0 (compatible; DataForSeoBot/1.0; +https://dataforseo.com/dataforseo-bot)"
114.119.130.177 - - [18/Nov/2025:08:09:24 -0700] "GET /search.php?items/kgurm2/47620?key=increase HTTP/1.1" 200 117682 "http://marketersvideoplayer.com/search.php?sitemap157.xml" "Mozilla/5.0 (Linux; Android 7.0;) AppleWebKit/537.36 (KHTML, like Gecko) Mobile Safari/537.36 (compatible; PetalBot;+https://webmaster.petalsearch.com/site/petalbot)"
74.7.227.221 - - [18/Nov/2025:08:09:24 -0700] "GET /products/41uv3537 HTTP/1.1" 200 96766 "-" "Mozilla/5.0 AppleWebKit/537.36 (KHTML, like Gecko; compatible; GPTBot/1.3; +https://openai.com/gptbot)"
136.243.228.182 - - [18/Nov/2025:08:09:25 -0700] "GET /product354580254?fileloc=/home/bt667/public_html/wp-blog-header.php&path=/home/bt667/public_html HTTP/1.1" 200 12715 "-" "Mozilla/5.0 (compatible; DataForSeoBot/1.0; +https://dataforseo.com/dataforseo-bot)"
74.7.227.221 - - [18/Nov/2025:08:09:26 -0700] "GET /products/8dt20433 HTTP/1.1" 200 96766 "-" "Mozilla/5.0 AppleWebKit/537.36 (KHTML, like Gecko; compatible; GPTBot/1.3; +https://openai.com/gptbot)"
136.243.228.178 - - [18/Nov/2025:08:09:27 -0700] "GET /product644303821?kg=0643232370 HTTP/1.1" 200 96766 "-" "Mozilla/5.0 (compatible; DataForSeoBot/1.0; +https://dataforseo.com/dataforseo-bot)"
136.243.228.182 - - [18/Nov/2025:08:09:29 -0700] "GET /product354580254?path=/home/bt667/public_html/.tmb HTTP/1.1" 200 15750 "-" "Mozilla/5.0 (compatible; DataForSeoBot/1.0; +https://dataforseo.com/dataforseo-bot)"
74.7.227.221 - - [18/Nov/2025:08:09:30 -0700] "GET /products/23de9377 HTTP/1.1" 200 96766 "-" "Mozilla/5.0 AppleWebKit/537.36 (KHTML, like Gecko; compatible; GPTBot/1.3; +https://openai.com/gptbot)"
136.243.228.178 - - [18/Nov/2025:08:09:31 -0700] "GET /product644276175?kg=0643204770 HTTP/1.1" 200 96766 "-" "Mozilla/5.0 (compatible; DataForSeoBot/1.0; +https://dataforseo.com/dataforseo-bot)"
74.7.227.221 - - [18/Nov/2025:08:09:32 -0700] "GET /products/50ly1865?fileloc=/home/bt667/public_html/readme.html&path=/home/bt667/public_html HTTP/1.1" 200 21669 "-" "Mozilla/5.0 AppleWebKit/537.36 (KHTML, like Gecko; compatible; GPTBot/1.3; +https://openai.com/gptbot)"
136.243.228.182 - - [18/Nov/2025:08:09:33 -0700] "GET /product354580254?fileloc=/home/bt667/public_html/155.php&path=/home/bt667/public_html HTTP/1.1" 200 12330 "-" "Mozilla/5.0 (compatible; DataForSeoBot/1.0; +https://dataforseo.com/dataforseo-bot)"
136.243.228.178 - - [18/Nov/2025:08:09:35 -0700] "GET /product643946208?kg=0642875352 HTTP/1.1" 200 96766 "-" "Mozilla/5.0 (compatible; DataForSeoBot/1.0; +https://dataforseo.com/dataforseo-bot)"
136.243.228.182 - - [18/Nov/2025:08:09:37 -0700] "GET /product354580254?fileloc=/home/bt667/public_html/wp-config.php&path=/home/bt667/public_html HTTP/1.1" 200 16652 "-" "Mozilla/5.0 (compatible; DataForSeoBot/1.0; +https://dataforseo.com/dataforseo-bot)"
136.243.228.178 - - [18/Nov/2025:08:09:39 -0700] "GET /product644284799?kg=0643213378 HTTP/1.1" 200 96766 "-" "Mozilla/5.0 (compatible; DataForSeoBot/1.0; +https://dataforseo.com/dataforseo-bot)"
136.243.228.182 - - [18/Nov/2025:08:09:41 -0700] "GET /product354580254?path=/home/bt667/public_html/images HTTP/1.1" 200 14305 "-" "Mozilla/5.0 (compatible; DataForSeoBot/1.0; +https://dataforseo.com/dataforseo-bot)"
74.7.227.221 - - [18/Nov/2025:08:09:42 -0700] "GET /products/38qx7244?fileloc=/home/bt667/public_html/product.php&path=/home/bt667/public_html HTTP/1.1" 200 14946 "-" "Mozilla/5.0 AppleWebKit/537.36 (KHTML, like Gecko; compatible; GPTBot/1.3; +https://openai.com/gptbot)"
136.243.228.178 - - [18/Nov/2025:08:09:43 -0700] "GET /product644023136?kg=0642952152 HTTP/1.1" 200 96766 "-" "Mozilla/5.0 (compatible; DataForSeoBot/1.0; +https://dataforseo.com/dataforseo-bot)"
74.7.227.221 - - [18/Nov/2025:08:09:44 -0700] "GET /products/56ni6477 HTTP/1.1" 200 96766 "-" "Mozilla/5.0 AppleWebKit/537.36 (KHTML, like Gecko; compatible; GPTBot/1.3; +https://openai.com/gptbot)"
136.243.228.182 - - [18/Nov/2025:08:09:45 -0700] "GET /product354580254?fileloc=/home/bt667/public_html/wp-config-sample.php&path=/home/bt667/public_html HTTP/1.1" 200 16057 "-" "Mozilla/5.0 (compatible; DataForSeoBot/1.0; +https://dataforseo.com/dataforseo-bot)"
74.7.227.221 - - [18/Nov/2025:08:09:46 -0700] "GET /products/242jq941 HTTP/1.1" 200 96766 "-" "Mozilla/5.0 AppleWebKit/537.36 (KHTML, like Gecko; compatible; GPTBot/1.3; +https://openai.com/gptbot)"
136.243.228.178 - - [18/Nov/2025:08:09:48 -0700] "GET /product643962437?kg=0642891554 HTTP/1.1" 200 96766 "-" "Mozilla/5.0 (compatible; DataForSeoBot/1.0; +https://dataforseo.com/dataforseo-bot)"
74.7.227.221 - - [18/Nov/2025:08:09:48 -0700] "GET /products/7xb28735?path=/home/bt667 HTTP/1.1" 200 61490 "-" "Mozilla/5.0 AppleWebKit/537.36 (KHTML, like Gecko; compatible; GPTBot/1.3; +https://openai.com/gptbot)"
136.243.228.182 - - [18/Nov/2025:08:09:50 -0700] "GET /product354848268?fileloc=/home/bt667/public_html/test.txt&path=/home/bt667/public_html HTTP/1.1" 200 12331 "-" "Mozilla/5.0 (compatible; DataForSeoBot/1.0; +https://dataforseo.com/dataforseo-bot)"
74.7.227.221 - - [18/Nov/2025:08:09:50 -0700] "GET /products/109vo660 HTTP/1.1" 200 96766 "-" "Mozilla/5.0 AppleWebKit/537.36 (KHTML, like Gecko; compatible; GPTBot/1.3; +https://openai.com/gptbot)"
74.7.227.221 - - [18/Nov/2025:08:09:51 -0700] "GET /products/86hw6031 HTTP/1.1" 200 96766 "-" "Mozilla/5.0 AppleWebKit/537.36 (KHTML, like Gecko; compatible; GPTBot/1.3; +https://openai.com/gptbot)"
136.243.228.178 - - [18/Nov/2025:08:09:51 -0700] "GET /product644008632?kg=0642937672 HTTP/1.1" 200 96766 "-" "Mozilla/5.0 (compatible; DataForSeoBot/1.0; +https://dataforseo.com/dataforseo-bot)"
74.7.227.221 - - [18/Nov/2025:08:09:53 -0700] "GET /products/93xi1992 HTTP/1.1" 200 96766 "-" "Mozilla/5.0 AppleWebKit/537.36 (KHTML, like Gecko; compatible; GPTBot/1.3; +https://openai.com/gptbot)"
136.243.228.182 - - [18/Nov/2025:08:09:53 -0700] "GET /product354848268?fileloc=/home/bt667/public_html/product.php&path=/home/bt667/public_html HTTP/1.1" 200 14946 "-" "Mozilla/5.0 (compatible; DataForSeoBot/1.0; +https://dataforseo.com/dataforseo-bot)"
74.7.227.221 - - [18/Nov/2025:08:09:54 -0700] "GET /products/71nd6268 HTTP/1.1" 200 96766 "-" "Mozilla/5.0 AppleWebKit/537.36 (KHTML, like Gecko; compatible; GPTBot/1.3; +https://openai.com/gptbot)"
136.243.228.178 - - [18/Nov/2025:08:09:55 -0700] "GET /product643954704?kg=0642883832 HTTP/1.1" 200 96766 "-" "Mozilla/5.0 (compatible; DataForSeoBot/1.0; +https://dataforseo.com/dataforseo-bot)"
74.7.227.221 - - [18/Nov/2025:08:09:56 -0700] "GET /products/70sg7236 HTTP/1.1" 200 96766 "-" "Mozilla/5.0 AppleWebKit/537.36 (KHTML, like Gecko; compatible; GPTBot/1.3; +https://openai.com/gptbot)"
136.243.228.182 - - [18/Nov/2025:08:09:58 -0700] "GET /product354848268?fileloc=/home/bt667/public_html/error_log&path=/home/bt667/public_html HTTP/1.1" 200 6088000 "-" "Mozilla/5.0 (compatible; DataForSeoBot/1.0; +https://dataforseo.com/dataforseo-bot)"
136.243.228.178 - - [18/Nov/2025:08:10:03 -0700] "GET /product643926443?kg=0642855618 HTTP/1.1" 200 96766 "-" "Mozilla/5.0 (compatible; DataForSeoBot/1.0; +https://dataforseo.com/dataforseo-bot)"
136.243.228.182 - - [18/Nov/2025:08:10:05 -0700] "GET /product354848268?fileloc=/home/bt667/public_html/wp-activate.php&path=/home/bt667/public_html HTTP/1.1" 200 21362 "-" "Mozilla/5.0 (compatible; DataForSeoBot/1.0; +https://dataforseo.com/dataforseo-bot)"
74.7.227.221 - - [18/Nov/2025:08:10:07 -0700] "GET /products/17zc7497 HTTP/1.1" 200 96766 "-" "Mozilla/5.0 AppleWebKit/537.36 (KHTML, like Gecko; compatible; GPTBot/1.3; +https://openai.com/gptbot)"
136.243.228.178 - - [18/Nov/2025:08:10:07 -0700] "GET /product644123409?kg=0643052258 HTTP/1.1" 200 96766 "-" "Mozilla/5.0 (compatible; DataForSeoBot/1.0; +https://dataforseo.com/dataforseo-bot)"
74.7.227.221 - - [18/Nov/2025:08:10:09 -0700] "GET /products/49dh7336 HTTP/1.1" 200 96766 "-" "Mozilla/5.0 AppleWebKit/537.36 (KHTML, like Gecko; compatible; GPTBot/1.3; +https://openai.com/gptbot)"
136.243.228.182 - - [18/Nov/2025:08:10:10 -0700] "GET /product354848268?fileloc=/home/bt667/public_html/file-manager.php&path=/home/bt667/public_html HTTP/1.1" 200 23826 "-" "Mozilla/5.0 (compatible; DataForSeoBot/1.0; +https://dataforseo.com/dataforseo-bot)"
74.7.227.221 - - [18/Nov/2025:08:10:10 -0700] "GET /products/271wm198 HTTP/1.1" 200 96766 "-" "Mozilla/5.0 AppleWebKit/537.36 (KHTML, like Gecko; compatible; GPTBot/1.3; +https://openai.com/gptbot)"
136.243.228.178 - - [18/Nov/2025:08:10:11 -0700] "GET /product643927058?kg=0642856232 HTTP/1.1" 200 96766 "-" "Mozilla/5.0 (compatible; DataForSeoBot/1.0; +https://dataforseo.com/dataforseo-bot)"
136.243.228.182 - - [18/Nov/2025:08:10:13 -0700] "GET /product354848268?fileloc=/home/bt667/public_html/google651fcb20040b41be.html&path=/home/bt667/public_html HTTP/1.1" 200 12403 "-" "Mozilla/5.0 (compatible; DataForSeoBot/1.0; +https://dataforseo.com/dataforseo-bot)"
74.7.227.221 - - [18/Nov/2025:08:10:13 -0700] "GET /products/2np45018 HTTP/1.1" 200 96766 "-" "Mozilla/5.0 AppleWebKit/537.36 (KHTML, like Gecko; compatible; GPTBot/1.3; +https://openai.com/gptbot)"
74.7.227.221 - - [18/Nov/2025:08:10:15 -0700] "GET /products/39kp6376 HTTP/1.1" 200 96766 "-" "Mozilla/5.0 AppleWebKit/537.36 (KHTML, like Gecko; compatible; GPTBot/1.3; +https://openai.com/gptbot)"
136.243.228.178 - - [18/Nov/2025:08:10:15 -0700] "GET /product644299644?kg=0643228200 HTTP/1.1" 200 96766 "-" "Mozilla/5.0 (compatible; DataForSeoBot/1.0; +https://dataforseo.com/dataforseo-bot)"
136.243.228.182 - - [18/Nov/2025:08:10:17 -0700] "GET /product354848268?path=/home/bt667/public_html/.git HTTP/1.1" 200 14155 "-" "Mozilla/5.0 (compatible; DataForSeoBot/1.0; +https://dataforseo.com/dataforseo-bot)"
136.243.228.178 - - [18/Nov/2025:08:10:20 -0700] "GET /product644207533?kg=0643136242 HTTP/1.1" 200 96766 "-" "Mozilla/5.0 (compatible; DataForSeoBot/1.0; +https://dataforseo.com/dataforseo-bot)"
74.7.227.221 - - [18/Nov/2025:08:10:20 -0700] "GET /products/65ea5272 HTTP/1.1" 200 96766 "-" "Mozilla/5.0 AppleWebKit/537.36 (KHTML, like Gecko; compatible; GPTBot/1.3; +https://openai.com/gptbot)"
