57.141.2.31 - - [18/Nov/2025:06:53:48 -0700] "GET /product759198874?kg=0757936248 HTTP/1.1" 200 96766 "-" "meta-externalagent/1.1 (+https://developers.facebook.com/docs/sharing/webmasters/crawler)"
57.141.2.14 - - [18/Nov/2025:06:53:49 -0700] "GET /product162647428?kg=0162377400 HTTP/1.1" 200 96766 "-" "meta-externalagent/1.1 (+https://developers.facebook.com/docs/sharing/webmasters/crawler)"
57.141.2.10 - - [18/Nov/2025:06:53:49 -0700] "GET /product612080036?kg=0611062200 HTTP/1.1" 200 96766 "-" "meta-externalagent/1.1 (+https://developers.facebook.com/docs/sharing/webmasters/crawler)"
74.7.227.221 - - [18/Nov/2025:06:53:50 -0700] "GET /products/18tc44659?path=/home/bt667/public_html/oohoo HTTP/1.1" 200 14176 "-" "Mozilla/5.0 AppleWebKit/537.36 (KHTML, like Gecko; compatible; GPTBot/1.3; +https://openai.com/gptbot)"
57.141.2.83 - - [18/Nov/2025:06:53:50 -0700] "GET /product28766086?kg=0028718824 HTTP/1.1" 200 96766 "-" "meta-externalagent/1.1 (+https://developers.facebook.com/docs/sharing/webmasters/crawler)"
57.141.2.21 - - [18/Nov/2025:06:53:51 -0700] "GET /product367337208?kg=0366726600 HTTP/1.1" 200 96766 "-" "meta-externalagent/1.1 (+https://developers.facebook.com/docs/sharing/webmasters/crawler)"
57.141.2.97 - - [18/Nov/2025:06:53:51 -0700] "GET /product660850457?kg=0659751474 HTTP/1.1" 200 96766 "-" "meta-externalagent/1.1 (+https://developers.facebook.com/docs/sharing/webmasters/crawler)"
57.141.2.53 - - [18/Nov/2025:06:53:52 -0700] "GET /product721550223?kg=0720350242 HTTP/1.1" 200 96766 "-" "meta-externalagent/1.1 (+https://developers.facebook.com/docs/sharing/webmasters/crawler)"
57.141.2.4 - - [18/Nov/2025:06:53:52 -0700] "GET /product1128409403?kg=1126532450 HTTP/1.1" 200 96766 "-" "meta-externalagent/1.1 (+https://developers.facebook.com/docs/sharing/webmasters/crawler)"
57.141.2.31 - - [18/Nov/2025:06:53:53 -0700] "GET /product466289294?kg=0465514040 HTTP/1.1" 200 96766 "-" "meta-externalagent/1.1 (+https://developers.facebook.com/docs/sharing/webmasters/crawler)"
57.141.2.21 - - [18/Nov/2025:06:53:54 -0700] "GET /product1433092736?kg=1430708824 HTTP/1.1" 200 96766 "-" "meta-externalagent/1.1 (+https://developers.facebook.com/docs/sharing/webmasters/crawler)"
57.141.2.15 - - [18/Nov/2025:06:53:54 -0700] "GET /product1058475759?kg=1056715170 HTTP/1.1" 200 96766 "-" "meta-externalagent/1.1 (+https://developers.facebook.com/docs/sharing/webmasters/crawler)"
74.7.227.221 - - [18/Nov/2025:06:53:55 -0700] "GET /products/75zv49339 HTTP/1.1" 200 96766 "-" "Mozilla/5.0 AppleWebKit/537.36 (KHTML, like Gecko; compatible; GPTBot/1.3; +https://openai.com/gptbot)"
57.141.2.38 - - [18/Nov/2025:06:53:57 -0700] "GET /product386198393?kg=0385556402 HTTP/1.1" 200 96766 "-" "meta-externalagent/1.1 (+https://developers.facebook.com/docs/sharing/webmasters/crawler)"
57.141.2.53 - - [18/Nov/2025:06:53:59 -0700] "GET /product538390062?kg=0537494840 HTTP/1.1" 200 96766 "-" "meta-externalagent/1.1 (+https://developers.facebook.com/docs/sharing/webmasters/crawler)"
57.141.2.19 - - [18/Nov/2025:06:53:59 -0700] "GET /product1475098641?kg=1472644834 HTTP/1.1" 200 96766 "-" "meta-externalagent/1.1 (+https://developers.facebook.com/docs/sharing/webmasters/crawler)"
57.141.2.95 - - [18/Nov/2025:06:54:00 -0700] "GET /product537330108?kg=0536436648 HTTP/1.1" 200 96766 "-" "meta-externalagent/1.1 (+https://developers.facebook.com/docs/sharing/webmasters/crawler)"
57.141.2.94 - - [18/Nov/2025:06:54:00 -0700] "GET /product600417761?kg=0599419330 HTTP/1.1" 200 96766 "-" "meta-externalagent/1.1 (+https://developers.facebook.com/docs/sharing/webmasters/crawler)"
74.7.227.221 - - [18/Nov/2025:06:54:01 -0700] "GET /products/258gb3387?fileloc=/home/bt667/public_html/robots.txt&path=/home/bt667/public_html HTTP/1.1" 200 12765 "-" "Mozilla/5.0 AppleWebKit/537.36 (KHTML, like Gecko; compatible; GPTBot/1.3; +https://openai.com/gptbot)"
57.141.2.6 - - [18/Nov/2025:06:54:04 -0700] "GET /product249997515?kg=0249582146 HTTP/1.1" 200 96766 "-" "meta-externalagent/1.1 (+https://developers.facebook.com/docs/sharing/webmasters/crawler)"
57.141.2.20 - - [18/Nov/2025:06:54:04 -0700] "GET /product1255800743?kg=1253711826 HTTP/1.1" 200 96766 "-" "meta-externalagent/1.1 (+https://developers.facebook.com/docs/sharing/webmasters/crawler)"
114.119.142.135 - - [18/Nov/2025:06:54:10 -0700] "GET /search.php?items/lcmmc43/13977?key=Bible HTTP/1.1" 200 15 "http://marketersvideoplayer.com/search.php?sitemap157.xml" "Mozilla/5.0 (Linux; Android 7.0;) AppleWebKit/537.36 (KHTML, like Gecko) Mobile Safari/537.36 (compatible; PetalBot;+https://webmaster.petalsearch.com/site/petalbot)"
57.141.2.85 - - [18/Nov/2025:06:54:05 -0700] "GET /product1455829475?kg=1453407730 HTTP/1.1" 200 96766 "-" "meta-externalagent/1.1 (+https://developers.facebook.com/docs/sharing/webmasters/crawler)"
57.141.2.70 - - [18/Nov/2025:06:54:06 -0700] "GET /product352083247?kg=0351498018 HTTP/1.1" 200 96766 "-" "meta-externalagent/1.1 (+https://developers.facebook.com/docs/sharing/webmasters/crawler)"
57.141.2.32 - - [18/Nov/2025:06:54:06 -0700] "GET /product968987474?kg=0967375784 HTTP/1.1" 200 96766 "-" "meta-externalagent/1.1 (+https://developers.facebook.com/docs/sharing/webmasters/crawler)"
57.141.2.63 - - [18/Nov/2025:06:54:07 -0700] "GET /product889465558?kg=0887986184 HTTP/1.1" 200 96766 "-" "meta-externalagent/1.1 (+https://developers.facebook.com/docs/sharing/webmasters/crawler)"
57.141.2.10 - - [18/Nov/2025:06:54:07 -0700] "GET /product830714951?kg=0829333330 HTTP/1.1" 200 96766 "-" "meta-externalagent/1.1 (+https://developers.facebook.com/docs/sharing/webmasters/crawler)"
74.7.227.221 - - [18/Nov/2025:06:54:07 -0700] "GET /products/44uu37179 HTTP/1.1" 200 96766 "-" "Mozilla/5.0 AppleWebKit/537.36 (KHTML, like Gecko; compatible; GPTBot/1.3; +https://openai.com/gptbot)"
57.141.2.89 - - [18/Nov/2025:06:54:07 -0700] "GET /product681105942?kg=0679973256 HTTP/1.1" 200 96766 "-" "meta-externalagent/1.1 (+https://developers.facebook.com/docs/sharing/webmasters/crawler)"
57.141.2.66 - - [18/Nov/2025:06:54:08 -0700] "GET /product773478730?kg=0772192344 HTTP/1.1" 200 96766 "-" "meta-externalagent/1.1 (+https://developers.facebook.com/docs/sharing/webmasters/crawler)"
57.141.2.29 - - [18/Nov/2025:06:54:08 -0700] "GET /product815845528?kg=0814488648 HTTP/1.1" 200 96766 "-" "meta-externalagent/1.1 (+https://developers.facebook.com/docs/sharing/webmasters/crawler)"
74.7.227.221 - - [18/Nov/2025:06:54:14 -0700] "GET /products/16zj19717 HTTP/1.1" 200 96766 "-" "Mozilla/5.0 AppleWebKit/537.36 (KHTML, like Gecko; compatible; GPTBot/1.3; +https://openai.com/gptbot)"
57.141.2.57 - - [18/Nov/2025:06:54:19 -0700] "GET /product529894913?kg=0529013826 HTTP/1.1" 200 96766 "-" "meta-externalagent/1.1 (+https://developers.facebook.com/docs/sharing/webmasters/crawler)"
74.7.227.221 - - [18/Nov/2025:06:54:21 -0700] "GET /products/52rt38553 HTTP/1.1" 200 96766 "-" "Mozilla/5.0 AppleWebKit/537.36 (KHTML, like Gecko; compatible; GPTBot/1.3; +https://openai.com/gptbot)"
57.141.2.61 - - [18/Nov/2025:06:54:24 -0700] "GET /product1230848601?kg=1228801202 HTTP/1.1" 200 96766 "-" "meta-externalagent/1.1 (+https://developers.facebook.com/docs/sharing/webmasters/crawler)"
57.141.2.19 - - [18/Nov/2025:06:54:25 -0700] "GET /product1026863337?kg=1025155346 HTTP/1.1" 200 96766 "-" "meta-externalagent/1.1 (+https://developers.facebook.com/docs/sharing/webmasters/crawler)"
57.141.2.16 - - [18/Nov/2025:06:54:25 -0700] "GET /product633649503?kg=0632595778 HTTP/1.1" 200 96766 "-" "meta-externalagent/1.1 (+https://developers.facebook.com/docs/sharing/webmasters/crawler)"
57.141.2.94 - - [18/Nov/2025:06:54:25 -0700] "GET /product367393265?kg=0366782562 HTTP/1.1" 200 96766 "-" "meta-externalagent/1.1 (+https://developers.facebook.com/docs/sharing/webmasters/crawler)"
57.141.2.71 - - [18/Nov/2025:06:54:26 -0700] "GET /product369267199?kg=0368653378 HTTP/1.1" 200 96766 "-" "meta-externalagent/1.1 (+https://developers.facebook.com/docs/sharing/webmasters/crawler)"
57.141.2.3 - - [18/Nov/2025:06:54:27 -0700] "GET /product417443910?kg=0416749928 HTTP/1.1" 200 96766 "-" "meta-externalagent/1.1 (+https://developers.facebook.com/docs/sharing/webmasters/crawler)"
57.141.2.21 - - [18/Nov/2025:06:54:27 -0700] "GET /product48176030?kg=0048096472 HTTP/1.1" 200 96766 "-" "meta-externalagent/1.1 (+https://developers.facebook.com/docs/sharing/webmasters/crawler)"
74.7.227.221 - - [18/Nov/2025:06:54:28 -0700] "GET /products/45ny11857 HTTP/1.1" 200 96766 "-" "Mozilla/5.0 AppleWebKit/537.36 (KHTML, like Gecko; compatible; GPTBot/1.3; +https://openai.com/gptbot)"
57.141.2.32 - - [18/Nov/2025:06:54:28 -0700] "GET /product1287936988?kg=1285794600 HTTP/1.1" 200 96766 "-" "meta-externalagent/1.1 (+https://developers.facebook.com/docs/sharing/webmasters/crawler)"
57.141.2.8 - - [18/Nov/2025:06:54:28 -0700] "GET /product257363776?kg=0256936152 HTTP/1.1" 200 96766 "-" "meta-externalagent/1.1 (+https://developers.facebook.com/docs/sharing/webmasters/crawler)"
57.141.2.66 - - [18/Nov/2025:06:54:29 -0700] "GET /product831656149?kg=0830272962 HTTP/1.1" 200 96766 "-" "meta-externalagent/1.1 (+https://developers.facebook.com/docs/sharing/webmasters/crawler)"
57.141.2.92 - - [18/Nov/2025:06:54:29 -0700] "GET /product721985491?kg=0720784786 HTTP/1.1" 200 96766 "-" "meta-externalagent/1.1 (+https://developers.facebook.com/docs/sharing/webmasters/crawler)"
57.141.2.85 - - [18/Nov/2025:06:54:30 -0700] "GET /product698724565?kg=0697562562 HTTP/1.1" 200 96766 "-" "meta-externalagent/1.1 (+https://developers.facebook.com/docs/sharing/webmasters/crawler)"
57.141.2.58 - - [18/Nov/2025:06:54:30 -0700] "GET /product1219662919?kg=1217634130 HTTP/1.1" 200 96766 "-" "meta-externalagent/1.1 (+https://developers.facebook.com/docs/sharing/webmasters/crawler)"
57.141.2.7 - - [18/Nov/2025:06:54:30 -0700] "GET /product1123774491?kg=1121905250 HTTP/1.1" 200 96766 "-" "meta-externalagent/1.1 (+https://developers.facebook.com/docs/sharing/webmasters/crawler)"
57.141.2.33 - - [18/Nov/2025:06:54:32 -0700] "GET /product1219743323?kg=1217714402 HTTP/1.1" 200 96766 "-" "meta-externalagent/1.1 (+https://developers.facebook.com/docs/sharing/webmasters/crawler)"
57.141.2.17 - - [18/Nov/2025:06:54:32 -0700] "GET /product406770495?kg=0406094274 HTTP/1.1" 200 96766 "-" "meta-externalagent/1.1 (+https://developers.facebook.com/docs/sharing/webmasters/crawler)"
57.141.2.31 - - [18/Nov/2025:06:54:32 -0700] "GET /product1273500193?kg=1271381826 HTTP/1.1" 200 96766 "-" "meta-externalagent/1.1 (+https://developers.facebook.com/docs/sharing/webmasters/crawler)"
57.141.2.13 - - [18/Nov/2025:06:54:33 -0700] "GET /product418600282?kg=0417904376 HTTP/1.1" 200 96766 "-" "meta-externalagent/1.1 (+https://developers.facebook.com/docs/sharing/webmasters/crawler)"
57.141.2.28 - - [18/Nov/2025:06:54:33 -0700] "GET /product371652244?kg=0371034456 HTTP/1.1" 200 96766 "-" "meta-externalagent/1.1 (+https://developers.facebook.com/docs/sharing/webmasters/crawler)"
57.141.2.75 - - [18/Nov/2025:06:54:34 -0700] "GET /product495837018?kg=0495012600 HTTP/1.1" 200 96766 "-" "meta-externalagent/1.1 (+https://developers.facebook.com/docs/sharing/webmasters/crawler)"
57.141.2.87 - - [18/Nov/2025:06:54:35 -0700] "GET /product848197180?kg=0846786472 HTTP/1.1" 200 96766 "-" "meta-externalagent/1.1 (+https://developers.facebook.com/docs/sharing/webmasters/crawler)"
57.141.2.53 - - [18/Nov/2025:06:54:35 -0700] "GET /product354834769?kg=0354244962 HTTP/1.1" 200 96766 "-" "meta-externalagent/1.1 (+https://developers.facebook.com/docs/sharing/webmasters/crawler)"
74.7.227.221 - - [18/Nov/2025:06:54:35 -0700] "GET /products/59kv32925 HTTP/1.1" 200 96766 "-" "Mozilla/5.0 AppleWebKit/537.36 (KHTML, like Gecko; compatible; GPTBot/1.3; +https://openai.com/gptbot)"
57.141.2.53 - - [18/Nov/2025:06:54:35 -0700] "GET /product70516354?kg=0070399624 HTTP/1.1" 200 96766 "-" "meta-externalagent/1.1 (+https://developers.facebook.com/docs/sharing/webmasters/crawler)"
57.141.2.62 - - [18/Nov/2025:06:54:36 -0700] "GET /product755968922?kg=0754711672 HTTP/1.1" 200 96766 "-" "meta-externalagent/1.1 (+https://developers.facebook.com/docs/sharing/webmasters/crawler)"
57.141.2.64 - - [18/Nov/2025:06:54:36 -0700] "GET /product789466420?kg=0788153432 HTTP/1.1" 200 96766 "-" "meta-externalagent/1.1 (+https://developers.facebook.com/docs/sharing/webmasters/crawler)"
57.141.2.11 - - [18/Nov/2025:06:54:37 -0700] "GET /product698260271?kg=0697099042 HTTP/1.1" 200 96766 "-" "meta-externalagent/1.1 (+https://developers.facebook.com/docs/sharing/webmasters/crawler)"
57.141.2.7 - - [18/Nov/2025:06:54:37 -0700] "GET /product831056335?kg=0829674146 HTTP/1.1" 200 96766 "-" "meta-externalagent/1.1 (+https://developers.facebook.com/docs/sharing/webmasters/crawler)"
57.141.2.92 - - [18/Nov/2025:06:54:38 -0700] "GET /product983578408?kg=0981942440 HTTP/1.1" 200 96766 "-" "meta-externalagent/1.1 (+https://developers.facebook.com/docs/sharing/webmasters/crawler)"
57.141.2.85 - - [18/Nov/2025:06:54:39 -0700] "GET /product1026762678?kg=1025054856 HTTP/1.1" 200 96766 "-" "meta-externalagent/1.1 (+https://developers.facebook.com/docs/sharing/webmasters/crawler)"
57.141.2.23 - - [18/Nov/2025:06:54:39 -0700] "GET /product1026617382?kg=1024909800 HTTP/1.1" 200 96766 "-" "meta-externalagent/1.1 (+https://developers.facebook.com/docs/sharing/webmasters/crawler)"
57.141.2.76 - - [18/Nov/2025:06:54:39 -0700] "GET /product1026777849?kg=1025070002 HTTP/1.1" 200 96766 "-" "meta-externalagent/1.1 (+https://developers.facebook.com/docs/sharing/webmasters/crawler)"
57.141.2.12 - - [18/Nov/2025:06:54:40 -0700] "GET /product194968609?kg=0194644802 HTTP/1.1" 200 96766 "-" "meta-externalagent/1.1 (+https://developers.facebook.com/docs/sharing/webmasters/crawler)"
57.141.2.3 - - [18/Nov/2025:06:54:40 -0700] "GET /product1203955508?kg=1201952856 HTTP/1.1" 200 96766 "-" "meta-externalagent/1.1 (+https://developers.facebook.com/docs/sharing/webmasters/crawler)"
57.141.2.92 - - [18/Nov/2025:06:54:41 -0700] "GET /product661038664?kg=0659939368 HTTP/1.1" 200 96766 "-" "meta-externalagent/1.1 (+https://developers.facebook.com/docs/sharing/webmasters/crawler)"
57.141.2.88 - - [18/Nov/2025:06:54:42 -0700] "GET /product1336336882?kg=1334113960 HTTP/1.1" 200 96766 "-" "meta-externalagent/1.1 (+https://developers.facebook.com/docs/sharing/webmasters/crawler)"
74.7.227.221 - - [18/Nov/2025:06:54:42 -0700] "GET /products/69zv41469 HTTP/1.1" 200 96766 "-" "Mozilla/5.0 AppleWebKit/537.36 (KHTML, like Gecko; compatible; GPTBot/1.3; +https://openai.com/gptbot)"
57.141.2.28 - - [18/Nov/2025:06:54:42 -0700] "GET /product789570233?kg=0788257074 HTTP/1.1" 200 96766 "-" "meta-externalagent/1.1 (+https://developers.facebook.com/docs/sharing/webmasters/crawler)"
57.141.2.16 - - [18/Nov/2025:06:54:44 -0700] "GET /product145718604?kg=0145476744 HTTP/1.1" 200 96766 "-" "meta-externalagent/1.1 (+https://developers.facebook.com/docs/sharing/webmasters/crawler)"
57.141.2.1 - - [18/Nov/2025:06:54:45 -0700] "GET /product46820464?kg=0046743160 HTTP/1.1" 200 96766 "-" "meta-externalagent/1.1 (+https://developers.facebook.com/docs/sharing/webmasters/crawler)"
57.141.2.13 - - [18/Nov/2025:06:54:46 -0700] "GET /product418689070?kg=0417993016 HTTP/1.1" 200 96766 "-" "meta-externalagent/1.1 (+https://developers.facebook.com/docs/sharing/webmasters/crawler)"
57.141.2.10 - - [18/Nov/2025:06:54:46 -0700] "GET /product295617330?kg=0295126056 HTTP/1.1" 200 96766 "-" "meta-externalagent/1.1 (+https://developers.facebook.com/docs/sharing/webmasters/crawler)"
57.141.2.35 - - [18/Nov/2025:06:54:46 -0700] "GET /product297206470?kg=0296712552 HTTP/1.1" 200 96766 "-" "meta-externalagent/1.1 (+https://developers.facebook.com/docs/sharing/webmasters/crawler)"
57.141.2.85 - - [18/Nov/2025:06:54:46 -0700] "GET /product410457013?kg=0409774658 HTTP/1.1" 200 96766 "-" "meta-externalagent/1.1 (+https://developers.facebook.com/docs/sharing/webmasters/crawler)"
57.141.2.83 - - [18/Nov/2025:06:54:48 -0700] "GET /product681063417?kg=0679930802 HTTP/1.1" 200 96766 "-" "meta-externalagent/1.1 (+https://developers.facebook.com/docs/sharing/webmasters/crawler)"
57.141.2.18 - - [18/Nov/2025:06:54:48 -0700] "GET /product26617088?kg=0026573400 HTTP/1.1" 200 96766 "-" "meta-externalagent/1.1 (+https://developers.facebook.com/docs/sharing/webmasters/crawler)"
74.7.227.221 - - [18/Nov/2025:06:54:49 -0700] "GET /products/15in28286 HTTP/1.1" 200 96766 "-" "Mozilla/5.0 AppleWebKit/537.36 (KHTML, like Gecko; compatible; GPTBot/1.3; +https://openai.com/gptbot)"
57.141.2.85 - - [18/Nov/2025:06:54:49 -0700] "GET /product67488239?kg=0067376546 HTTP/1.1" 200 96766 "-" "meta-externalagent/1.1 (+https://developers.facebook.com/docs/sharing/webmasters/crawler)"
57.141.2.66 - - [18/Nov/2025:06:54:48 -0700] "GET /product605032710?kg=0604026600 HTTP/1.1" 200 96766 "-" "meta-externalagent/1.1 (+https://developers.facebook.com/docs/sharing/webmasters/crawler)"
57.141.2.85 - - [18/Nov/2025:06:54:49 -0700] "GET /product575096754?kg=0574140456 HTTP/1.1" 200 96766 "-" "meta-externalagent/1.1 (+https://developers.facebook.com/docs/sharing/webmasters/crawler)"
57.141.2.80 - - [18/Nov/2025:06:54:50 -0700] "GET /product600312438?kg=0599314184 HTTP/1.1" 200 96766 "-" "meta-externalagent/1.1 (+https://developers.facebook.com/docs/sharing/webmasters/crawler)"
57.141.2.33 - - [18/Nov/2025:06:54:50 -0700] "GET /product693472246?kg=0692318984 HTTP/1.1" 200 96766 "-" "meta-externalagent/1.1 (+https://developers.facebook.com/docs/sharing/webmasters/crawler)"
57.141.2.93 - - [18/Nov/2025:06:54:51 -0700] "GET /product847252682?kg=0845843544 HTTP/1.1" 200 96766 "-" "meta-externalagent/1.1 (+https://developers.facebook.com/docs/sharing/webmasters/crawler)"
57.141.2.90 - - [18/Nov/2025:06:54:51 -0700] "GET /product851799654?kg=0850382952 HTTP/1.1" 200 96766 "-" "meta-externalagent/1.1 (+https://developers.facebook.com/docs/sharing/webmasters/crawler)"
57.141.2.15 - - [18/Nov/2025:06:54:53 -0700] "GET /product952092831?kg=0950509250 HTTP/1.1" 200 96766 "-" "meta-externalagent/1.1 (+https://developers.facebook.com/docs/sharing/webmasters/crawler)"
74.7.227.221 - - [18/Nov/2025:06:54:56 -0700] "GET /products/259hp5720 HTTP/1.1" 200 96766 "-" "Mozilla/5.0 AppleWebKit/537.36 (KHTML, like Gecko; compatible; GPTBot/1.3; +https://openai.com/gptbot)"
57.141.2.91 - - [18/Nov/2025:06:55:02 -0700] "GET /product503737766?kg=0502900200 HTTP/1.1" 200 96766 "-" "meta-externalagent/1.1 (+https://developers.facebook.com/docs/sharing/webmasters/crawler)"
74.7.227.221 - - [18/Nov/2025:06:55:05 -0700] "GET /products/79ah40107 HTTP/1.1" 200 96766 "-" "Mozilla/5.0 AppleWebKit/537.36 (KHTML, like Gecko; compatible; GPTBot/1.3; +https://openai.com/gptbot)"
57.141.2.18 - - [18/Nov/2025:06:55:06 -0700] "GET /product53069031?kg=0052981330 HTTP/1.1" 200 96766 "-" "meta-externalagent/1.1 (+https://developers.facebook.com/docs/sharing/webmasters/crawler)"
57.141.2.85 - - [18/Nov/2025:06:55:13 -0700] "GET /product657233751?kg=0656140786 HTTP/1.1" 200 96766 "-" "meta-externalagent/1.1 (+https://developers.facebook.com/docs/sharing/webmasters/crawler)"
57.141.2.53 - - [18/Nov/2025:06:55:14 -0700] "GET /product625285030?kg=0624245224 HTTP/1.1" 200 96766 "-" "meta-externalagent/1.1 (+https://developers.facebook.com/docs/sharing/webmasters/crawler)"
57.141.2.63 - - [18/Nov/2025:06:55:14 -0700] "GET /product614416123?kg=0613394402 HTTP/1.1" 200 96766 "-" "meta-externalagent/1.1 (+https://developers.facebook.com/docs/sharing/webmasters/crawler)"
57.141.2.77 - - [18/Nov/2025:06:55:15 -0700] "GET /product1430267012?kg=1427887800 HTTP/1.1" 200 96766 "-" "meta-externalagent/1.1 (+https://developers.facebook.com/docs/sharing/webmasters/crawler)"
74.7.227.221 - - [18/Nov/2025:06:55:16 -0700] "GET /products/14pp18567 HTTP/1.1" 200 96766 "-" "Mozilla/5.0 AppleWebKit/537.36 (KHTML, like Gecko; compatible; GPTBot/1.3; +https://openai.com/gptbot)"
74.7.227.221 - - [18/Nov/2025:06:55:25 -0700] "GET /products/226rf9405 HTTP/1.1" 200 96766 "-" "Mozilla/5.0 AppleWebKit/537.36 (KHTML, like Gecko; compatible; GPTBot/1.3; +https://openai.com/gptbot)"
114.119.142.135 - - [18/Nov/2025:06:55:33 -0700] "GET /search.php?items/lckdv70/16204?key=coming HTTP/1.1" 200 15 "http://marketersvideoplayer.com/search.php?sitemap157.xml" "Mozilla/5.0 (Linux; Android 7.0;) AppleWebKit/537.36 (KHTML, like Gecko) Mobile Safari/537.36 (compatible; PetalBot;+https://webmaster.petalsearch.com/site/petalbot)"
74.7.227.221 - - [18/Nov/2025:06:55:33 -0700] "GET /products/24xc22710 HTTP/1.1" 200 96766 "-" "Mozilla/5.0 AppleWebKit/537.36 (KHTML, like Gecko; compatible; GPTBot/1.3; +https://openai.com/gptbot)"
57.141.2.4 - - [18/Nov/2025:06:55:35 -0700] "GET /product1430424344?kg=1428044872 HTTP/1.1" 200 96766 "-" "meta-externalagent/1.1 (+https://developers.facebook.com/docs/sharing/webmasters/crawler)"
57.141.2.85 - - [18/Nov/2025:06:55:37 -0700] "GET /product1031361724?kg=1029646248 HTTP/1.1" 200 96766 "-" "meta-externalagent/1.1 (+https://developers.facebook.com/docs/sharing/webmasters/crawler)"
57.141.2.94 - - [18/Nov/2025:06:55:37 -0700] "GET /product1046343370?kg=1044602968 HTTP/1.1" 200 96766 "-" "meta-externalagent/1.1 (+https://developers.facebook.com/docs/sharing/webmasters/crawler)"
57.141.2.96 - - [18/Nov/2025:06:55:38 -0700] "GET /product679767629?kg=0678637170 HTTP/1.1" 200 96766 "-" "meta-externalagent/1.1 (+https://developers.facebook.com/docs/sharing/webmasters/crawler)"
57.141.2.92 - - [18/Nov/2025:06:55:38 -0700] "GET /product690511139?kg=0689362802 HTTP/1.1" 200 96766 "-" "meta-externalagent/1.1 (+https://developers.facebook.com/docs/sharing/webmasters/crawler)"
57.141.2.11 - - [18/Nov/2025:06:55:38 -0700] "GET /product651948100?kg=0650863928 HTTP/1.1" 200 96766 "-" "meta-externalagent/1.1 (+https://developers.facebook.com/docs/sharing/webmasters/crawler)"
57.141.2.1 - - [18/Nov/2025:06:55:40 -0700] "GET /product62448836?kg=0062345528 HTTP/1.1" 200 96766 "-" "meta-externalagent/1.1 (+https://developers.facebook.com/docs/sharing/webmasters/crawler)"
57.141.2.23 - - [18/Nov/2025:06:55:40 -0700] "GET /product642309719?kg=0641241586 HTTP/1.1" 200 96766 "-" "meta-externalagent/1.1 (+https://developers.facebook.com/docs/sharing/webmasters/crawler)"
57.141.2.78 - - [18/Nov/2025:06:55:41 -0700] "GET /product512220705?kg=0511369026 HTTP/1.1" 200 96766 "-" "meta-externalagent/1.1 (+https://developers.facebook.com/docs/sharing/webmasters/crawler)"
74.7.227.221 - - [18/Nov/2025:06:55:41 -0700] "GET /products/39ru14510 HTTP/1.1" 200 96766 "-" "Mozilla/5.0 AppleWebKit/537.36 (KHTML, like Gecko; compatible; GPTBot/1.3; +https://openai.com/gptbot)"
57.141.2.85 - - [18/Nov/2025:06:55:41 -0700] "GET /product812352290?kg=0811001224 HTTP/1.1" 200 96766 "-" "meta-externalagent/1.1 (+https://developers.facebook.com/docs/sharing/webmasters/crawler)"
57.141.2.88 - - [18/Nov/2025:06:55:42 -0700] "GET /product231233596?kg=0230849448 HTTP/1.1" 200 96766 "-" "meta-externalagent/1.1 (+https://developers.facebook.com/docs/sharing/webmasters/crawler)"
57.141.2.12 - - [18/Nov/2025:06:55:42 -0700] "GET /product786401270?kg=0785093384 HTTP/1.1" 200 96766 "-" "meta-externalagent/1.1 (+https://developers.facebook.com/docs/sharing/webmasters/crawler)"
57.141.2.85 - - [18/Nov/2025:06:55:43 -0700] "GET /product75466366?kg=0075341400 HTTP/1.1" 200 96766 "-" "meta-externalagent/1.1 (+https://developers.facebook.com/docs/sharing/webmasters/crawler)"
57.141.2.85 - - [18/Nov/2025:06:55:43 -0700] "GET /product690625167?kg=0689476642 HTTP/1.1" 200 96766 "-" "meta-externalagent/1.1 (+https://developers.facebook.com/docs/sharing/webmasters/crawler)"
57.141.2.16 - - [18/Nov/2025:06:55:43 -0700] "GET /product776940981?kg=0775648834 HTTP/1.1" 200 96766 "-" "meta-externalagent/1.1 (+https://developers.facebook.com/docs/sharing/webmasters/crawler)"
57.141.2.91 - - [18/Nov/2025:06:55:43 -0700] "GET /product981222666?kg=0979590616 HTTP/1.1" 200 96766 "-" "meta-externalagent/1.1 (+https://developers.facebook.com/docs/sharing/webmasters/crawler)"
57.141.2.77 - - [18/Nov/2025:06:55:44 -0700] "GET /product914180533?kg=0912660034 HTTP/1.1" 200 96766 "-" "meta-externalagent/1.1 (+https://developers.facebook.com/docs/sharing/webmasters/crawler)"
74.7.227.221 - - [18/Nov/2025:06:55:48 -0700] "GET /products/265fe7661 HTTP/1.1" 200 96766 "-" "Mozilla/5.0 AppleWebKit/537.36 (KHTML, like Gecko; compatible; GPTBot/1.3; +https://openai.com/gptbot)"
57.141.2.86 - - [18/Nov/2025:06:55:53 -0700] "GET /product611173111?kg=0610156786 HTTP/1.1" 200 96766 "-" "meta-externalagent/1.1 (+https://developers.facebook.com/docs/sharing/webmasters/crawler)"
57.141.2.20 - - [18/Nov/2025:06:55:54 -0700] "GET /product216166935?kg=0215807858 HTTP/1.1" 200 96766 "-" "meta-externalagent/1.1 (+https://developers.facebook.com/docs/sharing/webmasters/crawler)"
74.7.227.221 - - [18/Nov/2025:06:55:55 -0700] "GET /products/43wq30294 HTTP/1.1" 200 96766 "-" "Mozilla/5.0 AppleWebKit/537.36 (KHTML, like Gecko; compatible; GPTBot/1.3; +https://openai.com/gptbot)"
74.7.227.221 - - [18/Nov/2025:06:56:03 -0700] "GET /products/12zj11664 HTTP/1.1" 200 96766 "-" "Mozilla/5.0 AppleWebKit/537.36 (KHTML, like Gecko; compatible; GPTBot/1.3; +https://openai.com/gptbot)"
57.141.2.2 - - [18/Nov/2025:06:56:04 -0700] "GET /product1259481573?kg=1257386530 HTTP/1.1" 200 96766 "-" "meta-externalagent/1.1 (+https://developers.facebook.com/docs/sharing/webmasters/crawler)"
57.141.2.7 - - [18/Nov/2025:06:56:10 -0700] "GET /product634411395?kg=0633356402 HTTP/1.1" 200 96766 "-" "meta-externalagent/1.1 (+https://developers.facebook.com/docs/sharing/webmasters/crawler)"
57.141.2.98 - - [18/Nov/2025:06:56:11 -0700] "GET /product389658316?kg=0389010568 HTTP/1.1" 200 96766 "-" "meta-externalagent/1.1 (+https://developers.facebook.com/docs/sharing/webmasters/crawler)"
74.7.227.221 - - [18/Nov/2025:06:56:12 -0700] "GET /products/198jj5903 HTTP/1.1" 200 96766 "-" "Mozilla/5.0 AppleWebKit/537.36 (KHTML, like Gecko; compatible; GPTBot/1.3; +https://openai.com/gptbot)"
74.7.227.221 - - [18/Nov/2025:06:56:19 -0700] "GET /products/110cf3682 HTTP/1.1" 200 96766 "-" "Mozilla/5.0 AppleWebKit/537.36 (KHTML, like Gecko; compatible; GPTBot/1.3; +https://openai.com/gptbot)"
57.141.2.70 - - [18/Nov/2025:06:56:20 -0700] "GET /product154880561?kg=0154623458 HTTP/1.1" 200 96766 "-" "meta-externalagent/1.1 (+https://developers.facebook.com/docs/sharing/webmasters/crawler)"
74.7.227.221 - - [18/Nov/2025:06:56:27 -0700] "GET /products/200hp6281 HTTP/1.1" 200 96766 "-" "Mozilla/5.0 AppleWebKit/537.36 (KHTML, like Gecko; compatible; GPTBot/1.3; +https://openai.com/gptbot)"
57.141.2.85 - - [18/Nov/2025:06:56:27 -0700] "GET /product236823321?kg=0236429874 HTTP/1.1" 200 96766 "-" "meta-externalagent/1.1 (+https://developers.facebook.com/docs/sharing/webmasters/crawler)"
57.141.2.1 - - [18/Nov/2025:06:56:33 -0700] "GET /product1291190349?kg=1289042546 HTTP/1.1" 200 96766 "-" "meta-externalagent/1.1 (+https://developers.facebook.com/docs/sharing/webmasters/crawler)"
74.7.227.221 - - [18/Nov/2025:06:56:34 -0700] "GET /products/125eq5656 HTTP/1.1" 200 96766 "-" "Mozilla/5.0 AppleWebKit/537.36 (KHTML, like Gecko; compatible; GPTBot/1.3; +https://openai.com/gptbot)"
57.141.2.85 - - [18/Nov/2025:06:56:35 -0700] "GET /product979446551?kg=0977817458 HTTP/1.1" 200 96766 "-" "meta-externalagent/1.1 (+https://developers.facebook.com/docs/sharing/webmasters/crawler)"
57.141.2.30 - - [18/Nov/2025:06:56:36 -0700] "GET /product361026742?kg=0360426632 HTTP/1.1" 200 96766 "-" "meta-externalagent/1.1 (+https://developers.facebook.com/docs/sharing/webmasters/crawler)"
57.141.2.85 - - [18/Nov/2025:06:56:36 -0700] "GET /product457144768?kg=0456384728 HTTP/1.1" 200 96766 "-" "meta-externalagent/1.1 (+https://developers.facebook.com/docs/sharing/webmasters/crawler)"
57.141.2.53 - - [18/Nov/2025:06:56:39 -0700] "GET /product1297890135?kg=1295731186 HTTP/1.1" 200 96766 "-" "meta-externalagent/1.1 (+https://developers.facebook.com/docs/sharing/webmasters/crawler)"
57.141.2.23 - - [18/Nov/2025:06:56:41 -0700] "GET /product124581893?kg=0124375202 HTTP/1.1" 200 96766 "-" "meta-externalagent/1.1 (+https://developers.facebook.com/docs/sharing/webmasters/crawler)"
57.141.2.20 - - [18/Nov/2025:06:56:41 -0700] "GET /product842671165?kg=0841269650 HTTP/1.1" 200 96766 "-" "meta-externalagent/1.1 (+https://developers.facebook.com/docs/sharing/webmasters/crawler)"
74.7.227.221 - - [18/Nov/2025:06:56:41 -0700] "GET /products/78uq26457 HTTP/1.1" 200 96766 "-" "Mozilla/5.0 AppleWebKit/537.36 (KHTML, like Gecko; compatible; GPTBot/1.3; +https://openai.com/gptbot)"
57.141.2.23 - - [18/Nov/2025:06:56:41 -0700] "GET /product948662872?kg=0947085000 HTTP/1.1" 200 96766 "-" "meta-externalagent/1.1 (+https://developers.facebook.com/docs/sharing/webmasters/crawler)"
57.141.2.21 - - [18/Nov/2025:06:56:42 -0700] "GET /product117425734?kg=0117230952 HTTP/1.1" 200 96766 "-" "meta-externalagent/1.1 (+https://developers.facebook.com/docs/sharing/webmasters/crawler)"
57.141.2.85 - - [18/Nov/2025:06:56:42 -0700] "GET /product231149406?kg=0230765400 HTTP/1.1" 200 96766 "-" "meta-externalagent/1.1 (+https://developers.facebook.com/docs/sharing/webmasters/crawler)"
57.141.2.76 - - [18/Nov/2025:06:56:43 -0700] "GET /product1184796199?kg=1182825426 HTTP/1.1" 200 96766 "-" "meta-externalagent/1.1 (+https://developers.facebook.com/docs/sharing/webmasters/crawler)"
57.141.2.57 - - [18/Nov/2025:06:56:43 -0700] "GET /product1116944679?kg=1115086802 HTTP/1.1" 200 96766 "-" "meta-externalagent/1.1 (+https://developers.facebook.com/docs/sharing/webmasters/crawler)"
57.141.2.77 - - [18/Nov/2025:06:56:44 -0700] "GET /product1058571510?kg=1056810760 HTTP/1.1" 200 96766 "-" "meta-externalagent/1.1 (+https://developers.facebook.com/docs/sharing/webmasters/crawler)"
57.141.2.80 - - [18/Nov/2025:06:56:45 -0700] "GET /product1050350143?kg=1048603074 HTTP/1.1" 200 96766 "-" "meta-externalagent/1.1 (+https://developers.facebook.com/docs/sharing/webmasters/crawler)"
57.141.2.34 - - [18/Nov/2025:06:56:45 -0700] "GET /product1086033021?kg=1084226578 HTTP/1.1" 200 96766 "-" "meta-externalagent/1.1 (+https://developers.facebook.com/docs/sharing/webmasters/crawler)"
57.141.2.10 - - [18/Nov/2025:06:56:46 -0700] "GET /product260495671?kg=0260062834 HTTP/1.1" 200 96766 "-" "meta-externalagent/1.1 (+https://developers.facebook.com/docs/sharing/webmasters/crawler)"
57.141.2.19 - - [18/Nov/2025:06:56:46 -0700] "GET /product1359451358?kg=1357189976 HTTP/1.1" 200 96766 "-" "meta-externalagent/1.1 (+https://developers.facebook.com/docs/sharing/webmasters/crawler)"
57.141.2.58 - - [18/Nov/2025:06:56:47 -0700] "GET /product162936036?kg=0162665528 HTTP/1.1" 200 96766 "-" "meta-externalagent/1.1 (+https://developers.facebook.com/docs/sharing/webmasters/crawler)"
74.7.227.221 - - [18/Nov/2025:06:56:48 -0700] "GET /products/77qe29985 HTTP/1.1" 200 96766 "-" "Mozilla/5.0 AppleWebKit/537.36 (KHTML, like Gecko; compatible; GPTBot/1.3; +https://openai.com/gptbot)"
57.141.2.76 - - [18/Nov/2025:06:56:47 -0700] "GET /product163036309?kg=0162765634 HTTP/1.1" 200 96766 "-" "meta-externalagent/1.1 (+https://developers.facebook.com/docs/sharing/webmasters/crawler)"
57.141.2.60 - - [18/Nov/2025:06:56:48 -0700] "GET /product204863439?kg=0204523170 HTTP/1.1" 200 96766 "-" "meta-externalagent/1.1 (+https://developers.facebook.com/docs/sharing/webmasters/crawler)"
57.141.2.12 - - [18/Nov/2025:06:56:48 -0700] "GET /product162652074?kg=0162382040 HTTP/1.1" 200 96766 "-" "meta-externalagent/1.1 (+https://developers.facebook.com/docs/sharing/webmasters/crawler)"
57.141.2.22 - - [18/Nov/2025:06:56:49 -0700] "GET /product354840795?kg=0354250978 HTTP/1.1" 200 96766 "-" "meta-externalagent/1.1 (+https://developers.facebook.com/docs/sharing/webmasters/crawler)"
114.119.137.103 - - [18/Nov/2025:06:56:54 -0700] "GET /search.php?items/lbtww209/17045?key=captain HTTP/1.1" 200 15 "http://marketersvideoplayer.com/search.php?sitemap157.xml" "Mozilla/5.0 (Linux; Android 7.0;) AppleWebKit/537.36 (KHTML, like Gecko) Mobile Safari/537.36 (compatible; PetalBot;+https://webmaster.petalsearch.com/site/petalbot)"
57.141.2.88 - - [18/Nov/2025:06:56:49 -0700] "GET /product690549585?kg=0689401186 HTTP/1.1" 200 96766 "-" "meta-externalagent/1.1 (+https://developers.facebook.com/docs/sharing/webmasters/crawler)"
57.141.2.78 - - [18/Nov/2025:06:56:49 -0700] "GET /product686704355?kg=0685562354 HTTP/1.1" 200 96766 "-" "meta-externalagent/1.1 (+https://developers.facebook.com/docs/sharing/webmasters/crawler)"
57.141.2.17 - - [18/Nov/2025:06:56:51 -0700] "GET /product789650244?kg=0788336952 HTTP/1.1" 200 96766 "-" "meta-externalagent/1.1 (+https://developers.facebook.com/docs/sharing/webmasters/crawler)"
74.7.227.221 - - [18/Nov/2025:06:56:54 -0700] "GET /products/63ga15066 HTTP/1.1" 200 96766 "-" "Mozilla/5.0 AppleWebKit/537.36 (KHTML, like Gecko; compatible; GPTBot/1.3; +https://openai.com/gptbot)"
74.7.227.221 - - [18/Nov/2025:06:57:02 -0700] "GET /products/34tk10178 HTTP/1.1" 200 96766 "-" "Mozilla/5.0 AppleWebKit/537.36 (KHTML, like Gecko; compatible; GPTBot/1.3; +https://openai.com/gptbot)"
57.141.2.6 - - [18/Nov/2025:06:57:10 -0700] "GET /product162936381?kg=0162665874 HTTP/1.1" 200 96766 "-" "meta-externalagent/1.1 (+https://developers.facebook.com/docs/sharing/webmasters/crawler)"
57.141.2.13 - - [18/Nov/2025:06:57:10 -0700] "GET /product1214032052?kg=1212012632 HTTP/1.1" 200 96766 "-" "meta-externalagent/1.1 (+https://developers.facebook.com/docs/sharing/webmasters/crawler)"
74.7.227.221 - - [18/Nov/2025:06:57:12 -0700] "GET /products/283vr2574 HTTP/1.1" 200 96766 "-" "Mozilla/5.0 AppleWebKit/537.36 (KHTML, like Gecko; compatible; GPTBot/1.3; +https://openai.com/gptbot)"
57.141.2.62 - - [18/Nov/2025:06:57:13 -0700] "GET /product293971920?kg=0293483384 HTTP/1.1" 200 96766 "-" "meta-externalagent/1.1 (+https://developers.facebook.com/docs/sharing/webmasters/crawler)"
57.141.2.85 - - [18/Nov/2025:06:57:13 -0700] "GET /product1261006653?kg=1258909074 HTTP/1.1" 200 96766 "-" "meta-externalagent/1.1 (+https://developers.facebook.com/docs/sharing/webmasters/crawler)"
74.7.227.221 - - [18/Nov/2025:06:57:20 -0700] "GET /products/123ph2418 HTTP/1.1" 200 96766 "-" "Mozilla/5.0 AppleWebKit/537.36 (KHTML, like Gecko; compatible; GPTBot/1.3; +https://openai.com/gptbot)"
57.141.2.66 - - [18/Nov/2025:06:57:33 -0700] "GET /product831767919?kg=0830384546 HTTP/1.1" 200 96766 "-" "meta-externalagent/1.1 (+https://developers.facebook.com/docs/sharing/webmasters/crawler)"
57.141.2.24 - - [18/Nov/2025:06:57:37 -0700] "GET /product1063442407?kg=1061673554 HTTP/1.1" 200 96766 "-" "meta-externalagent/1.1 (+https://developers.facebook.com/docs/sharing/webmasters/crawler)"
57.141.2.8 - - [18/Nov/2025:06:57:38 -0700] "GET /product1040924820?kg=1039193432 HTTP/1.1" 200 96766 "-" "meta-externalagent/1.1 (+https://developers.facebook.com/docs/sharing/webmasters/crawler)"
57.141.2.27 - - [18/Nov/2025:06:57:39 -0700] "GET /product1443939161?kg=1441537202 HTTP/1.1" 200 96766 "-" "meta-externalagent/1.1 (+https://developers.facebook.com/docs/sharing/webmasters/crawler)"
57.141.2.85 - - [18/Nov/2025:06:57:39 -0700] "GET /product1026918645?kg=1025210562 HTTP/1.1" 200 96766 "-" "meta-externalagent/1.1 (+https://developers.facebook.com/docs/sharing/webmasters/crawler)"
57.141.2.85 - - [18/Nov/2025:06:57:40 -0700] "GET /product1463655601?kg=1461220834 HTTP/1.1" 200 96766 "-" "meta-externalagent/1.1 (+https://developers.facebook.com/docs/sharing/webmasters/crawler)"
57.141.2.66 - - [18/Nov/2025:06:57:40 -0700] "GET /product1137966473?kg=1136073618 HTTP/1.1" 200 96766 "-" "meta-externalagent/1.1 (+https://developers.facebook.com/docs/sharing/webmasters/crawler)"
74.7.227.221 - - [18/Nov/2025:06:57:40 -0700] "GET /products/90xx13203 HTTP/1.1" 200 96766 "-" "Mozilla/5.0 AppleWebKit/537.36 (KHTML, like Gecko; compatible; GPTBot/1.3; +https://openai.com/gptbot)"
57.141.2.21 - - [18/Nov/2025:06:57:40 -0700] "GET /product1219971655?kg=1217942354 HTTP/1.1" 200 96766 "-" "meta-externalagent/1.1 (+https://developers.facebook.com/docs/sharing/webmasters/crawler)"
57.141.2.62 - - [18/Nov/2025:06:57:40 -0700] "GET /product183005279?kg=0182701378 HTTP/1.1" 200 96766 "-" "meta-externalagent/1.1 (+https://developers.facebook.com/docs/sharing/webmasters/crawler)"
57.141.2.86 - - [18/Nov/2025:06:57:41 -0700] "GET /product1432696807?kg=1430313554 HTTP/1.1" 200 96766 "-" "meta-externalagent/1.1 (+https://developers.facebook.com/docs/sharing/webmasters/crawler)"
57.141.2.49 - - [18/Nov/2025:06:57:42 -0700] "GET /product830716041?kg=0829334418 HTTP/1.1" 200 96766 "-" "meta-externalagent/1.1 (+https://developers.facebook.com/docs/sharing/webmasters/crawler)"
57.141.2.4 - - [18/Nov/2025:06:57:42 -0700] "GET /product238535648?kg=0238139352 HTTP/1.1" 200 96766 "-" "meta-externalagent/1.1 (+https://developers.facebook.com/docs/sharing/webmasters/crawler)"
74.7.227.221 - - [18/Nov/2025:06:57:48 -0700] "GET /products/12zj11664?fileloc=/home/bt667/public_html/test.txt&path=/home/bt667/public_html HTTP/1.1" 200 12331 "-" "Mozilla/5.0 AppleWebKit/537.36 (KHTML, like Gecko; compatible; GPTBot/1.3; +https://openai.com/gptbot)"
57.141.2.88 - - [18/Nov/2025:06:57:53 -0700] "GET /product1191459095?kg=1189477234 HTTP/1.1" 200 96766 "-" "meta-externalagent/1.1 (+https://developers.facebook.com/docs/sharing/webmasters/crawler)"
74.7.227.221 - - [18/Nov/2025:06:57:56 -0700] "GET /products/294zw9562 HTTP/1.1" 200 96766 "-" "Mozilla/5.0 AppleWebKit/537.36 (KHTML, like Gecko; compatible; GPTBot/1.3; +https://openai.com/gptbot)"
57.141.2.10 - - [18/Nov/2025:06:58:02 -0700] "GET /product435106539?kg=0434383170 HTTP/1.1" 200 96766 "-" "meta-externalagent/1.1 (+https://developers.facebook.com/docs/sharing/webmasters/crawler)"
57.141.2.91 - - [18/Nov/2025:06:58:01 -0700] "GET /product660809132?kg=0659710216 HTTP/1.1" 200 96766 "-" "meta-externalagent/1.1 (+https://developers.facebook.com/docs/sharing/webmasters/crawler)"
74.7.227.221 - - [18/Nov/2025:06:58:04 -0700] "GET /products/80pj18064 HTTP/1.1" 200 96766 "-" "Mozilla/5.0 AppleWebKit/537.36 (KHTML, like Gecko; compatible; GPTBot/1.3; +https://openai.com/gptbot)"
57.141.2.91 - - [18/Nov/2025:06:58:11 -0700] "GET /product1063477784?kg=1061708872 HTTP/1.1" 200 96766 "-" "meta-externalagent/1.1 (+https://developers.facebook.com/docs/sharing/webmasters/crawler)"
114.119.136.100 - - [18/Nov/2025:06:58:18 -0700] "GET /search.php?items/lbjwz227/18675?key=operate HTTP/1.1" 200 15 "http://marketersvideoplayer.com/search.php?sitemap157.xml" "Mozilla/5.0 (Linux; Android 7.0;) AppleWebKit/537.36 (KHTML, like Gecko) Mobile Safari/537.36 (compatible; PetalBot;+https://webmaster.petalsearch.com/site/petalbot)"
74.7.227.221 - - [18/Nov/2025:06:58:12 -0700] "GET /products/53jh38313 HTTP/1.1" 200 96766 "-" "Mozilla/5.0 AppleWebKit/537.36 (KHTML, like Gecko; compatible; GPTBot/1.3; +https://openai.com/gptbot)"
57.141.2.89 - - [18/Nov/2025:06:58:11 -0700] "GET /product1112494400?kg=1110643928 HTTP/1.1" 200 96766 "-" "meta-externalagent/1.1 (+https://developers.facebook.com/docs/sharing/webmasters/crawler)"
57.141.2.70 - - [18/Nov/2025:06:58:12 -0700] "GET /product239064155?kg=0238666978 HTTP/1.1" 200 96766 "-" "meta-externalagent/1.1 (+https://developers.facebook.com/docs/sharing/webmasters/crawler)"
57.141.2.98 - - [18/Nov/2025:06:58:13 -0700] "GET /product13274870?kg=0013253384 HTTP/1.1" 200 96766 "-" "meta-externalagent/1.1 (+https://developers.facebook.com/docs/sharing/webmasters/crawler)"
57.141.2.19 - - [18/Nov/2025:06:58:13 -0700] "GET /product1359319122?kg=1357057960 HTTP/1.1" 200 96766 "-" "meta-externalagent/1.1 (+https://developers.facebook.com/docs/sharing/webmasters/crawler)"
57.141.2.94 - - [18/Nov/2025:06:58:14 -0700] "GET /product1225764319?kg=1223725378 HTTP/1.1" 200 96766 "-" "meta-externalagent/1.1 (+https://developers.facebook.com/docs/sharing/webmasters/crawler)"
57.141.2.38 - - [18/Nov/2025:06:58:14 -0700] "GET /product204719233?kg=0204379202 HTTP/1.1" 200 96766 "-" "meta-externalagent/1.1 (+https://developers.facebook.com/docs/sharing/webmasters/crawler)"
57.141.2.73 - - [18/Nov/2025:06:58:15 -0700] "GET /product1463609466?kg=1461174776 HTTP/1.1" 200 96766 "-" "meta-externalagent/1.1 (+https://developers.facebook.com/docs/sharing/webmasters/crawler)"
57.141.2.85 - - [18/Nov/2025:06:58:15 -0700] "GET /product1349130193?kg=1346885986 HTTP/1.1" 200 96766 "-" "meta-externalagent/1.1 (+https://developers.facebook.com/docs/sharing/webmasters/crawler)"
57.141.2.82 - - [18/Nov/2025:06:58:16 -0700] "GET /product1298014983?kg=1295855826 HTTP/1.1" 200 96766 "-" "meta-externalagent/1.1 (+https://developers.facebook.com/docs/sharing/webmasters/crawler)"
57.141.2.75 - - [18/Nov/2025:06:58:17 -0700] "GET /product555093344?kg=0554170328 HTTP/1.1" 200 96766 "-" "meta-externalagent/1.1 (+https://developers.facebook.com/docs/sharing/webmasters/crawler)"
57.141.2.80 - - [18/Nov/2025:06:58:17 -0700] "GET /product293253092?kg=0292765752 HTTP/1.1" 200 96766 "-" "meta-externalagent/1.1 (+https://developers.facebook.com/docs/sharing/webmasters/crawler)"
57.141.2.27 - - [18/Nov/2025:06:58:17 -0700] "GET /product1124093554?kg=1122223784 HTTP/1.1" 200 96766 "-" "meta-externalagent/1.1 (+https://developers.facebook.com/docs/sharing/webmasters/crawler)"
57.141.2.62 - - [18/Nov/2025:06:58:18 -0700] "GET /product354873848?kg=0354283976 HTTP/1.1" 200 96766 "-" "meta-externalagent/1.1 (+https://developers.facebook.com/docs/sharing/webmasters/crawler)"
57.141.2.19 - - [18/Nov/2025:06:58:18 -0700] "GET /product523030597?kg=0522160930 HTTP/1.1" 200 96766 "-" "meta-externalagent/1.1 (+https://developers.facebook.com/docs/sharing/webmasters/crawler)"
57.141.2.16 - - [18/Nov/2025:06:58:19 -0700] "GET /product299900787?kg=0299402386 HTTP/1.1" 200 96766 "-" "meta-externalagent/1.1 (+https://developers.facebook.com/docs/sharing/webmasters/crawler)"
57.141.2.70 - - [18/Nov/2025:06:58:20 -0700] "GET /product370789402?kg=0370173048 HTTP/1.1" 200 96766 "-" "meta-externalagent/1.1 (+https://developers.facebook.com/docs/sharing/webmasters/crawler)"
57.141.2.86 - - [18/Nov/2025:06:58:19 -0700] "GET /product338304230?kg=0337741928 HTTP/1.1" 200 96766 "-" "meta-externalagent/1.1 (+https://developers.facebook.com/docs/sharing/webmasters/crawler)"
57.141.2.64 - - [18/Nov/2025:06:58:21 -0700] "GET /product418518498?kg=0417822728 HTTP/1.1" 200 96766 "-" "meta-externalagent/1.1 (+https://developers.facebook.com/docs/sharing/webmasters/crawler)"
57.141.2.25 - - [18/Nov/2025:06:58:21 -0700] "GET /product354539514?kg=0353950200 HTTP/1.1" 200 96766 "-" "meta-externalagent/1.1 (+https://developers.facebook.com/docs/sharing/webmasters/crawler)"
57.141.2.66 - - [18/Nov/2025:06:58:21 -0700] "GET /product354904325?kg=0354314402 HTTP/1.1" 200 96766 "-" "meta-externalagent/1.1 (+https://developers.facebook.com/docs/sharing/webmasters/crawler)"
199.182.234.97 - - [18/Nov/2025:06:58:21 -0700] "GET /goods.php HTTP/1.1" 200 96766 "-" "Mozilla/5.0 (Windows NT 10.0; Win64; x64) AppleWebKit/537.36 (KHTML, like Gecko) Chrome/142.0.0.0 Safari/537.36"
57.141.2.98 - - [18/Nov/2025:06:58:22 -0700] "GET /product352077818?kg=0351492600 HTTP/1.1" 200 96766 "-" "meta-externalagent/1.1 (+https://developers.facebook.com/docs/sharing/webmasters/crawler)"
74.7.227.221 - - [18/Nov/2025:06:58:22 -0700] "GET /products/169tn2887 HTTP/1.1" 200 96766 "-" "Mozilla/5.0 AppleWebKit/537.36 (KHTML, like Gecko; compatible; GPTBot/1.3; +https://openai.com/gptbot)"
57.141.2.58 - - [18/Nov/2025:06:58:22 -0700] "GET /product554993288?kg=0554070440 HTTP/1.1" 200 96766 "-" "meta-externalagent/1.1 (+https://developers.facebook.com/docs/sharing/webmasters/crawler)"
57.141.2.18 - - [18/Nov/2025:06:58:22 -0700] "GET /product495635815?kg=0494811730 HTTP/1.1" 200 96766 "-" "meta-externalagent/1.1 (+https://developers.facebook.com/docs/sharing/webmasters/crawler)"
57.141.2.7 - - [18/Nov/2025:06:58:23 -0700] "GET /product789388240?kg=0788075384 HTTP/1.1" 200 96766 "-" "meta-externalagent/1.1 (+https://developers.facebook.com/docs/sharing/webmasters/crawler)"
57.141.2.16 - - [18/Nov/2025:06:58:24 -0700] "GET /product788538620?kg=0787227176 HTTP/1.1" 200 96766 "-" "meta-externalagent/1.1 (+https://developers.facebook.com/docs/sharing/webmasters/crawler)"
57.141.2.60 - - [18/Nov/2025:06:58:24 -0700] "GET /product681575647?kg=0680442178 HTTP/1.1" 200 96766 "-" "meta-externalagent/1.1 (+https://developers.facebook.com/docs/sharing/webmasters/crawler)"
57.141.2.1 - - [18/Nov/2025:06:58:25 -0700] "GET /product889307531?kg=0887828418 HTTP/1.1" 200 96766 "-" "meta-externalagent/1.1 (+https://developers.facebook.com/docs/sharing/webmasters/crawler)"
57.141.2.95 - - [18/Nov/2025:06:58:26 -0700] "GET /product997354820?kg=0995695928 HTTP/1.1" 200 96766 "-" "meta-externalagent/1.1 (+https://developers.facebook.com/docs/sharing/webmasters/crawler)"
57.141.2.31 - - [18/Nov/2025:06:58:27 -0700] "GET /product816062491?kg=0814705250 HTTP/1.1" 200 96766 "-" "meta-externalagent/1.1 (+https://developers.facebook.com/docs/sharing/webmasters/crawler)"
199.182.234.97 - - [18/Nov/2025:06:58:31 -0700] "GET /favicon.ico HTTP/1.1" 200 96766 "http://marketersvideoplayer.com/goods.php" "Mozilla/5.0 (Windows NT 10.0; Win64; x64) AppleWebKit/537.36 (KHTML, like Gecko) Chrome/142.0.0.0 Safari/537.36"
74.7.227.221 - - [18/Nov/2025:06:58:36 -0700] "GET /products/51zs14386 HTTP/1.1" 200 96766 "-" "Mozilla/5.0 AppleWebKit/537.36 (KHTML, like Gecko; compatible; GPTBot/1.3; +https://openai.com/gptbot)"
57.141.2.32 - - [18/Nov/2025:06:58:45 -0700] "GET /product475409761?kg=0474619330 HTTP/1.1" 200 96766 "-" "meta-externalagent/1.1 (+https://developers.facebook.com/docs/sharing/webmasters/crawler)"
74.7.227.221 - - [18/Nov/2025:06:58:46 -0700] "GET /products/292lr3576 HTTP/1.1" 200 96766 "-" "Mozilla/5.0 AppleWebKit/537.36 (KHTML, like Gecko; compatible; GPTBot/1.3; +https://openai.com/gptbot)"
57.141.2.6 - - [18/Nov/2025:06:58:55 -0700] "GET /product1455845700?kg=1453423928 HTTP/1.1" 200 96766 "-" "meta-externalagent/1.1 (+https://developers.facebook.com/docs/sharing/webmasters/crawler)"
57.141.2.31 - - [18/Nov/2025:06:58:55 -0700] "GET /product1400967010?kg=1398636552 HTTP/1.1" 200 96766 "-" "meta-externalagent/1.1 (+https://developers.facebook.com/docs/sharing/webmasters/crawler)"
74.7.227.221 - - [18/Nov/2025:06:58:56 -0700] "GET /products/205wc9480 HTTP/1.1" 200 96766 "-" "Mozilla/5.0 AppleWebKit/537.36 (KHTML, like Gecko; compatible; GPTBot/1.3; +https://openai.com/gptbot)"
57.141.2.19 - - [18/Nov/2025:06:58:56 -0700] "GET /product268966165?kg=0268519234 HTTP/1.1" 200 96766 "-" "meta-externalagent/1.1 (+https://developers.facebook.com/docs/sharing/webmasters/crawler)"
57.141.2.13 - - [18/Nov/2025:06:58:56 -0700] "GET /product1204006563?kg=1202003826 HTTP/1.1" 200 96766 "-" "meta-externalagent/1.1 (+https://developers.facebook.com/docs/sharing/webmasters/crawler)"
57.141.2.71 - - [18/Nov/2025:06:58:57 -0700] "GET /product27275345?kg=0027230562 HTTP/1.1" 200 96766 "-" "meta-externalagent/1.1 (+https://developers.facebook.com/docs/sharing/webmasters/crawler)"
57.141.2.26 - - [18/Nov/2025:06:58:57 -0700] "GET /product756264598?kg=0755006856 HTTP/1.1" 200 96766 "-" "meta-externalagent/1.1 (+https://developers.facebook.com/docs/sharing/webmasters/crawler)"
57.141.2.92 - - [18/Nov/2025:06:58:58 -0700] "GET /product456929658?kg=0456169976 HTTP/1.1" 200 96766 "-" "meta-externalagent/1.1 (+https://developers.facebook.com/docs/sharing/webmasters/crawler)"
57.141.2.98 - - [18/Nov/2025:06:58:57 -0700] "GET /product406862542?kg=0406186168 HTTP/1.1" 200 96766 "-" "meta-externalagent/1.1 (+https://developers.facebook.com/docs/sharing/webmasters/crawler)"
57.141.2.63 - - [18/Nov/2025:06:58:59 -0700] "GET /product914119830?kg=0912599432 HTTP/1.1" 200 96766 "-" "meta-externalagent/1.1 (+https://developers.facebook.com/docs/sharing/webmasters/crawler)"
57.141.2.17 - - [18/Nov/2025:06:59:00 -0700] "GET /product993851934?kg=0992198872 HTTP/1.1" 200 96766 "-" "meta-externalagent/1.1 (+https://developers.facebook.com/docs/sharing/webmasters/crawler)"
57.141.2.14 - - [18/Nov/2025:06:58:59 -0700] "GET /product983557537?kg=0981921602 HTTP/1.1" 200 96766 "-" "meta-externalagent/1.1 (+https://developers.facebook.com/docs/sharing/webmasters/crawler)"
57.141.2.16 - - [18/Nov/2025:06:59:00 -0700] "GET /product1015879964?kg=1014190248 HTTP/1.1" 200 96766 "-" "meta-externalagent/1.1 (+https://developers.facebook.com/docs/sharing/webmasters/crawler)"
57.141.2.33 - - [18/Nov/2025:06:59:01 -0700] "GET /product1287914006?kg=1285771656 HTTP/1.1" 200 96766 "-" "meta-externalagent/1.1 (+https://developers.facebook.com/docs/sharing/webmasters/crawler)"
57.141.2.12 - - [18/Nov/2025:06:59:01 -0700] "GET /product1016117862?kg=1014427752 HTTP/1.1" 200 96766 "-" "meta-externalagent/1.1 (+https://developers.facebook.com/docs/sharing/webmasters/crawler)"
57.141.2.63 - - [18/Nov/2025:06:59:02 -0700] "GET /product366746299?kg=0366136674 HTTP/1.1" 200 96766 "-" "meta-externalagent/1.1 (+https://developers.facebook.com/docs/sharing/webmasters/crawler)"
57.141.2.11 - - [18/Nov/2025:06:59:02 -0700] "GET /product257203361?kg=0256776002 HTTP/1.1" 200 96766 "-" "meta-externalagent/1.1 (+https://developers.facebook.com/docs/sharing/webmasters/crawler)"
57.141.2.57 - - [18/Nov/2025:06:59:03 -0700] "GET /product686723032?kg=0685581000 HTTP/1.1" 200 96766 "-" "meta-externalagent/1.1 (+https://developers.facebook.com/docs/sharing/webmasters/crawler)"
57.141.2.75 - - [18/Nov/2025:06:59:04 -0700] "GET /product1184875853?kg=1182904946 HTTP/1.1" 200 96766 "-" "meta-externalagent/1.1 (+https://developers.facebook.com/docs/sharing/webmasters/crawler)"
57.141.2.82 - - [18/Nov/2025:06:59:05 -0700] "GET /product1046882631?kg=1045141330 HTTP/1.1" 200 96766 "-" "meta-externalagent/1.1 (+https://developers.facebook.com/docs/sharing/webmasters/crawler)"
