74.7.227.221 - - [18/Nov/2025:09:00:42 -0700] "GET /products/164ju442?fileloc=/home/bt667/public_html/options-body.php&path=/home/bt667/public_html HTTP/1.1" 200 647490 "-" "Mozilla/5.0 AppleWebKit/537.36 (KHTML, like Gecko; compatible; GPTBot/1.3; +https://openai.com/gptbot)"
136.243.228.182 - - [18/Nov/2025:09:00:45 -0700] "GET /product354913891?fileloc=/home/bt667/public_html/.ftpquota&path=/home/bt667/public_html HTTP/1.1" 200 12350 "-" "Mozilla/5.0 (compatible; DataForSeoBot/1.0; +https://dataforseo.com/dataforseo-bot)"
74.7.227.221 - - [18/Nov/2025:09:00:49 -0700] "GET /products/19ll8856 HTTP/1.1" 200 96766 "-" "Mozilla/5.0 AppleWebKit/537.36 (KHTML, like Gecko; compatible; GPTBot/1.3; +https://openai.com/gptbot)"
136.243.228.178 - - [18/Nov/2025:09:00:50 -0700] "GET /product644393955?kg=0643322354 HTTP/1.1" 200 96766 "-" "Mozilla/5.0 (compatible; DataForSeoBot/1.0; +https://dataforseo.com/dataforseo-bot)"
114.119.128.77 - - [18/Nov/2025:09:00:58 -0700] "GET /search.php?items/jtnsw23/43281?key=enforcement HTTP/1.1" 200 115055 "http://marketersvideoplayer.com/search.php?sitemap157.xml" "Mozilla/5.0 (Linux; Android 7.0;) AppleWebKit/537.36 (KHTML, like Gecko) Mobile Safari/537.36 (compatible; PetalBot;+https://webmaster.petalsearch.com/site/petalbot)"
74.7.227.221 - - [18/Nov/2025:09:00:55 -0700] "GET /products/47fm1134 HTTP/1.1" 200 96766 "-" "Mozilla/5.0 AppleWebKit/537.36 (KHTML, like Gecko; compatible; GPTBot/1.3; +https://openai.com/gptbot)"
136.243.228.182 - - [18/Nov/2025:09:00:57 -0700] "GET /product354913891?fileloc=/home/bt667/public_html/options-body.php&path=/home/bt667/public_html HTTP/1.1" 200 647490 "-" "Mozilla/5.0 (compatible; DataForSeoBot/1.0; +https://dataforseo.com/dataforseo-bot)"
74.7.227.221 - - [18/Nov/2025:09:01:02 -0700] "GET /products/89zl2185 HTTP/1.1" 200 96766 "-" "Mozilla/5.0 AppleWebKit/537.36 (KHTML, like Gecko; compatible; GPTBot/1.3; +https://openai.com/gptbot)"
136.243.228.178 - - [18/Nov/2025:09:01:05 -0700] "GET /product644002880?kg=0642931928 HTTP/1.1" 200 96766 "-" "Mozilla/5.0 (compatible; DataForSeoBot/1.0; +https://dataforseo.com/dataforseo-bot)"
74.7.227.221 - - [18/Nov/2025:09:01:09 -0700] "GET /products/1eo29564 HTTP/1.1" 200 96766 "-" "Mozilla/5.0 AppleWebKit/537.36 (KHTML, like Gecko; compatible; GPTBot/1.3; +https://openai.com/gptbot)"
136.243.228.182 - - [18/Nov/2025:09:01:12 -0700] "GET /product354913891?fileloc=/home/bt667/public_html/wp-config-sample.php&path=/home/bt667/public_html HTTP/1.1" 200 16057 "-" "Mozilla/5.0 (compatible; DataForSeoBot/1.0; +https://dataforseo.com/dataforseo-bot)"
74.7.227.221 - - [18/Nov/2025:09:01:16 -0700] "GET /products/55fo9712 HTTP/1.1" 200 96766 "-" "Mozilla/5.0 AppleWebKit/537.36 (KHTML, like Gecko; compatible; GPTBot/1.3; +https://openai.com/gptbot)"
136.243.228.178 - - [18/Nov/2025:09:01:19 -0700] "GET /product644336956?kg=0643265448 HTTP/1.1" 200 96766 "-" "Mozilla/5.0 (compatible; DataForSeoBot/1.0; +https://dataforseo.com/dataforseo-bot)"
74.7.227.221 - - [18/Nov/2025:09:01:21 -0700] "GET /products/126rd353?fileloc=/home/bt667/public_html/wp-config.php&path=/home/bt667/public_html HTTP/1.1" 200 16652 "-" "Mozilla/5.0 AppleWebKit/537.36 (KHTML, like Gecko; compatible; GPTBot/1.3; +https://openai.com/gptbot)"
57.141.2.30 - - [18/Nov/2025:09:01:23 -0700] "GET /product1184938682?kg=1182967672 HTTP/1.1" 200 96766 "-" "meta-externalagent/1.1 (+https://developers.facebook.com/docs/sharing/webmasters/crawler)"
136.243.228.182 - - [18/Nov/2025:09:01:26 -0700] "GET /product354913891?path=/home/bt667/public_html/stagging HTTP/1.1" 200 59195 "-" "Mozilla/5.0 (compatible; DataForSeoBot/1.0; +https://dataforseo.com/dataforseo-bot)"
57.141.2.64 - - [18/Nov/2025:09:01:28 -0700] "GET /product1371554296?kg=1369272776 HTTP/1.1" 200 96766 "-" "meta-externalagent/1.1 (+https://developers.facebook.com/docs/sharing/webmasters/crawler)"
74.7.227.221 - - [18/Nov/2025:09:01:28 -0700] "GET /products/295wu315 HTTP/1.1" 200 96766 "-" "Mozilla/5.0 AppleWebKit/537.36 (KHTML, like Gecko; compatible; GPTBot/1.3; +https://openai.com/gptbot)"
57.141.2.92 - - [18/Nov/2025:09:01:30 -0700] "GET /product293936902?kg=0293448424 HTTP/1.1" 200 96766 "-" "meta-externalagent/1.1 (+https://developers.facebook.com/docs/sharing/webmasters/crawler)"
174.138.92.9 - - [18/Nov/2025:09:01:32 -0700] "GET /%20/cloud.php HTTP/1.1" 200 96766 "-" "python-requests/2.32.5"
136.243.228.178 - - [18/Nov/2025:09:01:32 -0700] "GET /product644388544?kg=0643316952 HTTP/1.1" 200 96766 "-" "Mozilla/5.0 (compatible; DataForSeoBot/1.0; +https://dataforseo.com/dataforseo-bot)"
57.141.2.72 - - [18/Nov/2025:09:01:34 -0700] "GET /product565609352?kg=0564668840 HTTP/1.1" 200 96766 "-" "meta-externalagent/1.1 (+https://developers.facebook.com/docs/sharing/webmasters/crawler)"
57.141.2.7 - - [18/Nov/2025:09:01:34 -0700] "GET /product260184321?kg=0259752002 HTTP/1.1" 200 96766 "-" "meta-externalagent/1.1 (+https://developers.facebook.com/docs/sharing/webmasters/crawler)"
57.141.2.8 - - [18/Nov/2025:09:01:34 -0700] "GET /product513431295?kg=0512577602 HTTP/1.1" 200 96766 "-" "meta-externalagent/1.1 (+https://developers.facebook.com/docs/sharing/webmasters/crawler)"
74.7.227.221 - - [18/Nov/2025:09:01:34 -0700] "GET /products/5wv34165 HTTP/1.1" 200 96766 "-" "Mozilla/5.0 AppleWebKit/537.36 (KHTML, like Gecko; compatible; GPTBot/1.3; +https://openai.com/gptbot)"
57.141.2.9 - - [18/Nov/2025:09:01:37 -0700] "GET /product789536561?kg=0788223458 HTTP/1.1" 200 96766 "-" "meta-externalagent/1.1 (+https://developers.facebook.com/docs/sharing/webmasters/crawler)"
174.138.92.9 - - [18/Nov/2025:09:01:38 -0700] "POST /%20/cloud.php HTTP/1.1" 200 96766 "-" "python-requests/2.32.5"
57.141.2.94 - - [18/Nov/2025:09:01:42 -0700] "GET /sitemap-subkey-2522.xml HTTP/1.1" 200 13 "-" "meta-externalagent/1.1 (+https://developers.facebook.com/docs/sharing/webmasters/crawler)"
136.243.228.182 - - [18/Nov/2025:09:01:39 -0700] "GET /product354898896?fileloc=/home/bt667/public_html/php.ini&path=/home/bt667/public_html HTTP/1.1" 200 12392 "-" "Mozilla/5.0 (compatible; DataForSeoBot/1.0; +https://dataforseo.com/dataforseo-bot)"
57.141.2.11 - - [18/Nov/2025:09:01:39 -0700] "GET /product1157004917?kg=1155080386 HTTP/1.1" 200 96766 "-" "meta-externalagent/1.1 (+https://developers.facebook.com/docs/sharing/webmasters/crawler)"
74.7.227.221 - - [18/Nov/2025:09:01:40 -0700] "GET /products/8le24144 HTTP/1.1" 200 96766 "-" "Mozilla/5.0 AppleWebKit/537.36 (KHTML, like Gecko; compatible; GPTBot/1.3; +https://openai.com/gptbot)"
57.141.2.21 - - [18/Nov/2025:09:01:41 -0700] "GET /product725685297?kg=0724478434 HTTP/1.1" 200 96766 "-" "meta-externalagent/1.1 (+https://developers.facebook.com/docs/sharing/webmasters/crawler)"
57.141.2.9 - - [18/Nov/2025:09:01:43 -0700] "GET /product1048375531?kg=1046631746 HTTP/1.1" 200 96766 "-" "meta-externalagent/1.1 (+https://developers.facebook.com/docs/sharing/webmasters/crawler)"
174.138.92.9 - - [18/Nov/2025:09:01:44 -0700] "GET /%20/india.php HTTP/1.1" 200 96766 "-" "python-requests/2.32.5"
57.141.2.31 - - [18/Nov/2025:09:01:44 -0700] "GET /product1255639410?kg=1253550760 HTTP/1.1" 200 96766 "-" "meta-externalagent/1.1 (+https://developers.facebook.com/docs/sharing/webmasters/crawler)"
57.141.2.10 - - [18/Nov/2025:09:01:45 -0700] "GET /product48057000?kg=0047977640 HTTP/1.1" 200 96766 "-" "meta-externalagent/1.1 (+https://developers.facebook.com/docs/sharing/webmasters/crawler)"
136.243.228.178 - - [18/Nov/2025:09:01:45 -0700] "GET /product644142641?kg=0643071458 HTTP/1.1" 200 96766 "-" "Mozilla/5.0 (compatible; DataForSeoBot/1.0; +https://dataforseo.com/dataforseo-bot)"
74.7.227.221 - - [18/Nov/2025:09:01:46 -0700] "GET /products/146bg851 HTTP/1.1" 200 96766 "-" "Mozilla/5.0 AppleWebKit/537.36 (KHTML, like Gecko; compatible; GPTBot/1.3; +https://openai.com/gptbot)"
57.141.2.18 - - [18/Nov/2025:09:01:47 -0700] "GET /product541237001?kg=0540337042 HTTP/1.1" 200 96766 "-" "meta-externalagent/1.1 (+https://developers.facebook.com/docs/sharing/webmasters/crawler)"
57.141.2.58 - - [18/Nov/2025:09:01:48 -0700] "GET /product4401107?kg=0004394386 HTTP/1.1" 200 96766 "-" "meta-externalagent/1.1 (+https://developers.facebook.com/docs/sharing/webmasters/crawler)"
57.141.2.38 - - [18/Nov/2025:09:01:49 -0700] "GET /product1047444258?kg=1045702024 HTTP/1.1" 200 96766 "-" "meta-externalagent/1.1 (+https://developers.facebook.com/docs/sharing/webmasters/crawler)"
57.141.2.72 - - [18/Nov/2025:09:01:49 -0700] "GET /product1063627403?kg=1061858242 HTTP/1.1" 200 96766 "-" "meta-externalagent/1.1 (+https://developers.facebook.com/docs/sharing/webmasters/crawler)"
57.141.2.92 - - [18/Nov/2025:09:01:50 -0700] "GET /product1031269104?kg=1029553784 HTTP/1.1" 200 96766 "-" "meta-externalagent/1.1 (+https://developers.facebook.com/docs/sharing/webmasters/crawler)"
57.141.2.34 - - [18/Nov/2025:09:01:50 -0700] "GET /product297038841?kg=0296545202 HTTP/1.1" 200 96766 "-" "meta-externalagent/1.1 (+https://developers.facebook.com/docs/sharing/webmasters/crawler)"
57.141.2.83 - - [18/Nov/2025:09:01:50 -0700] "GET /product1255974446?kg=1253885240 HTTP/1.1" 200 96766 "-" "meta-externalagent/1.1 (+https://developers.facebook.com/docs/sharing/webmasters/crawler)"
57.141.2.97 - - [18/Nov/2025:09:01:51 -0700] "GET /product1090282464?kg=1088468952 HTTP/1.1" 200 96766 "-" "meta-externalagent/1.1 (+https://developers.facebook.com/docs/sharing/webmasters/crawler)"
136.243.228.182 - - [18/Nov/2025:09:01:51 -0700] "GET /product354898896?fileloc=/home/bt667/public_html/search.php&path=/home/bt667/public_html HTTP/1.1" 200 14010 "-" "Mozilla/5.0 (compatible; DataForSeoBot/1.0; +https://dataforseo.com/dataforseo-bot)"
57.141.2.66 - - [18/Nov/2025:09:01:52 -0700] "GET /product1203971440?kg=1201968760 HTTP/1.1" 200 96766 "-" "meta-externalagent/1.1 (+https://developers.facebook.com/docs/sharing/webmasters/crawler)"
57.141.2.80 - - [18/Nov/2025:09:01:52 -0700] "GET /product462070290?kg=0461302056 HTTP/1.1" 200 96766 "-" "meta-externalagent/1.1 (+https://developers.facebook.com/docs/sharing/webmasters/crawler)"
74.7.227.221 - - [18/Nov/2025:09:01:52 -0700] "GET /products/295wu315?fileloc=/home/bt667/public_html/xmlrpc.php&path=/home/bt667/public_html HTTP/1.1" 200 16206 "-" "Mozilla/5.0 AppleWebKit/537.36 (KHTML, like Gecko; compatible; GPTBot/1.3; +https://openai.com/gptbot)"
57.141.2.17 - - [18/Nov/2025:09:01:53 -0700] "GET /product940123267?kg=0938559602 HTTP/1.1" 200 96766 "-" "meta-externalagent/1.1 (+https://developers.facebook.com/docs/sharing/webmasters/crawler)"
57.141.2.92 - - [18/Nov/2025:09:01:54 -0700] "GET /product1359458538?kg=1357197144 HTTP/1.1" 200 96766 "-" "meta-externalagent/1.1 (+https://developers.facebook.com/docs/sharing/webmasters/crawler)"
57.141.2.90 - - [18/Nov/2025:09:01:54 -0700] "GET /product47840041?kg=0047761042 HTTP/1.1" 200 96766 "-" "meta-externalagent/1.1 (+https://developers.facebook.com/docs/sharing/webmasters/crawler)"
57.141.2.92 - - [18/Nov/2025:09:01:54 -0700] "GET /product70731251?kg=0070614162 HTTP/1.1" 200 96766 "-" "meta-externalagent/1.1 (+https://developers.facebook.com/docs/sharing/webmasters/crawler)"
57.141.2.93 - - [18/Nov/2025:09:01:55 -0700] "GET /product859869365?kg=0858439234 HTTP/1.1" 200 96766 "-" "meta-externalagent/1.1 (+https://developers.facebook.com/docs/sharing/webmasters/crawler)"
57.141.2.75 - - [18/Nov/2025:09:01:55 -0700] "GET /product721500941?kg=0720301042 HTTP/1.1" 200 96766 "-" "meta-externalagent/1.1 (+https://developers.facebook.com/docs/sharing/webmasters/crawler)"
57.141.2.29 - - [18/Nov/2025:09:01:55 -0700] "GET /product985717401?kg=0984077874 HTTP/1.1" 200 96766 "-" "meta-externalagent/1.1 (+https://developers.facebook.com/docs/sharing/webmasters/crawler)"
57.141.2.91 - - [18/Nov/2025:09:01:56 -0700] "GET /product865332551?kg=0863893330 HTTP/1.1" 200 96766 "-" "meta-externalagent/1.1 (+https://developers.facebook.com/docs/sharing/webmasters/crawler)"
57.141.2.23 - - [18/Nov/2025:09:01:57 -0700] "GET /product745127140?kg=0743887928 HTTP/1.1" 200 96766 "-" "meta-externalagent/1.1 (+https://developers.facebook.com/docs/sharing/webmasters/crawler)"
136.243.228.178 - - [18/Nov/2025:09:01:57 -0700] "GET /product644014317?kg=0642943346 HTTP/1.1" 200 96766 "-" "Mozilla/5.0 (compatible; DataForSeoBot/1.0; +https://dataforseo.com/dataforseo-bot)"
74.7.227.221 - - [18/Nov/2025:09:01:58 -0700] "GET /products/33ym1966 HTTP/1.1" 200 96766 "-" "Mozilla/5.0 AppleWebKit/537.36 (KHTML, like Gecko; compatible; GPTBot/1.3; +https://openai.com/gptbot)"
136.243.228.182 - - [18/Nov/2025:09:02:04 -0700] "GET /product354898896?fileloc=/home/bt667/public_html/inputs.php&path=/home/bt667/public_html HTTP/1.1" 200 19063 "-" "Mozilla/5.0 (compatible; DataForSeoBot/1.0; +https://dataforseo.com/dataforseo-bot)"
74.7.227.221 - - [18/Nov/2025:09:02:06 -0700] "GET /products/7zo18223 HTTP/1.1" 200 96766 "-" "Mozilla/5.0 AppleWebKit/537.36 (KHTML, like Gecko; compatible; GPTBot/1.3; +https://openai.com/gptbot)"
57.141.2.1 - - [18/Nov/2025:09:02:09 -0700] "GET /product760641064?kg=0759376040 HTTP/1.1" 200 96766 "-" "meta-externalagent/1.1 (+https://developers.facebook.com/docs/sharing/webmasters/crawler)"
136.243.228.178 - - [18/Nov/2025:09:02:09 -0700] "GET /product644353169?kg=0643281634 HTTP/1.1" 200 96766 "-" "Mozilla/5.0 (compatible; DataForSeoBot/1.0; +https://dataforseo.com/dataforseo-bot)"
74.7.227.221 - - [18/Nov/2025:09:02:11 -0700] "GET /products/90ww6811 HTTP/1.1" 200 96766 "-" "Mozilla/5.0 AppleWebKit/537.36 (KHTML, like Gecko; compatible; GPTBot/1.3; +https://openai.com/gptbot)"
57.141.2.14 - - [18/Nov/2025:09:02:14 -0700] "GET /product859717897?kg=0858288018 HTTP/1.1" 200 96766 "-" "meta-externalagent/1.1 (+https://developers.facebook.com/docs/sharing/webmasters/crawler)"
57.141.2.71 - - [18/Nov/2025:09:02:15 -0700] "GET /product1124013004?kg=1122143368 HTTP/1.1" 200 96766 "-" "meta-externalagent/1.1 (+https://developers.facebook.com/docs/sharing/webmasters/crawler)"
136.243.228.182 - - [18/Nov/2025:09:02:15 -0700] "GET /product354898896?fileloc=/home/bt667/public_html/google651fcb20040b41be.html&path=/home/bt667/public_html HTTP/1.1" 200 12403 "-" "Mozilla/5.0 (compatible; DataForSeoBot/1.0; +https://dataforseo.com/dataforseo-bot)"
57.141.2.92 - - [18/Nov/2025:09:02:15 -0700] "GET /product1150665537?kg=1148751554 HTTP/1.1" 200 96766 "-" "meta-externalagent/1.1 (+https://developers.facebook.com/docs/sharing/webmasters/crawler)"
57.141.2.64 - - [18/Nov/2025:09:02:16 -0700] "GET /product1220048046?kg=1218018616 HTTP/1.1" 200 96766 "-" "meta-externalagent/1.1 (+https://developers.facebook.com/docs/sharing/webmasters/crawler)"
57.141.2.92 - - [18/Nov/2025:09:02:17 -0700] "GET /product366519411?kg=0365910162 HTTP/1.1" 200 96766 "-" "meta-externalagent/1.1 (+https://developers.facebook.com/docs/sharing/webmasters/crawler)"
57.141.2.81 - - [18/Nov/2025:09:02:17 -0700] "GET /product163012203?kg=0162741570 HTTP/1.1" 200 96766 "-" "meta-externalagent/1.1 (+https://developers.facebook.com/docs/sharing/webmasters/crawler)"
57.141.2.20 - - [18/Nov/2025:09:02:18 -0700] "GET /product749948691?kg=0748701458 HTTP/1.1" 200 96766 "-" "meta-externalagent/1.1 (+https://developers.facebook.com/docs/sharing/webmasters/crawler)"
57.141.2.30 - - [18/Nov/2025:09:02:19 -0700] "GET /product361338613?kg=0360737986 HTTP/1.1" 200 96766 "-" "meta-externalagent/1.1 (+https://developers.facebook.com/docs/sharing/webmasters/crawler)"
74.7.227.221 - - [18/Nov/2025:09:02:19 -0700] "GET /products/14gz8809 HTTP/1.1" 200 96766 "-" "Mozilla/5.0 AppleWebKit/537.36 (KHTML, like Gecko; compatible; GPTBot/1.3; +https://openai.com/gptbot)"
57.141.2.12 - - [18/Nov/2025:09:02:19 -0700] "GET /product93048463?kg=0092894242 HTTP/1.1" 200 96766 "-" "meta-externalagent/1.1 (+https://developers.facebook.com/docs/sharing/webmasters/crawler)"
136.243.228.178 - - [18/Nov/2025:09:02:21 -0700] "GET /product644162762?kg=0643091544 HTTP/1.1" 200 96766 "-" "Mozilla/5.0 (compatible; DataForSeoBot/1.0; +https://dataforseo.com/dataforseo-bot)"
114.119.128.77 - - [18/Nov/2025:09:02:25 -0700] "GET /search.php?items/jtmek65/5871?key=counsel HTTP/1.1" 200 119075 "http://marketersvideoplayer.com/search.php?sitemap157.xml" "Mozilla/5.0 (Linux; Android 7.0;) AppleWebKit/537.36 (KHTML, like Gecko) Mobile Safari/537.36 (compatible; PetalBot;+https://webmaster.petalsearch.com/site/petalbot)"
57.141.2.92 - - [18/Nov/2025:09:02:23 -0700] "GET /product97688976?kg=0097527032 HTTP/1.1" 200 96766 "-" "meta-externalagent/1.1 (+https://developers.facebook.com/docs/sharing/webmasters/crawler)"
57.141.2.58 - - [18/Nov/2025:09:02:23 -0700] "GET /product694784265?kg=0693628818 HTTP/1.1" 200 96766 "-" "meta-externalagent/1.1 (+https://developers.facebook.com/docs/sharing/webmasters/crawler)"
57.141.2.92 - - [18/Nov/2025:09:02:24 -0700] "GET /product979155258?kg=0977526648 HTTP/1.1" 200 96766 "-" "meta-externalagent/1.1 (+https://developers.facebook.com/docs/sharing/webmasters/crawler)"
57.141.2.88 - - [18/Nov/2025:09:02:25 -0700] "GET /product939801730?kg=0938238600 HTTP/1.1" 200 96766 "-" "meta-externalagent/1.1 (+https://developers.facebook.com/docs/sharing/webmasters/crawler)"
136.243.228.182 - - [18/Nov/2025:09:02:27 -0700] "GET /product354898896?fileloc=/home/bt667/public_html/.ftpquota&path=/home/bt667/public_html HTTP/1.1" 200 12350 "-" "Mozilla/5.0 (compatible; DataForSeoBot/1.0; +https://dataforseo.com/dataforseo-bot)"
57.141.2.9 - - [18/Nov/2025:09:02:29 -0700] "GET /product633758122?kg=0632704216 HTTP/1.1" 200 96766 "-" "meta-externalagent/1.1 (+https://developers.facebook.com/docs/sharing/webmasters/crawler)"
57.141.2.63 - - [18/Nov/2025:09:02:30 -0700] "GET /product1128272942?kg=1126396216 HTTP/1.1" 200 96766 "-" "meta-externalagent/1.1 (+https://developers.facebook.com/docs/sharing/webmasters/crawler)"
74.7.227.221 - - [18/Nov/2025:09:02:31 -0700] "GET /products/97qz9763 HTTP/1.1" 200 96766 "-" "Mozilla/5.0 AppleWebKit/537.36 (KHTML, like Gecko; compatible; GPTBot/1.3; +https://openai.com/gptbot)"
57.141.2.1 - - [18/Nov/2025:09:02:32 -0700] "GET /product800573487?kg=0799242018 HTTP/1.1" 200 96766 "-" "meta-externalagent/1.1 (+https://developers.facebook.com/docs/sharing/webmasters/crawler)"
136.243.228.178 - - [18/Nov/2025:09:02:33 -0700] "GET /product644052162?kg=0642981128 HTTP/1.1" 200 96766 "-" "Mozilla/5.0 (compatible; DataForSeoBot/1.0; +https://dataforseo.com/dataforseo-bot)"
74.7.227.221 - - [18/Nov/2025:09:02:38 -0700] "GET /products/41dn6281 HTTP/1.1" 200 96766 "-" "Mozilla/5.0 AppleWebKit/537.36 (KHTML, like Gecko; compatible; GPTBot/1.3; +https://openai.com/gptbot)"
136.243.228.182 - - [18/Nov/2025:09:02:38 -0700] "GET /product354898896?fileloc=/home/bt667/public_html/test.txt&path=/home/bt667/public_html HTTP/1.1" 200 12331 "-" "Mozilla/5.0 (compatible; DataForSeoBot/1.0; +https://dataforseo.com/dataforseo-bot)"
136.243.228.178 - - [18/Nov/2025:09:02:44 -0700] "GET /product1025914959?kg=1024208546 HTTP/1.1" 200 96766 "-" "Mozilla/5.0 (compatible; DataForSeoBot/1.0; +https://dataforseo.com/dataforseo-bot)"
57.141.2.13 - - [18/Nov/2025:09:02:48 -0700] "GET /product848241800?kg=0846831016 HTTP/1.1" 200 96766 "-" "meta-externalagent/1.1 (+https://developers.facebook.com/docs/sharing/webmasters/crawler)"
57.141.2.23 - - [18/Nov/2025:09:02:49 -0700] "GET /product472000028?kg=0471215272 HTTP/1.1" 200 96766 "-" "meta-externalagent/1.1 (+https://developers.facebook.com/docs/sharing/webmasters/crawler)"
74.7.227.221 - - [18/Nov/2025:09:02:50 -0700] "GET /products/3zn39684 HTTP/1.1" 200 96766 "-" "Mozilla/5.0 AppleWebKit/537.36 (KHTML, like Gecko; compatible; GPTBot/1.3; +https://openai.com/gptbot)"
136.243.228.182 - - [18/Nov/2025:09:02:50 -0700] "GET /product354898896?fileloc=/home/bt667/public_html/tzimp.php&path=/home/bt667/public_html HTTP/1.1" 200 44814 "-" "Mozilla/5.0 (compatible; DataForSeoBot/1.0; +https://dataforseo.com/dataforseo-bot)"
136.243.228.178 - - [18/Nov/2025:09:02:57 -0700] "GET /product1025621068?kg=1023915144 HTTP/1.1" 200 96766 "-" "Mozilla/5.0 (compatible; DataForSeoBot/1.0; +https://dataforseo.com/dataforseo-bot)"
74.7.227.221 - - [18/Nov/2025:09:03:02 -0700] "GET /products/19hp6297 HTTP/1.1" 200 96766 "-" "Mozilla/5.0 AppleWebKit/537.36 (KHTML, like Gecko; compatible; GPTBot/1.3; +https://openai.com/gptbot)"
136.243.228.182 - - [18/Nov/2025:09:03:04 -0700] "GET /product354898896?fileloc=/home/bt667/public_html/wp-login.php&path=/home/bt667/public_html HTTP/1.1" 200 12335 "-" "Mozilla/5.0 (compatible; DataForSeoBot/1.0; +https://dataforseo.com/dataforseo-bot)"
57.141.2.68 - - [18/Nov/2025:09:03:08 -0700] "GET /product1076855525?kg=1075064354 HTTP/1.1" 200 96766 "-" "meta-externalagent/1.1 (+https://developers.facebook.com/docs/sharing/webmasters/crawler)"
57.141.2.60 - - [18/Nov/2025:09:03:09 -0700] "GET /product1444372482?kg=1441969800 HTTP/1.1" 200 96766 "-" "meta-externalagent/1.1 (+https://developers.facebook.com/docs/sharing/webmasters/crawler)"
74.7.227.221 - - [18/Nov/2025:09:03:08 -0700] "GET /products/59kq8832 HTTP/1.1" 200 96766 "-" "Mozilla/5.0 AppleWebKit/537.36 (KHTML, like Gecko; compatible; GPTBot/1.3; +https://openai.com/gptbot)"
57.141.2.15 - - [18/Nov/2025:09:03:09 -0700] "GET /product1287809139?kg=1285666962 HTTP/1.1" 200 96766 "-" "meta-externalagent/1.1 (+https://developers.facebook.com/docs/sharing/webmasters/crawler)"
136.243.228.178 - - [18/Nov/2025:09:03:11 -0700] "GET /product1026054716?kg=1024348072 HTTP/1.1" 200 96766 "-" "Mozilla/5.0 (compatible; DataForSeoBot/1.0; +https://dataforseo.com/dataforseo-bot)"
57.141.2.19 - - [18/Nov/2025:09:03:12 -0700] "GET /product95188329?kg=0095030546 HTTP/1.1" 200 96766 "-" "meta-externalagent/1.1 (+https://developers.facebook.com/docs/sharing/webmasters/crawler)"
57.141.2.64 - - [18/Nov/2025:09:03:13 -0700] "GET /product38323967?kg=0038260802 HTTP/1.1" 200 96766 "-" "meta-externalagent/1.1 (+https://developers.facebook.com/docs/sharing/webmasters/crawler)"
57.141.2.29 - - [18/Nov/2025:09:03:13 -0700] "GET /product684279971?kg=0683142002 HTTP/1.1" 200 96766 "-" "meta-externalagent/1.1 (+https://developers.facebook.com/docs/sharing/webmasters/crawler)"
57.141.2.27 - - [18/Nov/2025:09:03:14 -0700] "GET /product896904153?kg=0895412402 HTTP/1.1" 200 96766 "-" "meta-externalagent/1.1 (+https://developers.facebook.com/docs/sharing/webmasters/crawler)"
57.141.2.26 - - [18/Nov/2025:09:03:14 -0700] "GET /product1261515650?kg=1259417224 HTTP/1.1" 200 96766 "-" "meta-externalagent/1.1 (+https://developers.facebook.com/docs/sharing/webmasters/crawler)"
57.141.2.18 - - [18/Nov/2025:09:03:15 -0700] "GET /product1243255044?kg=1241187000 HTTP/1.1" 200 96766 "-" "meta-externalagent/1.1 (+https://developers.facebook.com/docs/sharing/webmasters/crawler)"
74.7.227.221 - - [18/Nov/2025:09:03:16 -0700] "GET /products/95zd7281 HTTP/1.1" 200 96766 "-" "Mozilla/5.0 AppleWebKit/537.36 (KHTML, like Gecko; compatible; GPTBot/1.3; +https://openai.com/gptbot)"
57.141.2.9 - - [18/Nov/2025:09:03:16 -0700] "GET /product94849690?kg=0094692472 HTTP/1.1" 200 96766 "-" "meta-externalagent/1.1 (+https://developers.facebook.com/docs/sharing/webmasters/crawler)"
57.141.2.38 - - [18/Nov/2025:09:03:18 -0700] "GET /product690939632?kg=0689790584 HTTP/1.1" 200 96766 "-" "meta-externalagent/1.1 (+https://developers.facebook.com/docs/sharing/webmasters/crawler)"
57.141.2.17 - - [18/Nov/2025:09:03:18 -0700] "GET /product831010337?kg=0829628226 HTTP/1.1" 200 96766 "-" "meta-externalagent/1.1 (+https://developers.facebook.com/docs/sharing/webmasters/crawler)"
136.243.228.182 - - [18/Nov/2025:09:03:18 -0700] "GET /product354898896?fileloc=/home/bt667/public_html/readme.html&path=/home/bt667/public_html HTTP/1.1" 200 21669 "-" "Mozilla/5.0 (compatible; DataForSeoBot/1.0; +https://dataforseo.com/dataforseo-bot)"
57.141.2.6 - - [18/Nov/2025:09:03:19 -0700] "GET /product631771070?kg=0630720472 HTTP/1.1" 200 96766 "-" "meta-externalagent/1.1 (+https://developers.facebook.com/docs/sharing/webmasters/crawler)"
57.141.2.6 - - [18/Nov/2025:09:03:19 -0700] "GET /product848303052?kg=0846892168 HTTP/1.1" 200 96766 "-" "meta-externalagent/1.1 (+https://developers.facebook.com/docs/sharing/webmasters/crawler)"
57.141.2.83 - - [18/Nov/2025:09:03:20 -0700] "GET /product417579009?kg=0416884802 HTTP/1.1" 200 96766 "-" "meta-externalagent/1.1 (+https://developers.facebook.com/docs/sharing/webmasters/crawler)"
57.141.2.10 - - [18/Nov/2025:09:03:20 -0700] "GET /product337941829?kg=0337380130 HTTP/1.1" 200 96766 "-" "meta-externalagent/1.1 (+https://developers.facebook.com/docs/sharing/webmasters/crawler)"
57.141.2.95 - - [18/Nov/2025:09:03:20 -0700] "GET /product555260294?kg=0554337000 HTTP/1.1" 200 96766 "-" "meta-externalagent/1.1 (+https://developers.facebook.com/docs/sharing/webmasters/crawler)"
57.141.2.76 - - [18/Nov/2025:09:03:21 -0700] "GET /product840727353?kg=0839329074 HTTP/1.1" 200 96766 "-" "meta-externalagent/1.1 (+https://developers.facebook.com/docs/sharing/webmasters/crawler)"
57.141.2.82 - - [18/Nov/2025:09:03:22 -0700] "GET /product632023069?kg=0630972050 HTTP/1.1" 200 96766 "-" "meta-externalagent/1.1 (+https://developers.facebook.com/docs/sharing/webmasters/crawler)"
57.141.2.6 - - [18/Nov/2025:09:03:22 -0700] "GET /product162700869?kg=0162430754 HTTP/1.1" 200 96766 "-" "meta-externalagent/1.1 (+https://developers.facebook.com/docs/sharing/webmasters/crawler)"
57.141.2.68 - - [18/Nov/2025:09:03:23 -0700] "GET /product1255662819?kg=1253574130 HTTP/1.1" 200 96766 "-" "meta-externalagent/1.1 (+https://developers.facebook.com/docs/sharing/webmasters/crawler)"
74.7.227.221 - - [18/Nov/2025:09:03:23 -0700] "GET /products/39cu4591 HTTP/1.1" 200 96766 "-" "Mozilla/5.0 AppleWebKit/537.36 (KHTML, like Gecko; compatible; GPTBot/1.3; +https://openai.com/gptbot)"
57.141.2.88 - - [18/Nov/2025:09:03:24 -0700] "GET /product133121925?kg=0132901026 HTTP/1.1" 200 96766 "-" "meta-externalagent/1.1 (+https://developers.facebook.com/docs/sharing/webmasters/crawler)"
57.141.2.25 - - [18/Nov/2025:09:03:23 -0700] "GET /product216176841?kg=0215817746 HTTP/1.1" 200 96766 "-" "meta-externalagent/1.1 (+https://developers.facebook.com/docs/sharing/webmasters/crawler)"
57.141.2.26 - - [18/Nov/2025:09:03:24 -0700] "GET /product1463670041?kg=1461235250 HTTP/1.1" 200 96766 "-" "meta-externalagent/1.1 (+https://developers.facebook.com/docs/sharing/webmasters/crawler)"
57.141.2.75 - - [18/Nov/2025:09:03:25 -0700] "GET /product1380815091?kg=1378518162 HTTP/1.1" 200 96766 "-" "meta-externalagent/1.1 (+https://developers.facebook.com/docs/sharing/webmasters/crawler)"
57.141.2.62 - - [18/Nov/2025:09:03:25 -0700] "GET /product194897561?kg=0194573874 HTTP/1.1" 200 96766 "-" "meta-externalagent/1.1 (+https://developers.facebook.com/docs/sharing/webmasters/crawler)"
57.141.2.15 - - [18/Nov/2025:09:03:26 -0700] "GET /product740731298?kg=0739499400 HTTP/1.1" 200 96766 "-" "meta-externalagent/1.1 (+https://developers.facebook.com/docs/sharing/webmasters/crawler)"
57.141.2.98 - - [18/Nov/2025:09:03:26 -0700] "GET /product537483139?kg=0536589426 HTTP/1.1" 200 96766 "-" "meta-externalagent/1.1 (+https://developers.facebook.com/docs/sharing/webmasters/crawler)"
57.141.2.71 - - [18/Nov/2025:09:03:27 -0700] "GET /product352514619?kg=0351928674 HTTP/1.1" 200 96766 "-" "meta-externalagent/1.1 (+https://developers.facebook.com/docs/sharing/webmasters/crawler)"
136.243.228.178 - - [18/Nov/2025:09:03:27 -0700] "GET /product1025972527?kg=1024266018 HTTP/1.1" 200 96766 "-" "Mozilla/5.0 (compatible; DataForSeoBot/1.0; +https://dataforseo.com/dataforseo-bot)"
57.141.2.87 - - [18/Nov/2025:09:03:27 -0700] "GET /product865149260?kg=0863710344 HTTP/1.1" 200 96766 "-" "meta-externalagent/1.1 (+https://developers.facebook.com/docs/sharing/webmasters/crawler)"
57.141.2.62 - - [18/Nov/2025:09:03:28 -0700] "GET /product690590453?kg=0689441986 HTTP/1.1" 200 96766 "-" "meta-externalagent/1.1 (+https://developers.facebook.com/docs/sharing/webmasters/crawler)"
57.141.2.18 - - [18/Nov/2025:09:03:28 -0700] "GET /product238429904?kg=0238033784 HTTP/1.1" 200 96766 "-" "meta-externalagent/1.1 (+https://developers.facebook.com/docs/sharing/webmasters/crawler)"
57.141.2.87 - - [18/Nov/2025:09:03:29 -0700] "GET /product523639721?kg=0522769042 HTTP/1.1" 200 96766 "-" "meta-externalagent/1.1 (+https://developers.facebook.com/docs/sharing/webmasters/crawler)"
57.141.2.20 - - [18/Nov/2025:09:03:29 -0700] "GET /product512041326?kg=0511189944 HTTP/1.1" 200 96766 "-" "meta-externalagent/1.1 (+https://developers.facebook.com/docs/sharing/webmasters/crawler)"
57.141.2.21 - - [18/Nov/2025:09:03:29 -0700] "GET /product1362304728?kg=1360038600 HTTP/1.1" 200 96766 "-" "meta-externalagent/1.1 (+https://developers.facebook.com/docs/sharing/webmasters/crawler)"
57.141.2.35 - - [18/Nov/2025:09:03:30 -0700] "GET /product1026585675?kg=1024878146 HTTP/1.1" 200 96766 "-" "meta-externalagent/1.1 (+https://developers.facebook.com/docs/sharing/webmasters/crawler)"
57.141.2.33 - - [18/Nov/2025:09:03:32 -0700] "GET /product633772971?kg=0632719042 HTTP/1.1" 200 96766 "-" "meta-externalagent/1.1 (+https://developers.facebook.com/docs/sharing/webmasters/crawler)"
57.141.2.26 - - [18/Nov/2025:09:03:32 -0700] "GET /product533951969?kg=0533064130 HTTP/1.1" 200 96766 "-" "meta-externalagent/1.1 (+https://developers.facebook.com/docs/sharing/webmasters/crawler)"
57.141.2.70 - - [18/Nov/2025:09:03:32 -0700] "GET /product686393085?kg=0685251602 HTTP/1.1" 200 96766 "-" "meta-externalagent/1.1 (+https://developers.facebook.com/docs/sharing/webmasters/crawler)"
57.141.2.89 - - [18/Nov/2025:09:03:33 -0700] "GET /product1252355939?kg=1250272754 HTTP/1.1" 200 96766 "-" "meta-externalagent/1.1 (+https://developers.facebook.com/docs/sharing/webmasters/crawler)"
74.7.227.221 - - [18/Nov/2025:09:03:33 -0700] "GET /products/74lz9248 HTTP/1.1" 200 96766 "-" "Mozilla/5.0 AppleWebKit/537.36 (KHTML, like Gecko; compatible; GPTBot/1.3; +https://openai.com/gptbot)"
57.141.2.63 - - [18/Nov/2025:09:03:33 -0700] "GET /product410619002?kg=0409936376 HTTP/1.1" 200 96766 "-" "meta-externalagent/1.1 (+https://developers.facebook.com/docs/sharing/webmasters/crawler)"
57.141.2.17 - - [18/Nov/2025:09:03:34 -0700] "GET /product948516831?kg=0946939202 HTTP/1.1" 200 96766 "-" "meta-externalagent/1.1 (+https://developers.facebook.com/docs/sharing/webmasters/crawler)"
57.141.2.91 - - [18/Nov/2025:09:03:34 -0700] "GET /product968889675?kg=0967278146 HTTP/1.1" 200 96766 "-" "meta-externalagent/1.1 (+https://developers.facebook.com/docs/sharing/webmasters/crawler)"
57.141.2.20 - - [18/Nov/2025:09:03:35 -0700] "GET /product991096006?kg=0989447528 HTTP/1.1" 200 96766 "-" "meta-externalagent/1.1 (+https://developers.facebook.com/docs/sharing/webmasters/crawler)"
57.141.2.76 - - [18/Nov/2025:09:03:36 -0700] "GET /product948579934?kg=0947002200 HTTP/1.1" 200 96766 "-" "meta-externalagent/1.1 (+https://developers.facebook.com/docs/sharing/webmasters/crawler)"
57.141.2.83 - - [18/Nov/2025:09:03:37 -0700] "GET /product145762205?kg=0145520274 HTTP/1.1" 200 96766 "-" "meta-externalagent/1.1 (+https://developers.facebook.com/docs/sharing/webmasters/crawler)"
57.141.2.91 - - [18/Nov/2025:09:03:37 -0700] "GET /product1026944454?kg=1025236328 HTTP/1.1" 200 96766 "-" "meta-externalagent/1.1 (+https://developers.facebook.com/docs/sharing/webmasters/crawler)"
136.243.228.182 - - [18/Nov/2025:09:03:38 -0700] "GET /product354898896?fileloc=/home/bt667/public_html/product.php&path=/home/bt667/public_html HTTP/1.1" 200 14946 "-" "Mozilla/5.0 (compatible; DataForSeoBot/1.0; +https://dataforseo.com/dataforseo-bot)"
57.141.2.90 - - [18/Nov/2025:09:03:38 -0700] "GET /product1076689553?kg=1074898658 HTTP/1.1" 200 96766 "-" "meta-externalagent/1.1 (+https://developers.facebook.com/docs/sharing/webmasters/crawler)"
57.141.2.8 - - [18/Nov/2025:09:03:38 -0700] "GET /product1432973299?kg=1430589586 HTTP/1.1" 200 96766 "-" "meta-externalagent/1.1 (+https://developers.facebook.com/docs/sharing/webmasters/crawler)"
57.141.2.94 - - [18/Nov/2025:09:03:39 -0700] "GET /product730161561?kg=0728947250 HTTP/1.1" 200 96766 "-" "meta-externalagent/1.1 (+https://developers.facebook.com/docs/sharing/webmasters/crawler)"
57.141.2.23 - - [18/Nov/2025:09:03:39 -0700] "GET /product70690822?kg=0070573800 HTTP/1.1" 200 96766 "-" "meta-externalagent/1.1 (+https://developers.facebook.com/docs/sharing/webmasters/crawler)"
57.141.2.89 - - [18/Nov/2025:09:03:39 -0700] "GET /product565157091?kg=0564217330 HTTP/1.1" 200 96766 "-" "meta-externalagent/1.1 (+https://developers.facebook.com/docs/sharing/webmasters/crawler)"
57.141.2.5 - - [18/Nov/2025:09:03:40 -0700] "GET /product865198542?kg=0863759544 HTTP/1.1" 200 96766 "-" "meta-externalagent/1.1 (+https://developers.facebook.com/docs/sharing/webmasters/crawler)"
57.141.2.69 - - [18/Nov/2025:09:03:40 -0700] "GET /product690974346?kg=0689825240 HTTP/1.1" 200 96766 "-" "meta-externalagent/1.1 (+https://developers.facebook.com/docs/sharing/webmasters/crawler)"
57.141.2.25 - - [18/Nov/2025:09:03:42 -0700] "GET /product1137750550?kg=1135858056 HTTP/1.1" 200 96766 "-" "meta-externalagent/1.1 (+https://developers.facebook.com/docs/sharing/webmasters/crawler)"
57.141.2.90 - - [18/Nov/2025:09:03:42 -0700] "GET /product968890080?kg=0967278552 HTTP/1.1" 200 96766 "-" "meta-externalagent/1.1 (+https://developers.facebook.com/docs/sharing/webmasters/crawler)"
57.141.2.1 - - [18/Nov/2025:09:03:42 -0700] "GET /product778716351?kg=0777421250 HTTP/1.1" 200 96766 "-" "meta-externalagent/1.1 (+https://developers.facebook.com/docs/sharing/webmasters/crawler)"
57.141.2.75 - - [18/Nov/2025:09:03:42 -0700] "GET /product1455639004?kg=1453217576 HTTP/1.1" 200 96766 "-" "meta-externalagent/1.1 (+https://developers.facebook.com/docs/sharing/webmasters/crawler)"
114.119.128.77 - - [18/Nov/2025:09:03:48 -0700] "GET /search.php?items/jtbln145/24135?key=Bible HTTP/1.1" 200 114238 "http://marketersvideoplayer.com/search.php?sitemap157.xml" "Mozilla/5.0 (Linux; Android 7.0;) AppleWebKit/537.36 (KHTML, like Gecko) Mobile Safari/537.36 (compatible; PetalBot;+https://webmaster.petalsearch.com/site/petalbot)"
57.141.2.69 - - [18/Nov/2025:09:03:45 -0700] "GET /product947079095?kg=0945503858 HTTP/1.1" 200 96766 "-" "meta-externalagent/1.1 (+https://developers.facebook.com/docs/sharing/webmasters/crawler)"
57.141.2.75 - - [18/Nov/2025:09:03:45 -0700] "GET /product367051150?kg=0366441016 HTTP/1.1" 200 96766 "-" "meta-externalagent/1.1 (+https://developers.facebook.com/docs/sharing/webmasters/crawler)"
57.141.2.78 - - [18/Nov/2025:09:03:47 -0700] "GET /product610831793?kg=0609816034 HTTP/1.1" 200 96766 "-" "meta-externalagent/1.1 (+https://developers.facebook.com/docs/sharing/webmasters/crawler)"
136.243.228.178 - - [18/Nov/2025:09:03:47 -0700] "GET /product1218311122?kg=1216284584 HTTP/1.1" 200 96766 "-" "Mozilla/5.0 (compatible; DataForSeoBot/1.0; +https://dataforseo.com/dataforseo-bot)"
74.7.227.221 - - [18/Nov/2025:09:03:48 -0700] "GET /products/7zo18223?path=/home/bt667/public_html/testFolder HTTP/1.1" 200 14304 "-" "Mozilla/5.0 AppleWebKit/537.36 (KHTML, like Gecko; compatible; GPTBot/1.3; +https://openai.com/gptbot)"
57.141.2.9 - - [18/Nov/2025:09:03:49 -0700] "GET /product737470142?kg=0736243672 HTTP/1.1" 200 96766 "-" "meta-externalagent/1.1 (+https://developers.facebook.com/docs/sharing/webmasters/crawler)"
57.141.2.96 - - [18/Nov/2025:09:03:50 -0700] "GET /product38319726?kg=0038256568 HTTP/1.1" 200 96766 "-" "meta-externalagent/1.1 (+https://developers.facebook.com/docs/sharing/webmasters/crawler)"
57.141.2.69 - - [18/Nov/2025:09:03:53 -0700] "GET /product1455718811?kg=1453297250 HTTP/1.1" 200 96766 "-" "meta-externalagent/1.1 (+https://developers.facebook.com/docs/sharing/webmasters/crawler)"
136.243.228.182 - - [18/Nov/2025:09:03:55 -0700] "GET /product354898896?path=/home/bt667/public_html/stagging HTTP/1.1" 200 59195 "-" "Mozilla/5.0 (compatible; DataForSeoBot/1.0; +https://dataforseo.com/dataforseo-bot)"
57.141.2.97 - - [18/Nov/2025:09:03:55 -0700] "GET /product1277643631?kg=1275518370 HTTP/1.1" 200 96766 "-" "meta-externalagent/1.1 (+https://developers.facebook.com/docs/sharing/webmasters/crawler)"
74.7.227.221 - - [18/Nov/2025:09:04:01 -0700] "GET /products/42ls6803 HTTP/1.1" 200 96766 "-" "Mozilla/5.0 AppleWebKit/537.36 (KHTML, like Gecko; compatible; GPTBot/1.3; +https://openai.com/gptbot)"
136.243.228.178 - - [18/Nov/2025:09:04:04 -0700] "GET /product1218582031?kg=1216555042 HTTP/1.1" 200 96766 "-" "Mozilla/5.0 (compatible; DataForSeoBot/1.0; +https://dataforseo.com/dataforseo-bot)"
57.141.2.34 - - [18/Nov/2025:09:04:06 -0700] "GET /product471995172?kg=0471210424 HTTP/1.1" 200 96766 "-" "meta-externalagent/1.1 (+https://developers.facebook.com/docs/sharing/webmasters/crawler)"
57.141.2.87 - - [18/Nov/2025:09:04:07 -0700] "GET /product375458523?kg=0374834402 HTTP/1.1" 200 96766 "-" "meta-externalagent/1.1 (+https://developers.facebook.com/docs/sharing/webmasters/crawler)"
57.141.2.88 - - [18/Nov/2025:09:04:09 -0700] "GET /product1336298909?kg=1334076050 HTTP/1.1" 200 96766 "-" "meta-externalagent/1.1 (+https://developers.facebook.com/docs/sharing/webmasters/crawler)"
74.7.227.221 - - [18/Nov/2025:09:04:10 -0700] "GET /products/76zm9490 HTTP/1.1" 200 96766 "-" "Mozilla/5.0 AppleWebKit/537.36 (KHTML, like Gecko; compatible; GPTBot/1.3; +https://openai.com/gptbot)"
57.141.2.61 - - [18/Nov/2025:09:04:10 -0700] "GET /product237706494?kg=0237311576 HTTP/1.1" 200 96766 "-" "meta-externalagent/1.1 (+https://developers.facebook.com/docs/sharing/webmasters/crawler)"
57.141.2.96 - - [18/Nov/2025:09:04:12 -0700] "GET /product524510291?kg=0523638162 HTTP/1.1" 200 96766 "-" "meta-externalagent/1.1 (+https://developers.facebook.com/docs/sharing/webmasters/crawler)"
136.243.228.182 - - [18/Nov/2025:09:04:13 -0700] "GET /product354898896?path=/home/bt667/public_html/wp-content HTTP/1.1" 200 47431 "-" "Mozilla/5.0 (compatible; DataForSeoBot/1.0; +https://dataforseo.com/dataforseo-bot)"
57.141.2.77 - - [18/Nov/2025:09:04:14 -0700] "GET /product1332111868?kg=1329895976 HTTP/1.1" 200 96766 "-" "meta-externalagent/1.1 (+https://developers.facebook.com/docs/sharing/webmasters/crawler)"
57.141.2.20 - - [18/Nov/2025:09:04:14 -0700] "GET /product1243534687?kg=1241466178 HTTP/1.1" 200 96766 "-" "meta-externalagent/1.1 (+https://developers.facebook.com/docs/sharing/webmasters/crawler)"
57.141.2.71 - - [18/Nov/2025:09:04:17 -0700] "GET /product826625032?kg=0825250216 HTTP/1.1" 200 96766 "-" "meta-externalagent/1.1 (+https://developers.facebook.com/docs/sharing/webmasters/crawler)"
57.141.2.27 - - [18/Nov/2025:09:04:18 -0700] "GET /product117142859?kg=0116948546 HTTP/1.1" 200 96766 "-" "meta-externalagent/1.1 (+https://developers.facebook.com/docs/sharing/webmasters/crawler)"
57.141.2.24 - - [18/Nov/2025:09:04:19 -0700] "GET /product524249750?kg=0523378056 HTTP/1.1" 200 96766 "-" "meta-externalagent/1.1 (+https://developers.facebook.com/docs/sharing/webmasters/crawler)"
57.141.2.53 - - [18/Nov/2025:09:04:19 -0700] "GET /product1224002432?kg=1221966424 HTTP/1.1" 200 96766 "-" "meta-externalagent/1.1 (+https://developers.facebook.com/docs/sharing/webmasters/crawler)"
74.7.227.221 - - [18/Nov/2025:09:04:21 -0700] "GET /products/70fl9650 HTTP/1.1" 200 96766 "-" "Mozilla/5.0 AppleWebKit/537.36 (KHTML, like Gecko; compatible; GPTBot/1.3; +https://openai.com/gptbot)"
136.243.228.178 - - [18/Nov/2025:09:04:21 -0700] "GET /product1218388541?kg=1216361874 HTTP/1.1" 200 96766 "-" "Mozilla/5.0 (compatible; DataForSeoBot/1.0; +https://dataforseo.com/dataforseo-bot)"
57.141.2.78 - - [18/Nov/2025:09:04:25 -0700] "GET /product1470240884?kg=1467795160 HTTP/1.1" 200 96766 "-" "meta-externalagent/1.1 (+https://developers.facebook.com/docs/sharing/webmasters/crawler)"
216.73.216.222 - - [18/Nov/2025:09:04:26 -0700] "GET / HTTP/1.1" 200 96766 "-" "Mozilla/5.0 AppleWebKit/537.36 (KHTML, like Gecko; compatible; ClaudeBot/1.0; +claudebot@anthropic.com)"
57.141.2.66 - - [18/Nov/2025:09:04:27 -0700] "GET /product94662927?kg=0094506018 HTTP/1.1" 200 96766 "-" "meta-externalagent/1.1 (+https://developers.facebook.com/docs/sharing/webmasters/crawler)"
57.141.2.69 - - [18/Nov/2025:09:04:30 -0700] "GET /product1155897128?kg=1153974440 HTTP/1.1" 200 96766 "-" "meta-externalagent/1.1 (+https://developers.facebook.com/docs/sharing/webmasters/crawler)"
57.141.2.66 - - [18/Nov/2025:09:04:31 -0700] "GET /product1010130620?kg=1008450472 HTTP/1.1" 200 96766 "-" "meta-externalagent/1.1 (+https://developers.facebook.com/docs/sharing/webmasters/crawler)"
57.141.2.35 - - [18/Nov/2025:09:04:32 -0700] "GET /product1253523001?kg=1251437874 HTTP/1.1" 200 96766 "-" "meta-externalagent/1.1 (+https://developers.facebook.com/docs/sharing/webmasters/crawler)"
136.243.228.182 - - [18/Nov/2025:09:04:33 -0700] "GET /product354898896?fileloc=/home/bt667/public_html/wp-activate.php&path=/home/bt667/public_html HTTP/1.1" 200 21362 "-" "Mozilla/5.0 (compatible; DataForSeoBot/1.0; +https://dataforseo.com/dataforseo-bot)"
57.141.2.11 - - [18/Nov/2025:09:04:33 -0700] "GET /product1118209732?kg=1116349752 HTTP/1.1" 200 96766 "-" "meta-externalagent/1.1 (+https://developers.facebook.com/docs/sharing/webmasters/crawler)"
57.141.2.78 - - [18/Nov/2025:09:04:36 -0700] "GET /product1261333871?kg=1259235746 HTTP/1.1" 200 96766 "-" "meta-externalagent/1.1 (+https://developers.facebook.com/docs/sharing/webmasters/crawler)"
57.141.2.89 - - [18/Nov/2025:09:04:38 -0700] "GET /product1190449852?kg=1188469672 HTTP/1.1" 200 96766 "-" "meta-externalagent/1.1 (+https://developers.facebook.com/docs/sharing/webmasters/crawler)"
57.141.2.81 - - [18/Nov/2025:09:04:37 -0700] "GET /product632109986?kg=0631058824 HTTP/1.1" 200 96766 "-" "meta-externalagent/1.1 (+https://developers.facebook.com/docs/sharing/webmasters/crawler)"
57.141.2.5 - - [18/Nov/2025:09:04:38 -0700] "GET /product1432784000?kg=1430400600 HTTP/1.1" 200 96766 "-" "meta-externalagent/1.1 (+https://developers.facebook.com/docs/sharing/webmasters/crawler)"
57.141.2.28 - - [18/Nov/2025:09:04:39 -0700] "GET /product675852096?kg=0674728152 HTTP/1.1" 200 96766 "-" "meta-externalagent/1.1 (+https://developers.facebook.com/docs/sharing/webmasters/crawler)"
57.141.2.88 - - [18/Nov/2025:09:04:40 -0700] "GET /product1116736877?kg=1114879346 HTTP/1.1" 200 96766 "-" "meta-externalagent/1.1 (+https://developers.facebook.com/docs/sharing/webmasters/crawler)"
74.7.227.221 - - [18/Nov/2025:09:04:40 -0700] "GET /products/166vp445 HTTP/1.1" 200 96766 "-" "Mozilla/5.0 AppleWebKit/537.36 (KHTML, like Gecko; compatible; GPTBot/1.3; +https://openai.com/gptbot)"
57.141.2.75 - - [18/Nov/2025:09:04:41 -0700] "GET /product1016012867?kg=1014322930 HTTP/1.1" 200 96766 "-" "meta-externalagent/1.1 (+https://developers.facebook.com/docs/sharing/webmasters/crawler)"
57.141.2.12 - - [18/Nov/2025:09:04:41 -0700] "GET /product371557254?kg=0370939624 HTTP/1.1" 200 96766 "-" "meta-externalagent/1.1 (+https://developers.facebook.com/docs/sharing/webmasters/crawler)"
57.141.2.89 - - [18/Nov/2025:09:04:42 -0700] "GET /product438420469?kg=0437691586 HTTP/1.1" 200 96766 "-" "meta-externalagent/1.1 (+https://developers.facebook.com/docs/sharing/webmasters/crawler)"
57.141.2.8 - - [18/Nov/2025:09:04:42 -0700] "GET /product1085987590?kg=1084181224 HTTP/1.1" 200 96766 "-" "meta-externalagent/1.1 (+https://developers.facebook.com/docs/sharing/webmasters/crawler)"
57.141.2.38 - - [18/Nov/2025:09:04:43 -0700] "GET /product216099310?kg=0215740344 HTTP/1.1" 200 96766 "-" "meta-externalagent/1.1 (+https://developers.facebook.com/docs/sharing/webmasters/crawler)"
57.141.2.29 - - [18/Nov/2025:09:04:44 -0700] "GET /product1380692796?kg=1378396072 HTTP/1.1" 200 96766 "-" "meta-externalagent/1.1 (+https://developers.facebook.com/docs/sharing/webmasters/crawler)"
136.243.228.178 - - [18/Nov/2025:09:04:45 -0700] "GET /product1218138180?kg=1216111928 HTTP/1.1" 200 96766 "-" "Mozilla/5.0 (compatible; DataForSeoBot/1.0; +https://dataforseo.com/dataforseo-bot)"
57.141.2.15 - - [18/Nov/2025:09:04:45 -0700] "GET /product632076652?kg=0631025544 HTTP/1.1" 200 96766 "-" "meta-externalagent/1.1 (+https://developers.facebook.com/docs/sharing/webmasters/crawler)"
57.141.2.91 - - [18/Nov/2025:09:04:45 -0700] "GET /product539789528?kg=0538891976 HTTP/1.1" 200 96766 "-" "meta-externalagent/1.1 (+https://developers.facebook.com/docs/sharing/webmasters/crawler)"
57.141.2.36 - - [18/Nov/2025:09:04:48 -0700] "GET /product731638803?kg=0730422034 HTTP/1.1" 200 96766 "-" "meta-externalagent/1.1 (+https://developers.facebook.com/docs/sharing/webmasters/crawler)"
57.141.2.6 - - [18/Nov/2025:09:04:50 -0700] "GET /product403044894?kg=0402374872 HTTP/1.1" 200 96766 "-" "meta-externalagent/1.1 (+https://developers.facebook.com/docs/sharing/webmasters/crawler)"
57.141.2.70 - - [18/Nov/2025:09:04:50 -0700] "GET /product1058430714?kg=1056670200 HTTP/1.1" 200 96766 "-" "meta-externalagent/1.1 (+https://developers.facebook.com/docs/sharing/webmasters/crawler)"
57.141.2.94 - - [18/Nov/2025:09:04:51 -0700] "GET /product994085252?kg=0992431800 HTTP/1.1" 200 96766 "-" "meta-externalagent/1.1 (+https://developers.facebook.com/docs/sharing/webmasters/crawler)"
57.141.2.3 - - [18/Nov/2025:09:04:52 -0700] "GET /product1007930507?kg=1006254018 HTTP/1.1" 200 96766 "-" "meta-externalagent/1.1 (+https://developers.facebook.com/docs/sharing/webmasters/crawler)"
57.141.2.23 - - [18/Nov/2025:09:04:52 -0700] "GET /product1255832900?kg=1253743928 HTTP/1.1" 200 96766 "-" "meta-externalagent/1.1 (+https://developers.facebook.com/docs/sharing/webmasters/crawler)"
74.7.227.221 - - [18/Nov/2025:09:04:54 -0700] "GET /products/59kq8832?fileloc=/home/bt667/public_html/adminer.php&path=/home/bt667/public_html HTTP/1.1" 200 613697 "-" "Mozilla/5.0 AppleWebKit/537.36 (KHTML, like Gecko; compatible; GPTBot/1.3; +https://openai.com/gptbot)"
57.141.2.30 - - [18/Nov/2025:09:04:55 -0700] "GET /product776753453?kg=0775461618 HTTP/1.1" 200 96766 "-" "meta-externalagent/1.1 (+https://developers.facebook.com/docs/sharing/webmasters/crawler)"
57.141.2.20 - - [18/Nov/2025:09:04:58 -0700] "GET /product657083940?kg=0655991224 HTTP/1.1" 200 96766 "-" "meta-externalagent/1.1 (+https://developers.facebook.com/docs/sharing/webmasters/crawler)"
114.119.142.179 - - [18/Nov/2025:09:05:10 -0700] "GET /search.php?items/jskem283/34131?key=critical HTTP/1.1" 200 113288 "http://marketersvideoplayer.com/search.php?sitemap157.xml" "Mozilla/5.0 (Linux; Android 7.0;) AppleWebKit/537.36 (KHTML, like Gecko) Mobile Safari/537.36 (compatible; PetalBot;+https://webmaster.petalsearch.com/site/petalbot)"
136.243.228.182 - - [18/Nov/2025:09:04:59 -0700] "GET /product354898896?path=/home/bt667/public_html HTTP/1.1" 200 96766 "-" "Mozilla/5.0 (compatible; DataForSeoBot/1.0; +https://dataforseo.com/dataforseo-bot)"
57.141.2.83 - - [18/Nov/2025:09:04:59 -0700] "GET /product1190041124?kg=1188061624 HTTP/1.1" 200 96766 "-" "meta-externalagent/1.1 (+https://developers.facebook.com/docs/sharing/webmasters/crawler)"
57.141.2.25 - - [18/Nov/2025:09:05:00 -0700] "GET /product1366987155?kg=1364713234 HTTP/1.1" 200 96766 "-" "meta-externalagent/1.1 (+https://developers.facebook.com/docs/sharing/webmasters/crawler)"
57.141.2.38 - - [18/Nov/2025:09:05:00 -0700] "GET /product690595732?kg=0689447256 HTTP/1.1" 200 96766 "-" "meta-externalagent/1.1 (+https://developers.facebook.com/docs/sharing/webmasters/crawler)"
57.141.2.32 - - [18/Nov/2025:09:05:02 -0700] "GET /product1253608423?kg=1251523154 HTTP/1.1" 200 96766 "-" "meta-externalagent/1.1 (+https://developers.facebook.com/docs/sharing/webmasters/crawler)"
57.141.2.63 - - [18/Nov/2025:09:05:03 -0700] "GET /product1214009180?kg=1211989800 HTTP/1.1" 200 96766 "-" "meta-externalagent/1.1 (+https://developers.facebook.com/docs/sharing/webmasters/crawler)"
57.141.2.92 - - [18/Nov/2025:09:05:08 -0700] "GET /product1455640455?kg=1453219026 HTTP/1.1" 200 96766 "-" "meta-externalagent/1.1 (+https://developers.facebook.com/docs/sharing/webmasters/crawler)"
57.141.2.95 - - [18/Nov/2025:09:05:09 -0700] "GET /product95059521?kg=0094901954 HTTP/1.1" 200 96766 "-" "meta-externalagent/1.1 (+https://developers.facebook.com/docs/sharing/webmasters/crawler)"
74.7.227.221 - - [18/Nov/2025:09:05:10 -0700] "GET /products/93la3235 HTTP/1.1" 200 96766 "-" "Mozilla/5.0 AppleWebKit/537.36 (KHTML, like Gecko; compatible; GPTBot/1.3; +https://openai.com/gptbot)"
57.141.2.53 - - [18/Nov/2025:09:05:14 -0700] "GET /product93042775?kg=0092888562 HTTP/1.1" 200 96766 "-" "meta-externalagent/1.1 (+https://developers.facebook.com/docs/sharing/webmasters/crawler)"
57.141.2.13 - - [18/Nov/2025:09:05:13 -0700] "GET /product896586665?kg=0895095442 HTTP/1.1" 200 96766 "-" "meta-externalagent/1.1 (+https://developers.facebook.com/docs/sharing/webmasters/crawler)"
57.141.2.20 - - [18/Nov/2025:09:05:14 -0700] "GET /product914500960?kg=0912979928 HTTP/1.1" 200 96766 "-" "meta-externalagent/1.1 (+https://developers.facebook.com/docs/sharing/webmasters/crawler)"
136.243.228.178 - - [18/Nov/2025:09:05:15 -0700] "GET /product354648752?kg=0354059256 HTTP/1.1" 200 96766 "-" "Mozilla/5.0 (compatible; DataForSeoBot/1.0; +https://dataforseo.com/dataforseo-bot)"
57.141.2.31 - - [18/Nov/2025:09:05:17 -0700] "GET /product1093218822?kg=1091400424 HTTP/1.1" 200 96766 "-" "meta-externalagent/1.1 (+https://developers.facebook.com/docs/sharing/webmasters/crawler)"
57.141.2.15 - - [18/Nov/2025:09:05:17 -0700] "GET /product366722826?kg=0366113240 HTTP/1.1" 200 96766 "-" "meta-externalagent/1.1 (+https://developers.facebook.com/docs/sharing/webmasters/crawler)"
57.141.2.90 - - [18/Nov/2025:09:05:22 -0700] "GET /product385574427?kg=0384933474 HTTP/1.1" 200 96766 "-" "meta-externalagent/1.1 (+https://developers.facebook.com/docs/sharing/webmasters/crawler)"
57.141.2.80 - - [18/Nov/2025:09:05:24 -0700] "GET /product1183163312?kg=1181195256 HTTP/1.1" 200 96766 "-" "meta-externalagent/1.1 (+https://developers.facebook.com/docs/sharing/webmasters/crawler)"
